CRAN Package Check Results for Package cladoRcpp

Last updated on 2017-03-27 13:55:23.

Flavor Version Tinstall Tcheck Ttotal Status Flags
r-devel-linux-x86_64-debian-clang 0.14.4 13.19 16.66 29.85 NOTE
r-devel-linux-x86_64-debian-gcc 0.14.4 13.39 16.84 30.23 NOTE
r-devel-linux-x86_64-fedora-clang 0.14.4 61.50 NOTE --no-stop-on-test-error
r-devel-linux-x86_64-fedora-gcc 0.14.4 53.55 NOTE --no-stop-on-test-error
r-devel-macos-x86_64-clang 0.14.4 40.86 NOTE --no-stop-on-test-error
r-devel-windows-ix86+x86_64 0.14.4 36.00 53.00 89.00 NOTE
r-patched-linux-x86_64 0.14.4 10.94 16.42 27.36 NOTE
r-patched-solaris-sparc 0.14.4 297.20 NOTE
r-patched-solaris-x86 0.14.4 64.80 NOTE
r-release-linux-x86_64 0.14.4 10.93 14.67 25.60 NOTE
r-release-osx-x86_64-mavericks 0.14.4 NOTE
r-release-windows-ix86+x86_64 0.14.4 54.00 52.00 106.00 NOTE
r-oldrel-windows-ix86+x86_64 0.14.4 35.00 47.00 82.00 OK

Check Details

Version: 0.14.4
Check: R code for possible problems
Result: NOTE
    areas_list_to_states_list_old: no visible global function definition
     for ‘combn’
    Undefined global functions or variables:
     combn
    Consider adding
     importFrom("utils", "combn")
    to your NAMESPACE file.
Flavors: r-devel-linux-x86_64-debian-clang, r-devel-linux-x86_64-debian-gcc, r-devel-windows-ix86+x86_64, r-patched-linux-x86_64, r-patched-solaris-sparc, r-patched-solaris-x86, r-release-linux-x86_64, r-release-osx-x86_64-mavericks, r-release-windows-ix86+x86_64

Version: 0.14.4
Check: compiled code
Result: NOTE
    File ‘cladoRcpp/libs/cladoRcpp.so’:
     Found no calls to: ‘R_registerRoutines’, ‘R_useDynamicSymbols’
    
    It is good practice to register native routines and to disable symbol
    search.
    
    See ‘Writing portable packages’ in the ‘Writing R Extensions’ manual.
Flavors: r-devel-linux-x86_64-debian-clang, r-devel-linux-x86_64-debian-gcc, r-patched-linux-x86_64

Version: 0.14.4
Flags: --no-stop-on-test-error
Check: R code for possible problems
Result: NOTE
    areas_list_to_states_list_old: no visible global function definition
     for ‘combn’
    Undefined global functions or variables:
     combn
    Consider adding
     importFrom("utils", "combn")
    to your NAMESPACE file.
Flavors: r-devel-linux-x86_64-fedora-clang, r-devel-linux-x86_64-fedora-gcc, r-devel-macos-x86_64-clang

Version: 0.14.4
Flags: --no-stop-on-test-error
Check: compiled code
Result: NOTE
    File ‘cladoRcpp/libs/cladoRcpp.so’:
     Found no calls to: ‘R_registerRoutines’, ‘R_useDynamicSymbols’
    
    It is good practice to register native routines and to disable symbol
    search.
    
    See ‘Writing portable packages’ in the ‘Writing R Extensions’ manual.
Flavors: r-devel-linux-x86_64-fedora-clang, r-devel-linux-x86_64-fedora-gcc, r-devel-macos-x86_64-clang