CRAN Package Check Results for Package cladoRcpp

Last updated on 2016-02-11 19:47:06.

Flavor Version Tinstall Tcheck Ttotal Status Flags
r-devel-linux-x86_64-debian-gcc 0.14.4 10.73 13.29 24.03 NOTE
r-devel-linux-x86_64-fedora-clang 0.14.4 51.89 NOTE
r-devel-linux-x86_64-fedora-gcc 0.14.4 47.39 NOTE
r-devel-osx-x86_64-clang 0.14.4 48.44 NOTE
r-devel-windows-ix86+x86_64 0.14.4 46.00 55.00 101.00 NOTE
r-patched-linux-x86_64 0.14.4 10.65 14.35 25.00 OK
r-patched-solaris-sparc 0.14.4 265.70 OK
r-patched-solaris-x86 0.14.4 57.80 OK
r-release-linux-x86_64 0.14.4 10.67 14.29 24.96 OK
r-release-osx-x86_64-mavericks 0.14.4 OK
r-release-windows-ix86+x86_64 0.14.4 42.00 43.00 85.00 OK
r-oldrel-windows-ix86+x86_64 0.14.4 52.00 45.00 97.00 OK

Check Details

Version: 0.14.4
Check: R code for possible problems
Result: NOTE
    areas_list_to_states_list_old: no visible global function definition
     for ‘combn’
    Undefined global functions or variables:
     combn
    Consider adding
     importFrom("utils", "combn")
    to your NAMESPACE file.
Flavors: r-devel-linux-x86_64-debian-gcc, r-devel-linux-x86_64-fedora-clang, r-devel-linux-x86_64-fedora-gcc, r-devel-osx-x86_64-clang, r-devel-windows-ix86+x86_64