CRAN Package Check Results for Package cladoRcpp

Last updated on 2015-07-28 23:47:26.

Flavor Version Tinstall Tcheck Ttotal Status Flags
r-devel-linux-x86_64-debian-clang 0.14.4 10.84 14.83 25.67 NOTE
r-devel-linux-x86_64-debian-gcc 0.14.4 11.64 13.83 25.46 NOTE
r-devel-linux-x86_64-fedora-clang 0.14.4 53.88 NOTE
r-devel-linux-x86_64-fedora-gcc 0.14.4 47.28 NOTE
r-devel-osx-x86_64-clang 0.14.4 42.87 OK
r-devel-windows-ix86+x86_64 0.14.4 32.00 62.00 94.00 NOTE
r-patched-linux-x86_64 0.14.4 11.21 14.38 25.59 OK
r-patched-solaris-sparc 0.14.4 297.70 OK
r-patched-solaris-x86 0.14.4 61.60 OK
r-release-linux-x86_64 0.14.4 11.57 14.13 25.70 OK
r-release-osx-x86_64-mavericks 0.14.4 OK
r-release-windows-ix86+x86_64 0.14.4 42.00 41.00 83.00 OK
r-oldrel-windows-ix86+x86_64 0.14.4 34.00 60.00 94.00 OK

Check Details

Version: 0.14.4
Check: R code for possible problems
Result: NOTE
    areas_list_to_states_list_old: no visible global function definition
     for ‘combn’
    Undefined global functions or variables:
     combn
    Consider adding
     importFrom("utils", "combn")
    to your NAMESPACE.
Flavors: r-devel-linux-x86_64-debian-clang, r-devel-linux-x86_64-debian-gcc, r-devel-linux-x86_64-fedora-clang, r-devel-linux-x86_64-fedora-gcc, r-devel-windows-ix86+x86_64