CRAN Package Check Results for Package cladoRcpp

Last updated on 2016-12-08 18:46:51.

Flavor Version Tinstall Tcheck Ttotal Status Flags
r-devel-linux-x86_64-debian-clang 0.14.4 12.84 16.23 29.07 NOTE
r-devel-linux-x86_64-debian-gcc 0.14.4 13.55 16.13 29.68 NOTE
r-devel-linux-x86_64-fedora-clang 0.14.4 57.77 NOTE --no-stop-on-test-error
r-devel-linux-x86_64-fedora-gcc 0.14.4 54.78 NOTE --no-stop-on-test-error
r-devel-macos-x86_64-clang 0.14.4 42.12 NOTE
r-devel-windows-ix86+x86_64 0.14.4 38.00 56.00 94.00 NOTE
r-patched-linux-x86_64 0.14.4 13.05 14.33 27.38 NOTE
r-patched-solaris-sparc 0.14.4 282.40 NOTE
r-patched-solaris-x86 0.14.4 58.30 NOTE
r-release-linux-x86_64 0.14.4 11.01 14.32 25.32 NOTE
r-release-osx-x86_64-mavericks 0.14.4 NOTE
r-release-windows-ix86+x86_64 0.14.4 37.00 59.00 96.00 NOTE
r-oldrel-windows-ix86+x86_64 0.14.4 47.00 46.00 93.00 OK

Check Details

Version: 0.14.4
Check: R code for possible problems
Result: NOTE
    areas_list_to_states_list_old: no visible global function definition
     for ‘combn’
    Undefined global functions or variables:
     combn
    Consider adding
     importFrom("utils", "combn")
    to your NAMESPACE file.
Flavors: r-devel-linux-x86_64-debian-clang, r-devel-linux-x86_64-debian-gcc, r-devel-macos-x86_64-clang, r-devel-windows-ix86+x86_64, r-patched-linux-x86_64, r-patched-solaris-sparc, r-patched-solaris-x86, r-release-linux-x86_64, r-release-osx-x86_64-mavericks, r-release-windows-ix86+x86_64

Version: 0.14.4
Flags: --no-stop-on-test-error
Check: R code for possible problems
Result: NOTE
    areas_list_to_states_list_old: no visible global function definition
     for ‘combn’
    Undefined global functions or variables:
     combn
    Consider adding
     importFrom("utils", "combn")
    to your NAMESPACE file.
Flavors: r-devel-linux-x86_64-fedora-clang, r-devel-linux-x86_64-fedora-gcc