CRAN Package Check Results for Package cladoRcpp

Last updated on 2016-05-25 17:50:19.

Flavor Version Tinstall Tcheck Ttotal Status Flags
r-devel-linux-x86_64-debian-gcc 0.14.4 14.99 14.11 29.10 NOTE
r-devel-linux-x86_64-fedora-clang 0.14.4 56.15 NOTE
r-devel-linux-x86_64-fedora-gcc 0.14.4 46.06 NOTE
r-devel-osx-x86_64-clang 0.14.4 51.59 NOTE
r-devel-windows-ix86+x86_64 0.14.4 41.00 38.00 79.00 NOTE
r-patched-linux-x86_64 0.14.4 11.00 14.01 25.01 NOTE
r-patched-solaris-sparc 0.14.4 281.30 NOTE
r-patched-solaris-x86 0.14.4 60.00 NOTE
r-release-linux-x86_64 0.14.4 11.11 14.15 25.26 NOTE
r-release-osx-x86_64-mavericks 0.14.4 NOTE
r-release-windows-ix86+x86_64 0.14.4 50.00 37.00 87.00 NOTE
r-oldrel-windows-ix86+x86_64 0.14.4 34.00 67.00 101.00 OK

Check Details

Version: 0.14.4
Check: R code for possible problems
Result: NOTE
    areas_list_to_states_list_old: no visible global function definition
     for ‘combn’
    Undefined global functions or variables:
     combn
    Consider adding
     importFrom("utils", "combn")
    to your NAMESPACE file.
Flavors: r-devel-linux-x86_64-debian-gcc, r-devel-linux-x86_64-fedora-clang, r-devel-linux-x86_64-fedora-gcc, r-devel-osx-x86_64-clang, r-devel-windows-ix86+x86_64, r-patched-linux-x86_64, r-patched-solaris-sparc, r-patched-solaris-x86, r-release-linux-x86_64, r-release-osx-x86_64-mavericks, r-release-windows-ix86+x86_64