CRAN Package Check Results for Package cladoRcpp

Last updated on 2017-04-27 05:51:34.

Flavor Version Tinstall Tcheck Ttotal Status Flags
r-devel-linux-x86_64-debian-clang 0.14.4 13.01 16.56 29.57 NOTE
r-devel-linux-x86_64-debian-gcc 0.14.4 13.51 16.28 29.79 NOTE
r-devel-linux-x86_64-fedora-clang 0.14.4 58.18 NOTE --no-stop-on-test-error
r-devel-linux-x86_64-fedora-gcc 0.14.4 52.95 NOTE --no-stop-on-test-error
r-devel-windows-ix86+x86_64 0.14.4 42.00 72.00 114.00 NOTE
r-patched-linux-x86_64 0.14.4 10.88 16.35 27.23 NOTE
r-patched-solaris-sparc 0.14.4 297.20 NOTE
r-patched-solaris-x86 0.14.4 63.70 NOTE
r-release-linux-x86_64 0.14.4 11.22 16.49 27.71 NOTE
r-release-windows-ix86+x86_64 0.14.4 35.00 57.00 92.00 NOTE
r-release-osx-x86_64 0.14.4 NOTE
r-oldrel-windows-ix86+x86_64 0.14.4 40.00 61.00 101.00 NOTE
r-oldrel-osx-x86_64 0.14.4 NOTE

Check Details

Version: 0.14.4
Check: R code for possible problems
Result: NOTE
    areas_list_to_states_list_old: no visible global function definition
     for ‘combn’
    Undefined global functions or variables:
     combn
    Consider adding
     importFrom("utils", "combn")
    to your NAMESPACE file.
Flavors: r-devel-linux-x86_64-debian-clang, r-devel-linux-x86_64-debian-gcc, r-devel-windows-ix86+x86_64, r-patched-linux-x86_64, r-patched-solaris-sparc, r-patched-solaris-x86, r-release-linux-x86_64, r-release-windows-ix86+x86_64, r-release-osx-x86_64, r-oldrel-windows-ix86+x86_64, r-oldrel-osx-x86_64

Version: 0.14.4
Check: compiled code
Result: NOTE
    File ‘cladoRcpp/libs/cladoRcpp.so’:
     Found no calls to: ‘R_registerRoutines’, ‘R_useDynamicSymbols’
    
    It is good practice to register native routines and to disable symbol
    search.
    
    See ‘Writing portable packages’ in the ‘Writing R Extensions’ manual.
Flavors: r-devel-linux-x86_64-debian-clang, r-devel-linux-x86_64-debian-gcc, r-patched-linux-x86_64, r-release-linux-x86_64

Version: 0.14.4
Flags: --no-stop-on-test-error
Check: R code for possible problems
Result: NOTE
    areas_list_to_states_list_old: no visible global function definition
     for ‘combn’
    Undefined global functions or variables:
     combn
    Consider adding
     importFrom("utils", "combn")
    to your NAMESPACE file.
Flavors: r-devel-linux-x86_64-fedora-clang, r-devel-linux-x86_64-fedora-gcc

Version: 0.14.4
Flags: --no-stop-on-test-error
Check: compiled code
Result: NOTE
    File ‘cladoRcpp/libs/cladoRcpp.so’:
     Found no calls to: ‘R_registerRoutines’, ‘R_useDynamicSymbols’
    
    It is good practice to register native routines and to disable symbol
    search.
    
    See ‘Writing portable packages’ in the ‘Writing R Extensions’ manual.
Flavors: r-devel-linux-x86_64-fedora-clang, r-devel-linux-x86_64-fedora-gcc