CRAN Package Check Results for Package cladoRcpp

Last updated on 2018-06-25 16:49:43 CEST.

Flavor Version Tinstall Tcheck Ttotal Status Flags
r-devel-linux-x86_64-debian-clang 0.14.4 22.37 25.60 47.97 NOTE
r-devel-linux-x86_64-debian-gcc 0.14.4 19.37 22.74 42.11 NOTE
r-devel-linux-x86_64-fedora-clang 0.14.4 65.83 NOTE
r-devel-linux-x86_64-fedora-gcc 0.14.4 58.95 NOTE
r-devel-windows-ix86+x86_64 0.14.4 58.00 60.00 118.00 NOTE
r-patched-linux-x86_64 0.14.4 23.01 25.38 48.39 NOTE
r-patched-solaris-x86 0.14.4 72.90 NOTE
r-release-linux-x86_64 0.14.4 20.88 25.30 46.18 NOTE
r-release-windows-ix86+x86_64 0.14.4 55.00 63.00 118.00 NOTE
r-release-osx-x86_64 0.14.4 NOTE
r-oldrel-windows-ix86+x86_64 0.14.4 43.00 73.00 116.00 NOTE
r-oldrel-osx-x86_64 0.14.4 NOTE

Check Details

Version: 0.14.4
Check: R code for possible problems
Result: NOTE
    areas_list_to_states_list_old: no visible global function definition
     for ‘combn’
    Undefined global functions or variables:
     combn
    Consider adding
     importFrom("utils", "combn")
    to your NAMESPACE file.
Flavors: r-devel-linux-x86_64-debian-clang, r-devel-linux-x86_64-debian-gcc, r-devel-linux-x86_64-fedora-clang, r-devel-linux-x86_64-fedora-gcc, r-devel-windows-ix86+x86_64, r-patched-linux-x86_64, r-patched-solaris-x86, r-release-linux-x86_64, r-release-windows-ix86+x86_64, r-release-osx-x86_64, r-oldrel-windows-ix86+x86_64, r-oldrel-osx-x86_64

Version: 0.14.4
Check: compiled code
Result: NOTE
    File ‘cladoRcpp/libs/cladoRcpp.so’:
     Found no calls to: ‘R_registerRoutines’, ‘R_useDynamicSymbols’
    
    It is good practice to register native routines and to disable symbol
    search.
    
    See ‘Writing portable packages’ in the ‘Writing R Extensions’ manual.
Flavors: r-devel-linux-x86_64-debian-clang, r-devel-linux-x86_64-debian-gcc, r-devel-linux-x86_64-fedora-clang, r-devel-linux-x86_64-fedora-gcc, r-patched-linux-x86_64, r-release-linux-x86_64