CRAN Package Check Results for Package cladoRcpp

Last updated on 2016-09-27 08:47:45.

Flavor Version Tinstall Tcheck Ttotal Status Flags
r-devel-linux-x86_64-debian-clang 0.14.4 12.72 14.20 26.92 NOTE
r-devel-linux-x86_64-debian-gcc 0.14.4 13.22 14.91 28.13 NOTE
r-devel-linux-x86_64-fedora-clang 0.14.4 52.71 NOTE
r-devel-linux-x86_64-fedora-gcc 0.14.4 47.66 NOTE
r-devel-macos-x86_64-clang 0.14.4 37.93 NOTE
r-devel-windows-ix86+x86_64 0.14.4 50.00 53.00 103.00 NOTE
r-patched-linux-x86_64 0.14.4 10.80 14.53 25.33 NOTE
r-patched-solaris-sparc 0.14.4 282.40 NOTE
r-patched-solaris-x86 0.14.4 57.80 NOTE
r-release-linux-x86_64 0.14.4 11.57 14.79 26.36 NOTE
r-release-osx-x86_64-mavericks 0.14.4 NOTE
r-release-windows-ix86+x86_64 0.14.4 52.00 51.00 103.00 NOTE
r-oldrel-windows-ix86+x86_64 0.14.4 44.00 56.00 100.00 OK

Check Details

Version: 0.14.4
Check: R code for possible problems
Result: NOTE
    areas_list_to_states_list_old: no visible global function definition
     for ‘combn’
    Undefined global functions or variables:
     combn
    Consider adding
     importFrom("utils", "combn")
    to your NAMESPACE file.
Flavors: r-devel-linux-x86_64-debian-clang, r-devel-linux-x86_64-debian-gcc, r-devel-linux-x86_64-fedora-clang, r-devel-linux-x86_64-fedora-gcc, r-devel-macos-x86_64-clang, r-devel-windows-ix86+x86_64, r-patched-linux-x86_64, r-patched-solaris-sparc, r-patched-solaris-x86, r-release-linux-x86_64, r-release-osx-x86_64-mavericks, r-release-windows-ix86+x86_64