CRAN Package Check Results for Package cladoRcpp

Last updated on 2017-06-23 23:50:35.

Flavor Version Tinstall Tcheck Ttotal Status Flags
r-devel-linux-x86_64-debian-clang 0.14.4 13.86 17.05 30.91 NOTE
r-devel-linux-x86_64-debian-gcc 0.14.4 14.45 16.65 31.10 NOTE
r-devel-linux-x86_64-fedora-clang 0.14.4 60.96 NOTE
r-devel-linux-x86_64-fedora-gcc 0.14.4 55.99 NOTE
r-devel-windows-ix86+x86_64 0.14.4 39.00 71.00 110.00 NOTE
r-patched-linux-x86_64 0.14.4 12.02 17.12 29.14 NOTE
r-patched-solaris-sparc 0.14.4 297.20 NOTE
r-patched-solaris-x86 0.14.4 64.70 NOTE
r-release-linux-x86_64 0.14.4 12.07 17.07 29.13 NOTE
r-release-windows-ix86+x86_64 0.14.4 39.00 69.00 108.00 NOTE
r-release-osx-x86_64 0.14.4 NOTE
r-oldrel-windows-ix86+x86_64 0.14.4 53.00 66.00 119.00 NOTE
r-oldrel-osx-x86_64 0.14.4 NOTE

Check Details

Version: 0.14.4
Check: R code for possible problems
Result: NOTE
    areas_list_to_states_list_old: no visible global function definition
     for ‘combn’
    Undefined global functions or variables:
     combn
    Consider adding
     importFrom("utils", "combn")
    to your NAMESPACE file.
Flavors: r-devel-linux-x86_64-debian-clang, r-devel-linux-x86_64-debian-gcc, r-devel-linux-x86_64-fedora-clang, r-devel-linux-x86_64-fedora-gcc, r-devel-windows-ix86+x86_64, r-patched-linux-x86_64, r-patched-solaris-sparc, r-patched-solaris-x86, r-release-linux-x86_64, r-release-windows-ix86+x86_64, r-release-osx-x86_64, r-oldrel-windows-ix86+x86_64, r-oldrel-osx-x86_64

Version: 0.14.4
Check: compiled code
Result: NOTE
    File ‘cladoRcpp/libs/cladoRcpp.so’:
     Found no calls to: ‘R_registerRoutines’, ‘R_useDynamicSymbols’
    
    It is good practice to register native routines and to disable symbol
    search.
    
    See ‘Writing portable packages’ in the ‘Writing R Extensions’ manual.
Flavors: r-devel-linux-x86_64-debian-clang, r-devel-linux-x86_64-debian-gcc, r-devel-linux-x86_64-fedora-clang, r-devel-linux-x86_64-fedora-gcc, r-patched-linux-x86_64, r-release-linux-x86_64