CRAN Package Check Results for Package cladoRcpp

Last updated on 2016-08-30 04:50:21.

Flavor Version Tinstall Tcheck Ttotal Status Flags
r-devel-linux-x86_64-debian-clang 0.14.4 12.78 14.41 27.20 NOTE
r-devel-linux-x86_64-debian-gcc 0.14.4 13.00 14.34 27.34 NOTE
r-devel-linux-x86_64-fedora-clang 0.14.4 54.33 NOTE
r-devel-linux-x86_64-fedora-gcc 0.14.4 49.79 NOTE
r-devel-osx-x86_64-clang 0.14.4 37.98 NOTE
r-devel-windows-ix86+x86_64 0.14.4 50.00 35.00 85.00 NOTE
r-patched-linux-x86_64 0.14.4 10.97 14.49 25.46 NOTE
r-patched-solaris-sparc 0.14.4 282.40 NOTE
r-patched-solaris-x86 0.14.4 57.90 NOTE
r-release-linux-x86_64 0.14.4 10.84 14.63 25.47 NOTE
r-release-osx-x86_64-mavericks 0.14.4 NOTE
r-release-windows-ix86+x86_64 0.14.4 38.00 36.00 74.00 NOTE
r-oldrel-windows-ix86+x86_64 0.14.4 48.00 59.00 107.00 OK

Check Details

Version: 0.14.4
Check: R code for possible problems
Result: NOTE
    areas_list_to_states_list_old: no visible global function definition
     for ‘combn’
    Undefined global functions or variables:
     combn
    Consider adding
     importFrom("utils", "combn")
    to your NAMESPACE file.
Flavors: r-devel-linux-x86_64-debian-clang, r-devel-linux-x86_64-debian-gcc, r-devel-linux-x86_64-fedora-clang, r-devel-linux-x86_64-fedora-gcc, r-devel-osx-x86_64-clang, r-devel-windows-ix86+x86_64, r-patched-linux-x86_64, r-patched-solaris-sparc, r-patched-solaris-x86, r-release-linux-x86_64, r-release-osx-x86_64-mavericks, r-release-windows-ix86+x86_64