CRAN Package Check Results for Package cladoRcpp

Last updated on 2014-04-23 12:48:15.

Flavor Version Tinstall Tcheck Ttotal Status Flags
r-devel-linux-x86_64-debian-clang 0.14.2 10.12 17.72 27.83 WARN
r-devel-linux-x86_64-debian-gcc 0.14.2 11.93 17.24 29.17 NOTE
r-devel-linux-x86_64-fedora-clang 0.14.2 56.76 WARN
r-devel-linux-x86_64-fedora-gcc 0.14.2 55.72 NOTE
r-devel-osx-x86_64-clang 0.14.2 45.80 WARN
r-devel-osx-x86_64-gcc 0.14.2 NOTE
r-devel-windows-ix86+x86_64 0.14.2 35.00 39.00 74.00 NOTE
r-patched-linux-x86_64 0.14.2 11.74 17.47 29.21 NOTE
r-patched-solaris-sparc 0.14.2 345.60 NOTE
r-patched-solaris-x86 0.14.2 75.50 NOTE
r-release-linux-ix86 0.14.2 17.00 34.00 51.00 NOTE
r-release-linux-x86_64 0.14.2 11.76 17.54 29.30 NOTE
r-release-osx-x86_64-mavericks 0.14.2 WARN
r-release-windows-ix86+x86_64 0.14.2 57.00 52.00 109.00 NOTE
r-oldrel-windows-ix86+x86_64 0.14.2 33.00 53.00 86.00 NOTE

Check Details

Version: 0.14.2
Check: whether package can be installed
Result: WARNING
    Found the following significant warnings:
     ./basics.h:16:29: warning: 'merge_int_vectors' has C-linkage specified, but returns user-defined type 'std::vector<int>' which is incompatible with C [-Wreturn-type-c-linkage]
     ./basics.h:16:29: warning: 'merge_int_vectors' has C-linkage specified, but returns user-defined type 'std::vector<int>' which is incompatible with C [-Wreturn-type-c-linkage]
    See ‘/home/hornik/tmp/R.check/r-devel-clang/Work/PKGS/cladoRcpp.Rcheck/00install.out’ for details.
Flavor: r-devel-linux-x86_64-debian-clang

Version: 0.14.2
Check: dependencies in R code
Result: NOTE
    Packages in Depends field not imported from:
     ‘Rcpp’ ‘RcppArmadillo’ ‘methods’
     These packages need to be imported from (in the NAMESPACE file)
     for when this namespace is loaded but not attached.
    See the information on DESCRIPTION files in the chapter ‘Creating R
    packages’ of the ‘Writing R Extensions’ manual.
Flavors: r-devel-linux-x86_64-debian-clang, r-devel-linux-x86_64-debian-gcc, r-devel-linux-x86_64-fedora-clang, r-devel-linux-x86_64-fedora-gcc, r-devel-osx-x86_64-clang, r-devel-osx-x86_64-gcc, r-devel-windows-ix86+x86_64, r-patched-linux-x86_64, r-patched-solaris-sparc, r-patched-solaris-x86, r-release-linux-ix86, r-release-linux-x86_64, r-release-osx-x86_64-mavericks, r-release-windows-ix86+x86_64, r-oldrel-windows-ix86+x86_64

Version: 0.14.2
Check: whether package can be installed
Result: WARNING
    Found the following significant warnings:
     ./basics.h:16:29: warning: 'merge_int_vectors' has C-linkage specified, but returns user-defined type 'std::vector<int>' which is incompatible with C [-Wreturn-type-c-linkage]
     ./basics.h:16:29: warning: 'merge_int_vectors' has C-linkage specified, but returns user-defined type 'std::vector<int>' which is incompatible with C [-Wreturn-type-c-linkage]
    See ‘/data/gannet/ripley/R/packages/tests-clang/cladoRcpp.Rcheck/00install.out’ for details.
Flavor: r-devel-linux-x86_64-fedora-clang

Version: 0.14.2
Check: whether package can be installed
Result: WARNING
    Found the following significant warnings:
     ./basics.h:16:29: warning: 'merge_int_vectors' has C-linkage specified, but returns user-defined type 'std::vector<int>' which is incompatible with C [-Wreturn-type-c-linkage]
     ./basics.h:16:29: warning: 'merge_int_vectors' has C-linkage specified, but returns user-defined type 'std::vector<int>' which is incompatible with C [-Wreturn-type-c-linkage]
    See ‘/Users/ripley/R/packages/tests-devel/cladoRcpp.Rcheck/00install.out’ for details.
Flavor: r-devel-osx-x86_64-clang

Version: 0.14.2
Check: whether package can be installed
Result: WARNING
    Found the following significant warnings:
     ./basics.h:16:29: warning: 'merge_int_vectors' has C-linkage specified, but returns user-defined type 'std::vector<int>' which is incompatible with C [-Wreturn-type-c-linkage]
     ./basics.h:16:29: warning: 'merge_int_vectors' has C-linkage specified, but returns user-defined type 'std::vector<int>' which is incompatible with C [-Wreturn-type-c-linkage]
    See ‘/Builds/CRAN-QA-Simon/packages/mavericks-x86_64/results/3.1/cladoRcpp.Rcheck/00install.out’ for details.
Flavor: r-release-osx-x86_64-mavericks

Version: 0.14.2
Check: PDF version of manual
Result: WARNING
    LaTeX errors when creating PDF version.
    This typically indicates Rd problems.
    LaTeX errors found:
    ! LaTeX Error: File `upquote.sty' not found.
    
    Type X to quit or <RETURN> to proceed,
    or enter new name. (Default extension: sty)
    
    06d294d/Rd2.tex:8: ==> Fatal error occurred, no output PDF file produced!
Flavor: r-release-osx-x86_64-mavericks