CRAN Package Check Results for Package cladoRcpp

Last updated on 2017-01-18 10:48:23.

Flavor Version Tinstall Tcheck Ttotal Status Flags
r-devel-linux-x86_64-debian-clang 0.14.4 12.91 16.48 29.39 NOTE
r-devel-linux-x86_64-debian-gcc 0.14.4 13.61 16.52 30.12 NOTE
r-devel-linux-x86_64-fedora-clang 0.14.4 56.12 NOTE --no-stop-on-test-error
r-devel-linux-x86_64-fedora-gcc 0.14.4 52.78 NOTE --no-stop-on-test-error
r-devel-macos-x86_64-clang 0.14.4 41.33 NOTE --no-stop-on-test-error
r-devel-windows-ix86+x86_64 0.14.4 54.00 41.00 95.00 NOTE
r-patched-linux-x86_64 0.14.4 10.96 14.43 25.40 NOTE
r-patched-solaris-sparc 0.14.4 288.80 NOTE
r-patched-solaris-x86 0.14.4 59.50 NOTE
r-release-linux-x86_64 0.14.4 11.20 14.46 25.66 NOTE
r-release-osx-x86_64-mavericks 0.14.4 NOTE
r-release-windows-ix86+x86_64 0.14.4 40.00 51.00 91.00 NOTE
r-oldrel-windows-ix86+x86_64 0.14.4 35.00 49.00 84.00 OK

Check Details

Version: 0.14.4
Check: R code for possible problems
Result: NOTE
    areas_list_to_states_list_old: no visible global function definition
     for ‘combn’
    Undefined global functions or variables:
     combn
    Consider adding
     importFrom("utils", "combn")
    to your NAMESPACE file.
Flavors: r-devel-linux-x86_64-debian-clang, r-devel-linux-x86_64-debian-gcc, r-devel-windows-ix86+x86_64, r-patched-linux-x86_64, r-patched-solaris-sparc, r-patched-solaris-x86, r-release-linux-x86_64, r-release-osx-x86_64-mavericks, r-release-windows-ix86+x86_64

Version: 0.14.4
Flags: --no-stop-on-test-error
Check: R code for possible problems
Result: NOTE
    areas_list_to_states_list_old: no visible global function definition
     for ‘combn’
    Undefined global functions or variables:
     combn
    Consider adding
     importFrom("utils", "combn")
    to your NAMESPACE file.
Flavors: r-devel-linux-x86_64-fedora-clang, r-devel-linux-x86_64-fedora-gcc, r-devel-macos-x86_64-clang