CRAN Package Check Results for Package cladoRcpp

Last updated on 2016-07-25 08:48:23.

Flavor Version Tinstall Tcheck Ttotal Status Flags
r-devel-linux-x86_64-debian-clang 0.14.4 16.85 17.53 34.38 NOTE
r-devel-linux-x86_64-debian-gcc 0.14.4 16.72 16.83 33.54 NOTE
r-devel-linux-x86_64-fedora-clang 0.14.4 52.63 NOTE
r-devel-linux-x86_64-fedora-gcc 0.14.4 45.41 NOTE
r-devel-osx-x86_64-clang 0.14.4 38.47 NOTE
r-devel-windows-ix86+x86_64 0.14.4 51.00 47.00 98.00 NOTE
r-patched-linux-x86_64 0.14.4 12.27 16.07 28.34 NOTE
r-patched-solaris-sparc 0.14.4 284.70 NOTE
r-patched-solaris-x86 0.14.4 56.80 NOTE
r-release-linux-x86_64 0.14.4 13.02 17.81 30.84 NOTE
r-release-osx-x86_64-mavericks 0.14.4 NOTE
r-release-windows-ix86+x86_64 0.14.4 42.00 54.00 96.00 NOTE
r-oldrel-windows-ix86+x86_64 0.14.4 49.00 47.00 96.00 OK

Check Details

Version: 0.14.4
Check: R code for possible problems
Result: NOTE
    areas_list_to_states_list_old: no visible global function definition
     for ‘combn’
    Undefined global functions or variables:
     combn
    Consider adding
     importFrom("utils", "combn")
    to your NAMESPACE file.
Flavors: r-devel-linux-x86_64-debian-clang, r-devel-linux-x86_64-debian-gcc, r-devel-linux-x86_64-fedora-clang, r-devel-linux-x86_64-fedora-gcc, r-devel-osx-x86_64-clang, r-devel-windows-ix86+x86_64, r-patched-linux-x86_64, r-patched-solaris-sparc, r-patched-solaris-x86, r-release-linux-x86_64, r-release-osx-x86_64-mavericks, r-release-windows-ix86+x86_64

Version: 0.14.4
Check: installed package size
Result: NOTE
     installed size is 5.3Mb
     sub-directories of 1Mb or more:
     libs 5.0Mb
Flavor: r-patched-solaris-sparc