CRAN Package Check Results for Package cladoRcpp

Last updated on 2018-02-18 06:46:15 CET.

Flavor Version Tinstall Tcheck Ttotal Status Flags
r-devel-linux-x86_64-debian-clang 0.14.4 20.22 25.57 45.79 NOTE
r-devel-linux-x86_64-debian-gcc 0.14.4 16.88 20.10 36.98 NOTE
r-devel-linux-x86_64-fedora-clang 0.14.4 62.89 NOTE
r-devel-linux-x86_64-fedora-gcc 0.14.4 56.84 NOTE
r-devel-windows-ix86+x86_64 0.14.4 36.00 50.00 86.00 NOTE
r-patched-linux-x86_64 0.14.4 20.43 24.88 45.31 NOTE
r-patched-solaris-x86 0.14.4 69.10 NOTE
r-release-linux-x86_64 0.14.4 19.94 24.74 44.68 NOTE
r-release-windows-ix86+x86_64 0.14.4 51.00 67.00 118.00 NOTE
r-release-osx-x86_64 0.14.4 NOTE
r-oldrel-windows-ix86+x86_64 0.14.4 36.00 58.00 94.00 NOTE
r-oldrel-osx-x86_64 0.14.4 NOTE

Check Details

Version: 0.14.4
Check: R code for possible problems
Result: NOTE
    areas_list_to_states_list_old: no visible global function definition
     for ‘combn’
    Undefined global functions or variables:
     combn
    Consider adding
     importFrom("utils", "combn")
    to your NAMESPACE file.
Flavors: r-devel-linux-x86_64-debian-clang, r-devel-linux-x86_64-debian-gcc, r-devel-linux-x86_64-fedora-clang, r-devel-linux-x86_64-fedora-gcc, r-devel-windows-ix86+x86_64, r-patched-linux-x86_64, r-patched-solaris-x86, r-release-linux-x86_64, r-release-windows-ix86+x86_64, r-release-osx-x86_64, r-oldrel-windows-ix86+x86_64, r-oldrel-osx-x86_64

Version: 0.14.4
Check: compiled code
Result: NOTE
    File ‘cladoRcpp/libs/cladoRcpp.so’:
     Found no calls to: ‘R_registerRoutines’, ‘R_useDynamicSymbols’
    
    It is good practice to register native routines and to disable symbol
    search.
    
    See ‘Writing portable packages’ in the ‘Writing R Extensions’ manual.
Flavors: r-devel-linux-x86_64-debian-clang, r-devel-linux-x86_64-debian-gcc, r-devel-linux-x86_64-fedora-clang, r-devel-linux-x86_64-fedora-gcc, r-patched-linux-x86_64, r-release-linux-x86_64