CRAN Package Check Results for Package cladoRcpp

Last updated on 2017-08-22 23:47:10.

Flavor Version Tinstall Tcheck Ttotal Status Flags
r-devel-linux-x86_64-debian-clang 0.14.4 14.04 16.69 30.74 NOTE
r-devel-linux-x86_64-debian-gcc 0.14.4 14.69 16.65 31.34 NOTE
r-devel-linux-x86_64-fedora-clang 0.14.4 62.36 NOTE
r-devel-linux-x86_64-fedora-gcc 0.14.4 58.95 NOTE
r-devel-windows-ix86+x86_64 0.14.4 39.00 67.00 106.00 NOTE
r-patched-linux-x86_64 0.14.4 14.32 48.24 62.56 NOTE
r-patched-solaris-x86 0.14.4 67.40 NOTE
r-release-linux-x86_64 0.14.4 14.21 17.07 31.28 NOTE
r-release-windows-ix86+x86_64 0.14.4 34.00 50.00 84.00 NOTE
r-release-osx-x86_64 0.14.4 NOTE
r-oldrel-windows-ix86+x86_64 0.14.4 34.00 45.00 79.00 NOTE
r-oldrel-osx-x86_64 0.14.4 NOTE

Check Details

Version: 0.14.4
Check: R code for possible problems
Result: NOTE
    areas_list_to_states_list_old: no visible global function definition
     for ‘combn’
    Undefined global functions or variables:
     combn
    Consider adding
     importFrom("utils", "combn")
    to your NAMESPACE file.
Flavors: r-devel-linux-x86_64-debian-clang, r-devel-linux-x86_64-debian-gcc, r-devel-linux-x86_64-fedora-clang, r-devel-linux-x86_64-fedora-gcc, r-devel-windows-ix86+x86_64, r-patched-linux-x86_64, r-patched-solaris-x86, r-release-linux-x86_64, r-release-windows-ix86+x86_64, r-release-osx-x86_64, r-oldrel-windows-ix86+x86_64, r-oldrel-osx-x86_64

Version: 0.14.4
Check: compiled code
Result: NOTE
    File ‘cladoRcpp/libs/cladoRcpp.so’:
     Found no calls to: ‘R_registerRoutines’, ‘R_useDynamicSymbols’
    
    It is good practice to register native routines and to disable symbol
    search.
    
    See ‘Writing portable packages’ in the ‘Writing R Extensions’ manual.
Flavors: r-devel-linux-x86_64-debian-clang, r-devel-linux-x86_64-debian-gcc, r-devel-linux-x86_64-fedora-clang, r-devel-linux-x86_64-fedora-gcc, r-patched-linux-x86_64, r-release-linux-x86_64