CRAN Package Check Results for Package cladoRcpp

Last updated on 2016-04-29 11:48:23.

Flavor Version Tinstall Tcheck Ttotal Status Flags
r-devel-linux-x86_64-debian-gcc 0.14.4 10.94 13.94 24.88 NOTE
r-devel-linux-x86_64-fedora-clang 0.14.4 52.23 NOTE
r-devel-linux-x86_64-fedora-gcc 0.14.4 45.59 NOTE
r-devel-osx-x86_64-clang 0.14.4 48.49 NOTE
r-devel-windows-ix86+x86_64 0.14.4 38.00 40.00 78.00 NOTE
r-patched-linux-x86_64 0.14.4 10.54 14.02 24.56 NOTE
r-patched-solaris-sparc 0.14.4 275.10 NOTE
r-patched-solaris-x86 0.14.4 59.10 NOTE
r-release-linux-x86_64 0.14.4 11.05 15.71 26.76 OK
r-release-osx-x86_64-mavericks 0.14.4 OK
r-release-windows-ix86+x86_64 0.14.4 37.00 48.00 85.00 OK
r-oldrel-windows-ix86+x86_64 0.14.4 45.00 48.00 93.00 OK

Check Details

Version: 0.14.4
Check: R code for possible problems
Result: NOTE
    areas_list_to_states_list_old: no visible global function definition
     for ‘combn’
    Undefined global functions or variables:
     combn
    Consider adding
     importFrom("utils", "combn")
    to your NAMESPACE file.
Flavors: r-devel-linux-x86_64-debian-gcc, r-devel-linux-x86_64-fedora-clang, r-devel-linux-x86_64-fedora-gcc, r-devel-osx-x86_64-clang, r-devel-windows-ix86+x86_64, r-patched-linux-x86_64, r-patched-solaris-sparc, r-patched-solaris-x86