CRAN Package Check Results for Package cladoRcpp

Last updated on 2015-08-29 03:48:41.

Flavor Version Tinstall Tcheck Ttotal Status Flags
r-devel-linux-x86_64-debian-clang 0.14.4 10.43 13.62 24.05 NOTE
r-devel-linux-x86_64-debian-gcc 0.14.4 11.03 13.64 24.67 NOTE
r-devel-linux-x86_64-fedora-clang 0.14.4 51.88 NOTE
r-devel-linux-x86_64-fedora-gcc 0.14.4 46.44 NOTE
r-devel-osx-x86_64-clang 0.14.4 41.54 OK
r-devel-windows-ix86+x86_64 0.14.4 47.00 44.00 91.00 NOTE
r-patched-linux-x86_64 0.14.4 11.08 14.14 25.22 OK
r-patched-solaris-sparc 0.14.4 329.30 OK
r-patched-solaris-x86 0.14.4 64.20 OK
r-release-linux-x86_64 0.14.4 11.25 14.93 26.18 OK
r-release-osx-x86_64-mavericks 0.14.4 OK
r-release-windows-ix86+x86_64 0.14.4 42.00 48.00 90.00 OK
r-oldrel-windows-ix86+x86_64 0.14.4 42.00 47.00 89.00 OK

Check Details

Version: 0.14.4
Check: R code for possible problems
Result: NOTE
    areas_list_to_states_list_old: no visible global function definition
     for ‘combn’
    Undefined global functions or variables:
     combn
    Consider adding
     importFrom("utils", "combn")
    to your NAMESPACE.
Flavors: r-devel-linux-x86_64-debian-clang, r-devel-linux-x86_64-debian-gcc, r-devel-linux-x86_64-fedora-clang, r-devel-linux-x86_64-fedora-gcc, r-devel-windows-ix86+x86_64