CRAN Package Check Results for Package cladoRcpp

Last updated on 2017-02-21 23:50:33.

Flavor Version Tinstall Tcheck Ttotal Status Flags
r-devel-linux-x86_64-debian-clang 0.14.4 12.96 16.63 29.59 NOTE
r-devel-linux-x86_64-debian-gcc 0.14.4 13.02 16.64 29.66 NOTE
r-devel-linux-x86_64-fedora-clang 0.14.4 56.34 NOTE --no-stop-on-test-error
r-devel-linux-x86_64-fedora-gcc 0.14.4 53.19 NOTE --no-stop-on-test-error
r-devel-macos-x86_64-clang 0.14.4 41.64 NOTE --no-stop-on-test-error
r-devel-windows-ix86+x86_64 0.14.4 54.00 100.00 154.00 NOTE
r-patched-linux-x86_64 0.14.4 11.27 14.83 26.10 NOTE
r-patched-solaris-sparc 0.14.4 288.80 NOTE
r-patched-solaris-x86 0.14.4 57.80 NOTE
r-release-linux-x86_64 0.14.4 10.92 14.29 25.21 NOTE
r-release-osx-x86_64-mavericks 0.14.4 NOTE
r-release-windows-ix86+x86_64 0.14.4 77.00 69.00 146.00 NOTE
r-oldrel-windows-ix86+x86_64 0.14.4 58.00 60.00 118.00 OK

Check Details

Version: 0.14.4
Check: R code for possible problems
Result: NOTE
    areas_list_to_states_list_old: no visible global function definition
     for ‘combn’
    Undefined global functions or variables:
     combn
    Consider adding
     importFrom("utils", "combn")
    to your NAMESPACE file.
Flavors: r-devel-linux-x86_64-debian-clang, r-devel-linux-x86_64-debian-gcc, r-devel-windows-ix86+x86_64, r-patched-linux-x86_64, r-patched-solaris-sparc, r-patched-solaris-x86, r-release-linux-x86_64, r-release-osx-x86_64-mavericks, r-release-windows-ix86+x86_64

Version: 0.14.4
Check: compiled code
Result: NOTE
    File ‘cladoRcpp/libs/cladoRcpp.so’:
     Found no calls to: ‘R_registerRoutines’, ‘R_useDynamicSymbols’
    
    It is good practice to register native routines and to disable symbol
    search.
    
    See ‘Writing portable packages’ in the ‘Writing R Extensions’ manual.
Flavors: r-devel-linux-x86_64-debian-clang, r-devel-linux-x86_64-debian-gcc

Version: 0.14.4
Flags: --no-stop-on-test-error
Check: R code for possible problems
Result: NOTE
    areas_list_to_states_list_old: no visible global function definition
     for ‘combn’
    Undefined global functions or variables:
     combn
    Consider adding
     importFrom("utils", "combn")
    to your NAMESPACE file.
Flavors: r-devel-linux-x86_64-fedora-clang, r-devel-linux-x86_64-fedora-gcc, r-devel-macos-x86_64-clang

Version: 0.14.4
Flags: --no-stop-on-test-error
Check: compiled code
Result: NOTE
    File ‘cladoRcpp/libs/cladoRcpp.so’:
     Found no calls to: ‘R_registerRoutines’, ‘R_useDynamicSymbols’
    
    It is good practice to register native routines and to disable symbol
    search.
    
    See ‘Writing portable packages’ in the ‘Writing R Extensions’ manual.
Flavors: r-devel-linux-x86_64-fedora-clang, r-devel-linux-x86_64-fedora-gcc, r-devel-macos-x86_64-clang