CRAN Package Check Results for Package clarabel

Last updated on 2024-02-22 07:52:02 CET.

Flavor Version Tinstall Tcheck Ttotal Status Flags
r-devel-linux-x86_64-debian-clang 0.5.1 OK
r-devel-linux-x86_64-debian-gcc 0.5.1 170.44 24.61 195.05 OK
r-devel-linux-x86_64-fedora-clang 0.5.1 337.01 NOTE
r-devel-linux-x86_64-fedora-gcc 0.5.1 353.31 NOTE
r-devel-windows-x86_64 0.5.1 142.00 68.00 210.00 OK
r-patched-linux-x86_64 0.5.1 237.28 30.84 268.12 OK
r-release-linux-x86_64 0.5.1 235.13 30.65 265.78 OK
r-release-macos-arm64 0.5.1 73.00 NOTE
r-release-macos-x86_64 0.5.1 124.00 NOTE
r-release-windows-x86_64 0.5.1 135.00 83.00 218.00 OK
r-oldrel-macos-arm64 0.5.1 61.00 NOTE
r-oldrel-windows-x86_64 0.5.1 181.00 77.00 258.00 WARN

Check Details

Version: 0.5.1
Check: installed package size
Result: NOTE installed size is 6.1Mb sub-directories of 1Mb or more: libs 5.8Mb Flavors: r-devel-linux-x86_64-fedora-clang, r-release-macos-arm64, r-release-macos-x86_64, r-oldrel-macos-arm64

Version: 0.5.1
Check: for GNU extensions in Makefiles
Result: NOTE GNU make is a SystemRequirements. Flavors: r-devel-linux-x86_64-fedora-clang, r-devel-linux-x86_64-fedora-gcc, r-release-macos-arm64, r-release-macos-x86_64, r-oldrel-macos-arm64

Version: 0.5.1
Check: whether package can be installed
Result: WARN Found the following significant warnings: Warning: corrupt .drectve at end of def file Flavor: r-oldrel-windows-x86_64