CRAN Package Check Results for Package clarifai

Last updated on 2022-05-18 05:53:19 CEST.

Flavor Version Tinstall Tcheck Ttotal Status Flags
r-devel-linux-x86_64-debian-clang 0.4.2 2.45 39.12 41.57 NOTE
r-devel-linux-x86_64-debian-gcc 0.4.2 1.78 30.83 32.61 NOTE
r-devel-linux-x86_64-fedora-clang 0.4.2 51.19 NOTE
r-devel-linux-x86_64-fedora-gcc 0.4.2 49.92 NOTE
r-devel-windows-x86_64 0.4.2 33.00 63.00 96.00 NOTE
r-patched-linux-x86_64 0.4.2 2.57 38.46 41.03 NOTE
r-release-linux-x86_64 0.4.2 2.23 38.37 40.60 NOTE
r-release-macos-arm64 0.4.2 21.00 NOTE
r-release-macos-x86_64 0.4.2 27.00 NOTE
r-release-windows-x86_64 0.4.2 30.00 78.00 108.00 NOTE
r-oldrel-macos-arm64 0.4.2 25.00 NOTE
r-oldrel-macos-x86_64 0.4.2 33.00 NOTE
r-oldrel-windows-ix86+x86_64 0.4.2 7.00 56.00 63.00 NOTE

Check Details

Version: 0.4.2
Check: LazyData
Result: NOTE
     'LazyData' is specified without a 'data' directory
Flavors: r-devel-linux-x86_64-debian-clang, r-devel-linux-x86_64-debian-gcc, r-devel-linux-x86_64-fedora-clang, r-devel-linux-x86_64-fedora-gcc, r-devel-windows-x86_64, r-patched-linux-x86_64, r-release-linux-x86_64, r-release-macos-arm64, r-release-macos-x86_64, r-release-windows-x86_64, r-oldrel-macos-arm64, r-oldrel-macos-x86_64, r-oldrel-windows-ix86+x86_64