CRAN Package Check Results for Package classGraph

Last updated on 2015-02-28 02:48:40.

Flavor Version Tinstall Tcheck Ttotal Status Flags
r-devel-linux-x86_64-debian-clang 0.7-4 1.60 25.04 26.64 NOTE
r-devel-linux-x86_64-debian-gcc 0.7-4 1.42 24.17 25.59 NOTE
r-devel-linux-x86_64-fedora-clang 0.7-4 54.99 NOTE
r-devel-linux-x86_64-fedora-gcc 0.7-4 53.05 NOTE
r-devel-osx-x86_64-clang 0.7-4 51.20 NOTE
r-devel-windows-ix86+x86_64 0.7-4 7.00 44.00 51.00 NOTE
r-patched-linux-x86_64 0.7-4 1.83 28.38 30.20 NOTE
r-patched-solaris-sparc 0.7-4 360.20 NOTE
r-release-linux-ix86 0.7-4 1.95 37.13 39.08 NOTE
r-release-linux-x86_64 0.7-4 1.91 28.72 30.63 NOTE
r-release-osx-x86_64-mavericks 0.7-4 NOTE
r-release-osx-x86_64-snowleopard 0.7-4 NOTE
r-release-windows-ix86+x86_64 0.7-4 6.00 46.00 52.00 NOTE
r-oldrel-windows-ix86+x86_64 0.7-4 6.00 46.00 52.00 NOTE

Check Details

Version: 0.7-4
Check: DESCRIPTION meta-information
Result: NOTE
    Packages listed in more than one of Depends, Imports, Suggests, Enhances:
     ‘methods’ ‘graph’ ‘Rgraphviz’
    A package should be listed in only one of these fields.
Flavors: r-devel-linux-x86_64-debian-clang, r-devel-linux-x86_64-debian-gcc, r-devel-linux-x86_64-fedora-clang, r-devel-linux-x86_64-fedora-gcc, r-devel-osx-x86_64-clang, r-devel-windows-ix86+x86_64, r-patched-linux-x86_64, r-patched-solaris-sparc, r-release-linux-ix86, r-release-linux-x86_64, r-release-osx-x86_64-mavericks, r-release-osx-x86_64-snowleopard, r-release-windows-ix86+x86_64, r-oldrel-windows-ix86+x86_64

Version: 0.7-4
Check: R code for possible problems
Result: NOTE
    class2Graph: warning in matrix(0, nr = nN, nc = nN): partial argument
     match of ‘nr’ to ‘nrow’
    class2Graph: warning in matrix(0, nr = nN, nc = nN): partial argument
     match of ‘nc’ to ‘ncol’
Flavors: r-devel-linux-x86_64-debian-clang, r-devel-linux-x86_64-debian-gcc, r-devel-linux-x86_64-fedora-clang, r-devel-linux-x86_64-fedora-gcc, r-devel-osx-x86_64-clang, r-devel-windows-ix86+x86_64, r-patched-linux-x86_64, r-patched-solaris-sparc, r-release-linux-ix86, r-release-linux-x86_64, r-release-osx-x86_64-mavericks, r-release-osx-x86_64-snowleopard, r-release-windows-ix86+x86_64, r-oldrel-windows-ix86+x86_64