CRAN Package Check Results for Package classGraph

Last updated on 2015-03-29 00:48:11.

Flavor Version Tinstall Tcheck Ttotal Status Flags
r-devel-linux-x86_64-debian-clang 0.7-4 1.50 25.33 26.83 NOTE
r-devel-linux-x86_64-debian-gcc 0.7-4 1.44 25.54 26.99 NOTE
r-devel-linux-x86_64-fedora-clang 0.7-4 54.00 NOTE
r-devel-linux-x86_64-fedora-gcc 0.7-4 55.60 NOTE
r-devel-osx-x86_64-clang 0.7-4 53.90 NOTE
r-prerel-windows-ix86+x86_64 0.7-4 7.00 39.00 46.00 NOTE
r-prerel-linux-x86_64 0.7-4 1.46 24.87 26.33 NOTE
r-prerel-solaris-sparc 0.7-4 317.00 NOTE
r-prerel-solaris-x86 0.7-4 70.40 NOTE
r-release-linux-x86_64 0.7-4 1.68 27.98 29.66 NOTE
r-release-osx-x86_64-mavericks 0.7-4 NOTE
r-release-osx-x86_64-snowleopard 0.7-4 NOTE
r-release-windows-ix86+x86_64 0.7-4 6.00 50.00 56.00 NOTE
r-oldrel-windows-ix86+x86_64 0.7-4 6.00 51.00 57.00 NOTE

Check Details

Version: 0.7-4
Check: DESCRIPTION meta-information
Result: NOTE
    Packages listed in more than one of Depends, Imports, Suggests, Enhances:
     ‘methods’ ‘graph’ ‘Rgraphviz’
    A package should be listed in only one of these fields.
Flavors: r-devel-linux-x86_64-debian-clang, r-devel-linux-x86_64-debian-gcc, r-devel-linux-x86_64-fedora-clang, r-devel-linux-x86_64-fedora-gcc, r-devel-osx-x86_64-clang, r-prerel-windows-ix86+x86_64, r-prerel-linux-x86_64, r-prerel-solaris-sparc, r-prerel-solaris-x86, r-release-linux-x86_64, r-release-osx-x86_64-mavericks, r-release-osx-x86_64-snowleopard, r-release-windows-ix86+x86_64, r-oldrel-windows-ix86+x86_64

Version: 0.7-4
Check: R code for possible problems
Result: NOTE
    class2Graph: warning in matrix(0, nr = nN, nc = nN): partial argument
     match of ‘nr’ to ‘nrow’
    class2Graph: warning in matrix(0, nr = nN, nc = nN): partial argument
     match of ‘nc’ to ‘ncol’
Flavors: r-devel-linux-x86_64-debian-clang, r-devel-linux-x86_64-debian-gcc, r-devel-linux-x86_64-fedora-clang, r-devel-linux-x86_64-fedora-gcc, r-devel-osx-x86_64-clang, r-prerel-windows-ix86+x86_64, r-prerel-linux-x86_64, r-prerel-solaris-sparc, r-prerel-solaris-x86, r-release-linux-x86_64, r-release-osx-x86_64-mavericks, r-release-osx-x86_64-snowleopard, r-release-windows-ix86+x86_64, r-oldrel-windows-ix86+x86_64