CRAN Package Check Results for Package classGraph

Last updated on 2017-04-28 23:52:10.

Flavor Version Tinstall Tcheck Ttotal Status Flags
r-devel-linux-x86_64-debian-clang 0.7-5 1.42 27.48 28.90 OK
r-devel-linux-x86_64-debian-gcc 0.7-5 1.42 26.92 28.34 OK
r-devel-linux-x86_64-fedora-clang 0.7-5 55.58 OK --no-stop-on-test-error
r-devel-linux-x86_64-fedora-gcc 0.7-5 53.42 OK --no-stop-on-test-error
r-devel-windows-ix86+x86_64 0.7-5 5.00 75.00 80.00 OK
r-patched-linux-x86_64 0.7-5 1.40 27.06 28.46 OK
r-patched-solaris-sparc 0.7-5 325.00 OK
r-patched-solaris-x86 0.7-5 72.40 OK
r-release-linux-x86_64 0.7-5 1.46 27.50 28.96 OK
r-release-windows-ix86+x86_64 0.7-5 11.00 72.00 83.00 OK
r-release-osx-x86_64 0.7-5 ERROR
r-oldrel-windows-ix86+x86_64 0.7-5 5.00 48.00 53.00 OK
r-oldrel-osx-x86_64 0.7-5 OK

Check Details

Version: 0.7-5
Check: package dependencies
Result: ERROR
    Packages required but not available: ‘graph’ ‘Rgraphviz’
    
    See section ‘The DESCRIPTION file’ in the ‘Writing R Extensions’
    manual.
Flavor: r-release-osx-x86_64