CRAN Package Check Results for Package classGraph

Last updated on 2017-10-21 18:47:04.

Flavor Version Tinstall Tcheck Ttotal Status Flags
r-devel-linux-x86_64-debian-clang 0.7-5 1.47 27.42 28.89 OK
r-devel-linux-x86_64-debian-gcc 0.7-5 1.75 31.92 33.66 OK
r-devel-linux-x86_64-fedora-clang 0.7-5 57.48 OK
r-devel-linux-x86_64-fedora-gcc 0.7-5 63.79 OK
r-devel-windows-ix86+x86_64 0.7-5 6.00 70.00 76.00 OK
r-patched-linux-x86_64 0.7-5 1.51 27.58 29.09 OK
r-patched-solaris-x86 0.7-5 78.00 OK
r-release-linux-x86_64 0.7-5 1.42 27.80 29.21 OK
r-release-windows-ix86+x86_64 0.7-5 8.00 72.00 80.00 OK
r-release-osx-x86_64 0.7-5 ERROR
r-oldrel-windows-ix86+x86_64 0.7-5 4.00 65.00 69.00 OK
r-oldrel-osx-x86_64 0.7-5 OK

Check Details

Version: 0.7-5
Check: package dependencies
Result: ERROR
    Packages required but not available: ‘graph’ ‘Rgraphviz’
    
    See section ‘The DESCRIPTION file’ in the ‘Writing R Extensions’
    manual.
Flavor: r-release-osx-x86_64