CRAN Package Check Results for Package classGraph

Last updated on 2014-12-20 21:46:46.

Flavor Version Tinstall Tcheck Ttotal Status Flags
r-devel-linux-x86_64-debian-clang 0.7-4 1.65 28.14 29.80 NOTE
r-devel-linux-x86_64-debian-gcc 0.7-4 1.56 27.22 28.78 NOTE
r-devel-linux-x86_64-fedora-clang 0.7-4 66.97 NOTE
r-devel-linux-x86_64-fedora-gcc 0.7-4 64.63 NOTE
r-devel-osx-x86_64-clang 0.7-4 58.74 NOTE
r-devel-windows-ix86+x86_64 0.7-4 6.00 49.00 55.00 NOTE
r-patched-linux-x86_64 0.7-4 1.70 28.21 29.90 NOTE
r-patched-solaris-sparc 0.7-4 358.90 NOTE
r-patched-solaris-x86 0.7-4 88.60 NOTE
r-release-linux-ix86 0.7-4 1.98 36.22 38.20 NOTE
r-release-linux-x86_64 0.7-4 1.67 29.05 30.72 NOTE
r-release-osx-x86_64-mavericks 0.7-4 NOTE
r-release-osx-x86_64-snowleopard 0.7-4 NOTE
r-release-windows-ix86+x86_64 0.7-4 6.00 48.00 54.00 NOTE
r-oldrel-windows-ix86+x86_64 0.7-4 5.00 50.00 55.00 NOTE

Check Details

Version: 0.7-4
Check: DESCRIPTION meta-information
Result: NOTE
    Packages listed in more than one of Depends, Imports, Suggests, Enhances:
     ‘methods’ ‘graph’ ‘Rgraphviz’
    A package should be listed in only one of these fields.
Flavors: r-devel-linux-x86_64-debian-clang, r-devel-linux-x86_64-debian-gcc, r-devel-linux-x86_64-fedora-clang, r-devel-linux-x86_64-fedora-gcc, r-devel-osx-x86_64-clang, r-devel-windows-ix86+x86_64, r-patched-linux-x86_64, r-patched-solaris-sparc, r-patched-solaris-x86, r-release-linux-ix86, r-release-linux-x86_64, r-release-osx-x86_64-mavericks, r-release-osx-x86_64-snowleopard, r-release-windows-ix86+x86_64, r-oldrel-windows-ix86+x86_64

Version: 0.7-4
Check: R code for possible problems
Result: NOTE
    class2Graph: warning in matrix(0, nr = nN, nc = nN): partial argument
     match of ‘nr’ to ‘nrow’
    class2Graph: warning in matrix(0, nr = nN, nc = nN): partial argument
     match of ‘nc’ to ‘ncol’
Flavors: r-devel-linux-x86_64-debian-clang, r-devel-linux-x86_64-debian-gcc, r-devel-linux-x86_64-fedora-clang, r-devel-linux-x86_64-fedora-gcc, r-devel-osx-x86_64-clang, r-devel-windows-ix86+x86_64, r-patched-linux-x86_64, r-patched-solaris-sparc, r-patched-solaris-x86, r-release-linux-ix86, r-release-linux-x86_64, r-release-osx-x86_64-mavericks, r-release-osx-x86_64-snowleopard, r-release-windows-ix86+x86_64, r-oldrel-windows-ix86+x86_64