CRAN Package Check Results for Package classGraph

Last updated on 2014-07-22 19:47:48.

Flavor Version Tinstall Tcheck Ttotal Status Flags
r-devel-linux-x86_64-debian-clang 0.7-4 1.64 28.91 30.56 NOTE
r-devel-linux-x86_64-debian-gcc 0.7-4 1.62 28.36 29.98 NOTE
r-devel-linux-x86_64-fedora-clang 0.7-4 69.14 NOTE
r-devel-linux-x86_64-fedora-gcc 0.7-4 67.01 NOTE
r-devel-osx-x86_64-clang 0.7-4 59.51 NOTE
r-devel-windows-ix86+x86_64 0.7-4 6.00 47.00 53.00 NOTE
r-patched-linux-x86_64 0.7-4 1.72 28.51 30.22 NOTE
r-patched-solaris-sparc 0.7-4 379.50 NOTE
r-patched-solaris-x86 0.7-4 90.40 NOTE
r-release-linux-ix86 0.7-4 2.12 38.51 40.63 NOTE
r-release-linux-x86_64 0.7-4 1.66 29.54 31.20 NOTE
r-release-osx-x86_64-mavericks 0.7-4 NOTE
r-release-osx-x86_64-snowleopard 0.7-4 NOTE
r-release-windows-ix86+x86_64 0.7-4 5.00 47.00 52.00 NOTE
r-oldrel-windows-ix86+x86_64 0.7-4 6.00 48.00 54.00 NOTE

Check Details

Version: 0.7-4
Check: DESCRIPTION meta-information
Result: NOTE
    Packages listed in more than one of Depends, Imports, Suggests, Enhances:
     ‘methods’ ‘graph’ ‘Rgraphviz’
    A package should be listed in only one of these fields.
Flavors: r-devel-linux-x86_64-debian-clang, r-devel-linux-x86_64-debian-gcc, r-devel-linux-x86_64-fedora-clang, r-devel-linux-x86_64-fedora-gcc, r-devel-osx-x86_64-clang, r-devel-windows-ix86+x86_64, r-patched-linux-x86_64, r-patched-solaris-sparc, r-patched-solaris-x86, r-release-linux-ix86, r-release-linux-x86_64, r-release-osx-x86_64-mavericks, r-release-osx-x86_64-snowleopard, r-release-windows-ix86+x86_64, r-oldrel-windows-ix86+x86_64

Version: 0.7-4
Check: R code for possible problems
Result: NOTE
    class2Graph: warning in matrix(0, nr = nN, nc = nN): partial argument
     match of 'nr' to 'nrow'
    class2Graph: warning in matrix(0, nr = nN, nc = nN): partial argument
     match of 'nc' to 'ncol'
Flavors: r-devel-linux-x86_64-debian-clang, r-devel-linux-x86_64-debian-gcc, r-devel-linux-x86_64-fedora-clang, r-devel-linux-x86_64-fedora-gcc, r-devel-osx-x86_64-clang, r-devel-windows-ix86+x86_64, r-patched-linux-x86_64, r-patched-solaris-sparc, r-patched-solaris-x86, r-release-linux-ix86, r-release-linux-x86_64, r-release-osx-x86_64-mavericks, r-release-osx-x86_64-snowleopard, r-release-windows-ix86+x86_64, r-oldrel-windows-ix86+x86_64