CRAN Package Check Results for Package classGraph

Last updated on 2015-07-07 23:47:39.

Flavor Version Tinstall Tcheck Ttotal Status Flags
r-devel-linux-x86_64-debian-clang 0.7-4 1.38 25.50 26.88 NOTE
r-devel-linux-x86_64-debian-gcc 0.7-4 1.40 24.57 25.98 NOTE
r-devel-linux-x86_64-fedora-clang 0.7-4 51.05 NOTE
r-devel-linux-x86_64-fedora-gcc 0.7-4 49.91 NOTE
r-devel-osx-x86_64-clang 0.7-4 44.39 NOTE
r-devel-windows-ix86+x86_64 0.7-4 7.00 39.00 46.00 NOTE
r-patched-linux-x86_64 0.7-4 1.42 24.45 25.87 NOTE
r-patched-solaris-sparc 0.7-4 330.00 NOTE
r-patched-solaris-x86 0.7-4 73.80 NOTE
r-release-linux-x86_64 0.7-4 1.40 25.18 26.58 NOTE
r-release-osx-x86_64-mavericks 0.7-4 NOTE
r-release-windows-ix86+x86_64 0.7-4 7.00 68.00 75.00 NOTE
r-oldrel-windows-ix86+x86_64 0.7-4 5.00 70.00 75.00 NOTE

Check Details

Version: 0.7-4
Check: DESCRIPTION meta-information
Result: NOTE
    Packages listed in more than one of Depends, Imports, Suggests, Enhances:
     ‘methods’ ‘graph’ ‘Rgraphviz’
    A package should be listed in only one of these fields.
Flavors: r-devel-linux-x86_64-debian-clang, r-devel-linux-x86_64-debian-gcc, r-devel-linux-x86_64-fedora-clang, r-devel-linux-x86_64-fedora-gcc, r-devel-osx-x86_64-clang, r-devel-windows-ix86+x86_64, r-patched-linux-x86_64, r-patched-solaris-sparc, r-patched-solaris-x86, r-release-linux-x86_64, r-release-osx-x86_64-mavericks, r-release-windows-ix86+x86_64, r-oldrel-windows-ix86+x86_64

Version: 0.7-4
Check: R code for possible problems
Result: NOTE
    class2Graph: warning in matrix(0, nr = nN, nc = nN): partial argument
     match of ‘nr’ to ‘nrow’
    class2Graph: warning in matrix(0, nr = nN, nc = nN): partial argument
     match of ‘nc’ to ‘ncol’
    mRagraph: no visible global function definition for ‘str’
    plotRag: no visible global function definition for ‘par’
    plotRag: no visible binding for global variable ‘mtext’
    Undefined global functions or variables:
     mtext par str
Flavors: r-devel-linux-x86_64-debian-clang, r-devel-linux-x86_64-debian-gcc, r-devel-linux-x86_64-fedora-clang, r-devel-linux-x86_64-fedora-gcc, r-devel-windows-ix86+x86_64

Version: 0.7-4
Check: R code for possible problems
Result: NOTE
    class2Graph: warning in matrix(0, nr = nN, nc = nN): partial argument
     match of 'nr' to 'nrow'
    class2Graph: warning in matrix(0, nr = nN, nc = nN): partial argument
     match of 'nc' to 'ncol'
Flavors: r-devel-osx-x86_64-clang, r-patched-linux-x86_64, r-patched-solaris-sparc, r-patched-solaris-x86, r-release-linux-x86_64, r-release-osx-x86_64-mavericks, r-release-windows-ix86+x86_64, r-oldrel-windows-ix86+x86_64