CRAN Package Check Results for Package classGraph

Last updated on 2014-04-23 12:48:15.

Flavor Version Tinstall Tcheck Ttotal Status Flags
r-devel-linux-x86_64-debian-clang 0.7-4 1.87 30.33 32.20 NOTE
r-devel-linux-x86_64-debian-gcc 0.7-4 1.89 30.50 32.39 NOTE
r-devel-linux-x86_64-fedora-clang 0.7-4 70.47 NOTE
r-devel-linux-x86_64-fedora-gcc 0.7-4 67.47 NOTE
r-devel-osx-x86_64-clang 0.7-4 56.19 NOTE
r-devel-osx-x86_64-gcc 0.7-4 ERROR
r-devel-windows-ix86+x86_64 0.7-4 5.00 46.00 51.00 NOTE
r-patched-linux-x86_64 0.7-4 1.94 30.33 32.27 NOTE
r-patched-solaris-sparc 0.7-4 379.50 NOTE
r-patched-solaris-x86 0.7-4 92.20 NOTE
r-release-linux-ix86 0.7-4 3.00 51.00 54.00 NOTE
r-release-linux-x86_64 0.7-4 1.73 30.73 32.46 NOTE
r-release-osx-x86_64-mavericks 0.7-4 ERROR
r-release-osx-x86_64-snowleopard 0.7-4 ERROR
r-release-windows-ix86+x86_64 0.7-4 5.00 48.00 53.00 NOTE
r-oldrel-windows-ix86+x86_64 0.7-4 6.00 45.00 51.00 NOTE

Check Details

Version: 0.7-4
Check: DESCRIPTION meta-information
Result: NOTE
    Packages listed in more than one of Depends, Imports, Suggests, Enhances:
     ‘methods’ ‘graph’ ‘Rgraphviz’
    A package should be listed in only one of these fields.
Flavors: r-devel-linux-x86_64-debian-clang, r-devel-linux-x86_64-debian-gcc, r-devel-linux-x86_64-fedora-clang, r-devel-linux-x86_64-fedora-gcc, r-devel-osx-x86_64-clang, r-devel-windows-ix86+x86_64, r-patched-linux-x86_64, r-patched-solaris-sparc, r-patched-solaris-x86, r-release-linux-ix86, r-release-linux-x86_64, r-release-windows-ix86+x86_64, r-oldrel-windows-ix86+x86_64

Version: 0.7-4
Check: R code for possible problems
Result: NOTE
    class2Graph: warning in matrix(0, nr = nN, nc = nN): partial argument
     match of 'nr' to 'nrow'
    class2Graph: warning in matrix(0, nr = nN, nc = nN): partial argument
     match of 'nc' to 'ncol'
Flavors: r-devel-linux-x86_64-debian-clang, r-devel-linux-x86_64-debian-gcc, r-devel-linux-x86_64-fedora-clang, r-devel-linux-x86_64-fedora-gcc, r-devel-osx-x86_64-clang, r-devel-windows-ix86+x86_64, r-patched-linux-x86_64, r-patched-solaris-sparc, r-patched-solaris-x86, r-release-linux-ix86, r-release-linux-x86_64, r-release-windows-ix86+x86_64, r-oldrel-windows-ix86+x86_64

Version: 0.7-4
Check: package dependencies
Result: ERROR
    Packages required but not available: ‘graph’ ‘Rgraphviz’
    
    See the information on DESCRIPTION files in the chapter ‘Creating R
    packages’ of the ‘Writing R Extensions’ manual.
Flavors: r-devel-osx-x86_64-gcc, r-release-osx-x86_64-mavericks, r-release-osx-x86_64-snowleopard