CRAN Package Check Results for Package classGraph

Last updated on 2017-06-25 16:51:53.

Flavor Version Tinstall Tcheck Ttotal Status Flags
r-devel-linux-x86_64-debian-clang 0.7-5 1.42 27.48 28.90 OK
r-devel-linux-x86_64-debian-gcc 0.7-5 1.38 27.52 28.90 OK
r-devel-linux-x86_64-fedora-clang 0.7-5 56.05 OK
r-devel-linux-x86_64-fedora-gcc 0.7-5 54.50 OK
r-devel-windows-ix86+x86_64 0.7-5 8.00 71.00 79.00 OK
r-patched-linux-x86_64 0.7-5 1.64 27.06 28.70 OK
r-patched-solaris-sparc 0.7-5 325.00 OK
r-patched-solaris-x86 0.7-5 75.30 OK
r-release-linux-x86_64 0.7-5 1.42 28.13 29.56 OK
r-release-windows-ix86+x86_64 0.7-5 9.00 73.00 82.00 OK
r-release-osx-x86_64 0.7-5 ERROR
r-oldrel-windows-ix86+x86_64 0.7-5 4.00 70.00 74.00 OK
r-oldrel-osx-x86_64 0.7-5 OK

Check Details

Version: 0.7-5
Check: package dependencies
Result: ERROR
    Packages required but not available: ‘graph’ ‘Rgraphviz’
    
    See section ‘The DESCRIPTION file’ in the ‘Writing R Extensions’
    manual.
Flavor: r-release-osx-x86_64