CRAN Package Check Results for Package classGraph

Last updated on 2016-10-01 10:47:30.

Flavor Version Tinstall Tcheck Ttotal Status Flags
r-devel-linux-x86_64-debian-clang 0.7-5 1.43 24.77 26.20 OK
r-devel-linux-x86_64-debian-gcc 0.7-5 1.45 24.83 26.28 OK
r-devel-linux-x86_64-fedora-clang 0.7-5 50.47 OK
r-devel-linux-x86_64-fedora-gcc 0.7-5 44.60 OK
r-devel-macos-x86_64-clang 0.7-5 37.35 OK
r-devel-windows-ix86+x86_64 0.7-5 5.00 60.00 65.00 WARN
r-patched-linux-x86_64 0.7-5 1.38 24.12 25.50 OK
r-patched-solaris-sparc 0.7-5 295.60 OK
r-patched-solaris-x86 0.7-5 62.90 OK
r-release-linux-x86_64 0.7-5 1.44 24.68 26.12 OK
r-release-osx-x86_64-mavericks 0.7-5 OK
r-release-windows-ix86+x86_64 0.7-5 5.00 77.00 82.00 OK
r-oldrel-windows-ix86+x86_64 0.7-5 8.00 64.00 72.00 OK

Check Details

Version: 0.7-5
Check: Rd cross-references
Result: WARN
    Missing link or links in documentation object 'subClasses.Rd':
     '[methods]{Classes}'
    
    See section 'Cross-references' in the 'Writing R Extensions' manual.
Flavor: r-devel-windows-ix86+x86_64