CRAN Package Check Results for Package classGraph

Last updated on 2015-01-31 20:46:43.

Flavor Version Tinstall Tcheck Ttotal Status Flags
r-devel-linux-x86_64-debian-clang 0.7-4 1.49 25.27 26.76 NOTE
r-devel-linux-x86_64-debian-gcc 0.7-4 0.28 1.39 1.68 ERROR
r-devel-linux-x86_64-fedora-clang 0.7-4 63.39 NOTE
r-devel-linux-x86_64-fedora-gcc 0.7-4 58.91 NOTE
r-devel-osx-x86_64-clang 0.7-4 58.09 NOTE
r-devel-windows-ix86+x86_64 0.7-4 7.00 40.00 47.00 NOTE
r-patched-linux-x86_64 0.7-4 1.71 28.39 30.10 NOTE
r-patched-solaris-sparc 0.7-4 360.20 NOTE
r-patched-solaris-x86 0.7-4 88.20 NOTE
r-release-linux-ix86 0.7-4 1.96 36.99 38.95 NOTE
r-release-linux-x86_64 0.7-4 1.69 28.45 30.14 NOTE
r-release-osx-x86_64-mavericks 0.7-4 NOTE
r-release-osx-x86_64-snowleopard 0.7-4 NOTE
r-release-windows-ix86+x86_64 0.7-4 6.00 49.00 55.00 NOTE
r-oldrel-windows-ix86+x86_64 0.7-4 6.00 53.00 59.00 NOTE

Check Details

Version: 0.7-4
Check: DESCRIPTION meta-information
Result: NOTE
    Packages listed in more than one of Depends, Imports, Suggests, Enhances:
     ‘methods’ ‘graph’ ‘Rgraphviz’
    A package should be listed in only one of these fields.
Flavors: r-devel-linux-x86_64-debian-clang, r-devel-linux-x86_64-fedora-clang, r-devel-linux-x86_64-fedora-gcc, r-devel-osx-x86_64-clang, r-devel-windows-ix86+x86_64, r-patched-linux-x86_64, r-patched-solaris-sparc, r-patched-solaris-x86, r-release-linux-ix86, r-release-linux-x86_64, r-release-osx-x86_64-mavericks, r-release-osx-x86_64-snowleopard, r-release-windows-ix86+x86_64, r-oldrel-windows-ix86+x86_64

Version: 0.7-4
Check: R code for possible problems
Result: NOTE
    class2Graph: warning in matrix(0, nr = nN, nc = nN): partial argument
     match of ‘nr’ to ‘nrow’
    class2Graph: warning in matrix(0, nr = nN, nc = nN): partial argument
     match of ‘nc’ to ‘ncol’
Flavors: r-devel-linux-x86_64-debian-clang, r-devel-linux-x86_64-fedora-clang, r-devel-linux-x86_64-fedora-gcc, r-devel-osx-x86_64-clang, r-devel-windows-ix86+x86_64, r-patched-linux-x86_64, r-patched-solaris-sparc, r-patched-solaris-x86, r-release-linux-ix86, r-release-linux-x86_64, r-release-osx-x86_64-mavericks, r-release-osx-x86_64-snowleopard, r-release-windows-ix86+x86_64, r-oldrel-windows-ix86+x86_64

Version: 0.7-4
Check: package dependencies
Result: ERROR
    Packages required but not available: ‘graph’ ‘Rgraphviz’
    
    See section ‘The DESCRIPTION file’ in the ‘Writing R Extensions’
    manual.
Flavor: r-devel-linux-x86_64-debian-gcc