CRAN Package Check Results for Package classGraph

Last updated on 2015-09-02 11:48:19.

Flavor Version Tinstall Tcheck Ttotal Status Flags
r-devel-linux-x86_64-debian-clang 0.7-4 1.33 24.28 25.61 NOTE
r-devel-linux-x86_64-debian-gcc 0.7-5 1.26 23.67 24.93 OK
r-devel-linux-x86_64-fedora-clang 0.7-5 42.91 OK
r-devel-linux-x86_64-fedora-gcc 0.7-5 44.72 OK
r-devel-osx-x86_64-clang 0.7-5 43.19 OK
r-devel-windows-ix86+x86_64 0.7-4 6.00 47.00 53.00 NOTE
r-patched-linux-x86_64 0.7-4 1.46 25.16 26.62 NOTE
r-patched-solaris-sparc 0.7-5 337.00 OK
r-patched-solaris-x86 0.7-5 66.20 OK
r-release-linux-x86_64 0.7-4 1.57 25.51 27.08 NOTE
r-release-osx-x86_64-mavericks 0.7-4 NOTE
r-release-windows-ix86+x86_64 0.7-5 8.00 60.00 68.00 OK
r-oldrel-windows-ix86+x86_64 0.7-5 9.00 75.00 84.00 OK

Check Details

Version: 0.7-4
Check: DESCRIPTION meta-information
Result: NOTE
    Packages listed in more than one of Depends, Imports, Suggests, Enhances:
     ‘methods’ ‘graph’ ‘Rgraphviz’
    A package should be listed in only one of these fields.
Flavors: r-devel-linux-x86_64-debian-clang, r-devel-windows-ix86+x86_64, r-patched-linux-x86_64, r-release-linux-x86_64, r-release-osx-x86_64-mavericks

Version: 0.7-4
Check: R code for possible problems
Result: NOTE
    class2Graph: warning in matrix(0, nr = nN, nc = nN): partial argument
     match of ‘nr’ to ‘nrow’
    class2Graph: warning in matrix(0, nr = nN, nc = nN): partial argument
     match of ‘nc’ to ‘ncol’
    mRagraph: no visible global function definition for ‘str’
    plotRag: no visible global function definition for ‘par’
    plotRag: no visible binding for global variable ‘mtext’
    Undefined global functions or variables:
     mtext par str
    Consider adding
     importFrom("graphics", "mtext", "par")
     importFrom("utils", "str")
    to your NAMESPACE.
Flavors: r-devel-linux-x86_64-debian-clang, r-devel-windows-ix86+x86_64

Version: 0.7-4
Check: R code for possible problems
Result: NOTE
    class2Graph: warning in matrix(0, nr = nN, nc = nN): partial argument
     match of ‘nr’ to ‘nrow’
    class2Graph: warning in matrix(0, nr = nN, nc = nN): partial argument
     match of ‘nc’ to ‘ncol’
Flavors: r-patched-linux-x86_64, r-release-linux-x86_64, r-release-osx-x86_64-mavericks