CRAN Package Check Results for Package classGraph

Last updated on 2017-08-16 16:46:27.

Flavor Version Tinstall Tcheck Ttotal Status Flags
r-devel-linux-x86_64-debian-clang 0.7-5 1.41 28.10 29.51 OK
r-devel-linux-x86_64-debian-gcc 0.7-5 1.48 26.85 28.33 OK
r-devel-linux-x86_64-fedora-clang 0.7-5 58.08 OK
r-devel-linux-x86_64-fedora-gcc 0.7-5 59.10 OK
r-devel-windows-ix86+x86_64 0.7-5 4.00 54.00 58.00 OK
r-patched-linux-x86_64 0.7-5 1.49 27.77 29.26 OK
r-patched-solaris-x86 0.7-5 76.70 OK
r-release-linux-x86_64 0.7-5 1.39 28.03 29.42 OK
r-release-windows-ix86+x86_64 0.7-5 5.00 71.00 76.00 OK
r-release-osx-x86_64 0.7-5 ERROR
r-oldrel-windows-ix86+x86_64 0.7-5 5.00 47.00 52.00 OK
r-oldrel-osx-x86_64 0.7-5 OK

Check Details

Version: 0.7-5
Check: package dependencies
Result: ERROR
    Packages required but not available: ‘graph’ ‘Rgraphviz’
    
    See section ‘The DESCRIPTION file’ in the ‘Writing R Extensions’
    manual.
Flavor: r-release-osx-x86_64