CRAN Package Check Results for Package classInt

Last updated on 2015-09-01 10:50:46.

Flavor Version Tinstall Tcheck Ttotal Status Flags
r-devel-linux-x86_64-debian-clang 0.1-22 0.81 12.78 13.59 NOTE
r-devel-linux-x86_64-debian-gcc 0.1-22 0.85 12.51 13.36 NOTE
r-devel-linux-x86_64-fedora-clang 0.1-22 25.86 NOTE
r-devel-linux-x86_64-fedora-gcc 0.1-22 24.69 NOTE
r-devel-osx-x86_64-clang 0.1-22 25.61 OK
r-devel-windows-ix86+x86_64 0.1-22 8.00 48.00 56.00 NOTE
r-patched-linux-x86_64 0.1-22 0.86 12.93 13.79 OK
r-patched-solaris-sparc 0.1-22 170.80 OK
r-patched-solaris-x86 0.1-22 40.30 OK
r-release-linux-x86_64 0.1-22 0.92 12.89 13.81 OK
r-release-osx-x86_64-mavericks 0.1-22 OK
r-release-windows-ix86+x86_64 0.1-22 8.00 31.00 39.00 OK
r-oldrel-windows-ix86+x86_64 0.1-22 8.00 37.00 45.00 OK

Check Details

Version: 0.1-22
Check: R code for possible problems
Result: NOTE
    classIntervals: no visible global function definition for ‘na.omit’
    classIntervals: no visible global function definition for ‘dist’
    classIntervals: no visible global function definition for ‘cutree’
    getBclustClassIntervals: no visible global function definition for
     ‘na.omit’
    getHclustClassIntervals: no visible global function definition for
     ‘na.omit’
    getHclustClassIntervals: no visible global function definition for
     ‘cutree’
    plot.classIntervals: no visible global function definition for ‘plot’
    plot.classIntervals: no visible global function definition for ‘ecdf’
    plot.classIntervals: no visible global function definition for ‘abline’
    plot.classIntervals: no visible global function definition for ‘rect’
    plot.classIntervals: no visible global function definition for ‘par’
    Undefined global functions or variables:
     abline cutree dist ecdf na.omit par plot rect
    Consider adding
     importFrom("graphics", "abline", "par", "plot", "rect")
     importFrom("stats", "cutree", "dist", "ecdf", "na.omit")
    to your NAMESPACE.
Flavors: r-devel-linux-x86_64-debian-clang, r-devel-linux-x86_64-debian-gcc, r-devel-linux-x86_64-fedora-clang, r-devel-linux-x86_64-fedora-gcc, r-devel-windows-ix86+x86_64