CRAN Package Check Results for Package classInt

Last updated on 2017-03-24 23:55:35.

Flavor Version Tinstall Tcheck Ttotal Status Flags
r-devel-linux-x86_64-debian-clang 0.1-23 1.08 15.75 16.83 NOTE
r-devel-linux-x86_64-debian-gcc 0.1-23 1.08 15.67 16.76 NOTE
r-devel-linux-x86_64-fedora-clang 0.1-23 29.57 NOTE --no-stop-on-test-error
r-devel-linux-x86_64-fedora-gcc 0.1-23 27.17 NOTE --no-stop-on-test-error
r-devel-macos-x86_64-clang 0.1-23 25.22 NOTE --no-stop-on-test-error
r-devel-windows-ix86+x86_64 0.1-23 7.00 78.00 85.00 OK
r-patched-linux-x86_64 0.1-23 0.99 13.52 14.51 OK
r-patched-solaris-sparc 0.1-23 177.10 OK
r-patched-solaris-x86 0.1-23 40.50 OK
r-release-linux-x86_64 0.1-23 0.94 13.44 14.38 OK
r-release-osx-x86_64-mavericks 0.1-23 OK
r-release-windows-ix86+x86_64 0.1-23 7.00 38.00 45.00 OK
r-oldrel-windows-ix86+x86_64 0.1-23 6.00 51.00 57.00 OK

Check Details

Version: 0.1-23
Check: compiled code
Result: NOTE
    File ‘classInt/libs/classInt.so’:
     Found no calls to: ‘R_registerRoutines’, ‘R_useDynamicSymbols’
    
    It is good practice to register native routines and to disable symbol
    search.
    
    See ‘Writing portable packages’ in the ‘Writing R Extensions’ manual.
Flavors: r-devel-linux-x86_64-debian-clang, r-devel-linux-x86_64-debian-gcc

Version: 0.1-23
Flags: --no-stop-on-test-error
Check: compiled code
Result: NOTE
    File ‘classInt/libs/classInt.so’:
     Found no calls to: ‘R_registerRoutines’, ‘R_useDynamicSymbols’
    
    It is good practice to register native routines and to disable symbol
    search.
    
    See ‘Writing portable packages’ in the ‘Writing R Extensions’ manual.
Flavors: r-devel-linux-x86_64-fedora-clang, r-devel-linux-x86_64-fedora-gcc, r-devel-macos-x86_64-clang