CRAN Package Check Results for Package classInt

Last updated on 2015-08-03 11:49:06.

Flavor Version Tinstall Tcheck Ttotal Status Flags
r-devel-linux-x86_64-debian-clang 0.1-22 0.88 12.99 13.86 NOTE
r-devel-linux-x86_64-debian-gcc 0.1-22 0.89 13.19 14.08 NOTE
r-devel-linux-x86_64-fedora-clang 0.1-22 26.38 NOTE
r-devel-linux-x86_64-fedora-gcc 0.1-22 25.33 NOTE
r-devel-osx-x86_64-clang 0.1-22 26.34 OK
r-devel-windows-ix86+x86_64 0.1-22 7.00 32.00 39.00 NOTE
r-patched-linux-x86_64 0.1-22 0.89 13.02 13.91 OK
r-patched-solaris-sparc 0.1-22 170.80 OK
r-patched-solaris-x86 0.1-22 40.00 OK
r-release-linux-x86_64 0.1-22 0.91 13.00 13.90 OK
r-release-osx-x86_64-mavericks 0.1-22 OK
r-release-windows-ix86+x86_64 0.1-22 7.00 54.00 61.00 OK
r-oldrel-windows-ix86+x86_64 0.1-22 6.00 37.00 43.00 OK

Check Details

Version: 0.1-22
Check: R code for possible problems
Result: NOTE
    classIntervals: no visible global function definition for ‘na.omit’
    classIntervals: no visible global function definition for ‘dist’
    classIntervals: no visible global function definition for ‘cutree’
    getBclustClassIntervals: no visible global function definition for
     ‘na.omit’
    getHclustClassIntervals: no visible global function definition for
     ‘na.omit’
    getHclustClassIntervals: no visible global function definition for
     ‘cutree’
    plot.classIntervals: no visible global function definition for ‘plot’
    plot.classIntervals: no visible global function definition for ‘ecdf’
    plot.classIntervals: no visible global function definition for ‘abline’
    plot.classIntervals: no visible global function definition for ‘rect’
    plot.classIntervals: no visible global function definition for ‘par’
    Undefined global functions or variables:
     abline cutree dist ecdf na.omit par plot rect
    Consider adding
     importFrom("graphics", "abline", "par", "plot", "rect")
     importFrom("stats", "cutree", "dist", "ecdf", "na.omit")
    to your NAMESPACE.
Flavors: r-devel-linux-x86_64-debian-clang, r-devel-linux-x86_64-debian-gcc, r-devel-linux-x86_64-fedora-clang, r-devel-linux-x86_64-fedora-gcc, r-devel-windows-ix86+x86_64