CRAN Package Check Results for Package classInt

Last updated on 2017-02-24 11:48:03.

Flavor Version Tinstall Tcheck Ttotal Status Flags
r-devel-linux-x86_64-debian-clang 0.1-23 1.08 15.97 17.05 NOTE
r-devel-linux-x86_64-debian-gcc 0.1-23 0.94 15.95 16.89 NOTE
r-devel-linux-x86_64-fedora-clang 0.1-23 28.63 NOTE --no-stop-on-test-error
r-devel-linux-x86_64-fedora-gcc 0.1-23 27.02 NOTE --no-stop-on-test-error
r-devel-macos-x86_64-clang 0.1-23 25.65 NOTE --no-stop-on-test-error
r-devel-windows-ix86+x86_64 0.1-23 18.00 53.00 71.00 OK
r-patched-linux-x86_64 0.1-23 0.97 12.99 13.96 OK
r-patched-solaris-sparc 0.1-23 151.80 OK
r-patched-solaris-x86 0.1-23 34.60 OK
r-release-linux-x86_64 0.1-23 0.96 13.15 14.11 OK
r-release-osx-x86_64-mavericks 0.1-23 OK
r-release-windows-ix86+x86_64 0.1-23 14.00 50.00 64.00 OK
r-oldrel-windows-ix86+x86_64 0.1-23 13.00 56.00 69.00 OK

Check Details

Version: 0.1-23
Check: compiled code
Result: NOTE
    File ‘classInt/libs/classInt.so’:
     Found no calls to: ‘R_registerRoutines’, ‘R_useDynamicSymbols’
    
    It is good practice to register native routines and to disable symbol
    search.
    
    See ‘Writing portable packages’ in the ‘Writing R Extensions’ manual.
Flavors: r-devel-linux-x86_64-debian-clang, r-devel-linux-x86_64-debian-gcc

Version: 0.1-23
Flags: --no-stop-on-test-error
Check: compiled code
Result: NOTE
    File ‘classInt/libs/classInt.so’:
     Found no calls to: ‘R_registerRoutines’, ‘R_useDynamicSymbols’
    
    It is good practice to register native routines and to disable symbol
    search.
    
    See ‘Writing portable packages’ in the ‘Writing R Extensions’ manual.
Flavors: r-devel-linux-x86_64-fedora-clang, r-devel-linux-x86_64-fedora-gcc, r-devel-macos-x86_64-clang