CRAN Package Check Results for Package classify

Last updated on 2014-09-01 19:46:20.

Flavor Version Tinstall Tcheck Ttotal Status Flags
r-devel-linux-x86_64-debian-clang 1.3 10.06 26.60 36.66 OK
r-devel-linux-x86_64-debian-gcc 1.3 11.86 26.13 37.99 OK
r-devel-linux-x86_64-fedora-clang 1.3 77.92 OK
r-devel-linux-x86_64-fedora-gcc 1.3 72.38 OK
r-devel-osx-x86_64-clang 1.3 64.17 OK
r-devel-windows-ix86+x86_64 1.3 37.00 66.00 103.00 OK
r-patched-linux-x86_64 1.3 11.40 28.14 39.54 OK
r-patched-solaris-sparc 1.3 414.40 OK
r-patched-solaris-x86 1.3 106.20 OK
r-release-linux-ix86 1.3 14.15 36.59 50.74 OK
r-release-linux-x86_64 1.3 11.50 27.99 39.49 OK
r-release-osx-x86_64-mavericks 1.3 ERROR
r-release-osx-x86_64-snowleopard 1.3 OK
r-release-windows-ix86+x86_64 1.3 39.00 70.00 109.00 OK
r-oldrel-windows-ix86+x86_64 1.3 40.00 76.00 116.00 OK

Check Details

Version: 1.3
Check: package dependencies
Result: ERROR
    Package required but not available: ‘R2jags’
    
    See the information on DESCRIPTION files in the chapter ‘Creating R
    packages’ of the ‘Writing R Extensions’ manual.
Flavor: r-release-osx-x86_64-mavericks