CRAN Package Check Results for Package classify

Last updated on 2015-03-28 16:47:06.

Flavor Version Tinstall Tcheck Ttotal Status Flags
r-devel-linux-x86_64-debian-clang 1.3 11.56 19.06 30.62 NOTE
r-devel-linux-x86_64-debian-gcc 1.3 10.55 18.92 29.46 NOTE
r-devel-linux-x86_64-fedora-clang 1.3 62.00 NOTE
r-devel-linux-x86_64-fedora-gcc 1.3 60.18 NOTE
r-devel-osx-x86_64-clang 1.3 54.90 NOTE
r-prerel-windows-ix86+x86_64 1.3 52.00 60.00 112.00 NOTE
r-prerel-linux-x86_64 1.3 10.66 19.01 29.66 NOTE
r-prerel-solaris-sparc 1.3 402.10 NOTE
r-prerel-solaris-x86 1.3 83.60 NOTE
r-release-linux-x86_64 1.3 11.98 29.25 41.23 OK
r-release-osx-x86_64-mavericks 1.3 OK
r-release-osx-x86_64-snowleopard 1.3 OK
r-release-windows-ix86+x86_64 1.3 42.00 79.00 121.00 OK
r-oldrel-windows-ix86+x86_64 1.3 39.00 84.00 123.00 OK

Check Details

Version: 1.3
Check: DESCRIPTION meta-information
Result: NOTE
    Malformed Title field: should not end in a period.
Flavors: r-devel-linux-x86_64-debian-clang, r-devel-linux-x86_64-debian-gcc, r-devel-linux-x86_64-fedora-clang, r-devel-linux-x86_64-fedora-gcc, r-devel-osx-x86_64-clang, r-prerel-windows-ix86+x86_64, r-prerel-linux-x86_64, r-prerel-solaris-sparc, r-prerel-solaris-x86

Version: 1.3
Check: S3 generic/method consistency
Result: NOTE
    Found the following apparent S3 methods exported but not registered:
     plot.classification plot.scores
    See section ‘Registering S3 methods’ in the ‘Writing R Extensions’
    manual.
Flavors: r-devel-linux-x86_64-debian-clang, r-devel-linux-x86_64-debian-gcc, r-devel-linux-x86_64-fedora-clang, r-devel-linux-x86_64-fedora-gcc, r-devel-osx-x86_64-clang, r-prerel-linux-x86_64