CRAN Package Check Results for Package classify

Last updated on 2015-01-29 12:47:59.

Flavor Version Tinstall Tcheck Ttotal Status Flags
r-devel-linux-x86_64-debian-clang 1.3 10.17 19.94 30.11 NOTE
r-devel-linux-x86_64-debian-gcc 1.3 12.18 19.20 31.38 NOTE
r-devel-linux-x86_64-fedora-clang 1.3 85.90 NOTE
r-devel-linux-x86_64-fedora-gcc 1.3 64.27 NOTE
r-devel-osx-x86_64-clang 1.3 64.61 NOTE
r-devel-windows-ix86+x86_64 1.3 55.00 47.00 102.00 OK
r-patched-linux-x86_64 1.3 11.59 28.29 39.88 OK
r-patched-solaris-sparc 1.3 451.30 OK
r-patched-solaris-x86 1.3 108.70 OK
r-release-linux-ix86 1.3 13.58 35.43 49.02 OK
r-release-linux-x86_64 1.3 11.64 28.28 39.92 OK
r-release-osx-x86_64-mavericks 1.3 OK
r-release-osx-x86_64-snowleopard 1.3 OK
r-release-windows-ix86+x86_64 1.3 40.00 74.00 114.00 OK
r-oldrel-windows-ix86+x86_64 1.3 42.00 76.00 118.00 OK

Check Details

Version: 1.3
Check: S3 generic/method consistency
Result: NOTE
    Found the following apparent S3 methods exported but not registered:
     plot.classification plot.scores
    See section ‘Registering S3 methods’ in the ‘Writing R Extensions’
    manual.
Flavors: r-devel-linux-x86_64-debian-clang, r-devel-linux-x86_64-debian-gcc, r-devel-linux-x86_64-fedora-clang, r-devel-linux-x86_64-fedora-gcc, r-devel-osx-x86_64-clang