CRAN Package Check Results for Package classify

Last updated on 2014-04-25 05:47:13.

Flavor Version Tinstall Tcheck Ttotal Status Flags
r-devel-linux-x86_64-debian-clang 1.2 10.49 28.94 39.43 OK
r-devel-linux-x86_64-debian-gcc 1.2 11.76 28.70 40.46 OK
r-devel-linux-x86_64-fedora-clang 1.2 79.21 OK
r-devel-linux-x86_64-fedora-gcc 1.2 53.54 OK
r-devel-osx-x86_64-clang 1.2 73.10 OK
r-devel-osx-x86_64-gcc 1.2 ERROR
r-devel-windows-ix86+x86_64 1.2 40.00 63.00 103.00 OK
r-patched-linux-x86_64 1.2 11.59 28.59 40.18 OK
r-patched-solaris-sparc 1.2 450.90 OK
r-patched-solaris-x86 1.2 106.20 OK
r-release-linux-ix86 1.2 19.00 57.00 76.00 OK
r-release-linux-x86_64 1.2 11.62 29.34 40.96 OK
r-release-osx-x86_64-mavericks 1.2 ERROR
r-release-osx-x86_64-snowleopard 1.2 OK
r-release-windows-ix86+x86_64 1.2 37.00 68.00 105.00 OK
r-oldrel-windows-ix86+x86_64 1.2 39.00 72.00 111.00 OK

Check Details

Version: 1.2
Check: package dependencies
Result: ERROR
    Package required but not available: ‘ggplot2’
    
    See the information on DESCRIPTION files in the chapter ‘Creating R
    packages’ of the ‘Writing R Extensions’ manual.
Flavor: r-devel-osx-x86_64-gcc

Version: 1.2
Check: package dependencies
Result: ERROR
    Package required but not available: ‘R2jags’
    
    See the information on DESCRIPTION files in the chapter ‘Creating R
    packages’ of the ‘Writing R Extensions’ manual.
Flavor: r-release-osx-x86_64-mavericks