CRAN Package Check Results for Package classify

Last updated on 2014-08-21 19:48:42.

Flavor Version Tinstall Tcheck Ttotal Status Flags
r-devel-linux-x86_64-debian-clang 1.3 10.11 27.89 38.00 OK
r-devel-linux-x86_64-debian-gcc 1.3 11.92 26.44 38.36 OK
r-devel-linux-x86_64-fedora-clang 1.3 79.45 OK
r-devel-linux-x86_64-fedora-gcc 1.3 71.50 OK
r-devel-osx-x86_64-clang 1.3 68.09 OK
r-devel-windows-ix86+x86_64 1.3 38.00 63.00 101.00 OK
r-patched-linux-x86_64 1.3 11.44 27.64 39.08 OK
r-patched-solaris-sparc 1.3 414.40 OK
r-patched-solaris-x86 1.3 107.20 OK
r-release-linux-ix86 1.3 14.20 36.90 51.10 OK
r-release-linux-x86_64 1.3 12.10 27.78 39.88 OK
r-release-osx-x86_64-mavericks 1.3 ERROR
r-release-osx-x86_64-snowleopard 1.3 OK
r-release-windows-ix86+x86_64 1.3 37.00 73.00 110.00 OK
r-oldrel-windows-ix86+x86_64 1.3 42.00 71.00 113.00 OK

Check Details

Version: 1.3
Check: package dependencies
Result: ERROR
    Package required but not available: ‘R2jags’
    
    See the information on DESCRIPTION files in the chapter ‘Creating R
    packages’ of the ‘Writing R Extensions’ manual.
Flavor: r-release-osx-x86_64-mavericks