CRAN Package Check Results for Package classify

Last updated on 2014-07-24 14:48:39.

Flavor Version Tinstall Tcheck Ttotal Status Flags
r-devel-linux-x86_64-debian-clang 1.2 10.08 27.50 37.58 OK
r-devel-linux-x86_64-debian-gcc 1.2 11.24 27.09 38.33 OK
r-devel-linux-x86_64-fedora-clang 1.2 77.97 OK
r-devel-linux-x86_64-fedora-gcc 1.2 73.26 OK
r-devel-osx-x86_64-clang 1.2 68.03 OK
r-devel-windows-ix86+x86_64 1.2 37.00 65.00 102.00 OK
r-patched-linux-x86_64 1.2 11.48 27.29 38.77 OK
r-patched-solaris-sparc 1.2 450.90 OK
r-patched-solaris-x86 1.2 104.80 OK
r-release-linux-ix86 1.2 14.05 36.48 50.53 OK
r-release-linux-x86_64 1.2 12.16 28.33 40.49 OK
r-release-osx-x86_64-mavericks 1.2 ERROR
r-release-osx-x86_64-snowleopard 1.2 OK
r-release-windows-ix86+x86_64 1.2 38.00 70.00 108.00 OK
r-oldrel-windows-ix86+x86_64 1.2 41.00 74.00 115.00 OK

Check Details

Version: 1.2
Check: package dependencies
Result: ERROR
    Package required but not available: ‘R2jags’
    
    See the information on DESCRIPTION files in the chapter ‘Creating R
    packages’ of the ‘Writing R Extensions’ manual.
Flavor: r-release-osx-x86_64-mavericks