CRAN Package Check Results for Package classify

Last updated on 2017-02-21 15:50:13.

Flavor Version Tinstall Tcheck Ttotal Status Flags
r-devel-linux-x86_64-debian-clang 1.3 12.75 22.74 35.49 NOTE
r-devel-linux-x86_64-debian-gcc 1.3 12.41 22.66 35.08 NOTE
r-devel-linux-x86_64-fedora-clang 1.3 69.08 NOTE --no-stop-on-test-error
r-devel-linux-x86_64-fedora-gcc 1.3 62.61 NOTE --no-stop-on-test-error
r-devel-macos-x86_64-clang 1.3 52.46 NOTE --no-stop-on-test-error
r-devel-windows-ix86+x86_64 1.3 67.00 89.00 156.00 NOTE
r-patched-linux-x86_64 1.3 10.55 19.27 29.82 NOTE
r-patched-solaris-sparc 1.3 344.00 NOTE
r-patched-solaris-x86 1.3 77.20 NOTE
r-release-linux-x86_64 1.3 10.41 19.29 29.70 NOTE
r-release-osx-x86_64-mavericks 1.3 NOTE
r-release-windows-ix86+x86_64 1.3 58.00 56.00 114.00 NOTE
r-oldrel-windows-ix86+x86_64 1.3 52.00 3.00 55.00 ERROR

Check Details

Version: 1.3
Check: DESCRIPTION meta-information
Result: NOTE
    Malformed Title field: should not end in a period.
Flavors: r-devel-linux-x86_64-debian-clang, r-devel-linux-x86_64-debian-gcc, r-devel-windows-ix86+x86_64, r-patched-linux-x86_64, r-patched-solaris-sparc, r-patched-solaris-x86, r-release-linux-x86_64, r-release-osx-x86_64-mavericks, r-release-windows-ix86+x86_64

Version: 1.3
Check: S3 generic/method consistency
Result: NOTE
    Found the following apparent S3 methods exported but not registered:
     plot.classification plot.scores
    See section ‘Registering S3 methods’ in the ‘Writing R Extensions’
    manual.
Flavors: r-devel-linux-x86_64-debian-clang, r-devel-linux-x86_64-debian-gcc, r-patched-linux-x86_64, r-patched-solaris-sparc, r-patched-solaris-x86, r-release-linux-x86_64

Version: 1.3
Check: R code for possible problems
Result: NOTE
    classify.bug: no visible global function definition for
     ‘txtProgressBar’
    classify.bug: no visible global function definition for
     ‘setTxtProgressBar’
    plot.scores: no visible binding for global variable ‘quantile’
    plot.scores: no visible global function definition for ‘runif’
    plot.scores: no visible binding for global variable ‘median’
    scores.gpcm.bug: no visible global function definition for
     ‘txtProgressBar’
    scores.gpcm.bug: no visible global function definition for
     ‘setTxtProgressBar’
    across.reps,classification: no visible global function definition for
     ‘sd’
    Undefined global functions or variables:
     median quantile runif sd setTxtProgressBar txtProgressBar
    Consider adding
     importFrom("stats", "median", "quantile", "runif", "sd")
     importFrom("utils", "setTxtProgressBar", "txtProgressBar")
    to your NAMESPACE file.
Flavors: r-devel-linux-x86_64-debian-clang, r-devel-linux-x86_64-debian-gcc, r-devel-windows-ix86+x86_64, r-patched-linux-x86_64, r-patched-solaris-sparc, r-patched-solaris-x86, r-release-linux-x86_64, r-release-osx-x86_64-mavericks, r-release-windows-ix86+x86_64

Version: 1.3
Check: compiled code
Result: NOTE
    File ‘classify/libs/classify.so’:
     Found no calls to: ‘R_registerRoutines’, ‘R_useDynamicSymbols’
    
    It is good practice to register native routines and to disable symbol
    search.
    
    See ‘Writing portable packages’ in the ‘Writing R Extensions’ manual.
Flavors: r-devel-linux-x86_64-debian-clang, r-devel-linux-x86_64-debian-gcc

Version: 1.3
Flags: --no-stop-on-test-error
Check: DESCRIPTION meta-information
Result: NOTE
    Malformed Title field: should not end in a period.
Flavors: r-devel-linux-x86_64-fedora-clang, r-devel-linux-x86_64-fedora-gcc, r-devel-macos-x86_64-clang

Version: 1.3
Flags: --no-stop-on-test-error
Check: S3 generic/method consistency
Result: NOTE
    Found the following apparent S3 methods exported but not registered:
     plot.classification plot.scores
    See section ‘Registering S3 methods’ in the ‘Writing R Extensions’
    manual.
Flavors: r-devel-linux-x86_64-fedora-clang, r-devel-linux-x86_64-fedora-gcc, r-devel-macos-x86_64-clang

Version: 1.3
Flags: --no-stop-on-test-error
Check: R code for possible problems
Result: NOTE
    classify.bug: no visible global function definition for
     ‘txtProgressBar’
    classify.bug: no visible global function definition for
     ‘setTxtProgressBar’
    plot.scores: no visible binding for global variable ‘quantile’
    plot.scores: no visible global function definition for ‘runif’
    plot.scores: no visible binding for global variable ‘median’
    scores.gpcm.bug: no visible global function definition for
     ‘txtProgressBar’
    scores.gpcm.bug: no visible global function definition for
     ‘setTxtProgressBar’
    across.reps,classification: no visible global function definition for
     ‘sd’
    Undefined global functions or variables:
     median quantile runif sd setTxtProgressBar txtProgressBar
    Consider adding
     importFrom("stats", "median", "quantile", "runif", "sd")
     importFrom("utils", "setTxtProgressBar", "txtProgressBar")
    to your NAMESPACE file.
Flavors: r-devel-linux-x86_64-fedora-clang, r-devel-linux-x86_64-fedora-gcc, r-devel-macos-x86_64-clang

Version: 1.3
Flags: --no-stop-on-test-error
Check: compiled code
Result: NOTE
    File ‘classify/libs/classify.so’:
     Found no calls to: ‘R_registerRoutines’, ‘R_useDynamicSymbols’
    
    It is good practice to register native routines and to disable symbol
    search.
    
    See ‘Writing portable packages’ in the ‘Writing R Extensions’ manual.
Flavors: r-devel-linux-x86_64-fedora-clang, r-devel-linux-x86_64-fedora-gcc, r-devel-macos-x86_64-clang

Version: 1.3
Check: whether package can be installed
Result: ERROR
    Installation failed.
Flavor: r-oldrel-windows-ix86+x86_64