CRAN Package Check Results for Package classify

Last updated on 2015-05-23 09:48:19.

Flavor Version Tinstall Tcheck Ttotal Status Flags
r-devel-linux-x86_64-debian-clang 1.3 10.46 20.14 30.60 NOTE
r-devel-linux-x86_64-debian-gcc 1.3 11.03 19.89 30.92 NOTE
r-devel-linux-x86_64-fedora-clang 1.3 64.23 NOTE
r-devel-linux-x86_64-fedora-gcc 1.3 57.93 NOTE
r-devel-osx-x86_64-clang 1.3 54.48 NOTE
r-devel-windows-ix86+x86_64 1.3 41.00 49.00 90.00 NOTE
r-patched-linux-x86_64 1.3 11.42 19.66 31.08 NOTE
r-patched-solaris-sparc 1.3 380.20 NOTE
r-patched-solaris-x86 1.3 94.30 NOTE
r-release-linux-x86_64 1.3 11.32 19.60 30.92 NOTE
r-release-osx-x86_64-mavericks 1.3 NOTE
r-release-osx-x86_64-snowleopard 1.3 ERROR
r-release-windows-ix86+x86_64 1.3 47.00 48.00 95.00 NOTE
r-oldrel-windows-ix86+x86_64 1.3 40.00 82.00 122.00 OK

Check Details

Version: 1.3
Check: DESCRIPTION meta-information
Result: NOTE
    Malformed Title field: should not end in a period.
Flavors: r-devel-linux-x86_64-debian-clang, r-devel-linux-x86_64-debian-gcc, r-devel-linux-x86_64-fedora-clang, r-devel-linux-x86_64-fedora-gcc, r-devel-osx-x86_64-clang, r-devel-windows-ix86+x86_64, r-patched-linux-x86_64, r-patched-solaris-sparc, r-patched-solaris-x86, r-release-linux-x86_64, r-release-osx-x86_64-mavericks, r-release-windows-ix86+x86_64

Version: 1.3
Check: S3 generic/method consistency
Result: NOTE
    Found the following apparent S3 methods exported but not registered:
     plot.classification plot.scores
    See section ‘Registering S3 methods’ in the ‘Writing R Extensions’
    manual.
Flavors: r-devel-linux-x86_64-debian-clang, r-devel-linux-x86_64-debian-gcc, r-devel-linux-x86_64-fedora-clang, r-devel-linux-x86_64-fedora-gcc, r-devel-osx-x86_64-clang, r-patched-linux-x86_64, r-patched-solaris-sparc, r-patched-solaris-x86, r-release-linux-x86_64

Version: 1.3
Check: package dependencies
Result: ERROR
    Package required but not available: ‘ggplot2’
    
    See section ‘The DESCRIPTION file’ in the ‘Writing R Extensions’
    manual.
Flavor: r-release-osx-x86_64-snowleopard