CRAN Package Check Results for Package classify

Last updated on 2016-02-13 11:54:16.

Flavor Version Tinstall Tcheck Ttotal Status Flags
r-devel-linux-x86_64-debian-gcc 1.3 9.81 17.45 27.26 NOTE
r-devel-linux-x86_64-fedora-clang 1.3 58.32 NOTE
r-devel-linux-x86_64-fedora-gcc 1.3 51.05 NOTE
r-devel-osx-x86_64-clang 1.3 47.95 NOTE
r-devel-windows-ix86+x86_64 1.3 59.00 47.00 106.00 NOTE
r-patched-linux-x86_64 1.3 10.28 18.85 29.12 NOTE
r-patched-solaris-sparc 1.3 351.20 NOTE
r-patched-solaris-x86 1.3 74.70 NOTE
r-release-linux-x86_64 1.3 10.22 19.47 29.69 NOTE
r-release-osx-x86_64-mavericks 1.3 NOTE
r-release-windows-ix86+x86_64 1.3 54.00 50.00 104.00 NOTE
r-oldrel-windows-ix86+x86_64 1.3 64.00 109.00 173.00 OK

Check Details

Version: 1.3
Check: DESCRIPTION meta-information
Result: NOTE
    Malformed Title field: should not end in a period.
Flavors: r-devel-linux-x86_64-debian-gcc, r-devel-linux-x86_64-fedora-clang, r-devel-linux-x86_64-fedora-gcc, r-devel-osx-x86_64-clang, r-devel-windows-ix86+x86_64, r-patched-linux-x86_64, r-patched-solaris-sparc, r-patched-solaris-x86, r-release-linux-x86_64, r-release-osx-x86_64-mavericks, r-release-windows-ix86+x86_64

Version: 1.3
Check: S3 generic/method consistency
Result: NOTE
    Found the following apparent S3 methods exported but not registered:
     plot.classification plot.scores
    See section ‘Registering S3 methods’ in the ‘Writing R Extensions’
    manual.
Flavors: r-devel-linux-x86_64-debian-gcc, r-devel-linux-x86_64-fedora-clang, r-devel-linux-x86_64-fedora-gcc, r-devel-osx-x86_64-clang, r-patched-linux-x86_64, r-patched-solaris-sparc, r-patched-solaris-x86, r-release-linux-x86_64

Version: 1.3
Check: R code for possible problems
Result: NOTE
    classify.bug: no visible global function definition for
     ‘txtProgressBar’
    classify.bug: no visible global function definition for
     ‘setTxtProgressBar’
    plot.scores: no visible binding for global variable ‘quantile’
    plot.scores: no visible global function definition for ‘runif’
    plot.scores: no visible binding for global variable ‘median’
    scores.gpcm.bug: no visible global function definition for
     ‘txtProgressBar’
    scores.gpcm.bug: no visible global function definition for
     ‘setTxtProgressBar’
    across.reps,classification: no visible global function definition for
     ‘sd’
    Undefined global functions or variables:
     median quantile runif sd setTxtProgressBar txtProgressBar
    Consider adding
     importFrom("stats", "median", "quantile", "runif", "sd")
     importFrom("utils", "setTxtProgressBar", "txtProgressBar")
    to your NAMESPACE file.
Flavors: r-devel-linux-x86_64-debian-gcc, r-devel-linux-x86_64-fedora-clang, r-devel-linux-x86_64-fedora-gcc, r-devel-osx-x86_64-clang, r-devel-windows-ix86+x86_64