CRAN Package Check Results for Package cld3

Last updated on 2019-08-22 04:47:15 CEST.

Flavor Version Tinstall Tcheck Ttotal Status Flags
r-devel-linux-x86_64-debian-clang 1.2 53.95 22.53 76.48 OK
r-devel-linux-x86_64-debian-gcc 1.2 39.84 17.82 57.66 OK
r-devel-linux-x86_64-fedora-clang 1.2 130.51 NOTE
r-devel-linux-x86_64-fedora-gcc 1.2 109.77 OK
r-devel-windows-ix86+x86_64 1.2 222.00 73.00 295.00 OK
r-patched-linux-x86_64 1.2 48.93 22.28 71.21 OK
r-patched-solaris-x86 1.2 115.20 OK
r-release-linux-x86_64 1.2 46.05 22.11 68.16 OK
r-release-windows-ix86+x86_64 1.2 156.00 74.00 230.00 OK
r-release-osx-x86_64 1.2 NOTE
r-oldrel-windows-ix86+x86_64 1.2 220.00 75.00 295.00 OK
r-oldrel-osx-x86_64 1.2 NOTE

Additional issues

gcc-UBSAN

Check Details

Version: 1.2
Check: installed package size
Result: NOTE
     installed size is 5.3Mb
     sub-directories of 1Mb or more:
     libs 5.2Mb
Flavors: r-devel-linux-x86_64-fedora-clang, r-release-osx-x86_64, r-oldrel-osx-x86_64