CRAN Package Check Results for Package cld3

Last updated on 2019-12-15 18:50:02 CET.

Flavor Version Tinstall Tcheck Ttotal Status Flags
r-devel-linux-x86_64-debian-clang 1.2 63.34 22.33 85.67 WARN
r-devel-linux-x86_64-debian-gcc 1.2 42.59 18.53 61.12 WARN
r-devel-linux-x86_64-fedora-clang 1.2 133.49 WARN
r-devel-linux-x86_64-fedora-gcc 1.2 110.34 WARN
r-devel-windows-ix86+x86_64 1.2 162.00 79.00 241.00 OK
r-devel-windows-ix86+x86_64-gcc8 1.2 147.00 82.00 229.00 OK
r-patched-linux-x86_64 1.2 47.61 21.44 69.05 OK
r-patched-solaris-x86 1.2 108.30 OK
r-release-linux-x86_64 1.2 49.12 21.48 70.60 OK
r-release-windows-ix86+x86_64 1.2 215.00 54.00 269.00 OK
r-release-osx-x86_64 1.2 NOTE
r-oldrel-windows-ix86+x86_64 1.2 159.00 55.00 214.00 OK
r-oldrel-osx-x86_64 1.2 NOTE

Additional issues

gcc-UBSAN

Check Details

Version: 1.2
Check: whether package can be installed
Result: WARN
    Found the following significant warnings:
     'config' variable 'CXXCPP' is deprecated
Flavors: r-devel-linux-x86_64-debian-clang, r-devel-linux-x86_64-debian-gcc, r-devel-linux-x86_64-fedora-clang, r-devel-linux-x86_64-fedora-gcc

Version: 1.2
Check: installed package size
Result: NOTE
     installed size is 5.3Mb
     sub-directories of 1Mb or more:
     libs 5.2Mb
Flavors: r-devel-linux-x86_64-fedora-clang, r-release-osx-x86_64, r-oldrel-osx-x86_64

Version: 1.2
Check: top-level files
Result: NOTE
    ‘configure’: /bin/bash is not portable
Flavors: r-devel-linux-x86_64-fedora-clang, r-devel-linux-x86_64-fedora-gcc