CRAN Package Check Results for Package clhs

Last updated on 2014-10-01 07:47:35.

Flavor Version Tinstall Tcheck Ttotal Status Flags
r-devel-linux-x86_64-debian-clang 0.5-4 4.04 118.62 122.66 OK
r-devel-linux-x86_64-debian-gcc 0.5-4 3.80 122.05 125.85 OK
r-devel-linux-x86_64-fedora-clang 0.5-4 284.40 OK
r-devel-linux-x86_64-fedora-gcc 0.5-4 260.20 OK
r-devel-osx-x86_64-clang 0.5-4 211.55 OK
r-devel-windows-ix86+x86_64 0.5-4 11.00 177.00 188.00 OK
r-patched-linux-x86_64 0.5-4 4.06 129.98 134.04 OK
r-patched-solaris-sparc 0.5-4 1449.70 OK
r-patched-solaris-x86 0.5-4 333.20 OK
r-release-linux-ix86 0.5-4 5.07 156.15 161.22 OK
r-release-linux-x86_64 0.5-4 4.04 132.17 136.21 OK
r-release-osx-x86_64-mavericks 0.5-4 NOTE
r-release-osx-x86_64-snowleopard 0.5-4 OK
r-release-windows-ix86+x86_64 0.5-4 11.00 205.00 216.00 OK
r-oldrel-windows-ix86+x86_64 0.5-4 12.00 189.00 201.00 OK

Check Details

Version: 0.5-4
Check: re-building of vignette outputs
Result: NOTE
    Error in re-building vignettes:
     ...
    Warning: attributes are not identical across measure variables; they will be dropped
    Warning: attributes are not identical across measure variables; they will be dropped
    Error in texi2dvi(file = file, pdf = TRUE, clean = clean, quiet = quiet, :
     Running 'texi2dvi' on 'vignette.tex' failed.
    LaTeX errors:
    ! LaTeX Error: File `multirow.sty' not found.
    
    Type X to quit or <RETURN> to proceed,
    or enter new name. (Default extension: sty)
    
    st/clhs/vignettes/vignette.tex:9: ==> Fatal error occurred, no output PDF file
     produced!
    Calls: buildVignettes -> texi2pdf -> texi2dvi
    Execution halted
Flavor: r-release-osx-x86_64-mavericks