CRAN Package Check Results for Package clhs

Last updated on 2015-05-30 23:46:51.

Flavor Version Tinstall Tcheck Ttotal Status Flags
r-devel-linux-x86_64-debian-clang 0.5-4 2.66 101.81 104.46 OK
r-devel-linux-x86_64-debian-gcc 0.5-4 2.62 99.18 101.80 OK
r-devel-linux-x86_64-fedora-clang 0.5-4 210.36 OK
r-devel-linux-x86_64-fedora-gcc 0.5-4 204.84 OK
r-devel-osx-x86_64-clang 0.5-4 182.72 OK
r-devel-windows-ix86+x86_64 0.5-4 7.00 148.00 155.00 OK
r-patched-linux-x86_64 0.5-4 2.62 99.36 101.98 OK
r-patched-solaris-sparc 0.5-4 1252.60 OK
r-patched-solaris-x86 0.5-4 261.50 OK
r-release-linux-x86_64 0.5-4 2.66 100.45 103.11 OK
r-release-osx-x86_64-mavericks 0.5-4 OK
r-release-osx-x86_64-snowleopard 0.5-4 ERROR
r-release-windows-ix86+x86_64 0.5-4 8.00 170.00 178.00 OK
r-oldrel-windows-ix86+x86_64 0.5-4 14.00 187.00 201.00 OK

Check Details

Version: 0.5-4
Check: package dependencies
Result: ERROR
    Packages required but not available: ‘ggplot2’ ‘raster’ ‘scales’
    
    See section ‘The DESCRIPTION file’ in the ‘Writing R Extensions’
    manual.
Flavor: r-release-osx-x86_64-snowleopard