CRAN Package Check Results for Package clhs

Last updated on 2024-02-27 10:54:10 CET.

Flavor Version Tinstall Tcheck Ttotal Status Flags
r-devel-linux-x86_64-debian-clang 0.9.0 70.88 454.53 525.41 NOTE
r-devel-linux-x86_64-debian-gcc 0.9.0 59.57 330.03 389.60 NOTE
r-devel-linux-x86_64-fedora-clang 0.9.0 638.12 NOTE
r-devel-linux-x86_64-fedora-gcc 0.9.0 638.44 NOTE
r-devel-windows-x86_64 0.9.0 55.00 292.00 347.00 NOTE
r-patched-linux-x86_64 0.9.0 70.84 436.46 507.30 NOTE
r-release-linux-x86_64 0.9.0 61.37 428.24 489.61 NOTE
r-release-macos-arm64 0.9.0 158.00 NOTE
r-release-macos-x86_64 0.9.0 293.00 NOTE
r-release-windows-x86_64 0.9.0 70.00 399.00 469.00 NOTE
r-oldrel-macos-arm64 0.9.0 128.00 NOTE
r-oldrel-windows-x86_64 0.9.0 69.00 389.00 458.00 OK

Check Details

Version: 0.9.0
Check: C++ specification
Result: NOTE Specified C++11: please drop specification unless essential Flavors: r-devel-linux-x86_64-debian-clang, r-devel-linux-x86_64-debian-gcc, r-devel-linux-x86_64-fedora-clang, r-devel-linux-x86_64-fedora-gcc, r-devel-windows-x86_64, r-patched-linux-x86_64, r-release-linux-x86_64, r-release-macos-arm64, r-release-macos-x86_64, r-release-windows-x86_64

Version: 0.9.0
Check: package subdirectories
Result: NOTE Problems with news in ‘NEWS.md’: Cannot extract version info from the following section titles: clhs_0.7-2 clhs_0.7-0 clhs_0.6-0 clhs_0.5-7 clhs_0.5-6 clhs_0.5-3 clhs_0.5-2 clhs_0.5-1 clhs_0.5-0 clhs_0.4-3 clhs_0.4-2 clhs_0.4-1 clhs_0.4-0 clhs_0.3-2 clhs_0.3-1 clhs_0.3-0 clhs_0.2-1 clhs_0.2-0 clhs_0.1-0 Flavors: r-devel-linux-x86_64-debian-clang, r-devel-linux-x86_64-debian-gcc, r-devel-linux-x86_64-fedora-clang, r-devel-linux-x86_64-fedora-gcc, r-devel-windows-x86_64, r-patched-linux-x86_64, r-release-linux-x86_64, r-release-macos-arm64, r-release-macos-x86_64, r-release-windows-x86_64

Version: 0.9.0
Check: dependencies in R code
Result: NOTE Namespace in Imports field not imported from: ‘sp’ All declared Imports should be used. Flavors: r-devel-linux-x86_64-fedora-clang, r-devel-linux-x86_64-fedora-gcc, r-oldrel-macos-arm64