CRAN Package Check Results for Package clhs

Last updated on 2018-04-21 22:47:57 CEST.

Flavor Version Tinstall Tcheck Ttotal Status Flags
r-devel-linux-x86_64-debian-clang 0.6-0 3.91 161.27 165.18 OK
r-devel-linux-x86_64-debian-gcc 0.6-0 3.76 124.37 128.13 OK
r-devel-linux-x86_64-fedora-clang 0.6-0 194.87 NOTE
r-devel-linux-x86_64-fedora-gcc 0.6-0 188.39 NOTE
r-devel-windows-ix86+x86_64 0.6-0 11.00 174.00 185.00 OK
r-devel-osx-x86_64 0.6-0 NOTE
r-patched-linux-x86_64 0.6-0 4.96 151.93 156.89 OK
r-patched-solaris-x86 0.6-0 279.10 NOTE
r-release-linux-x86_64 0.6-0 3.76 170.65 174.41 OK
r-release-windows-ix86+x86_64 0.6-0 8.00 179.00 187.00 OK
r-release-osx-x86_64 0.6-0 NOTE
r-oldrel-windows-ix86+x86_64 0.6-0 10.00 152.00 162.00 OK

Check Details

Version: 0.6-0
Check: dependencies in R code
Result: NOTE
    Namespaces in Imports field not imported from:
     ‘scales’ ‘sp’
     All declared Imports should be used.
Flavors: r-devel-linux-x86_64-fedora-clang, r-devel-linux-x86_64-fedora-gcc, r-devel-osx-x86_64, r-patched-solaris-x86, r-release-osx-x86_64