CRAN Package Check Results for Package clhs

Last updated on 2014-12-20 21:46:46.

Flavor Version Tinstall Tcheck Ttotal Status Flags
r-devel-linux-x86_64-debian-clang 0.5-4 3.99 115.57 119.56 OK
r-devel-linux-x86_64-debian-gcc 0.5-4 3.79 111.20 114.99 OK
r-devel-linux-x86_64-fedora-clang 0.5-4 263.78 OK
r-devel-linux-x86_64-fedora-gcc 0.5-4 240.30 OK
r-devel-osx-x86_64-clang 0.5-4 225.70 OK
r-devel-windows-ix86+x86_64 0.5-4 12.00 180.00 192.00 OK
r-patched-linux-x86_64 0.5-4 4.04 129.26 133.30 OK
r-patched-solaris-sparc 0.5-4 1449.70 OK
r-patched-solaris-x86 0.5-4 328.40 OK
r-release-linux-ix86 0.5-4 4.56 149.11 153.68 OK
r-release-linux-x86_64 0.5-4 4.00 132.84 136.84 OK
r-release-osx-x86_64-mavericks 0.5-4 NOTE
r-release-osx-x86_64-snowleopard 0.5-4 OK
r-release-windows-ix86+x86_64 0.5-4 14.00 191.00 205.00 OK
r-oldrel-windows-ix86+x86_64 0.5-4 13.00 182.00 195.00 OK

Check Details

Version: 0.5-4
Check: re-building of vignette outputs
Result: NOTE
    Error in re-building vignettes:
     ...
    Warning: attributes are not identical across measure variables; they will be dropped
    Warning: attributes are not identical across measure variables; they will be dropped
    Error in texi2dvi(file = file, pdf = TRUE, clean = clean, quiet = quiet, :
     Running 'texi2dvi' on 'vignette.tex' failed.
    LaTeX errors:
    ! LaTeX Error: File `multirow.sty' not found.
    
    Type X to quit or <RETURN> to proceed,
    or enter new name. (Default extension: sty)
    
    st/clhs/vignettes/vignette.tex:9: ==> Fatal error occurred, no output PDF file
     produced!
    Calls: buildVignettes -> texi2pdf -> texi2dvi
    Execution halted
Flavor: r-release-osx-x86_64-mavericks