CRAN Package Check Results for Package clhs

Last updated on 2015-09-01 21:46:54.

Flavor Version Tinstall Tcheck Ttotal Status Flags
r-devel-linux-x86_64-debian-clang 0.5-4 2.65 101.64 104.29 NOTE
r-devel-linux-x86_64-debian-gcc 0.5-4 3.14 116.36 119.50 NOTE
r-devel-linux-x86_64-fedora-clang 0.5-4 209.54 NOTE
r-devel-linux-x86_64-fedora-gcc 0.5-4 201.70 NOTE
r-devel-osx-x86_64-clang 0.5-4 182.01 OK
r-devel-windows-ix86+x86_64 0.5-4 13.00 171.00 184.00 NOTE
r-patched-linux-x86_64 0.5-4 2.73 100.69 103.42 OK
r-patched-solaris-sparc 0.5-4 1285.00 OK
r-patched-solaris-x86 0.5-4 267.70 OK
r-release-linux-x86_64 0.5-4 2.76 103.06 105.81 OK
r-release-osx-x86_64-mavericks 0.5-4 OK
r-release-windows-ix86+x86_64 0.5-4 11.00 166.00 177.00 OK
r-oldrel-windows-ix86+x86_64 0.5-4 20.00 219.00 239.00 OK

Check Details

Version: 0.5-4
Check: R code for possible problems
Result: NOTE
    .lhs_obj : <anonymous>: no visible global function definition for
     ‘hist’
    .lhs_obj: no visible global function definition for ‘cor’
    clhs.data.frame : <anonymous>: no visible global function definition
     for ‘quantile’
    clhs.data.frame: no visible global function definition for ‘cor’
    clhs.data.frame: no visible global function definition for ‘runif’
    clhs,data.frame : <anonymous>: no visible global function definition
     for ‘quantile’
    clhs,data.frame: no visible global function definition for ‘cor’
    clhs,data.frame: no visible global function definition for ‘runif’
    Undefined global functions or variables:
     cor hist quantile runif
    Consider adding
     importFrom("graphics", "hist")
     importFrom("stats", "cor", "quantile", "runif")
    to your NAMESPACE.
Flavors: r-devel-linux-x86_64-debian-clang, r-devel-linux-x86_64-debian-gcc, r-devel-linux-x86_64-fedora-clang, r-devel-linux-x86_64-fedora-gcc, r-devel-windows-ix86+x86_64