CRAN Package Check Results for Package clhs

Last updated on 2018-06-23 15:53:17 CEST.

Flavor Version Tinstall Tcheck Ttotal Status Flags
r-devel-linux-x86_64-debian-clang 0.6-0 5.29 169.41 174.70 OK
r-devel-linux-x86_64-debian-gcc 0.6-0 4.63 132.87 137.50 OK
r-devel-linux-x86_64-fedora-clang 0.6-0 206.90 NOTE
r-devel-linux-x86_64-fedora-gcc 0.6-0 195.93 NOTE
r-devel-windows-ix86+x86_64 0.6-0 8.00 173.00 181.00 OK
r-patched-linux-x86_64 0.6-0 4.16 155.47 159.63 OK
r-patched-solaris-x86 0.6-0 278.80 NOTE
r-release-linux-x86_64 0.6-0 3.63 152.94 156.57 OK
r-release-windows-ix86+x86_64 0.6-0 11.00 170.00 181.00 OK
r-release-osx-x86_64 0.6-0 NOTE
r-oldrel-windows-ix86+x86_64 0.6-0 11.00 173.00 184.00 OK
r-oldrel-osx-x86_64 0.6-0 NOTE

Check Details

Version: 0.6-0
Check: dependencies in R code
Result: NOTE
    Namespaces in Imports field not imported from:
     ‘scales’ ‘sp’
     All declared Imports should be used.
Flavors: r-devel-linux-x86_64-fedora-clang, r-devel-linux-x86_64-fedora-gcc, r-patched-solaris-x86, r-release-osx-x86_64, r-oldrel-osx-x86_64