CRAN Package Check Results for Package clhs

Last updated on 2014-04-23 07:54:56.

Flavor Version Tinstall Tcheck Ttotal Status Flags
r-devel-linux-x86_64-debian-clang 0.5-1 4.50 64.66 69.16 NOTE
r-devel-linux-x86_64-debian-gcc 0.5-1 4.26 62.82 67.08 NOTE
r-devel-linux-x86_64-fedora-clang 0.5-1 150.11 NOTE
r-devel-linux-x86_64-fedora-gcc 0.5-1 147.51 NOTE
r-devel-osx-x86_64-clang 0.5-1 112.76 NOTE
r-devel-osx-x86_64-gcc 0.5-1 ERROR
r-devel-windows-ix86+x86_64 0.5-1 12.00 119.00 131.00 NOTE
r-patched-linux-x86_64 0.5-1 4.66 62.82 67.48 NOTE
r-patched-solaris-sparc 0.5-1 771.30 NOTE
r-patched-solaris-x86 0.5-1 180.30 NOTE
r-release-linux-ix86 0.5-1 7.00 99.00 106.00 NOTE
r-release-linux-x86_64 0.5-1 4.50 62.96 67.46 NOTE
r-release-osx-x86_64-mavericks 0.5-1 WARN
r-release-osx-x86_64-snowleopard 0.5-1 NOTE
r-release-windows-ix86+x86_64 0.5-1 10.00 94.00 104.00 NOTE
r-oldrel-windows-ix86+x86_64 0.5-1 12.00 182.00 194.00 NOTE

Check Details

Version: 0.5-1
Check: DESCRIPTION meta-information
Result: NOTE
    Package listed in more than one of Depends, Imports, Suggests, Enhances:
     ‘ggplot2’
    A package should be listed in only one of these fields.
Flavors: r-devel-linux-x86_64-debian-clang, r-devel-linux-x86_64-debian-gcc, r-devel-linux-x86_64-fedora-clang, r-devel-linux-x86_64-fedora-gcc, r-devel-osx-x86_64-clang, r-devel-windows-ix86+x86_64, r-patched-linux-x86_64, r-patched-solaris-sparc, r-patched-solaris-x86, r-release-linux-ix86, r-release-linux-x86_64, r-release-osx-x86_64-mavericks, r-release-osx-x86_64-snowleopard, r-release-windows-ix86+x86_64, r-oldrel-windows-ix86+x86_64

Version: 0.5-1
Check: dependencies in R code
Result: NOTE
    Namespace in Imports field not imported from: ‘methods’
     All declared Imports should be used.
    See the information on DESCRIPTION files in the chapter ‘Creating R
    packages’ of the ‘Writing R Extensions’ manual.
Flavors: r-devel-linux-x86_64-debian-clang, r-devel-linux-x86_64-debian-gcc, r-devel-linux-x86_64-fedora-clang, r-devel-linux-x86_64-fedora-gcc, r-devel-osx-x86_64-clang, r-devel-windows-ix86+x86_64, r-patched-linux-x86_64, r-patched-solaris-sparc, r-patched-solaris-x86, r-release-linux-ix86, r-release-linux-x86_64, r-release-osx-x86_64-mavericks, r-release-osx-x86_64-snowleopard, r-release-windows-ix86+x86_64, r-oldrel-windows-ix86+x86_64

Version: 0.5-1
Check: for old-style vignette sources
Result: NOTE
    Vignette sources only in ‘inst/doc’:
     ‘vignette.Rnw’
    A ‘vignettes’ directory is required as from R 3.1.0
    and these will not be indexed nor checked
Flavors: r-devel-linux-x86_64-debian-clang, r-devel-linux-x86_64-debian-gcc, r-devel-linux-x86_64-fedora-clang, r-devel-linux-x86_64-fedora-gcc, r-devel-osx-x86_64-clang, r-devel-windows-ix86+x86_64, r-patched-linux-x86_64, r-patched-solaris-sparc, r-patched-solaris-x86, r-release-linux-ix86, r-release-linux-x86_64, r-release-osx-x86_64-mavericks, r-release-osx-x86_64-snowleopard, r-release-windows-ix86+x86_64

Version: 0.5-1
Check: Rd line widths
Result: NOTE
    Rd file 'clhs-package.Rd':
     \examples lines wider than 100 characters:
     df <- data.frame(a = runif(1000), b = rnorm(1000), c = sample(LETTERS[1:5], size = 1000, replace = TRUE))
    
    Rd file 'clhs.Rd':
     \examples lines wider than 100 characters:
     df <- data.frame(a = runif(1000), b = rnorm(1000), c = sample(LETTERS[1:5], size = 1000, replace = TRUE))
    
    Rd file 'plot.cLHS_result.Rd':
     \examples lines wider than 100 characters:
     df <- data.frame(a = runif(1000), b = rnorm(1000), c = sample(LETTERS[1:5], size = 1000, replace = TRUE))
    
    These lines will be truncated in the PDF manual.
Flavors: r-devel-linux-x86_64-fedora-clang, r-devel-linux-x86_64-fedora-gcc

Version: 0.5-1
Check: package dependencies
Result: ERROR
    Packages required but not available: ‘ggplot2’ ‘raster’ ‘scales’
    
    Package suggested but not available for checking: ‘ggplot2’
    
    See the information on DESCRIPTION files in the chapter ‘Creating R
    packages’ of the ‘Writing R Extensions’ manual.
Flavor: r-devel-osx-x86_64-gcc

Version: 0.5-1
Check: PDF version of manual
Result: WARNING
    LaTeX errors when creating PDF version.
    This typically indicates Rd problems.
    LaTeX errors found:
    ! LaTeX Error: File `upquote.sty' not found.
    
    Type X to quit or <RETURN> to proceed,
    or enter new name. (Default extension: sty)
    
    ec48/Rd2.tex:8: ==> Fatal error occurred, no output PDF file produced!
Flavor: r-release-osx-x86_64-mavericks

Version: 0.5-1
Check: for old-style vignette sources
Result: NOTE
    Vignette sources only in 'inst/doc':
     'vignette.Rnw'
    A 'vignettes' directory will be required as from R 3.1.0
Flavor: r-oldrel-windows-ix86+x86_64