CRAN Package Check Results for Package clhs

Last updated on 2015-07-02 19:47:00.

Flavor Version Tinstall Tcheck Ttotal Status Flags
r-devel-linux-x86_64-debian-clang 0.5-4 2.76 103.63 106.40 NOTE
r-devel-linux-x86_64-debian-gcc 0.5-4 2.64 99.53 102.17 NOTE
r-devel-linux-x86_64-fedora-clang 0.5-4 212.30 NOTE
r-devel-linux-x86_64-fedora-gcc 0.5-4 200.68 NOTE
r-devel-osx-x86_64-clang 0.5-4 192.67 OK
r-devel-windows-ix86+x86_64 0.5-4 8.00 149.00 157.00 NOTE
r-patched-linux-x86_64 0.5-4 2.72 99.57 102.28 OK
r-patched-solaris-sparc 0.5-4 1252.60 OK
r-patched-solaris-x86 0.5-4 261.40 OK
r-release-linux-x86_64 0.5-4 2.67 99.50 102.18 OK
r-release-osx-x86_64-mavericks 0.5-4 OK
r-release-windows-ix86+x86_64 0.5-4 9.00 153.00 162.00 OK
r-oldrel-windows-ix86+x86_64 0.5-4 17.00 204.00 221.00 OK

Check Details

Version: 0.5-4
Check: R code for possible problems
Result: NOTE
    .lhs_obj : <anonymous>: no visible global function definition for
     ‘hist’
    .lhs_obj: no visible global function definition for ‘cor’
    clhs.data.frame : <anonymous>: no visible global function definition
     for ‘quantile’
    clhs.data.frame: no visible global function definition for ‘cor’
    clhs.data.frame: no visible global function definition for ‘runif’
    Undefined global functions or variables:
     cor hist quantile runif
Flavors: r-devel-linux-x86_64-debian-clang, r-devel-linux-x86_64-fedora-clang, r-devel-linux-x86_64-fedora-gcc

Version: 0.5-4
Check: R code for possible problems
Result: NOTE
    .lhs_obj : <anonymous>: no visible global function definition for
     ‘hist’
    .lhs_obj: no visible global function definition for ‘cor’
    clhs.data.frame : <anonymous>: no visible global function definition
     for ‘quantile’
    clhs.data.frame: no visible global function definition for ‘cor’
    clhs.data.frame: no visible global function definition for ‘runif’
Flavors: r-devel-linux-x86_64-debian-gcc, r-devel-windows-ix86+x86_64