CRAN Package Check Results for Package cliapp

Last updated on 2022-05-16 19:50:00 CEST.

Flavor Version Tinstall Tcheck Ttotal Status Flags
r-devel-linux-x86_64-debian-clang 0.1.1 6.77 155.73 162.50 NOTE
r-devel-linux-x86_64-debian-gcc 0.1.1 5.18 139.39 144.57 NOTE
r-devel-linux-x86_64-fedora-clang 0.1.1 221.49 NOTE
r-devel-linux-x86_64-fedora-gcc 0.1.1 217.89 NOTE
r-devel-windows-x86_64 0.1.1 31.00 165.00 196.00 NOTE
r-patched-linux-x86_64 0.1.1 6.28 178.58 184.86 NOTE
r-release-linux-x86_64 0.1.1 5.95 177.38 183.33 NOTE
r-release-macos-arm64 0.1.1 48.00 NOTE
r-release-macos-x86_64 0.1.1 78.00 NOTE
r-release-windows-x86_64 0.1.1 28.00 168.00 196.00 NOTE
r-oldrel-macos-arm64 0.1.1 63.00 NOTE
r-oldrel-macos-x86_64 0.1.1 85.00 NOTE
r-oldrel-windows-ix86+x86_64 0.1.1 12.00 166.00 178.00 NOTE

Check Details

Version: 0.1.1
Check: LazyData
Result: NOTE
     'LazyData' is specified without a 'data' directory
Flavors: r-devel-linux-x86_64-debian-clang, r-devel-linux-x86_64-debian-gcc, r-devel-linux-x86_64-fedora-clang, r-devel-linux-x86_64-fedora-gcc, r-devel-windows-x86_64, r-patched-linux-x86_64, r-release-linux-x86_64, r-release-macos-arm64, r-release-macos-x86_64, r-release-windows-x86_64, r-oldrel-macos-arm64, r-oldrel-macos-x86_64, r-oldrel-windows-ix86+x86_64