CRAN Package Check Results for Package clickstream

Last updated on 2019-07-16 07:50:39 CEST.

Flavor Version Tinstall Tcheck Ttotal Status Flags
r-devel-linux-x86_64-debian-clang 1.3.0 11.36 112.52 123.88 NOTE
r-devel-linux-x86_64-debian-gcc 1.3.0 11.55 100.31 111.86 NOTE
r-devel-linux-x86_64-fedora-clang 1.3.0 140.06 NOTE
r-devel-linux-x86_64-fedora-gcc 1.3.0 136.12 NOTE
r-devel-windows-ix86+x86_64 1.3.0 40.00 175.00 215.00 OK
r-patched-linux-x86_64 1.3.0 12.27 106.05 118.32 OK
r-patched-solaris-x86 1.3.0 220.30 OK
r-release-linux-x86_64 1.3.0 12.58 104.09 116.67 OK
r-release-windows-ix86+x86_64 1.3.0 24.00 188.00 212.00 OK
r-release-osx-x86_64 1.3.0 OK
r-oldrel-windows-ix86+x86_64 1.3.0 29.00 110.00 139.00 OK
r-oldrel-osx-x86_64 1.3.0 OK

Check Details

Version: 1.3.0
Check: for non-standard things in the check directory
Result: NOTE
    Found the following files/directories:
     'clickstreams.csv'
Flavors: r-devel-linux-x86_64-debian-clang, r-devel-linux-x86_64-debian-gcc, r-devel-linux-x86_64-fedora-clang, r-devel-linux-x86_64-fedora-gcc