CRAN Package Check Results for Package climate

Last updated on 2021-01-21 05:47:16 CET.

Flavor Version Tinstall Tcheck Ttotal Status Flags
r-devel-linux-x86_64-debian-clang 0.9.9 6.23 50.13 56.36 WARN
r-devel-linux-x86_64-debian-gcc 0.9.9 4.57 42.04 46.61 OK
r-devel-linux-x86_64-fedora-clang 0.9.9 81.31 OK
r-devel-linux-x86_64-fedora-gcc 0.9.9 69.59 OK
r-devel-windows-ix86+x86_64 0.9.9 9.00 77.00 86.00 OK
r-patched-linux-x86_64 0.9.9 5.73 51.72 57.45 OK
r-patched-solaris-x86 0.9.9 95.70 OK
r-release-linux-x86_64 0.9.9 5.67 52.75 58.42 OK
r-release-macos-x86_64 0.9.9 OK
r-release-windows-ix86+x86_64 0.9.9 20.00 91.00 111.00 OK
r-oldrel-macos-x86_64 0.9.9 OK
r-oldrel-windows-ix86+x86_64 0.9.9 6.00 58.00 64.00 OK

Check Details

Version: 0.9.9
Check: re-building of vignette outputs
Result: WARN
    Error(s) in re-building vignettes:
     ...
    --- re-building 'getstarted.Rmd' using rmarkdown
    
     [12%] Downloaded 2633 bytes...
     [69%] Downloaded 14217 bytes...
     [100%] Downloaded 20392 bytes...
    
     [18%] Downloaded 2633 bytes...
     [99%] Downloaded 14217 bytes...
     [100%] Downloaded 14358 bytes...
    
     [1%] Downloaded 7756 bytes...
     [1%] Downloaded 8192 bytes...
     [1%] Downloaded 14236 bytes...
     [3%] Downloaded 22236 bytes...
     [3%] Downloaded 22428 bytes...
     [4%] Downloaded 30236 bytes...
     [4%] Downloaded 30620 bytes...
     [5%] Downloaded 38236 bytes...
     [5%] Downloaded 38812 bytes...
     [5%] Downloaded 43196 bytes...
     [7%] Downloaded 51196 bytes...
     [7%] Downloaded 51388 bytes...
     [8%] Downloaded 59196 bytes...
     [8%] Downloaded 59580 bytes...
     [9%] Downloaded 67196 bytes...
     [9%] Downloaded 67772 bytes...
     [9%] Downloaded 72156 bytes...
     [10%] Downloaded 80156 bytes...
     [11%] Downloaded 80348 bytes...
     [12%] Downloaded 88156 bytes...
     [12%] Downloaded 88540 bytes...
     [13%] Downloaded 96156 bytes...
     [13%] Downloaded 96732 bytes...
     [13%] Downloaded 101116 bytes...
     [14%] Downloaded 109116 bytes...
     [14%] Downloaded 109308 bytes...
     [16%] Downloaded 117116 bytes...
     [16%] Downloaded 117500 bytes...
     [17%] Downloaded 125116 bytes...
     [17%] Downloaded 125692 bytes...
     [18%] Downloaded 133116 bytes...
     [18%] Downloaded 133884 bytes...
     [19%] Downloaded 141116 bytes...
     [19%] Downloaded 142076 bytes...
     [20%] Downloaded 149116 bytes...
     [20%] Downloaded 150268 bytes...
     [21%] Downloaded 157116 bytes...
     [21%] Downloaded 158460 bytes...
     [22%] Downloaded 165116 bytes...
     [22%] Downloaded 166652 bytes...
     [23%] Downloaded 173116 bytes...
     [23%] Downloaded 174844 bytes...
     [24%] Downloaded 181116 bytes...
     [25%] Downloaded 183036 bytes...
     [25%] Downloaded 189116 bytes...
     [26%] Downloaded 191228 bytes...
     [27%] Downloaded 197116 bytes...
     [27%] Downloaded 199420 bytes...
     [28%] Downloaded 205116 bytes...
     [28%] Downloaded 207612 bytes...
     [29%] Downloaded 213116 bytes...
     [29%] Downloaded 215804 bytes...
     [30%] Downloaded 221116 bytes...
     [30%] Downloaded 223996 bytes...
     [31%] Downloaded 229116 bytes...
     [31%] Downloaded 232188 bytes...
     [32%] Downloaded 237116 bytes...
     [32%] Downloaded 240380 bytes...
     [33%] Downloaded 245116 bytes...
     [34%] Downloaded 248572 bytes...
     [34%] Downloaded 253116 bytes...
     [35%] Downloaded 256764 bytes...
     [35%] Downloaded 261116 bytes...
     [36%] Downloaded 264956 bytes...
     [36%] Downloaded 269116 bytes...
     [37%] Downloaded 273148 bytes...
     [38%] Downloaded 277116 bytes...
     [38%] Downloaded 281340 bytes...
     [39%] Downloaded 285116 bytes...
     [39%] Downloaded 289532 bytes...
     [40%] Downloaded 293116 bytes...
     [40%] Downloaded 297724 bytes...
     [41%] Downloaded 301116 bytes...
     [41%] Downloaded 305916 bytes...
     [42%] Downloaded 309116 bytes...
     [43%] Downloaded 314108 bytes...
     [43%] Downloaded 317116 bytes...
     [44%] Downloaded 322300 bytes...
     [44%] Downloaded 325116 bytes...
     [45%] Downloaded 330492 bytes...
     [45%] Downloaded 333116 bytes...
     [46%] Downloaded 338684 bytes...
     [46%] Downloaded 341116 bytes...
     [47%] Downloaded 346876 bytes...
     [47%] Downloaded 349116 bytes...
     [48%] Downloaded 355068 bytes...
     [48%] Downloaded 357116 bytes...
     [49%] Downloaded 363260 bytes...
     [50%] Downloaded 365116 bytes...
     [50%] Downloaded 371452 bytes...
     [51%] Downloaded 373116 bytes...
     [52%] Downloaded 379644 bytes...
     [52%] Downloaded 381116 bytes...
     [53%] Downloaded 387836 bytes...
     [53%] Downloaded 389116 bytes...
     [54%] Downloaded 396028 bytes...
     [54%] Downloaded 397116 bytes...
     [55%] Downloaded 404220 bytes...
     [55%] Downloaded 405116 bytes...
     [56%] Downloaded 412412 bytes...
     [56%] Downloaded 413116 bytes...
     [57%] Downloaded 420604 bytes...
     [57%] Downloaded 421116 bytes...
     [58%] Downloaded 428796 bytes...
     [58%] Downloaded 429116 bytes...
     [59%] Downloaded 436988 bytes...
     [59%] Downloaded 437116 bytes...
     [61%] Downloaded 445116 bytes...
     [61%] Downloaded 445180 bytes...
     [62%] Downloaded 453116 bytes...
     [62%] Downloaded 453372 bytes...
     [63%] Downloaded 461116 bytes...
     [63%] Downloaded 461564 bytes...
     [64%] Downloaded 469116 bytes...
     [64%] Downloaded 469756 bytes...
     [65%] Downloaded 477116 bytes...
     [65%] Downloaded 477948 bytes...
     [66%] Downloaded 485116 bytes...
     [66%] Downloaded 486140 bytes...
     [67%] Downloaded 493116 bytes...
     [67%] Downloaded 494332 bytes...
     [68%] Downloaded 501116 bytes...
     [68%] Downloaded 502524 bytes...
     [69%] Downloaded 509116 bytes...
     [70%] Downloaded 510716 bytes...
     [70%] Downloaded 517116 bytes...
     [71%] Downloaded 518908 bytes...
     [72%] Downloaded 525116 bytes...
     [72%] Downloaded 527100 bytes...
     [73%] Downloaded 533116 bytes...
     [73%] Downloaded 535292 bytes...
     [74%] Downloaded 541116 bytes...
     [74%] Downloaded 543484 bytes...
     [75%] Downloaded 549116 bytes...
     [75%] Downloaded 551676 bytes...
     [76%] Downloaded 557116 bytes...
     [76%] Downloaded 559868 bytes...
     [77%] Downloaded 565116 bytes...
     [77%] Downloaded 568060 bytes...
     [78%] Downloaded 573116 bytes...
     [79%] Downloaded 576252 bytes...
     [79%] Downloaded 581116 bytes...
     [80%] Downloaded 584444 bytes...
     [80%] Downloaded 589116 bytes...
     [81%] Downloaded 592636 bytes...
     [81%] Downloaded 597116 bytes...
     [82%] Downloaded 600828 bytes...
     [82%] Downloaded 605116 bytes...
     [83%] Downloaded 609020 bytes...
     [84%] Downloaded 613116 bytes...
     [84%] Downloaded 617212 bytes...
     [85%] Downloaded 621116 bytes...
     [85%] Downloaded 625404 bytes...
     [86%] Downloaded 629116 bytes...
     [86%] Downloaded 633596 bytes...
     [87%] Downloaded 637116 bytes...
     [88%] Downloaded 641788 bytes...
     [88%] Downloaded 645116 bytes...
     [89%] Downloaded 649980 bytes...
     [89%] Downloaded 653116 bytes...
     [90%] Downloaded 658172 bytes...
     [90%] Downloaded 661116 bytes...
     [91%] Downloaded 666364 bytes...
     [91%] Downloaded 669116 bytes...
     [92%] Downloaded 674556 bytes...
     [92%] Downloaded 677116 bytes...
     [93%] Downloaded 682748 bytes...
     [93%] Downloaded 685116 bytes...
     [94%] Downloaded 690940 bytes...
     [95%] Downloaded 693116 bytes...
     [95%] Downloaded 699132 bytes...
     [96%] Downloaded 701116 bytes...
     [97%] Downloaded 707324 bytes...
     [97%] Downloaded 709116 bytes...
     [98%] Downloaded 715516 bytes...
     [98%] Downloaded 717116 bytes...
     [99%] Downloaded 723708 bytes...
     [99%] Downloaded 725116 bytes...
     [100%] Downloaded 729092 bytes...
    
     [100%] Downloaded 3337 bytes...
    
     [84%] Downloaded 1123 bytes...
     [100%] Downloaded 1325 bytes...
    
     [100%] Downloaded 6681 bytes...
    
     [6%] Downloaded 14146 bytes...
     [14%] Downloaded 30466 bytes...
     [21%] Downloaded 46786 bytes...
     [29%] Downloaded 63106 bytes...
     [36%] Downloaded 79426 bytes...
     [44%] Downloaded 95746 bytes...
     [52%] Downloaded 112066 bytes...
     [59%] Downloaded 128386 bytes...
     [67%] Downloaded 144706 bytes...
     [74%] Downloaded 161026 bytes...
     [82%] Downloaded 177346 bytes...
     [90%] Downloaded 193666 bytes...
     [97%] Downloaded 209986 bytes...
     [100%] Downloaded 214780 bytes...
    Quitting from lines 146-165 (getstarted.Rmd)
    Error: processing vignette 'getstarted.Rmd' failed with diagnostics:
    'names' attribute [60] must be the same length as the vector [2]
    --- failed re-building 'getstarted.Rmd'
    
    SUMMARY: processing the following file failed:
     'getstarted.Rmd'
    
    Error: Vignette re-building failed.
    Execution halted
Flavor: r-devel-linux-x86_64-debian-clang