CRAN Package Check Results for Package climatol

Last updated on 2017-11-19 18:47:15.

Flavor Version Tinstall Tcheck Ttotal Status Flags
r-devel-linux-x86_64-debian-clang 3.0 0.78 20.39 21.17 OK
r-devel-linux-x86_64-debian-gcc 3.0 0.76 24.09 24.85 OK
r-devel-linux-x86_64-fedora-clang 3.0 36.77 OK
r-devel-linux-x86_64-fedora-gcc 3.0 37.73 OK
r-devel-windows-ix86+x86_64 3.0 4.00 42.00 46.00 OK
r-patched-linux-x86_64 3.0 0.77 20.30 21.07 OK
r-patched-solaris-x86 3.0 51.20 OK
r-release-linux-x86_64 3.0 0.71 20.57 21.28 OK
r-release-windows-ix86+x86_64 3.0 3.00 54.00 57.00 OK
r-release-osx-x86_64 3.0 NOTE
r-oldrel-windows-ix86+x86_64 3.0 3.00 50.00 53.00 OK
r-oldrel-osx-x86_64 3.0 NOTE

Check Details

Version: 3.0
Check: package dependencies
Result: NOTE
    Packages suggested but not available for checking: ‘ncdf4’ ‘RODBC’
Flavor: r-release-osx-x86_64

Version: 3.0
Check: package dependencies
Result: NOTE
    Package suggested but not available for checking: ‘RODBC’
Flavor: r-oldrel-osx-x86_64