CRAN Package Check Results for Package climatol

Last updated on 2017-07-21 14:48:08.

Flavor Version Tinstall Tcheck Ttotal Status Flags
r-devel-linux-x86_64-debian-clang 3.0 0.72 27.67 28.39 OK
r-devel-linux-x86_64-debian-gcc 3.0 0.70 27.13 27.83 OK
r-devel-linux-x86_64-fedora-clang 3.0 38.42 OK
r-devel-linux-x86_64-fedora-gcc 3.0 39.43 OK
r-devel-windows-ix86+x86_64 3.0 6.00 50.00 56.00 OK
r-patched-linux-x86_64 3.0 0.78 28.00 28.78 OK
r-patched-solaris-x86 3.0 49.80 OK
r-release-linux-x86_64 3.0 0.74 27.60 28.34 OK
r-release-windows-ix86+x86_64 3.0 3.00 52.00 55.00 OK
r-release-osx-x86_64 3.0 NOTE
r-oldrel-windows-ix86+x86_64 3.0 4.00 48.00 52.00 OK
r-oldrel-osx-x86_64 3.0 NOTE

Check Details

Version: 3.0
Check: package dependencies
Result: NOTE
    Packages suggested but not available for checking: ‘ncdf4’ ‘RODBC’
Flavor: r-release-osx-x86_64

Version: 3.0
Check: package dependencies
Result: NOTE
    Package suggested but not available for checking: ‘RODBC’
Flavor: r-oldrel-osx-x86_64