CRAN Package Check Results for Package climatol

Last updated on 2017-09-21 18:46:57.

Flavor Version Tinstall Tcheck Ttotal Status Flags
r-devel-linux-x86_64-debian-clang 3.0 0.71 21.25 21.96 OK
r-devel-linux-x86_64-debian-gcc 3.0 0.74 20.55 21.29 OK
r-devel-linux-x86_64-fedora-clang 3.0 37.79 OK
r-devel-linux-x86_64-fedora-gcc 3.0 37.15 OK
r-devel-windows-ix86+x86_64 3.0 2.00 39.00 41.00 OK
r-patched-linux-x86_64 3.0 0.72 20.65 21.37 OK
r-patched-solaris-x86 3.0 50.50 OK
r-release-linux-x86_64 3.0 0.76 20.85 21.60 OK
r-release-windows-ix86+x86_64 3.0 3.00 39.00 42.00 OK
r-release-osx-x86_64 3.0 NOTE
r-oldrel-windows-ix86+x86_64 3.0 2.00 38.00 40.00 OK
r-oldrel-osx-x86_64 3.0 NOTE

Check Details

Version: 3.0
Check: package dependencies
Result: NOTE
    Packages suggested but not available for checking: ‘ncdf4’ ‘RODBC’
Flavor: r-release-osx-x86_64

Version: 3.0
Check: package dependencies
Result: NOTE
    Package suggested but not available for checking: ‘RODBC’
Flavor: r-oldrel-osx-x86_64