CRAN Package Check Results for Package climatol

Last updated on 2018-02-22 01:49:39 CET.

Flavor Version Tinstall Tcheck Ttotal Status Flags
r-devel-linux-x86_64-debian-clang 3.0 4.45 26.90 31.35 WARN
r-devel-linux-x86_64-debian-gcc 3.0 3.51 24.79 28.30 WARN
r-devel-linux-x86_64-fedora-clang 3.0 43.44 WARN
r-devel-linux-x86_64-fedora-gcc 3.0 41.27 WARN
r-devel-windows-ix86+x86_64 3.0 10.00 35.00 45.00 OK
r-patched-linux-x86_64 3.0 1.05 31.72 32.77 OK
r-patched-solaris-x86 3.0 49.60 OK
r-release-linux-x86_64 3.0 0.96 31.78 32.74 OK
r-release-windows-ix86+x86_64 3.0 3.00 49.00 52.00 OK
r-release-osx-x86_64 3.0 NOTE
r-oldrel-windows-ix86+x86_64 3.0 3.00 53.00 56.00 OK
r-oldrel-osx-x86_64 3.0 NOTE

Check Details

Version: 3.0
Check: whether package can be installed
Result: WARN
    Found the following significant warnings:
     Note: break may be used in wrong context: no loop is visible
Flavors: r-devel-linux-x86_64-debian-clang, r-devel-linux-x86_64-debian-gcc, r-devel-linux-x86_64-fedora-clang, r-devel-linux-x86_64-fedora-gcc

Version: 3.0
Check: package dependencies
Result: NOTE
    Packages suggested but not available for checking: ‘ncdf4’ ‘RODBC’
Flavor: r-release-osx-x86_64

Version: 3.0
Check: package dependencies
Result: NOTE
    Package suggested but not available for checking: ‘RODBC’
Flavor: r-oldrel-osx-x86_64