CRAN Package Check Results for Package climdex.pcic

Last updated on 2015-02-02 01:47:42.

Flavor Version Tinstall Tcheck Ttotal Status Flags
r-devel-linux-x86_64-debian-clang 1.1-5 5.60 23.48 29.08 OK --no-tests
r-devel-linux-x86_64-debian-gcc 1.1-5 6.02 22.54 28.55 OK --no-tests
r-devel-linux-x86_64-fedora-clang 1.1-5 116.24 OK
r-devel-linux-x86_64-fedora-gcc 1.1-5 114.45 OK
r-devel-osx-x86_64-clang 1.1-5 146.94 OK
r-devel-windows-ix86+x86_64 1.1-5 24.00 1148.00 1172.00 OK
r-patched-linux-x86_64 1.1-5 6.34 26.23 32.57 OK --no-tests
r-patched-solaris-sparc 1.1-5 872.10 OK
r-patched-solaris-x86 1.1-5 202.30 OK
r-release-linux-ix86 1.1-4 6.84 2.18 9.02 ERROR --no-tests
r-release-linux-x86_64 1.1-4 5.78 1.86 7.64 ERROR --no-tests
r-release-osx-x86_64-mavericks 1.1-5 OK
r-release-osx-x86_64-snowleopard 1.1-5 OK
r-release-windows-ix86+x86_64 1.1-5 24.00 1145.00 1169.00 OK
r-oldrel-windows-ix86+x86_64 1.1-5 26.00 153.00 179.00 OK

Check Details

Version: 1.1-4
Flags: --no-tests
Check: whether package can be installed
Result: ERROR
    Installation failed.
Flavors: r-release-linux-ix86, r-release-linux-x86_64