CRAN Package Check Results for Package climdex.pcic

Last updated on 2017-05-28 23:49:52.

Flavor Version Tinstall Tcheck Ttotal Status Flags
r-devel-linux-x86_64-debian-clang 1.1-6 7.48 26.66 34.15 NOTE --no-tests
r-devel-linux-x86_64-debian-gcc 1.1-6 7.15 24.92 32.07 NOTE --no-tests
r-devel-linux-x86_64-fedora-clang 1.1-6 114.08 NOTE
r-devel-linux-x86_64-fedora-gcc 1.1-6 108.42 NOTE
r-devel-windows-ix86+x86_64 1.1-6 30.00 79.00 109.00 NOTE --no-examples --no-tests --no-vignettes
r-patched-linux-x86_64 1.1-6 7.01 26.48 33.48 NOTE --no-tests
r-patched-solaris-sparc 1.1-6 898.20 NOTE
r-patched-solaris-x86 1.1-6 177.30 NOTE
r-release-linux-x86_64 1.1-6 6.75 26.62 33.37 NOTE --no-tests
r-release-windows-ix86+x86_64 1.1-6 39.00 61.00 100.00 NOTE --no-examples --no-tests --no-vignettes
r-release-osx-x86_64 1.1-6 NOTE
r-oldrel-windows-ix86+x86_64 1.1-6 32.00 53.00 85.00 NOTE --no-examples --no-tests --no-vignettes
r-oldrel-osx-x86_64 1.1-6 NOTE

Check Details

Version: 1.1-6
Flags: --no-tests
Check: R code for possible problems
Result: NOTE
    climdexInput.csv : get.and.check.data: no visible global function
     definition for ‘read.csv’
    get.prec.var.quantiles: no visible global function definition for
     ‘quantile’
    growing.season.length : <anonymous>: no visible global function
     definition for ‘head’
    Undefined global functions or variables:
     head quantile read.csv
    Consider adding
     importFrom("stats", "quantile")
     importFrom("utils", "head", "read.csv")
    to your NAMESPACE file.
Flavors: r-devel-linux-x86_64-debian-clang, r-devel-linux-x86_64-debian-gcc, r-patched-linux-x86_64, r-release-linux-x86_64

Version: 1.1-6
Flags: --no-tests
Check: compiled code
Result: NOTE
    File ‘climdex.pcic/libs/climdex.pcic.so’:
     Found no calls to: ‘R_registerRoutines’, ‘R_useDynamicSymbols’
    
    It is good practice to register native routines and to disable symbol
    search.
    
    See ‘Writing portable packages’ in the ‘Writing R Extensions’ manual.
Flavors: r-devel-linux-x86_64-debian-clang, r-devel-linux-x86_64-debian-gcc, r-patched-linux-x86_64, r-release-linux-x86_64

Version: 1.1-6
Check: R code for possible problems
Result: NOTE
    climdexInput.csv : get.and.check.data: no visible global function
     definition for ‘read.csv’
    get.prec.var.quantiles: no visible global function definition for
     ‘quantile’
    growing.season.length : <anonymous>: no visible global function
     definition for ‘head’
    Undefined global functions or variables:
     head quantile read.csv
    Consider adding
     importFrom("stats", "quantile")
     importFrom("utils", "head", "read.csv")
    to your NAMESPACE file.
Flavors: r-devel-linux-x86_64-fedora-clang, r-devel-linux-x86_64-fedora-gcc, r-patched-solaris-sparc, r-patched-solaris-x86, r-release-osx-x86_64, r-oldrel-osx-x86_64

Version: 1.1-6
Check: compiled code
Result: NOTE
    File ‘climdex.pcic/libs/climdex.pcic.so’:
     Found no calls to: ‘R_registerRoutines’, ‘R_useDynamicSymbols’
    
    It is good practice to register native routines and to disable symbol
    search.
    
    See ‘Writing portable packages’ in the ‘Writing R Extensions’ manual.
Flavors: r-devel-linux-x86_64-fedora-clang, r-devel-linux-x86_64-fedora-gcc

Version: 1.1-6
Flags: --no-examples --no-tests --no-vignettes
Check: R code for possible problems
Result: NOTE
    climdexInput.csv : get.and.check.data: no visible global function
     definition for 'read.csv'
    get.prec.var.quantiles: no visible global function definition for
     'quantile'
    growing.season.length : <anonymous>: no visible global function
     definition for 'head'
    Undefined global functions or variables:
     head quantile read.csv
    Consider adding
     importFrom("stats", "quantile")
     importFrom("utils", "head", "read.csv")
    to your NAMESPACE file.
Flavors: r-devel-windows-ix86+x86_64, r-release-windows-ix86+x86_64, r-oldrel-windows-ix86+x86_64