CRAN Package Check Results for Package climdex.pcic

Last updated on 2016-05-27 09:50:07.

Flavor Version Tinstall Tcheck Ttotal Status Flags
r-devel-linux-x86_64-debian-gcc 1.1-6 7.44 22.76 30.20 NOTE --no-tests
r-devel-linux-x86_64-fedora-clang 1.1-6 109.63 NOTE
r-devel-linux-x86_64-fedora-gcc 1.1-6 100.73 NOTE
r-devel-osx-x86_64-clang 1.1-6 164.00 NOTE
r-devel-windows-ix86+x86_64 1.1-6 25.00 41.00 66.00 NOTE --no-examples --no-tests --no-vignettes
r-patched-linux-x86_64 1.1-6 5.77 22.72 28.49 NOTE --no-tests
r-patched-solaris-sparc 1.1-6 881.40 NOTE
r-patched-solaris-x86 1.1-6 182.20 NOTE
r-release-linux-x86_64 1.1-6 6.03 22.72 28.75 NOTE --no-tests
r-release-osx-x86_64-mavericks 1.1-6 NOTE
r-release-windows-ix86+x86_64 1.1-6 29.00 36.00 65.00 NOTE --no-examples --no-tests --no-vignettes
r-oldrel-windows-ix86+x86_64 1.1-6 25.00 62.00 87.00 OK --no-examples --no-tests --no-vignettes

Check Details

Version: 1.1-6
Flags: --no-tests
Check: R code for possible problems
Result: NOTE
    climdexInput.csv : get.and.check.data: no visible global function
     definition for ‘read.csv’
    get.prec.var.quantiles: no visible global function definition for
     ‘quantile’
    growing.season.length : <anonymous>: no visible global function
     definition for ‘head’
    Undefined global functions or variables:
     head quantile read.csv
    Consider adding
     importFrom("stats", "quantile")
     importFrom("utils", "head", "read.csv")
    to your NAMESPACE file.
Flavors: r-devel-linux-x86_64-debian-gcc, r-patched-linux-x86_64, r-release-linux-x86_64

Version: 1.1-6
Check: R code for possible problems
Result: NOTE
    climdexInput.csv : get.and.check.data: no visible global function
     definition for ‘read.csv’
    get.prec.var.quantiles: no visible global function definition for
     ‘quantile’
    growing.season.length : <anonymous>: no visible global function
     definition for ‘head’
    Undefined global functions or variables:
     head quantile read.csv
    Consider adding
     importFrom("stats", "quantile")
     importFrom("utils", "head", "read.csv")
    to your NAMESPACE file.
Flavors: r-devel-linux-x86_64-fedora-clang, r-devel-linux-x86_64-fedora-gcc, r-devel-osx-x86_64-clang, r-patched-solaris-sparc, r-patched-solaris-x86, r-release-osx-x86_64-mavericks

Version: 1.1-6
Flags: --no-examples --no-tests --no-vignettes
Check: R code for possible problems
Result: NOTE
    climdexInput.csv : get.and.check.data: no visible global function
     definition for 'read.csv'
    get.prec.var.quantiles: no visible global function definition for
     'quantile'
    growing.season.length : <anonymous>: no visible global function
     definition for 'head'
    Undefined global functions or variables:
     head quantile read.csv
    Consider adding
     importFrom("stats", "quantile")
     importFrom("utils", "head", "read.csv")
    to your NAMESPACE file.
Flavors: r-devel-windows-ix86+x86_64, r-release-windows-ix86+x86_64