CRAN Package Check Results for Package climdex.pcic

Last updated on 2016-12-11 06:57:14.

Flavor Version Tinstall Tcheck Ttotal Status Flags
r-devel-linux-x86_64-debian-clang 1.1-6 6.50 25.68 32.18 NOTE --no-tests
r-devel-linux-x86_64-debian-gcc 1.1-6 6.52 25.40 31.92 NOTE --no-tests
r-devel-linux-x86_64-fedora-clang 1.1-6 118.65 NOTE --no-stop-on-test-error
r-devel-linux-x86_64-fedora-gcc 1.1-6 108.29 NOTE --no-stop-on-test-error
r-devel-macos-x86_64-clang 1.1-6 128.39 NOTE --no-stop-on-test-error
r-devel-windows-ix86+x86_64 1.1-6 29.00 64.00 93.00 NOTE --no-examples --no-tests --no-vignettes
r-patched-linux-x86_64 1.1-6 5.74 22.88 28.63 NOTE --no-tests
r-patched-solaris-sparc 1.1-6 899.60 NOTE
r-patched-solaris-x86 1.1-6 179.30 NOTE
r-release-linux-x86_64 1.1-6 5.64 22.89 28.53 NOTE --no-tests
r-release-osx-x86_64-mavericks 1.1-6 NOTE
r-release-windows-ix86+x86_64 1.1-6 33.00 40.00 73.00 NOTE --no-examples --no-tests --no-vignettes
r-oldrel-windows-ix86+x86_64 1.1-6 35.00 46.00 81.00 OK --no-examples --no-tests --no-vignettes

Check Details

Version: 1.1-6
Flags: --no-tests
Check: R code for possible problems
Result: NOTE
    climdexInput.csv : get.and.check.data: no visible global function
     definition for ‘read.csv’
    get.prec.var.quantiles: no visible global function definition for
     ‘quantile’
    growing.season.length : <anonymous>: no visible global function
     definition for ‘head’
    Undefined global functions or variables:
     head quantile read.csv
    Consider adding
     importFrom("stats", "quantile")
     importFrom("utils", "head", "read.csv")
    to your NAMESPACE file.
Flavors: r-devel-linux-x86_64-debian-clang, r-devel-linux-x86_64-debian-gcc, r-patched-linux-x86_64, r-release-linux-x86_64

Version: 1.1-6
Flags: --no-stop-on-test-error
Check: R code for possible problems
Result: NOTE
    climdexInput.csv : get.and.check.data: no visible global function
     definition for ‘read.csv’
    get.prec.var.quantiles: no visible global function definition for
     ‘quantile’
    growing.season.length : <anonymous>: no visible global function
     definition for ‘head’
    Undefined global functions or variables:
     head quantile read.csv
    Consider adding
     importFrom("stats", "quantile")
     importFrom("utils", "head", "read.csv")
    to your NAMESPACE file.
Flavors: r-devel-linux-x86_64-fedora-clang, r-devel-linux-x86_64-fedora-gcc, r-devel-macos-x86_64-clang

Version: 1.1-6
Flags: --no-examples --no-tests --no-vignettes
Check: R code for possible problems
Result: NOTE
    climdexInput.csv : get.and.check.data: no visible global function
     definition for 'read.csv'
    get.prec.var.quantiles: no visible global function definition for
     'quantile'
    growing.season.length : <anonymous>: no visible global function
     definition for 'head'
    Undefined global functions or variables:
     head quantile read.csv
    Consider adding
     importFrom("stats", "quantile")
     importFrom("utils", "head", "read.csv")
    to your NAMESPACE file.
Flavors: r-devel-windows-ix86+x86_64, r-release-windows-ix86+x86_64

Version: 1.1-6
Check: R code for possible problems
Result: NOTE
    climdexInput.csv : get.and.check.data: no visible global function
     definition for ‘read.csv’
    get.prec.var.quantiles: no visible global function definition for
     ‘quantile’
    growing.season.length : <anonymous>: no visible global function
     definition for ‘head’
    Undefined global functions or variables:
     head quantile read.csv
    Consider adding
     importFrom("stats", "quantile")
     importFrom("utils", "head", "read.csv")
    to your NAMESPACE file.
Flavors: r-patched-solaris-sparc, r-patched-solaris-x86, r-release-osx-x86_64-mavericks