CRAN Package Check Results for Package climdex.pcic

Last updated on 2017-03-29 11:49:19.

Flavor Version Tinstall Tcheck Ttotal Status Flags
r-devel-linux-x86_64-debian-clang 1.1-6 6.94 25.87 32.81 NOTE --no-tests
r-devel-linux-x86_64-debian-gcc 1.1-6 6.62 25.28 31.90 NOTE --no-tests
r-devel-linux-x86_64-fedora-clang 1.1-6 113.92 NOTE --no-stop-on-test-error
r-devel-linux-x86_64-fedora-gcc 1.1-6 105.90 NOTE --no-stop-on-test-error
r-devel-macos-x86_64-clang 1.1-6 125.05 NOTE --no-stop-on-test-error
r-devel-windows-ix86+x86_64 1.1-6 29.00 77.00 106.00 NOTE --no-examples --no-tests --no-vignettes
r-patched-linux-x86_64 1.1-6 5.86 25.78 31.64 NOTE --no-tests
r-patched-solaris-sparc 1.1-6 898.20 NOTE
r-patched-solaris-x86 1.1-6 185.70 NOTE
r-release-linux-x86_64 1.1-6 5.64 22.94 28.58 NOTE --no-tests
r-release-osx-x86_64-mavericks 1.1-6 NOTE
r-release-windows-ix86+x86_64 1.1-6 40.00 105.00 145.00 NOTE --no-examples --no-tests --no-vignettes
r-oldrel-windows-ix86+x86_64 1.1-6 23.00 62.00 85.00 OK --no-examples --no-tests --no-vignettes

Check Details

Version: 1.1-6
Flags: --no-tests
Check: R code for possible problems
Result: NOTE
    climdexInput.csv : get.and.check.data: no visible global function
     definition for ‘read.csv’
    get.prec.var.quantiles: no visible global function definition for
     ‘quantile’
    growing.season.length : <anonymous>: no visible global function
     definition for ‘head’
    Undefined global functions or variables:
     head quantile read.csv
    Consider adding
     importFrom("stats", "quantile")
     importFrom("utils", "head", "read.csv")
    to your NAMESPACE file.
Flavors: r-devel-linux-x86_64-debian-clang, r-devel-linux-x86_64-debian-gcc, r-patched-linux-x86_64, r-release-linux-x86_64

Version: 1.1-6
Flags: --no-tests
Check: compiled code
Result: NOTE
    File ‘climdex.pcic/libs/climdex.pcic.so’:
     Found no calls to: ‘R_registerRoutines’, ‘R_useDynamicSymbols’
    
    It is good practice to register native routines and to disable symbol
    search.
    
    See ‘Writing portable packages’ in the ‘Writing R Extensions’ manual.
Flavors: r-devel-linux-x86_64-debian-clang, r-devel-linux-x86_64-debian-gcc, r-patched-linux-x86_64

Version: 1.1-6
Flags: --no-stop-on-test-error
Check: R code for possible problems
Result: NOTE
    climdexInput.csv : get.and.check.data: no visible global function
     definition for ‘read.csv’
    get.prec.var.quantiles: no visible global function definition for
     ‘quantile’
    growing.season.length : <anonymous>: no visible global function
     definition for ‘head’
    Undefined global functions or variables:
     head quantile read.csv
    Consider adding
     importFrom("stats", "quantile")
     importFrom("utils", "head", "read.csv")
    to your NAMESPACE file.
Flavors: r-devel-linux-x86_64-fedora-clang, r-devel-linux-x86_64-fedora-gcc, r-devel-macos-x86_64-clang

Version: 1.1-6
Flags: --no-stop-on-test-error
Check: compiled code
Result: NOTE
    File ‘climdex.pcic/libs/climdex.pcic.so’:
     Found no calls to: ‘R_registerRoutines’, ‘R_useDynamicSymbols’
    
    It is good practice to register native routines and to disable symbol
    search.
    
    See ‘Writing portable packages’ in the ‘Writing R Extensions’ manual.
Flavors: r-devel-linux-x86_64-fedora-clang, r-devel-linux-x86_64-fedora-gcc, r-devel-macos-x86_64-clang

Version: 1.1-6
Flags: --no-examples --no-tests --no-vignettes
Check: R code for possible problems
Result: NOTE
    climdexInput.csv : get.and.check.data: no visible global function
     definition for 'read.csv'
    get.prec.var.quantiles: no visible global function definition for
     'quantile'
    growing.season.length : <anonymous>: no visible global function
     definition for 'head'
    Undefined global functions or variables:
     head quantile read.csv
    Consider adding
     importFrom("stats", "quantile")
     importFrom("utils", "head", "read.csv")
    to your NAMESPACE file.
Flavors: r-devel-windows-ix86+x86_64, r-release-windows-ix86+x86_64

Version: 1.1-6
Check: R code for possible problems
Result: NOTE
    climdexInput.csv : get.and.check.data: no visible global function
     definition for ‘read.csv’
    get.prec.var.quantiles: no visible global function definition for
     ‘quantile’
    growing.season.length : <anonymous>: no visible global function
     definition for ‘head’
    Undefined global functions or variables:
     head quantile read.csv
    Consider adding
     importFrom("stats", "quantile")
     importFrom("utils", "head", "read.csv")
    to your NAMESPACE file.
Flavors: r-patched-solaris-sparc, r-patched-solaris-x86, r-release-osx-x86_64-mavericks