CRAN Package Check Results for Package climdex.pcic

Last updated on 2015-09-03 22:47:51.

Flavor Version Tinstall Tcheck Ttotal Status Flags
r-devel-linux-x86_64-debian-clang 1.1-6 5.54 22.65 28.19 NOTE --no-tests
r-devel-linux-x86_64-debian-gcc 1.1-6 5.76 22.20 27.95 NOTE --no-tests
r-devel-linux-x86_64-fedora-clang 1.1-6 106.01 NOTE
r-devel-linux-x86_64-fedora-gcc 1.1-6 99.87 NOTE
r-devel-osx-x86_64-clang 1.1-6 130.11 OK
r-devel-windows-ix86+x86_64 1.1-6 24.00 54.00 78.00 NOTE --no-examples --no-tests --no-vignettes
r-patched-linux-x86_64 1.1-6 6.06 23.26 29.31 OK --no-tests
r-patched-solaris-sparc 1.1-6 930.80 OK
r-patched-solaris-x86 1.1-6 191.00 OK
r-release-linux-x86_64 1.1-6 6.65 23.19 29.84 OK --no-tests
r-release-osx-x86_64-mavericks 1.1-6 OK
r-release-windows-ix86+x86_64 1.1-6 30.00 38.00 68.00 OK --no-examples --no-tests --no-vignettes
r-oldrel-windows-ix86+x86_64 1.1-6 36.00 43.00 79.00 OK --no-examples --no-tests --no-vignettes

Check Details

Version: 1.1-6
Flags: --no-tests
Check: R code for possible problems
Result: NOTE
    climdexInput.csv : get.and.check.data: no visible global function
     definition for ‘read.csv’
    get.prec.var.quantiles: no visible global function definition for
     ‘quantile’
    growing.season.length : <anonymous>: no visible global function
     definition for ‘head’
    Undefined global functions or variables:
     head quantile read.csv
    Consider adding
     importFrom("stats", "quantile")
     importFrom("utils", "head", "read.csv")
    to your NAMESPACE.
Flavors: r-devel-linux-x86_64-debian-clang, r-devel-linux-x86_64-debian-gcc

Version: 1.1-6
Check: R code for possible problems
Result: NOTE
    climdexInput.csv : get.and.check.data: no visible global function
     definition for ‘read.csv’
    get.prec.var.quantiles: no visible global function definition for
     ‘quantile’
    growing.season.length : <anonymous>: no visible global function
     definition for ‘head’
    Undefined global functions or variables:
     head quantile read.csv
    Consider adding
     importFrom("stats", "quantile")
     importFrom("utils", "head", "read.csv")
    to your NAMESPACE.
Flavors: r-devel-linux-x86_64-fedora-clang, r-devel-linux-x86_64-fedora-gcc

Version: 1.1-6
Flags: --no-examples --no-tests --no-vignettes
Check: R code for possible problems
Result: NOTE
    climdexInput.csv : get.and.check.data: no visible global function
     definition for 'read.csv'
    get.prec.var.quantiles: no visible global function definition for
     'quantile'
    growing.season.length : <anonymous>: no visible global function
     definition for 'head'
    Undefined global functions or variables:
     head quantile read.csv
    Consider adding
     importFrom("stats", "quantile")
     importFrom("utils", "head", "read.csv")
    to your NAMESPACE.
Flavor: r-devel-windows-ix86+x86_64