CRAN Package Check Results for Package climdex.pcic

Last updated on 2016-02-10 09:47:16.

Flavor Version Tinstall Tcheck Ttotal Status Flags
r-devel-linux-x86_64-debian-gcc 1.1-6 5.79 21.69 27.48 NOTE --no-tests
r-devel-linux-x86_64-fedora-clang 1.1-6 104.09 NOTE
r-devel-linux-x86_64-fedora-gcc 1.1-6 102.11 NOTE
r-devel-osx-x86_64-clang 1.1-6 165.45 NOTE
r-devel-windows-ix86+x86_64 1.1-6 34.00 42.00 76.00 NOTE --no-examples --no-tests --no-vignettes
r-patched-linux-x86_64 1.1-6 5.82 23.12 28.94 OK --no-tests
r-patched-solaris-sparc 1.1-6 892.20 OK
r-patched-solaris-x86 1.1-6 183.30 OK
r-release-linux-x86_64 1.1-6 6.20 23.20 29.40 OK --no-tests
r-release-osx-x86_64-mavericks 1.1-6 OK
r-release-windows-ix86+x86_64 1.1-6 35.00 42.00 77.00 OK --no-examples --no-tests --no-vignettes
r-oldrel-windows-ix86+x86_64 1.1-6 41.00 66.00 107.00 OK --no-examples --no-tests --no-vignettes

Check Details

Version: 1.1-6
Flags: --no-tests
Check: R code for possible problems
Result: NOTE
    climdexInput.csv : get.and.check.data: no visible global function
     definition for ‘read.csv’
    get.prec.var.quantiles: no visible global function definition for
     ‘quantile’
    growing.season.length : <anonymous>: no visible global function
     definition for ‘head’
    Undefined global functions or variables:
     head quantile read.csv
    Consider adding
     importFrom("stats", "quantile")
     importFrom("utils", "head", "read.csv")
    to your NAMESPACE file.
Flavor: r-devel-linux-x86_64-debian-gcc

Version: 1.1-6
Check: R code for possible problems
Result: NOTE
    climdexInput.csv : get.and.check.data: no visible global function
     definition for ‘read.csv’
    get.prec.var.quantiles: no visible global function definition for
     ‘quantile’
    growing.season.length : <anonymous>: no visible global function
     definition for ‘head’
    Undefined global functions or variables:
     head quantile read.csv
    Consider adding
     importFrom("stats", "quantile")
     importFrom("utils", "head", "read.csv")
    to your NAMESPACE file.
Flavors: r-devel-linux-x86_64-fedora-clang, r-devel-linux-x86_64-fedora-gcc, r-devel-osx-x86_64-clang

Version: 1.1-6
Flags: --no-examples --no-tests --no-vignettes
Check: R code for possible problems
Result: NOTE
    climdexInput.csv : get.and.check.data: no visible global function
     definition for 'read.csv'
    get.prec.var.quantiles: no visible global function definition for
     'quantile'
    growing.season.length : <anonymous>: no visible global function
     definition for 'head'
    Undefined global functions or variables:
     head quantile read.csv
    Consider adding
     importFrom("stats", "quantile")
     importFrom("utils", "head", "read.csv")
    to your NAMESPACE file.
Flavor: r-devel-windows-ix86+x86_64