CRAN Package Check Results for Package climdex.pcic

Last updated on 2014-04-24 07:52:24.

Flavor Version Tinstall Tcheck Ttotal Status Flags
r-devel-linux-x86_64-debian-clang 1.1-1 5.70 26.28 31.98 OK --no-tests
r-devel-linux-x86_64-debian-gcc 1.1-1 6.27 26.83 33.10 OK --no-tests
r-devel-linux-x86_64-fedora-clang 1.1-1 127.18 OK
r-devel-linux-x86_64-fedora-gcc 1.1-1 126.18 OK
r-devel-osx-x86_64-clang 1.1-1 134.67 OK
r-devel-osx-x86_64-gcc 1.1-1 OK
r-devel-windows-ix86+x86_64 1.1-1 21.00 1059.00 1080.00 OK
r-patched-linux-x86_64 1.1-1 6.38 26.20 32.58 OK --no-tests
r-patched-solaris-sparc 1.1-1 857.20 OK
r-patched-solaris-x86 1.1-1 200.60 OK
r-release-linux-ix86 1.1-1 12.00 48.00 60.00 OK --no-tests
r-release-linux-x86_64 1.1-1 6.29 26.57 32.86 OK --no-tests
r-release-osx-x86_64-mavericks 1.1-1 WARN
r-release-osx-x86_64-snowleopard 1.1-1 OK
r-release-windows-ix86+x86_64 1.1-1 22.00 1027.00 1049.00 OK
r-oldrel-windows-ix86+x86_64 1.1-1 23.00 161.00 184.00 OK

Check Details

Version: 1.1-1
Check: PDF version of manual
Result: WARNING
    LaTeX errors when creating PDF version.
    This typically indicates Rd problems.
    LaTeX errors found:
    ! LaTeX Error: File `upquote.sty' not found.
    
    Type X to quit or <RETURN> to proceed,
    or enter new name. (Default extension: sty)
    
    /private/tmp/RtmpGt8Ml0/Rd2pdfbbd228ccee70/Rd2.tex:8: ==> Fatal error occurred
    , no output PDF file produced!
Flavor: r-release-osx-x86_64-mavericks