CRAN Package Check Results for Package climwin

Last updated on 2019-11-18 04:46:25 CET.

Flavor Version Tinstall Tcheck Ttotal Status Flags
r-devel-linux-x86_64-debian-clang 1.2.2 16.76 222.75 239.51 OK
r-devel-linux-x86_64-debian-gcc 1.2.2 17.93 172.74 190.67 OK
r-devel-linux-x86_64-fedora-clang 1.2.2 271.58 OK
r-devel-linux-x86_64-fedora-gcc 1.2.2 272.99 OK
r-devel-windows-ix86+x86_64 1.2.2 48.00 281.00 329.00 OK
r-patched-linux-x86_64 1.2.2 16.52 205.64 222.16 OK
r-patched-solaris-x86 1.2.2 390.90 OK
r-release-linux-x86_64 1.2.2 15.74 206.97 222.71 OK
r-release-windows-ix86+x86_64 1.2.2 32.00 213.00 245.00 OK
r-release-osx-x86_64 1.2.2 OK
r-oldrel-windows-ix86+x86_64 1.2.2 21.00 234.00 255.00 ERROR
r-oldrel-osx-x86_64 1.2.2 ERROR

Check Details

Version: 1.2.2
Check: tests
Result: ERROR
     Running 'testthat.R' [104s]
    Running the tests in 'tests/testthat.R' failed.
    Complete output:
     > library(testthat)
     > library(climwin)
     Loading required package: ggplot2
     Loading required package: gridExtra
     Loading required package: Matrix
     >
     > test_check("climwin")
    
     |
     | | 0%
     |
     |||||||||||||||||||||||| | 33%
     |
     |||||||||||||||||||||||||||||||||||||||||||||||||||||||||||||||||||||||| 100%
     |
     | | 0%
     |
     |||||||||||||||||||||||| | 33%
     |
     |||||||||||||||||||||||||||||||||||||||||||||||||||||||||||||||||||||||| 100%
     |
     | | 0%
     |
     |||||||||||||||||||||||| | 33%
     |
     |||||||||||||||||||||||||||||||||||||||||||||||||||||||||||||||||||||||| 100%
     |
     | | 0%
     |
     |||||||||||||||||||||||| | 33%
     |
     |||||||||||||||||||||||||||||||||||||||||||||||||||||||||||||||||||||||| 100%
     |
     | | 0%
     |
     |||||||||||||||||||||||| | 33%
     |
     |||||||||||||||||||||||||||||||||||||||||||||||||||||||||||||||||||||||| 100%
     |
     | | 0%
     |
     |||||||||||||||||||||||| | 33%
     |
     |||||||||||||||||||||||||||||||||||||||||||||||||||||||||||||||||||||||| 100%
     |
     | | 0%
     |
     |||||||||||||||||||||||| | 33%
     |
     |||||||||||||||||||||||||||||||||||||||||||||||||||||||||||||||||||||||| 100%
     |
     | | 0%
     |
     |||||||||||||||||||||||| | 33%
     |
     |||||||||||||||||||||||||||||||||||||||||||||||||||||||||||||||||||||||| 100%
     |
     | | 0%
     |
     |||||||||||||||||||||||| | 33%
     |
     |||||||||||||||||||||||||||||||||||||||||||||||||||||||||||||||||||||||| 100%
     |
     | | 0%
     |
     |||||||||||||||||||||||| | 33%
     |
     |||||||||||||||||||||||||||||||||||||||||||||||||||||||||||||||||||||||| 100%
     |
     | | 0%
     |
     |||||||||||||||||||||||| | 33%
     |
     |||||||||||||||||||||||||||||||||||||||||||||||||||||||||||||||||||||||| 100%
     |
     | | 0%
     |
     |||||||||||||||||||||||| | 33%
     |
     |||||||||||||||||||||||||||||||||||||||||||||||||||||||||||||||||||||||| 100%
     |
     | | 0%
     |
     |||||||||||||||||||||||| | 33%
     |
     |||||||||||||||||||||||||||||||||||||||||||||||||||||||||||||||||||||||| 100%
     |
     | | 0%
     |
     |||||||||||||||||||||||| | 33%
     |
     |||||||||||||||||||||||||||||||||||||||||||||||||||||||||||||||||||||||| 100%
     |
     | | 0%
     |
     |||||||||||||||||||||||| | 33%
     |
     |||||||||||||||||||||||||||||||||||||||||||||||||||||||||||||||||||||||| 100%
     |
     | | 0%
     |
     |||||||||||||||||||||||| | 33%
     |
     |||||||||||||||||||||||||||||||||||||||||||||||||||||||||||||||||||||||| 100%
     |
     | | 0%
     |
     |||||||||||||||||||||||| | 33%
     |
     |||||||||||||||||||||||||||||||||||||||||||||||||||||||||||||||||||||||| 100%
     |
     | | 0%
     |
     |||||||||||||||||||||||| | 33%
     |
     |||||||||||||||||||||||||||||||||||||||||||||||||||||||||||||||||||||||| 100%
     |
     | | 0%
     |
     |||||||||||||||||||||||| | 33%
     |
     |||||||||||||||||||||||||||||||||||||||||||||||||||||||||||||||||||||||| 100%
     |
     | | 0%
     |
     |||||||||||||||||||||||| | 33%
     |
     |||||||||||||||||||||||||||||||||||||||||||||||||||||||||||||||||||||||| 100%
     |
     | | 0%
     |
     |||||||||||||||||||||||| | 33%
     |
     |||||||||||||||||||||||||||||||||||||||||||||||||||||||||||||||||||||||| 100%
     |
     | | 0%
     |
     |||||||||||||||||||||||| | 33%
     |
     |||||||||||||||||||||||||||||||||||||||||||||||||||||||||||||||||||||||| 100%
     |
     | | 0%
     |
     |||||||||||||||||||||||| | 33%
     |
     |||||||||||||||||||||||||||||||||||||||||||||||||||||||||||||||||||||||| 100%
     |
     | | 0%
     |
     |||||||||||||||||||||||| | 33%
     |
     |||||||||||||||||||||||||||||||||||||||||||||||||||||||||||||||||||||||| 100%
     |
     | | 0%
     |
     |||||||||||||||||||||||| | 33%
     |
     |||||||||||||||||||||||||||||||||||||||||||||||||||||||||||||||||||||||| 100%
     |
     | | 0%
     |
     |||||||||||||||||||||||| | 33%
     |
     |||||||||||||||||||||||||||||||||||||||||||||||||||||||||||||||||||||||| 100%
     |
     | | 0%
     |
     |||||||||||||||||||||||| | 33%
     |
     |||||||||||||||||||||||||||||||||||||||||||||||||||||||||||||||||||||||| 100%
     |
     | | 0%
     |
     |||||||||||||||||||||||| | 33%
     |
     |||||||||||||||||||||||||||||||||||||||||||||||||||||||||||||||||||||||| 100%
     |
     | | 0%
     |
     |||||||||||||||||||||||| | 33%
     |
     |||||||||||||||||||||||||||||||||||||||||||||||||||||||||||||||||||||||| 100%-- 1. Failure: Check randwin output with slidingwin and max (@testrandwin.R#39)
     round(rand[[1]]$deltaAICc[1], 1) == 1.7 isn't true.
    
     -- 2. Failure: Check randwin output with slidingwin and max (@testrandwin.R#41)
     round(rand[[1]]$ModelBeta[1], 1) == -0.3 isn't true.
    
    
     |
     | | 0%
     |
     |||||||||||||||||||||||| | 33%
     |
     |||||||||||||||||||||||||||||||||||||||||||||||||||||||||||||||||||||||| 100%
     |
     | | 0%
     |
     |||||||||||||||||||||||| | 33%
     |
     |||||||||||||||||||||||||||||||||||||||||||||||||||||||||||||||||||||||| 100%-- 3. Failure: Check randwin output with slidingwin and mean (@testrandwin.R#85)
     round(rand[[1]]$deltaAICc[1], 1) == 1.7 isn't true.
    
     -- 4. Failure: Check randwin output with slidingwin and mean (@testrandwin.R#87)
     round(rand[[1]]$ModelBeta[1], 1) == -0.3 isn't true.
    
    
     |
     | | 0%
     |
     |||||||||||||||||||||||| | 33%
     |
     |||||||||||||||||||||||||||||||||||||||||||||||||||||||||||||||||||||||| 100%
     |
     | | 0%
     |
     |||||||||||||||||||||||| | 33%
     |
     |||||||||||||||||||||||||||||||||||||||||||||||||||||||||||||||||||||||| 100%-- 5. Failure: Check randwin output works with spatial replication (@testrandwin
     round(rand[[1]]$deltaAICc[1], 1) == 1.7 isn't true.
    
     -- 6. Failure: Check randwin output works with spatial replication (@testrandwin
     round(rand[[1]]$ModelBeta[1], 1) == -0.3 isn't true.
    
     -- 7. Failure: Check randwin output with weightwin (@testrandwin.R#181) -------
     round(rand[[1]]$deltaAICc[1], 1) == 1.7 isn't true.
    
     -- 8. Failure: Check randwin output with weightwin (@testrandwin.R#182) -------
     round(rand[[1]]$ModelBeta[1], 1) == -0.3 isn't true.
    
     -- 9. Failure: Check randwin output with weightwin (@testrandwin.R#183) -------
     round(rand[[1]]$ModelInt[1], 0) == 132 isn't true.
    
    
     |
     | | 0%
     |
     ||||||||||||| | 17%
     |
     |||||||||||||||||||||||||||||||||||| | 50%
     |
     |||||||||||||||||||||||||||||||||||||||||||||||||||||||||||||||||||||||| 100%
     |
     | | 0%
     |
     |||||||||||||||||||||||| | 33%
     |
     |||||||||||||||||||||||||||||||||||||||||||||||||||||||||||||||||||||||| 100%
     |
     | | 0%
     |
     |||||||||||||||||||||||| | 33%
     |
     |||||||||||||||||||||||||||||||||||||||||||||||||||||||||||||||||||||||| 100%
     |
     | | 0%
     |
     |||||||||||||||||||||||| | 33%
     |
     |||||||||||||||||||||||||||||||||||||||||||||||||||||||||||||||||||||||| 100%
     |
     | | 0%
     |
     |||||||||||||||||||||||| | 33%
     |
     |||||||||||||||||||||||||||||||||||||||||||||||||||||||||||||||||||||||| 100%
     |
     | | 0%
     |
     |||||||||||||||||||||||| | 33%
     |
     |||||||||||||||||||||||||||||||||||||||||||||||||||||||||||||||||||||||| 100%
     |
     | | 0%
     |
     |||||||||||||||||||||||| | 33%
     |
     |||||||||||||||||||||||||||||||||||||||||||||||||||||||||||||||||||||||| 100%
     |
     | | 0%
     |
     |||||||||||||||||||||||| | 33%
     |
     |||||||||||||||||||||||||||||||||||||||||||||||||||||||||||||||||||||||| 100%
     |
     | | 0%
     |
     |||||||||||||||||||||||| | 33%
     |
     |||||||||||||||||||||||||||||||||||||||||||||||||||||||||||||||||||||||| 100%
     |
     | | 0%
     |
     |||||||||||||||||||||||| | 33%
     |
     |||||||||||||||||||||||||||||||||||||||||||||||||||||||||||||||||||||||| 100%
     |
     | | 0%
     |
     |||||||||||||||||||||||| | 33%
     |
     |||||||||||||||||||||||||||||||||||||||||||||||||||||||||||||||||||||||| 100%
     |
     | | 0%
     |
     |||||||||||||||||||||||| | 33%
     |
     |||||||||||||||||||||||||||||||||||||||||||||||||||||||||||||||||||||||| 100%
     |
     | | 0%
     |
     |||||||||||||||||||||||| | 33%
     |
     |||||||||||||||||||||||||||||||||||||||||||||||||||||||||||||||||||||||| 100%
     |
     | | 0%
     |
     |||||||||||||||||||||||| | 33%
     |
     |||||||||||||||||||||||||||||||||||||||||||||||||||||||||||||||||||||||| 100%
     |
     | | 0%
     |
     |||||||||||||||||||||||| | 33%
     |
     |||||||||||||||||||||||||||||||||||||||||||||||||||||||||||||||||||||||| 100%
     |
     | | 0%
     |
     |||||||||||||||||||||||||||||||||||||||||||||||||||||||||||||||||||||||| 100%
     |
     | | 0%
     |
     |||||||||||||||||||||||||||||||||||||||||||||||||||||||||||||||||||||||| 100%
     |
     | | 0%
     |
     ||||||||||||| | 17%
     |
     |||||||||||||||||||||||||||||||||||| | 50%
     |
     |||||||||||||||||||||||||||||||||||||||||||||||||||||||||||||||||||||||| 100%
     |
     | | 0%
     |
     ||||||||||||| | 17%
     |
     |||||||||||||||||||||||||||||||||||| | 50%
     |
     |||||||||||||||||||||||||||||||||||||||||||||||||||||||||||||||||||||||| 100%
     |
     | | 0%
     |
     ||||||||||||| | 17%
     |
     |||||||||||||||||||||||||||||||||||| | 50%
     |
     |||||||||||||||||||||||||||||||||||||||||||||||||||||||||||||||||||||||| 100%
     |
     | | 0%
     |
     ||||||||||||| | 17%
     |
     |||||||||||||||||||||||||||||||||||| | 50%
     |
     |||||||||||||||||||||||||||||||||||||||||||||||||||||||||||||||||||||||| 100%
     |
     | | 0%
     |
     |||||||||||||||||||||||| | 33%
     |
     |||||||||||||||||||||||||||||||||||||||||||||||||||||||||||||||||||||||| 100%
     |
     | | 0%
     |
     |||||||||||||||||||||||| | 33%
     |
     |||||||||||||||||||||||||||||||||||||||||||||||||||||||||||||||||||||||| 100%
     |
     | | 0%
     |
     ||||||||||||| | 17%
     |
     |||||||||||||||||||||||||||||||||||| | 50%
     |
     |||||||||||||||||||||||||||||||||||||||||||||||||||||||||||||||||||||||| 100%
     |
     | | 0%
     |
     ||||||||||||| | 17%
     |
     |||||||||||||||||||||||||||||||||||| | 50%
     |
     |||||||||||||||||||||||||||||||||||||||||||||||||||||||||||||||||||||||| 100%
     |
     | | 0%
     |
     |||||||||||||||||||||||| | 33%
     |
     |||||||||||||||||||||||||||||||||||||||||||||||||||||||||||||||||||||||| 100%-- 10. Failure: lmer [lme4] models can run in slidingwin with cross-validation (
     round(test[[1]]$Dataset$deltaAICc[1], 1) == -26.3 isn't true.
    
    
     |
     | | 0%
     |
     |||||||||||||||||||||||| | 33%
     |
     |||||||||||||||||||||||||||||||||||||||||||||||||||||||||||||||||||||||| 100%
     |
     | | 0%
     |
     |||||||||||||||||||||||| | 33%
     |
     |||||||||||||||||||||||||||||||||||||||||||||||||||||||||||||||||||||||| 100%-- 11. Failure: glmer [lme4] models can run in slidingwin with cross-validation
     round(test[[1]]$Dataset$deltaAICc[1], 1) == -6.5 isn't true.
    
    
     |
     | | 0%
     |
     ||||||||||||| | 17%
     |
     |||||||||||||||||||||||||||||||||||| | 50%
     |
     |||||||||||||||||||||||||||||||||||||||||||||||||||||||||||||||||||||||| 100%
     |
     | | 0%
     |
     ||||||||||||| | 17%
     |
     |||||||||||||||||||||||||||||||||||| | 50%
     |
     |||||||||||||||||||||||||||||||||||||||||||||||||||||||||||||||||||||||| 100%
     |
     | | 0%
     |
     ||||||||||||| | 17%
     |
     |||||||||||||||||||||||||||||||||||| | 50%
     |
     |||||||||||||||||||||||||||||||||||||||||||||||||||||||||||||||||||||||| 100%
     |
     | | 0%
     |
     ||||||||||||| | 17%
     |
     |||||||||||||||||||||||||||||||||||| | 50%
     |
     |||||||||||||||||||||||||||||||||||||||||||||||||||||||||||||||||||||||| 100%
     |
     | | 0%
     |
     |||||||||||||||||||||||| | 33%
     |
     |||||||||||||||||||||||||||||||||||||||||||||||||||||||||||||||||||||||| 100%
     |
     | | 0%
     |
     ||||||||||||| | 17%
     |
     |||||||||||||||||||||||||||||||||||| | 50%
     |
     |||||||||||||||||||||||||||||||||||||||||||||||||||||||||||||||||||||||| 100%
     |
     | | 0%
     |
     ||||||||||||| | 17%
     |
     |||||||||||||||||||||||||||||||||||| | 50%
     |
     |||||||||||||||||||||||||||||||||||||||||||||||||||||||||||||||||||||||| 100%
     |
     | | 0%
     |
     ||||||||||||| | 17%
     |
     |||||||||||||||||||||||||||||||||||| | 50%
     |
     |||||||||||||||||||||||||||||||||||||||||||||||||||||||||||||||||||||||| 100%
     |
     | | 0%
     |
     ||||||||||||| | 17%
     |
     |||||||||||||||||||||||||||||||||||| | 50%
     |
     |||||||||||||||||||||||||||||||||||||||||||||||||||||||||||||||||||||||| 100%
     |
     | | 0%
     |
     ||||||||||||| | 17%
     |
     |||||||||||||||||||||||||||||||||||| | 50%
     |
     |||||||||||||||||||||||||||||||||||||||||||||||||||||||||||||||||||||||| 100%
     |
     | | 0%
     |
     ||||||||||||| | 17%
     |
     |||||||||||||||||||||||||||||||||||| | 50%
     |
     |||||||||||||||||||||||||||||||||||||||||||||||||||||||||||||||||||||||| 100%
     |
     | | 0%
     |
     ||||||||||||| | 17%
     |
     |||||||||||||||||||||||||||||||||||| | 50%
     |
     |||||||||||||||||||||||||||||||||||||||||||||||||||||||||||||||||||||||| 100%
     |
     | | 0%
     |
     ||||||||||||| | 17%
     |
     |||||||||||||||||||||||||||||||||||| | 50%
     |
     |||||||||||||||||||||||||||||||||||||||||||||||||||||||||||||||||||||||| 100%
     |
     | | 0%
     |
     ||||||||||||| | 17%
     |
     |||||||||||||||||||||||||||||||||||| | 50%
     |
     |||||||||||||||||||||||||||||||||||||||||||||||||||||||||||||||||||||||| 100%
     |
     | | 0%
     |
     ||||||||||||| | 17%
     |
     |||||||||||||||||||||||||||||||||||| | 50%
     |
     |||||||||||||||||||||||||||||||||||||||||||||||||||||||||||||||||||||||| 100%
     |
     | | 0%
     |
     ||||||||||||| | 17%
     |
     |||||||||||||||||||||||||||||||||||| | 50%
     |
     |||||||||||||||||||||||||||||||||||||||||||||||||||||||||||||||||||||||| 100%
     |
     | | 0%
     |
     ||||||||||||| | 17%
     |
     |||||||||||||||||||||||||||||||||||| | 50%
     |
     |||||||||||||||||||||||||||||||||||||||||||||||||||||||||||||||||||||||| 100%
     |
     | | 0%
     |
     ||||||||||||| | 17%
     |
     |||||||||||||||||||||||||||||||||||| | 50%
     |
     |||||||||||||||||||||||||||||||||||||||||||||||||||||||||||||||||||||||| 100%
     |
     | | 0%
     |
     ||||||||||||| | 17%
     |
     |||||||||||||||||||||||||||||||||||| | 50%
     |
     |||||||||||||||||||||||||||||||||||||||||||||||||||||||||||||||||||||||| 100%
     |
     | | 0%
     |
     ||||||||||||| | 17%
     |
     |||||||||||||||||||||||||||||||||||| | 50%
     |
     |||||||||||||||||||||||||||||||||||||||||||||||||||||||||||||||||||||||| 100%
     |
     | | 0%
     |
     ||||||||||||| | 17%
     |
     |||||||||||||||||||||||||||||||||||| | 50%
     |
     |||||||||||||||||||||||||||||||||||||||||||||||||||||||||||||||||||||||| 100%
     |
     | | 0%
     |
     ||||||||||||| | 17%
     |
     |||||||||||||||||||||||||||||||||||| | 50%
     |
     |||||||||||||||||||||||||||||||||||||||||||||||||||||||||||||||||||||||| 100%
     |
     | | 0%
     |
     ||||||||||||| | 17%
     |
     |||||||||||||||||||||||||||||||||||| | 50%
     |
     |||||||||||||||||||||||||||||||||||||||||||||||||||||||||||||||||||||||| 100%
     |
     | | 0%
     |
     ||||||||||||| | 17%
     |
     |||||||||||||||||||||||||||||||||||| | 50%
     |
     |||||||||||||||||||||||||||||||||||||||||||||||||||||||||||||||||||||||| 100%
     |
     | | 0%
     |
     ||||||||||||| | 17%
     |
     |||||||||||||||||||||||||||||||||||| | 50%
     |
     |||||||||||||||||||||||||||||||||||||||||||||||||||||||||||||||||||||||| 100%
     |
     | | 0%
     |
     ||||||||||||| | 17%
     |
     |||||||||||||||||||||||||||||||||||| | 50%
     |
     |||||||||||||||||||||||||||||||||||||||||||||||||||||||||||||||||||||||| 100%-- 12. Failure: weightwin works properly with k (@testweightwin.R#109) --------
     round(test$WeightedOutput$deltaAICc, 1) == -1.9 isn't true.
    
     == testthat results ===========================================================
     [ OK: 785 | SKIPPED: 0 | WARNINGS: 3 | FAILED: 12 ]
     1. Failure: Check randwin output with slidingwin and max (@testrandwin.R#39)
     2. Failure: Check randwin output with slidingwin and max (@testrandwin.R#41)
     3. Failure: Check randwin output with slidingwin and mean (@testrandwin.R#85)
     4. Failure: Check randwin output with slidingwin and mean (@testrandwin.R#87)
     5. Failure: Check randwin output works with spatial replication (@testrandwin.R#135)
     6. Failure: Check randwin output works with spatial replication (@testrandwin.R#137)
     7. Failure: Check randwin output with weightwin (@testrandwin.R#181)
     8. Failure: Check randwin output with weightwin (@testrandwin.R#182)
     9. Failure: Check randwin output with weightwin (@testrandwin.R#183)
     1. ...
    
     Error: testthat unit tests failed
     Execution halted
Flavor: r-oldrel-windows-ix86+x86_64

Version: 1.2.2
Check: tests
Result: ERROR
     Running ‘testthat.R’ [99s/99s]
    Running the tests in ‘tests/testthat.R’ failed.
    Last 13 lines of output:
     ══ testthat results ═══════════════════════════════════════════════════════════
     [ OK: 785 | SKIPPED: 0 | WARNINGS: 3 | FAILED: 12 ]
     1. Failure: Check randwin output with slidingwin and max (@testrandwin.R#39)
     2. Failure: Check randwin output with slidingwin and max (@testrandwin.R#41)
     3. Failure: Check randwin output with slidingwin and mean (@testrandwin.R#85)
     4. Failure: Check randwin output with slidingwin and mean (@testrandwin.R#87)
     5. Failure: Check randwin output works with spatial replication (@testrandwin.R#135)
     6. Failure: Check randwin output works with spatial replication (@testrandwin.R#137)
     7. Failure: Check randwin output with weightwin (@testrandwin.R#181)
     8. Failure: Check randwin output with weightwin (@testrandwin.R#182)
     9. Failure: Check randwin output with weightwin (@testrandwin.R#183)
     1. ...
    
     Error: testthat unit tests failed
     Execution halted
Flavor: r-oldrel-osx-x86_64