CRAN Package Check Results for Package climwin

Last updated on 2022-08-08 08:50:49 CEST.

Flavor Version Tinstall Tcheck Ttotal Status Flags
r-devel-linux-x86_64-debian-clang 1.2.3 23.82 272.11 295.93 OK
r-devel-linux-x86_64-debian-gcc 1.2.3 18.24 201.70 219.94 OK
r-devel-linux-x86_64-fedora-clang 1.2.3 354.05 OK
r-devel-linux-x86_64-fedora-gcc 1.2.3 353.21 OK
r-devel-windows-x86_64 1.2.3 40.00 252.00 292.00 OK
r-patched-linux-x86_64 1.2.3 24.26 261.45 285.71 OK
r-release-linux-x86_64 1.2.3 OK
r-release-macos-arm64 1.2.3 103.00 OK
r-release-macos-x86_64 1.2.3 177.00 OK
r-release-windows-x86_64 1.2.3 41.00 304.00 345.00 OK
r-oldrel-macos-arm64 1.2.3 134.00 OK
r-oldrel-macos-x86_64 1.2.3 207.00 OK
r-oldrel-windows-ix86+x86_64 1.2.3 46.00 296.00 342.00 ERROR

Check Details

Version: 1.2.3
Check: tests
Result: ERROR
     Running 'testthat.R' [101s]
    Running the tests in 'tests/testthat.R' failed.
    Complete output:
     > library(testthat)
     > library(climwin)
     Loading required package: ggplot2
     Loading required package: gridExtra
     Loading required package: Matrix
     >
     > test_check("climwin")
    
     |
     | | 0%
     |
     |||||||||||||||||||||||| | 33%
     |
     |||||||||||||||||||||||||||||||||||||||||||||||||||||||||||||||||||||||| 100%
     |
     | | 0%
     |
     |||||||||||||||||||||||| | 33%
     |
     |||||||||||||||||||||||||||||||||||||||||||||||||||||||||||||||||||||||| 100%
     |
     | | 0%
     |
     |||||||||||||||||||||||| | 33%
     |
     |||||||||||||||||||||||||||||||||||||||||||||||||||||||||||||||||||||||| 100%
     |
     | | 0%
     |
     |||||||||||||||||||||||| | 33%
     |
     |||||||||||||||||||||||||||||||||||||||||||||||||||||||||||||||||||||||| 100%
     |
     | | 0%
     |
     |||||||||||||||||||||||| | 33%
     |
     |||||||||||||||||||||||||||||||||||||||||||||||||||||||||||||||||||||||| 100%
     |
     | | 0%
     |
     |||||||||||||||||||||||| | 33%
     |
     |||||||||||||||||||||||||||||||||||||||||||||||||||||||||||||||||||||||| 100%
     |
     | | 0%
     |
     |||||||||||||||||||||||| | 33%
     |
     |||||||||||||||||||||||||||||||||||||||||||||||||||||||||||||||||||||||| 100%
     |
     | | 0%
     |
     |||||||||||||||||||||||| | 33%
     |
     |||||||||||||||||||||||||||||||||||||||||||||||||||||||||||||||||||||||| 100%
     |
     | | 0%
     |
     |||||||||||||||||||||||| | 33%
     |
     |||||||||||||||||||||||||||||||||||||||||||||||||||||||||||||||||||||||| 100%
     |
     | | 0%
     |
     |||||||||||||||||||||||| | 33%
     |
     |||||||||||||||||||||||||||||||||||||||||||||||||||||||||||||||||||||||| 100%
     |
     | | 0%
     |
     |||||||||||||||||||||||| | 33%
     |
     |||||||||||||||||||||||||||||||||||||||||||||||||||||||||||||||||||||||| 100%
     |
     | | 0%
     |
     |||||||||||||||||||||||| | 33%
     |
     |||||||||||||||||||||||||||||||||||||||||||||||||||||||||||||||||||||||| 100%
     |
     | | 0%
     |
     |||||||||||||||||||||||| | 33%
     |
     |||||||||||||||||||||||||||||||||||||||||||||||||||||||||||||||||||||||| 100%
     |
     | | 0%
     |
     |||||||||||||||||||||||| | 33%
     |
     |||||||||||||||||||||||||||||||||||||||||||||||||||||||||||||||||||||||| 100%
     |
     | | 0%
     |
     |||||||||||||||||||||||| | 33%
     |
     |||||||||||||||||||||||||||||||||||||||||||||||||||||||||||||||||||||||| 100%
     |
     | | 0%
     |
     |||||||||||||||||||||||| | 33%
     |
     |||||||||||||||||||||||||||||||||||||||||||||||||||||||||||||||||||||||| 100%
     |
     | | 0%
     |
     |||||||||||||||||||||||| | 33%
     |
     |||||||||||||||||||||||||||||||||||||||||||||||||||||||||||||||||||||||| 100%
     |
     | | 0%
     |
     |||||||||||||||||||||||| | 33%
     |
     |||||||||||||||||||||||||||||||||||||||||||||||||||||||||||||||||||||||| 100%
     |
     | | 0%
     |
     |||||||||||||||||||||||| | 33%
     |
     |||||||||||||||||||||||||||||||||||||||||||||||||||||||||||||||||||||||| 100%
     |
     | | 0%
     |
     |||||||||||||||||||||||| | 33%
     |
     |||||||||||||||||||||||||||||||||||||||||||||||||||||||||||||||||||||||| 100%
     |
     | | 0%
     |
     |||||||||||||||||||||||| | 33%
     |
     |||||||||||||||||||||||||||||||||||||||||||||||||||||||||||||||||||||||| 100%
     |
     | | 0%
     |
     |||||||||||||||||||||||| | 33%
     |
     |||||||||||||||||||||||||||||||||||||||||||||||||||||||||||||||||||||||| 100%
     |
     | | 0%
     |
     |||||||||||||||||||||||| | 33%
     |
     |||||||||||||||||||||||||||||||||||||||||||||||||||||||||||||||||||||||| 100%
     |
     | | 0%
     |
     |||||||||||||||||||||||| | 33%
     |
     |||||||||||||||||||||||||||||||||||||||||||||||||||||||||||||||||||||||| 100%
     |
     | | 0%
     |
     |||||||||||||||||||||||| | 33%
     |
     |||||||||||||||||||||||||||||||||||||||||||||||||||||||||||||||||||||||| 100%
     |
     | | 0%
     |
     |||||||||||||||||||||||| | 33%
     |
     |||||||||||||||||||||||||||||||||||||||||||||||||||||||||||||||||||||||| 100%
     |
     | | 0%
     |
     |||||||||||||||||||||||| | 33%
     |
     |||||||||||||||||||||||||||||||||||||||||||||||||||||||||||||||||||||||| 100%
     |
     | | 0%
     |
     |||||||||||||||||||||||| | 33%
     |
     |||||||||||||||||||||||||||||||||||||||||||||||||||||||||||||||||||||||| 100%
     |
     | | 0%
     |
     |||||||||||||||||||||||| | 33%
     |
     |||||||||||||||||||||||||||||||||||||||||||||||||||||||||||||||||||||||| 100%
     |
     | | 0%
     |
     |||||||||||||||||||||||| | 33%
     |
     |||||||||||||||||||||||||||||||||||||||||||||||||||||||||||||||||||||||| 100%
     |
     | | 0%
     |
     |||||||||||||||||||||||| | 33%
     |
     |||||||||||||||||||||||||||||||||||||||||||||||||||||||||||||||||||||||| 100%
     |
     | | 0%
     |
     |||||||||||||||||||||||| | 33%
     |
     |||||||||||||||||||||||||||||||||||||||||||||||||||||||||||||||||||||||| 100%
     |
     | | 0%
     |
     |||||||||||||||||||||||| | 33%
     |
     |||||||||||||||||||||||||||||||||||||||||||||||||||||||||||||||||||||||| 100%
     |
     | | 0%
     |
     ||||||||||||| | 17%
     |
     |||||||||||||||||||||||||||||||||||| | 50%
     |
     |||||||||||||||||||||||||||||||||||||||||||||||||||||||||||||||||||||||| 100%
     |
     | | 0%
     |
     |||||||||||||||||||||||| | 33%
     |
     |||||||||||||||||||||||||||||||||||||||||||||||||||||||||||||||||||||||| 100%
     |
     | | 0%
     |
     |||||||||||||||||||||||| | 33%
     |
     |||||||||||||||||||||||||||||||||||||||||||||||||||||||||||||||||||||||| 100%
     |
     | | 0%
     |
     |||||||||||||||||||||||| | 33%
     |
     |||||||||||||||||||||||||||||||||||||||||||||||||||||||||||||||||||||||| 100%
     |
     | | 0%
     |
     |||||||||||||||||||||||| | 33%
     |
     |||||||||||||||||||||||||||||||||||||||||||||||||||||||||||||||||||||||| 100%
     |
     | | 0%
     |
     |||||||||||||||||||||||| | 33%
     |
     |||||||||||||||||||||||||||||||||||||||||||||||||||||||||||||||||||||||| 100%
     |
     | | 0%
     |
     |||||||||||||||||||||||| | 33%
     |
     |||||||||||||||||||||||||||||||||||||||||||||||||||||||||||||||||||||||| 100%
     |
     | | 0%
     |
     |||||||||||||||||||||||| | 33%
     |
     |||||||||||||||||||||||||||||||||||||||||||||||||||||||||||||||||||||||| 100%
     |
     | | 0%
     |
     |||||||||||||||||||||||| | 33%
     |
     |||||||||||||||||||||||||||||||||||||||||||||||||||||||||||||||||||||||| 100%
     |
     | | 0%
     |
     |||||||||||||||||||||||| | 33%
     |
     |||||||||||||||||||||||||||||||||||||||||||||||||||||||||||||||||||||||| 100%
     |
     | | 0%
     |
     |||||||||||||||||||||||| | 33%
     |
     |||||||||||||||||||||||||||||||||||||||||||||||||||||||||||||||||||||||| 100%
     |
     | | 0%
     |
     |||||||||||||||||||||||| | 33%
     |
     |||||||||||||||||||||||||||||||||||||||||||||||||||||||||||||||||||||||| 100%
     |
     | | 0%
     |
     |||||||||||||||||||||||| | 33%
     |
     |||||||||||||||||||||||||||||||||||||||||||||||||||||||||||||||||||||||| 100%
     |
     | | 0%
     |
     |||||||||||||||||||||||| | 33%
     |
     |||||||||||||||||||||||||||||||||||||||||||||||||||||||||||||||||||||||| 100%
     |
     | | 0%
     |
     |||||||||||||||||||||||| | 33%
     |
     |||||||||||||||||||||||||||||||||||||||||||||||||||||||||||||||||||||||| 100%
     |
     | | 0%
     |
     |||||||||||||||||||||||||||||||||||||||||||||||||||||||||||||||||||||||| 100%
     |
     | | 0%
     |
     |||||||||||||||||||||||||||||||||||||||||||||||||||||||||||||||||||||||| 100%
     |
     | | 0%
     |
     ||||||||||||| | 17%
     |
     |||||||||||||||||||||||||||||||||||| | 50%
     |
     |||||||||||||||||||||||||||||||||||||||||||||||||||||||||||||||||||||||| 100%
     |
     | | 0%
     |
     ||||||||||||| | 17%
     |
     |||||||||||||||||||||||||||||||||||| | 50%
     |
     |||||||||||||||||||||||||||||||||||||||||||||||||||||||||||||||||||||||| 100%
     |
     | | 0%
     |
     ||||||||||||| | 17%
     |
     |||||||||||||||||||||||||||||||||||| | 50%
     |
     |||||||||||||||||||||||||||||||||||||||||||||||||||||||||||||||||||||||| 100%
     |
     | | 0%
     |
     ||||||||||||| | 17%
     |
     |||||||||||||||||||||||||||||||||||| | 50%
     |
     |||||||||||||||||||||||||||||||||||||||||||||||||||||||||||||||||||||||| 100%
     |
     | | 0%
     |
     |||||||||||||||||||||||| | 33%
     |
     |||||||||||||||||||||||||||||||||||||||||||||||||||||||||||||||||||||||| 100%
     |
     | | 0%
     |
     |||||||||||||||||||||||| | 33%
     |
     |||||||||||||||||||||||||||||||||||||||||||||||||||||||||||||||||||||||| 100%
     |
     | | 0%
     |
     ||||||||||||| | 17%
     |
     |||||||||||||||||||||||||||||||||||| | 50%
     |
     |||||||||||||||||||||||||||||||||||||||||||||||||||||||||||||||||||||||| 100%
     |
     | | 0%
     |
     ||||||||||||| | 17%
     |
     |||||||||||||||||||||||||||||||||||| | 50%
     |
     |||||||||||||||||||||||||||||||||||||||||||||||||||||||||||||||||||||||| 100%
     |
     | | 0%
     |
     |||||||||||||||||||||||| | 33%
     |
     |||||||||||||||||||||||||||||||||||||||||||||||||||||||||||||||||||||||| 100%
     |
     | | 0%
     |
     |||||||||||||||||||||||| | 33%
     |
     |||||||||||||||||||||||||||||||||||||||||||||||||||||||||||||||||||||||| 100%
     |
     | | 0%
     |
     |||||||||||||||||||||||| | 33%
     |
     |||||||||||||||||||||||||||||||||||||||||||||||||||||||||||||||||||||||| 100%
     |
     | | 0%
     |
     ||||||||||||| | 17%
     |
     |||||||||||||||||||||||||||||||||||| | 50%
     |
     |||||||||||||||||||||||||||||||||||||||||||||||||||||||||||||||||||||||| 100%
     |
     | | 0%
     |
     ||||||||||||| | 17%
     |
     |||||||||||||||||||||||||||||||||||| | 50%
     |
     |||||||||||||||||||||||||||||||||||||||||||||||||||||||||||||||||||||||| 100%
     |
     | | 0%
     |
     ||||||||||||| | 17%
     |
     |||||||||||||||||||||||||||||||||||| | 50%
     |
     |||||||||||||||||||||||||||||||||||||||||||||||||||||||||||||||||||||||| 100%
     |
     | | 0%
     |
     ||||||||||||| | 17%
     |
     |||||||||||||||||||||||||||||||||||| | 50%
     |
     |||||||||||||||||||||||||||||||||||||||||||||||||||||||||||||||||||||||| 100%
     |
     | | 0%
     |
     |||||||||||||||||||||||| | 33%
     |
     |||||||||||||||||||||||||||||||||||||||||||||||||||||||||||||||||||||||| 100%
     |
     | | 0%
     |
     ||||||||||||| | 17%
     |
     |||||||||||||||||||||||||||||||||||| | 50%
     |
     |||||||||||||||||||||||||||||||||||||||||||||||||||||||||||||||||||||||| 100%
     |
     | | 0%
     |
     ||||||||||||| | 17%
     |
     |||||||||||||||||||||||||||||||||||| | 50%
     |
     |||||||||||||||||||||||||||||||||||||||||||||||||||||||||||||||||||||||| 100%
     |
     | | 0%
     |
     ||||||||||||| | 17%
     |
     |||||||||||||||||||||||||||||||||||| | 50%
     |
     |||||||||||||||||||||||||||||||||||||||||||||||||||||||||||||||||||||||| 100%
     |
     | | 0%
     |
     ||||||||||||| | 17%
     |
     |||||||||||||||||||||||||||||||||||| | 50%
     |
     |||||||||||||||||||||||||||||||||||||||||||||||||||||||||||||||||||||||| 100%
     |
     | | 0%
     |
     ||||||||||||| | 17%
     |
     |||||||||||||||||||||||||||||||||||| | 50%
     |
     |||||||||||||||||||||||||||||||||||||||||||||||||||||||||||||||||||||||| 100%
     |
     | | 0%
     |
     ||||||||||||| | 17%
     |
     |||||||||||||||||||||||||||||||||||| | 50%
     |
     |||||||||||||||||||||||||||||||||||||||||||||||||||||||||||||||||||||||| 100%
     |
     | | 0%
     |
     ||||||||||||| | 17%
     |
     |||||||||||||||||||||||||||||||||||| | 50%
     |
     |||||||||||||||||||||||||||||||||||||||||||||||||||||||||||||||||||||||| 100%
     |
     | | 0%
     |
     ||||||||||||| | 17%
     |
     |||||||||||||||||||||||||||||||||||| | 50%
     |
     |||||||||||||||||||||||||||||||||||||||||||||||||||||||||||||||||||||||| 100%
     |
     | | 0%
     |
     ||||||||||||| | 17%
     |
     |||||||||||||||||||||||||||||||||||| | 50%
     |
     |||||||||||||||||||||||||||||||||||||||||||||||||||||||||||||||||||||||| 100%
     |
     | | 0%
     |
     ||||||||||||| | 17%
     |
     |||||||||||||||||||||||||||||||||||| | 50%
     |
     |||||||||||||||||||||||||||||||||||||||||||||||||||||||||||||||||||||||| 100%
     |
     | | 0%
     |
     ||||||||||||| | 17%
     |
     |||||||||||||||||||||||||||||||||||| | 50%
     |
     |||||||||||||||||||||||||||||||||||||||||||||||||||||||||||||||||||||||| 100%
     |
     | | 0%
     |
     ||||||||||||| | 17%
     |
     |||||||||||||||||||||||||||||||||||| | 50%
     |
     |||||||||||||||||||||||||||||||||||||||||||||||||||||||||||||||||||||||| 100%
     |
     | | 0%
     |
     ||||||||||||| | 17%
     |
     |||||||||||||||||||||||||||||||||||| | 50%
     |
     |||||||||||||||||||||||||||||||||||||||||||||||||||||||||||||||||||||||| 100%
     |
     | | 0%
     |
     ||||||||||||| | 17%
     |
     |||||||||||||||||||||||||||||||||||| | 50%
     |
     |||||||||||||||||||||||||||||||||||||||||||||||||||||||||||||||||||||||| 100%
     |
     | | 0%
     |
     ||||||||||||| | 17%
     |
     |||||||||||||||||||||||||||||||||||| | 50%
     |
     |||||||||||||||||||||||||||||||||||||||||||||||||||||||||||||||||||||||| 100%
     |
     | | 0%
     |
     ||||||||||||| | 17%
     |
     |||||||||||||||||||||||||||||||||||| | 50%
     |
     |||||||||||||||||||||||||||||||||||||||||||||||||||||||||||||||||||||||| 100%
     |
     | | 0%
     |
     ||||||||||||| | 17%
     |
     |||||||||||||||||||||||||||||||||||| | 50%
     |
     |||||||||||||||||||||||||||||||||||||||||||||||||||||||||||||||||||||||| 100%
     |
     | | 0%
     |
     ||||||||||||| | 17%
     |
     |||||||||||||||||||||||||||||||||||| | 50%
     |
     |||||||||||||||||||||||||||||||||||||||||||||||||||||||||||||||||||||||| 100%
     |
     | | 0%
     |
     ||||||||||||| | 17%
     |
     |||||||||||||||||||||||||||||||||||| | 50%
     |
     |||||||||||||||||||||||||||||||||||||||||||||||||||||||||||||||||||||||| 100%
     |
     | | 0%
     |
     ||||||||||||| | 17%
     |
     |||||||||||||||||||||||||||||||||||| | 50%
     |
     |||||||||||||||||||||||||||||||||||||||||||||||||||||||||||||||||||||||| 100%
     |
     | | 0%
     |
     ||||||||||||| | 17%
     |
     |||||||||||||||||||||||||||||||||||| | 50%
     |
     |||||||||||||||||||||||||||||||||||||||||||||||||||||||||||||||||||||||| 100%[ FAIL 1 | WARN 3 | SKIP 3 | PASS 796 ]
    
     == Skipped tests ===============================================================
     * empty test (3)
    
     == Failed tests ================================================================
     -- Failure (testpvalue.R:23:3): pvalue produces Pc metric ----------------------
     round(testpvalue, 2) == 0.96 is not TRUE
    
     `actual`: FALSE
     `expected`: TRUE
    
     [ FAIL 1 | WARN 3 | SKIP 3 | PASS 796 ]
     Error: Test failures
     Execution halted
Flavor: r-oldrel-windows-ix86+x86_64