CRAN Package Check Results for Package climwin

Last updated on 2020-02-21 01:46:30 CET.

Flavor Version Tinstall Tcheck Ttotal Status Flags
r-devel-linux-x86_64-debian-clang 1.2.2 20.25 222.84 243.09 ERROR
r-devel-linux-x86_64-debian-gcc 1.2.2 17.85 172.88 190.73 OK
r-devel-linux-x86_64-fedora-clang 1.2.2 300.40 OK
r-devel-linux-x86_64-fedora-gcc 1.2.2 289.48 OK
r-devel-windows-ix86+x86_64 1.2.2 32.00 229.00 261.00 OK
r-devel-windows-ix86+x86_64-gcc8 1.2.2 38.00 307.00 345.00 OK
r-patched-linux-x86_64 1.2.2 16.74 205.61 222.35 OK
r-patched-solaris-x86 1.2.2 386.90 OK
r-release-linux-x86_64 1.2.2 15.42 206.46 221.88 OK
r-release-windows-ix86+x86_64 1.2.2 30.00 229.00 259.00 OK
r-release-osx-x86_64 1.2.2 OK
r-oldrel-windows-ix86+x86_64 1.2.2 26.00 243.00 269.00 ERROR
r-oldrel-osx-x86_64 1.2.2 ERROR

Check Details

Version: 1.2.2
Check: tests
Result: ERROR
     Running 'testthat.R' [66s/74s]
    Running the tests in 'tests/testthat.R' failed.
    Complete output:
     > library(testthat)
     > library(climwin)
     Loading required package: ggplot2
     Loading required package: gridExtra
     Loading required package: Matrix
     >
     > test_check("climwin")
    
     |
     | | 0%
     |
     |||||||||||||||||||||||| | 33%
     |
     |||||||||||||||||||||||||||||||||||||||||||||||||||||||||||||||||||||||| 100%-- 1. Error: Spatial replication works with autowin (@testautowin.R#58) -------
     arguments imply differing number of rows: 35064, 0
     Backtrace:
     1. climwin::singlewin(...)
     2. base::data.frame(Date = cintno, spatial = climspatial)
    
    
     |
     | | 0%
     |
     |||||||||||||||||||||||| | 33%
     |
     |||||||||||||||||||||||||||||||||||||||||||||||||||||||||||||||||||||||| 100%-- 2. Error: Spatial replication works with crosswin (@testcrosswin.R#49) -----
     arguments imply differing number of rows: 35064, 0
     Backtrace:
     1. climwin::crosswin(...)
     2. climwin:::convertdate(...)
     3. base::data.frame(Date = cintno, spatial = climspatial)
    
    
     |
     | | 0%
     |
     |||||||||||||||||||||||| | 33%
     |
     |||||||||||||||||||||||||||||||||||||||||||||||||||||||||||||||||||||||| 100%
     |
     | | 0%
     |
     |||||||||||||||||||||||| | 33%
     |
     |||||||||||||||||||||||||||||||||||||||||||||||||||||||||||||||||||||||| 100%
     |
     | | 0%
     |
     |||||||||||||||||||||||| | 33%
     |
     |||||||||||||||||||||||||||||||||||||||||||||||||||||||||||||||||||||||| 100%
     |
     | | 0%
     |
     |||||||||||||||||||||||| | 33%
     |
     |||||||||||||||||||||||||||||||||||||||||||||||||||||||||||||||||||||||| 100%
     |
     | | 0%
     |
     |||||||||||||||||||||||| | 33%
     |
     |||||||||||||||||||||||||||||||||||||||||||||||||||||||||||||||||||||||| 100%
     |
     | | 0%
     |
     |||||||||||||||||||||||| | 33%
     |
     |||||||||||||||||||||||||||||||||||||||||||||||||||||||||||||||||||||||| 100%
     |
     | | 0%
     |
     |||||||||||||||||||||||| | 33%
     |
     |||||||||||||||||||||||||||||||||||||||||||||||||||||||||||||||||||||||| 100%
     |
     | | 0%
     |
     |||||||||||||||||||||||| | 33%
     |
     |||||||||||||||||||||||||||||||||||||||||||||||||||||||||||||||||||||||| 100%
     |
     | | 0%
     |
     |||||||||||||||||||||||| | 33%
     |
     |||||||||||||||||||||||||||||||||||||||||||||||||||||||||||||||||||||||| 100%
     |
     | | 0%
     |
     |||||||||||||||||||||||| | 33%
     |
     |||||||||||||||||||||||||||||||||||||||||||||||||||||||||||||||||||||||| 100%
     |
     | | 0%
     |
     |||||||||||||||||||||||| | 33%
     |
     |||||||||||||||||||||||||||||||||||||||||||||||||||||||||||||||||||||||| 100%
     |
     | | 0%
     |
     |||||||||||||||||||||||| | 33%
     |
     |||||||||||||||||||||||||||||||||||||||||||||||||||||||||||||||||||||||| 100%
     |
     | | 0%
     |
     |||||||||||||||||||||||| | 33%
     |
     |||||||||||||||||||||||||||||||||||||||||||||||||||||||||||||||||||||||| 100%
     |
     | | 0%
     |
     |||||||||||||||||||||||| | 33%
     |
     |||||||||||||||||||||||||||||||||||||||||||||||||||||||||||||||||||||||| 100%
     |
     | | 0%
     |
     |||||||||||||||||||||||| | 33%
     |
     |||||||||||||||||||||||||||||||||||||||||||||||||||||||||||||||||||||||| 100%
     |
     | | 0%
     |
     |||||||||||||||||||||||| | 33%
     |
     |||||||||||||||||||||||||||||||||||||||||||||||||||||||||||||||||||||||| 100%
     |
     | | 0%
     |
     |||||||||||||||||||||||| | 33%
     |
     |||||||||||||||||||||||||||||||||||||||||||||||||||||||||||||||||||||||| 100%
     |
     | | 0%
     |
     |||||||||||||||||||||||| | 33%
     |
     |||||||||||||||||||||||||||||||||||||||||||||||||||||||||||||||||||||||| 100%
     |
     | | 0%
     |
     |||||||||||||||||||||||| | 33%
     |
     |||||||||||||||||||||||||||||||||||||||||||||||||||||||||||||||||||||||| 100%
     |
     | | 0%
     |
     |||||||||||||||||||||||| | 33%
     |
     |||||||||||||||||||||||||||||||||||||||||||||||||||||||||||||||||||||||| 100%
     |
     | | 0%
     |
     |||||||||||||||||||||||| | 33%
     |
     |||||||||||||||||||||||||||||||||||||||||||||||||||||||||||||||||||||||| 100%
     |
     | | 0%
     |
     |||||||||||||||||||||||| | 33%
     |
     |||||||||||||||||||||||||||||||||||||||||||||||||||||||||||||||||||||||| 100%
     |
     | | 0%
     |
     |||||||||||||||||||||||| | 33%
     |
     |||||||||||||||||||||||||||||||||||||||||||||||||||||||||||||||||||||||| 100%
     |
     | | 0%
     |
     |||||||||||||||||||||||| | 33%
     |
     |||||||||||||||||||||||||||||||||||||||||||||||||||||||||||||||||||||||| 100%
     |
     | | 0%
     |
     |||||||||||||||||||||||| | 33%
     |
     |||||||||||||||||||||||||||||||||||||||||||||||||||||||||||||||||||||||| 100%
     |
     | | 0%
     |
     |||||||||||||||||||||||| | 33%
     |
     |||||||||||||||||||||||||||||||||||||||||||||||||||||||||||||||||||||||| 100%
     |
     | | 0%
     |
     |||||||||||||||||||||||| | 33%
     |
     |||||||||||||||||||||||||||||||||||||||||||||||||||||||||||||||||||||||| 100%-- 3. Error: Check randwin output works with spatial replication (@testrandwin.R
     arguments imply differing number of rows: 35064, 0
     Backtrace:
     1. climwin::randwin(...)
     2. climwin:::basewin(...)
     3. climwin:::convertdate(...)
     4. base::data.frame(Date = cintno, spatial = climspatial)
    
     -- 4. Error: spatial replication works with singlewin (@testsinglewin.R#632) --
     arguments imply differing number of rows: 35064, 0
     Backtrace:
     1. climwin::singlewin(...)
     2. base::data.frame(Date = cintno, spatial = climspatial)
    
    
     |
     | | 0%
     |
     ||||||||||||| | 17%
     |
     |||||||||||||||||||||||||||||||||||| | 50%
     |
     |||||||||||||||||||||||||||||||||||||||||||||||||||||||||||||||||||||||| 100%
     |
     | | 0%
     |
     |||||||||||||||||||||||| | 33%
     |
     |||||||||||||||||||||||||||||||||||||||||||||||||||||||||||||||||||||||| 100%
     |
     | | 0%
     |
     |||||||||||||||||||||||| | 33%
     |
     |||||||||||||||||||||||||||||||||||||||||||||||||||||||||||||||||||||||| 100%
     |
     | | 0%
     |
     |||||||||||||||||||||||| | 33%
     |
     |||||||||||||||||||||||||||||||||||||||||||||||||||||||||||||||||||||||| 100%
     |
     | | 0%
     |
     |||||||||||||||||||||||| | 33%
     |
     |||||||||||||||||||||||||||||||||||||||||||||||||||||||||||||||||||||||| 100%
     |
     | | 0%
     |
     |||||||||||||||||||||||| | 33%
     |
     |||||||||||||||||||||||||||||||||||||||||||||||||||||||||||||||||||||||| 100%
     |
     | | 0%
     |
     |||||||||||||||||||||||| | 33%
     |
     |||||||||||||||||||||||||||||||||||||||||||||||||||||||||||||||||||||||| 100%
     |
     | | 0%
     |
     |||||||||||||||||||||||| | 33%
     |
     |||||||||||||||||||||||||||||||||||||||||||||||||||||||||||||||||||||||| 100%
     |
     | | 0%
     |
     |||||||||||||||||||||||| | 33%
     |
     |||||||||||||||||||||||||||||||||||||||||||||||||||||||||||||||||||||||| 100%
     |
     | | 0%
     |
     |||||||||||||||||||||||| | 33%
     |
     |||||||||||||||||||||||||||||||||||||||||||||||||||||||||||||||||||||||| 100%
     |
     | | 0%
     |
     |||||||||||||||||||||||| | 33%
     |
     |||||||||||||||||||||||||||||||||||||||||||||||||||||||||||||||||||||||| 100%
     |
     | | 0%
     |
     |||||||||||||||||||||||| | 33%
     |
     |||||||||||||||||||||||||||||||||||||||||||||||||||||||||||||||||||||||| 100%
     |
     | | 0%
     |
     |||||||||||||||||||||||| | 33%
     |
     |||||||||||||||||||||||||||||||||||||||||||||||||||||||||||||||||||||||| 100%
     |
     | | 0%
     |
     |||||||||||||||||||||||| | 33%
     |
     |||||||||||||||||||||||||||||||||||||||||||||||||||||||||||||||||||||||| 100%
     |
     | | 0%
     |
     |||||||||||||||||||||||| | 33%
     |
     |||||||||||||||||||||||||||||||||||||||||||||||||||||||||||||||||||||||| 100%
     |
     | | 0%
     |
     |||||||||||||||||||||||||||||||||||||||||||||||||||||||||||||||||||||||| 100%
     |
     | | 0%
     |
     |||||||||||||||||||||||||||||||||||||||||||||||||||||||||||||||||||||||| 100%
     |
     | | 0%
     |
     ||||||||||||| | 17%
     |
     |||||||||||||||||||||||||||||||||||| | 50%
     |
     |||||||||||||||||||||||||||||||||||||||||||||||||||||||||||||||||||||||| 100%
     |
     | | 0%
     |
     ||||||||||||| | 17%
     |
     |||||||||||||||||||||||||||||||||||| | 50%
     |
     |||||||||||||||||||||||||||||||||||||||||||||||||||||||||||||||||||||||| 100%
     |
     | | 0%
     |
     ||||||||||||| | 17%
     |
     |||||||||||||||||||||||||||||||||||| | 50%
     |
     |||||||||||||||||||||||||||||||||||||||||||||||||||||||||||||||||||||||| 100%
     |
     | | 0%
     |
     ||||||||||||| | 17%
     |
     |||||||||||||||||||||||||||||||||||| | 50%
     |
     |||||||||||||||||||||||||||||||||||||||||||||||||||||||||||||||||||||||| 100%
     |
     | | 0%
     |
     |||||||||||||||||||||||| | 33%
     |
     |||||||||||||||||||||||||||||||||||||||||||||||||||||||||||||||||||||||| 100%
     |
     | | 0%
     |
     |||||||||||||||||||||||| | 33%
     |
     |||||||||||||||||||||||||||||||||||||||||||||||||||||||||||||||||||||||| 100%
     |
     | | 0%
     |
     ||||||||||||| | 17%
     |
     |||||||||||||||||||||||||||||||||||| | 50%
     |
     |||||||||||||||||||||||||||||||||||||||||||||||||||||||||||||||||||||||| 100%
     |
     | | 0%
     |
     ||||||||||||| | 17%
     |
     |||||||||||||||||||||||||||||||||||| | 50%
     |
     |||||||||||||||||||||||||||||||||||||||||||||||||||||||||||||||||||||||| 100%
     |
     | | 0%
     |
     |||||||||||||||||||||||| | 33%
     |
     |||||||||||||||||||||||||||||||||||||||||||||||||||||||||||||||||||||||| 100%
     |
     | | 0%
     |
     |||||||||||||||||||||||| | 33%
     |
     |||||||||||||||||||||||||||||||||||||||||||||||||||||||||||||||||||||||| 100%
     |
     | | 0%
     |
     |||||||||||||||||||||||| | 33%
     |
     |||||||||||||||||||||||||||||||||||||||||||||||||||||||||||||||||||||||| 100%
     |
     | | 0%
     |
     ||||||||||||| | 17%
     |
     |||||||||||||||||||||||||||||||||||| | 50%
     |
     |||||||||||||||||||||||||||||||||||||||||||||||||||||||||||||||||||||||| 100%
     |
     | | 0%
     |
     ||||||||||||| | 17%
     |
     |||||||||||||||||||||||||||||||||||| | 50%
     |
     |||||||||||||||||||||||||||||||||||||||||||||||||||||||||||||||||||||||| 100%
     |
     | | 0%
     |
     ||||||||||||| | 17%
     |
     |||||||||||||||||||||||||||||||||||| | 50%
     |
     |||||||||||||||||||||||||||||||||||||||||||||||||||||||||||||||||||||||| 100%
     |
     | | 0%
     |
     ||||||||||||| | 17%
     |
     |||||||||||||||||||||||||||||||||||| | 50%
     |
     |||||||||||||||||||||||||||||||||||||||||||||||||||||||||||||||||||||||| 100%
     |
     | | 0%
     |
     |||||||||||||||||||||||| | 33%
     |
     |||||||||||||||||||||||||||||||||||||||||||||||||||||||||||||||||||||||| 100%
     |
     | | 0%
     |
     ||||||||||||| | 17%
     |
     |||||||||||||||||||||||||||||||||||| | 50%
     |
     |||||||||||||||||||||||||||||||||||||||||||||||||||||||||||||||||||||||| 100%
     |
     | | 0%
     |
     ||||||||||||| | 17%
     |
     |||||||||||||||||||||||||||||||||||| | 50%
     |
     |||||||||||||||||||||||||||||||||||||||||||||||||||||||||||||||||||||||| 100%
     |
     | | 0%
     |
     ||||||||||||| | 17%
     |
     |||||||||||||||||||||||||||||||||||| | 50%
     |
     |||||||||||||||||||||||||||||||||||||||||||||||||||||||||||||||||||||||| 100%
     |
     | | 0%
     |
     ||||||||||||| | 17%
     |
     |||||||||||||||||||||||||||||||||||| | 50%
     |
     |||||||||||||||||||||||||||||||||||||||||||||||||||||||||||||||||||||||| 100%
     |
     | | 0%
     |
     ||||||||||||| | 17%
     |
     |||||||||||||||||||||||||||||||||||| | 50%
     |
     |||||||||||||||||||||||||||||||||||||||||||||||||||||||||||||||||||||||| 100%
     |
     | | 0%
     |
     ||||||||||||| | 17%
     |
     |||||||||||||||||||||||||||||||||||| | 50%
     |
     |||||||||||||||||||||||||||||||||||||||||||||||||||||||||||||||||||||||| 100%
     |
     | | 0%
     |
     ||||||||||||| | 17%
     |
     |||||||||||||||||||||||||||||||||||| | 50%
     |
     |||||||||||||||||||||||||||||||||||||||||||||||||||||||||||||||||||||||| 100%
     |
     | | 0%
     |
     ||||||||||||| | 17%
     |
     |||||||||||||||||||||||||||||||||||| | 50%
     |
     |||||||||||||||||||||||||||||||||||||||||||||||||||||||||||||||||||||||| 100%
     |
     | | 0%
     |
     ||||||||||||| | 17%
     |
     |||||||||||||||||||||||||||||||||||| | 50%
     |
     |||||||||||||||||||||||||||||||||||||||||||||||||||||||||||||||||||||||| 100%
     |
     | | 0%
     |
     ||||||||||||| | 17%
     |
     |||||||||||||||||||||||||||||||||||| | 50%
     |
     |||||||||||||||||||||||||||||||||||||||||||||||||||||||||||||||||||||||| 100%
     |
     | | 0%
     |
     ||||||||||||| | 17%
     |
     |||||||||||||||||||||||||||||||||||| | 50%
     |
     |||||||||||||||||||||||||||||||||||||||||||||||||||||||||||||||||||||||| 100%-- 5. Error: spatial replication works in slidingwin (@testslidingwin.R#1437) -
     arguments imply differing number of rows: 35064, 0
     Backtrace:
     1. climwin::slidingwin(...)
     2. climwin:::basewin(...)
     3. climwin:::convertdate(...)
     4. base::data.frame(Date = cintno, spatial = climspatial)
    
     -- 6. Error: spatial replication works in slidingwin with week (@testslidingwin.
     arguments imply differing number of rows: 35064, 0
     Backtrace:
     1. climwin::slidingwin(...)
     2. climwin:::basewin(...)
     3. climwin:::convertdate(...)
     4. base::data.frame(cintno = cintno, xvar = xvar, spatial = climspatial)
    
     -- 7. Error: spatial replication works in slidingwin with month (@testslidingwin
     arguments imply differing number of rows: 35064, 0
     Backtrace:
     1. climwin::slidingwin(...)
     2. climwin:::basewin(...)
     3. climwin:::convertdate(...)
     4. base::data.frame(cintno = cintno, xvar = xvar, spatial = climspatial)
    
     -- 8. Error: spatial replication works in slidingwin with upper (@testslidingwin
     arguments imply differing number of rows: 35064, 0
     Backtrace:
     1. climwin::slidingwin(...)
     2. climwin:::basewin(...)
     3. climwin:::convertdate(...)
     4. base::data.frame(Date = cintno, spatial = climspatial)
    
     -- 9. Error: spatial replication works with slidingwin with NAs and cmissing met
     arguments imply differing number of rows: 35064, 0
     Backtrace:
     1. climwin::slidingwin(...)
     2. climwin:::basewin(...)
     3. climwin:::convertdate(...)
     4. base::data.frame(Date = cintno, spatial = climspatial)
    
     -- 10. Error: spatial replication works with slidingwin with NAs and cmissing me
     arguments imply differing number of rows: 35064, 0
     Backtrace:
     1. climwin::slidingwin(...)
     2. climwin:::basewin(...)
     3. climwin:::convertdate(...)
     4. base::data.frame(Date = cintno, spatial = climspatial)
    
    
     |
     | | 0%
     |
     ||||||||||||| | 17%
     |
     |||||||||||||||||||||||||||||||||||| | 50%
     |
     |||||||||||||||||||||||||||||||||||||||||||||||||||||||||||||||||||||||| 100%
     |
     | | 0%
     |
     ||||||||||||| | 17%
     |
     |||||||||||||||||||||||||||||||||||| | 50%
     |
     |||||||||||||||||||||||||||||||||||||||||||||||||||||||||||||||||||||||| 100%
     |
     | | 0%
     |
     ||||||||||||| | 17%
     |
     |||||||||||||||||||||||||||||||||||| | 50%
     |
     |||||||||||||||||||||||||||||||||||||||||||||||||||||||||||||||||||||||| 100%
     |
     | | 0%
     |
     ||||||||||||| | 17%
     |
     |||||||||||||||||||||||||||||||||||| | 50%
     |
     |||||||||||||||||||||||||||||||||||||||||||||||||||||||||||||||||||||||| 100%-- 11. Error: Spatial replication works with weightwin (@testweightwin.R#170) -
     arguments imply differing number of rows: 35064, 0
     Backtrace:
     1. climwin::weightwin(...)
     4. climwin:::basewin_weight(...)
     5. climwin:::convertdate(...)
     6. base::data.frame(Date = cintno, spatial = climspatial)
    
     == testthat results ===========================================================
     [ OK: 722 | SKIPPED: 0 | WARNINGS: 10 | FAILED: 11 ]
     1. Error: Spatial replication works with autowin (@testautowin.R#58)
     2. Error: Spatial replication works with crosswin (@testcrosswin.R#49)
     3. Error: Check randwin output works with spatial replication (@testrandwin.R#110)
     4. Error: spatial replication works with singlewin (@testsinglewin.R#632)
     5. Error: spatial replication works in slidingwin (@testslidingwin.R#1437)
     6. Error: spatial replication works in slidingwin with week (@testslidingwin.R#1472)
     7. Error: spatial replication works in slidingwin with month (@testslidingwin.R#1509)
     8. Error: spatial replication works in slidingwin with upper (@testslidingwin.R#1546)
     9. Error: spatial replication works with slidingwin with NAs and cmissing method1 (@testslidingwin.R#1607)
     1. ...
    
     Error: testthat unit tests failed
     Execution halted
Flavor: r-devel-linux-x86_64-debian-clang

Version: 1.2.2
Check: tests
Result: ERROR
     Running 'testthat.R' [108s]
    Running the tests in 'tests/testthat.R' failed.
    Complete output:
     > library(testthat)
     > library(climwin)
     Loading required package: ggplot2
     Loading required package: gridExtra
     Loading required package: Matrix
     >
     > test_check("climwin")
    
     |
     | | 0%
     |
     |||||||||||||||||||||||| | 33%
     |
     |||||||||||||||||||||||||||||||||||||||||||||||||||||||||||||||||||||||| 100%
     |
     | | 0%
     |
     |||||||||||||||||||||||| | 33%
     |
     |||||||||||||||||||||||||||||||||||||||||||||||||||||||||||||||||||||||| 100%
     |
     | | 0%
     |
     |||||||||||||||||||||||| | 33%
     |
     |||||||||||||||||||||||||||||||||||||||||||||||||||||||||||||||||||||||| 100%
     |
     | | 0%
     |
     |||||||||||||||||||||||| | 33%
     |
     |||||||||||||||||||||||||||||||||||||||||||||||||||||||||||||||||||||||| 100%
     |
     | | 0%
     |
     |||||||||||||||||||||||| | 33%
     |
     |||||||||||||||||||||||||||||||||||||||||||||||||||||||||||||||||||||||| 100%
     |
     | | 0%
     |
     |||||||||||||||||||||||| | 33%
     |
     |||||||||||||||||||||||||||||||||||||||||||||||||||||||||||||||||||||||| 100%
     |
     | | 0%
     |
     |||||||||||||||||||||||| | 33%
     |
     |||||||||||||||||||||||||||||||||||||||||||||||||||||||||||||||||||||||| 100%
     |
     | | 0%
     |
     |||||||||||||||||||||||| | 33%
     |
     |||||||||||||||||||||||||||||||||||||||||||||||||||||||||||||||||||||||| 100%
     |
     | | 0%
     |
     |||||||||||||||||||||||| | 33%
     |
     |||||||||||||||||||||||||||||||||||||||||||||||||||||||||||||||||||||||| 100%
     |
     | | 0%
     |
     |||||||||||||||||||||||| | 33%
     |
     |||||||||||||||||||||||||||||||||||||||||||||||||||||||||||||||||||||||| 100%
     |
     | | 0%
     |
     |||||||||||||||||||||||| | 33%
     |
     |||||||||||||||||||||||||||||||||||||||||||||||||||||||||||||||||||||||| 100%
     |
     | | 0%
     |
     |||||||||||||||||||||||| | 33%
     |
     |||||||||||||||||||||||||||||||||||||||||||||||||||||||||||||||||||||||| 100%
     |
     | | 0%
     |
     |||||||||||||||||||||||| | 33%
     |
     |||||||||||||||||||||||||||||||||||||||||||||||||||||||||||||||||||||||| 100%
     |
     | | 0%
     |
     |||||||||||||||||||||||| | 33%
     |
     |||||||||||||||||||||||||||||||||||||||||||||||||||||||||||||||||||||||| 100%
     |
     | | 0%
     |
     |||||||||||||||||||||||| | 33%
     |
     |||||||||||||||||||||||||||||||||||||||||||||||||||||||||||||||||||||||| 100%
     |
     | | 0%
     |
     |||||||||||||||||||||||| | 33%
     |
     |||||||||||||||||||||||||||||||||||||||||||||||||||||||||||||||||||||||| 100%
     |
     | | 0%
     |
     |||||||||||||||||||||||| | 33%
     |
     |||||||||||||||||||||||||||||||||||||||||||||||||||||||||||||||||||||||| 100%
     |
     | | 0%
     |
     |||||||||||||||||||||||| | 33%
     |
     |||||||||||||||||||||||||||||||||||||||||||||||||||||||||||||||||||||||| 100%
     |
     | | 0%
     |
     |||||||||||||||||||||||| | 33%
     |
     |||||||||||||||||||||||||||||||||||||||||||||||||||||||||||||||||||||||| 100%
     |
     | | 0%
     |
     |||||||||||||||||||||||| | 33%
     |
     |||||||||||||||||||||||||||||||||||||||||||||||||||||||||||||||||||||||| 100%
     |
     | | 0%
     |
     |||||||||||||||||||||||| | 33%
     |
     |||||||||||||||||||||||||||||||||||||||||||||||||||||||||||||||||||||||| 100%
     |
     | | 0%
     |
     |||||||||||||||||||||||| | 33%
     |
     |||||||||||||||||||||||||||||||||||||||||||||||||||||||||||||||||||||||| 100%
     |
     | | 0%
     |
     |||||||||||||||||||||||| | 33%
     |
     |||||||||||||||||||||||||||||||||||||||||||||||||||||||||||||||||||||||| 100%
     |
     | | 0%
     |
     |||||||||||||||||||||||| | 33%
     |
     |||||||||||||||||||||||||||||||||||||||||||||||||||||||||||||||||||||||| 100%
     |
     | | 0%
     |
     |||||||||||||||||||||||| | 33%
     |
     |||||||||||||||||||||||||||||||||||||||||||||||||||||||||||||||||||||||| 100%
     |
     | | 0%
     |
     |||||||||||||||||||||||| | 33%
     |
     |||||||||||||||||||||||||||||||||||||||||||||||||||||||||||||||||||||||| 100%
     |
     | | 0%
     |
     |||||||||||||||||||||||| | 33%
     |
     |||||||||||||||||||||||||||||||||||||||||||||||||||||||||||||||||||||||| 100%
     |
     | | 0%
     |
     |||||||||||||||||||||||| | 33%
     |
     |||||||||||||||||||||||||||||||||||||||||||||||||||||||||||||||||||||||| 100%
     |
     | | 0%
     |
     |||||||||||||||||||||||| | 33%
     |
     |||||||||||||||||||||||||||||||||||||||||||||||||||||||||||||||||||||||| 100%-- 1. Failure: Check randwin output with slidingwin and max (@testrandwin.R#39)
     round(rand[[1]]$deltaAICc[1], 1) == 1.7 isn't true.
    
     -- 2. Failure: Check randwin output with slidingwin and max (@testrandwin.R#41)
     round(rand[[1]]$ModelBeta[1], 1) == -0.3 isn't true.
    
    
     |
     | | 0%
     |
     |||||||||||||||||||||||| | 33%
     |
     |||||||||||||||||||||||||||||||||||||||||||||||||||||||||||||||||||||||| 100%
     |
     | | 0%
     |
     |||||||||||||||||||||||| | 33%
     |
     |||||||||||||||||||||||||||||||||||||||||||||||||||||||||||||||||||||||| 100%-- 3. Failure: Check randwin output with slidingwin and mean (@testrandwin.R#85)
     round(rand[[1]]$deltaAICc[1], 1) == 1.7 isn't true.
    
     -- 4. Failure: Check randwin output with slidingwin and mean (@testrandwin.R#87)
     round(rand[[1]]$ModelBeta[1], 1) == -0.3 isn't true.
    
    
     |
     | | 0%
     |
     |||||||||||||||||||||||| | 33%
     |
     |||||||||||||||||||||||||||||||||||||||||||||||||||||||||||||||||||||||| 100%
     |
     | | 0%
     |
     |||||||||||||||||||||||| | 33%
     |
     |||||||||||||||||||||||||||||||||||||||||||||||||||||||||||||||||||||||| 100%-- 5. Failure: Check randwin output works with spatial replication (@testrandwin
     round(rand[[1]]$deltaAICc[1], 1) == 1.7 isn't true.
    
     -- 6. Failure: Check randwin output works with spatial replication (@testrandwin
     round(rand[[1]]$ModelBeta[1], 1) == -0.3 isn't true.
    
     -- 7. Failure: Check randwin output with weightwin (@testrandwin.R#181) -------
     round(rand[[1]]$deltaAICc[1], 1) == 1.7 isn't true.
    
     -- 8. Failure: Check randwin output with weightwin (@testrandwin.R#182) -------
     round(rand[[1]]$ModelBeta[1], 1) == -0.3 isn't true.
    
     -- 9. Failure: Check randwin output with weightwin (@testrandwin.R#183) -------
     round(rand[[1]]$ModelInt[1], 0) == 132 isn't true.
    
    
     |
     | | 0%
     |
     ||||||||||||| | 17%
     |
     |||||||||||||||||||||||||||||||||||| | 50%
     |
     |||||||||||||||||||||||||||||||||||||||||||||||||||||||||||||||||||||||| 100%
     |
     | | 0%
     |
     |||||||||||||||||||||||| | 33%
     |
     |||||||||||||||||||||||||||||||||||||||||||||||||||||||||||||||||||||||| 100%
     |
     | | 0%
     |
     |||||||||||||||||||||||| | 33%
     |
     |||||||||||||||||||||||||||||||||||||||||||||||||||||||||||||||||||||||| 100%
     |
     | | 0%
     |
     |||||||||||||||||||||||| | 33%
     |
     |||||||||||||||||||||||||||||||||||||||||||||||||||||||||||||||||||||||| 100%
     |
     | | 0%
     |
     |||||||||||||||||||||||| | 33%
     |
     |||||||||||||||||||||||||||||||||||||||||||||||||||||||||||||||||||||||| 100%
     |
     | | 0%
     |
     |||||||||||||||||||||||| | 33%
     |
     |||||||||||||||||||||||||||||||||||||||||||||||||||||||||||||||||||||||| 100%
     |
     | | 0%
     |
     |||||||||||||||||||||||| | 33%
     |
     |||||||||||||||||||||||||||||||||||||||||||||||||||||||||||||||||||||||| 100%
     |
     | | 0%
     |
     |||||||||||||||||||||||| | 33%
     |
     |||||||||||||||||||||||||||||||||||||||||||||||||||||||||||||||||||||||| 100%
     |
     | | 0%
     |
     |||||||||||||||||||||||| | 33%
     |
     |||||||||||||||||||||||||||||||||||||||||||||||||||||||||||||||||||||||| 100%
     |
     | | 0%
     |
     |||||||||||||||||||||||| | 33%
     |
     |||||||||||||||||||||||||||||||||||||||||||||||||||||||||||||||||||||||| 100%
     |
     | | 0%
     |
     |||||||||||||||||||||||| | 33%
     |
     |||||||||||||||||||||||||||||||||||||||||||||||||||||||||||||||||||||||| 100%
     |
     | | 0%
     |
     |||||||||||||||||||||||| | 33%
     |
     |||||||||||||||||||||||||||||||||||||||||||||||||||||||||||||||||||||||| 100%
     |
     | | 0%
     |
     |||||||||||||||||||||||| | 33%
     |
     |||||||||||||||||||||||||||||||||||||||||||||||||||||||||||||||||||||||| 100%
     |
     | | 0%
     |
     |||||||||||||||||||||||| | 33%
     |
     |||||||||||||||||||||||||||||||||||||||||||||||||||||||||||||||||||||||| 100%
     |
     | | 0%
     |
     |||||||||||||||||||||||| | 33%
     |
     |||||||||||||||||||||||||||||||||||||||||||||||||||||||||||||||||||||||| 100%
     |
     | | 0%
     |
     |||||||||||||||||||||||||||||||||||||||||||||||||||||||||||||||||||||||| 100%
     |
     | | 0%
     |
     |||||||||||||||||||||||||||||||||||||||||||||||||||||||||||||||||||||||| 100%
     |
     | | 0%
     |
     ||||||||||||| | 17%
     |
     |||||||||||||||||||||||||||||||||||| | 50%
     |
     |||||||||||||||||||||||||||||||||||||||||||||||||||||||||||||||||||||||| 100%
     |
     | | 0%
     |
     ||||||||||||| | 17%
     |
     |||||||||||||||||||||||||||||||||||| | 50%
     |
     |||||||||||||||||||||||||||||||||||||||||||||||||||||||||||||||||||||||| 100%
     |
     | | 0%
     |
     ||||||||||||| | 17%
     |
     |||||||||||||||||||||||||||||||||||| | 50%
     |
     |||||||||||||||||||||||||||||||||||||||||||||||||||||||||||||||||||||||| 100%
     |
     | | 0%
     |
     ||||||||||||| | 17%
     |
     |||||||||||||||||||||||||||||||||||| | 50%
     |
     |||||||||||||||||||||||||||||||||||||||||||||||||||||||||||||||||||||||| 100%
     |
     | | 0%
     |
     |||||||||||||||||||||||| | 33%
     |
     |||||||||||||||||||||||||||||||||||||||||||||||||||||||||||||||||||||||| 100%
     |
     | | 0%
     |
     |||||||||||||||||||||||| | 33%
     |
     |||||||||||||||||||||||||||||||||||||||||||||||||||||||||||||||||||||||| 100%
     |
     | | 0%
     |
     ||||||||||||| | 17%
     |
     |||||||||||||||||||||||||||||||||||| | 50%
     |
     |||||||||||||||||||||||||||||||||||||||||||||||||||||||||||||||||||||||| 100%
     |
     | | 0%
     |
     ||||||||||||| | 17%
     |
     |||||||||||||||||||||||||||||||||||| | 50%
     |
     |||||||||||||||||||||||||||||||||||||||||||||||||||||||||||||||||||||||| 100%
     |
     | | 0%
     |
     |||||||||||||||||||||||| | 33%
     |
     |||||||||||||||||||||||||||||||||||||||||||||||||||||||||||||||||||||||| 100%-- 10. Failure: lmer [lme4] models can run in slidingwin with cross-validation (
     round(test[[1]]$Dataset$deltaAICc[1], 1) == -26.3 isn't true.
    
    
     |
     | | 0%
     |
     |||||||||||||||||||||||| | 33%
     |
     |||||||||||||||||||||||||||||||||||||||||||||||||||||||||||||||||||||||| 100%
     |
     | | 0%
     |
     |||||||||||||||||||||||| | 33%
     |
     |||||||||||||||||||||||||||||||||||||||||||||||||||||||||||||||||||||||| 100%-- 11. Failure: glmer [lme4] models can run in slidingwin with cross-validation
     round(test[[1]]$Dataset$deltaAICc[1], 1) == -6.5 isn't true.
    
    
     |
     | | 0%
     |
     ||||||||||||| | 17%
     |
     |||||||||||||||||||||||||||||||||||| | 50%
     |
     |||||||||||||||||||||||||||||||||||||||||||||||||||||||||||||||||||||||| 100%
     |
     | | 0%
     |
     ||||||||||||| | 17%
     |
     |||||||||||||||||||||||||||||||||||| | 50%
     |
     |||||||||||||||||||||||||||||||||||||||||||||||||||||||||||||||||||||||| 100%
     |
     | | 0%
     |
     ||||||||||||| | 17%
     |
     |||||||||||||||||||||||||||||||||||| | 50%
     |
     |||||||||||||||||||||||||||||||||||||||||||||||||||||||||||||||||||||||| 100%
     |
     | | 0%
     |
     ||||||||||||| | 17%
     |
     |||||||||||||||||||||||||||||||||||| | 50%
     |
     |||||||||||||||||||||||||||||||||||||||||||||||||||||||||||||||||||||||| 100%
     |
     | | 0%
     |
     |||||||||||||||||||||||| | 33%
     |
     |||||||||||||||||||||||||||||||||||||||||||||||||||||||||||||||||||||||| 100%
     |
     | | 0%
     |
     ||||||||||||| | 17%
     |
     |||||||||||||||||||||||||||||||||||| | 50%
     |
     |||||||||||||||||||||||||||||||||||||||||||||||||||||||||||||||||||||||| 100%
     |
     | | 0%
     |
     ||||||||||||| | 17%
     |
     |||||||||||||||||||||||||||||||||||| | 50%
     |
     |||||||||||||||||||||||||||||||||||||||||||||||||||||||||||||||||||||||| 100%
     |
     | | 0%
     |
     ||||||||||||| | 17%
     |
     |||||||||||||||||||||||||||||||||||| | 50%
     |
     |||||||||||||||||||||||||||||||||||||||||||||||||||||||||||||||||||||||| 100%
     |
     | | 0%
     |
     ||||||||||||| | 17%
     |
     |||||||||||||||||||||||||||||||||||| | 50%
     |
     |||||||||||||||||||||||||||||||||||||||||||||||||||||||||||||||||||||||| 100%
     |
     | | 0%
     |
     ||||||||||||| | 17%
     |
     |||||||||||||||||||||||||||||||||||| | 50%
     |
     |||||||||||||||||||||||||||||||||||||||||||||||||||||||||||||||||||||||| 100%
     |
     | | 0%
     |
     ||||||||||||| | 17%
     |
     |||||||||||||||||||||||||||||||||||| | 50%
     |
     |||||||||||||||||||||||||||||||||||||||||||||||||||||||||||||||||||||||| 100%
     |
     | | 0%
     |
     ||||||||||||| | 17%
     |
     |||||||||||||||||||||||||||||||||||| | 50%
     |
     |||||||||||||||||||||||||||||||||||||||||||||||||||||||||||||||||||||||| 100%
     |
     | | 0%
     |
     ||||||||||||| | 17%
     |
     |||||||||||||||||||||||||||||||||||| | 50%
     |
     |||||||||||||||||||||||||||||||||||||||||||||||||||||||||||||||||||||||| 100%
     |
     | | 0%
     |
     ||||||||||||| | 17%
     |
     |||||||||||||||||||||||||||||||||||| | 50%
     |
     |||||||||||||||||||||||||||||||||||||||||||||||||||||||||||||||||||||||| 100%
     |
     | | 0%
     |
     ||||||||||||| | 17%
     |
     |||||||||||||||||||||||||||||||||||| | 50%
     |
     |||||||||||||||||||||||||||||||||||||||||||||||||||||||||||||||||||||||| 100%
     |
     | | 0%
     |
     ||||||||||||| | 17%
     |
     |||||||||||||||||||||||||||||||||||| | 50%
     |
     |||||||||||||||||||||||||||||||||||||||||||||||||||||||||||||||||||||||| 100%
     |
     | | 0%
     |
     ||||||||||||| | 17%
     |
     |||||||||||||||||||||||||||||||||||| | 50%
     |
     |||||||||||||||||||||||||||||||||||||||||||||||||||||||||||||||||||||||| 100%
     |
     | | 0%
     |
     ||||||||||||| | 17%
     |
     |||||||||||||||||||||||||||||||||||| | 50%
     |
     |||||||||||||||||||||||||||||||||||||||||||||||||||||||||||||||||||||||| 100%
     |
     | | 0%
     |
     ||||||||||||| | 17%
     |
     |||||||||||||||||||||||||||||||||||| | 50%
     |
     |||||||||||||||||||||||||||||||||||||||||||||||||||||||||||||||||||||||| 100%
     |
     | | 0%
     |
     ||||||||||||| | 17%
     |
     |||||||||||||||||||||||||||||||||||| | 50%
     |
     |||||||||||||||||||||||||||||||||||||||||||||||||||||||||||||||||||||||| 100%
     |
     | | 0%
     |
     ||||||||||||| | 17%
     |
     |||||||||||||||||||||||||||||||||||| | 50%
     |
     |||||||||||||||||||||||||||||||||||||||||||||||||||||||||||||||||||||||| 100%
     |
     | | 0%
     |
     ||||||||||||| | 17%
     |
     |||||||||||||||||||||||||||||||||||| | 50%
     |
     |||||||||||||||||||||||||||||||||||||||||||||||||||||||||||||||||||||||| 100%
     |
     | | 0%
     |
     ||||||||||||| | 17%
     |
     |||||||||||||||||||||||||||||||||||| | 50%
     |
     |||||||||||||||||||||||||||||||||||||||||||||||||||||||||||||||||||||||| 100%
     |
     | | 0%
     |
     ||||||||||||| | 17%
     |
     |||||||||||||||||||||||||||||||||||| | 50%
     |
     |||||||||||||||||||||||||||||||||||||||||||||||||||||||||||||||||||||||| 100%
     |
     | | 0%
     |
     ||||||||||||| | 17%
     |
     |||||||||||||||||||||||||||||||||||| | 50%
     |
     |||||||||||||||||||||||||||||||||||||||||||||||||||||||||||||||||||||||| 100%
     |
     | | 0%
     |
     ||||||||||||| | 17%
     |
     |||||||||||||||||||||||||||||||||||| | 50%
     |
     |||||||||||||||||||||||||||||||||||||||||||||||||||||||||||||||||||||||| 100%-- 12. Failure: weightwin works properly with k (@testweightwin.R#109) --------
     round(test$WeightedOutput$deltaAICc, 1) == -1.9 isn't true.
    
     == testthat results ===========================================================
     [ OK: 785 | SKIPPED: 0 | WARNINGS: 3 | FAILED: 12 ]
     1. Failure: Check randwin output with slidingwin and max (@testrandwin.R#39)
     2. Failure: Check randwin output with slidingwin and max (@testrandwin.R#41)
     3. Failure: Check randwin output with slidingwin and mean (@testrandwin.R#85)
     4. Failure: Check randwin output with slidingwin and mean (@testrandwin.R#87)
     5. Failure: Check randwin output works with spatial replication (@testrandwin.R#135)
     6. Failure: Check randwin output works with spatial replication (@testrandwin.R#137)
     7. Failure: Check randwin output with weightwin (@testrandwin.R#181)
     8. Failure: Check randwin output with weightwin (@testrandwin.R#182)
     9. Failure: Check randwin output with weightwin (@testrandwin.R#183)
     1. ...
    
     Error: testthat unit tests failed
     Execution halted
Flavor: r-oldrel-windows-ix86+x86_64

Version: 1.2.2
Check: tests
Result: ERROR
     Running ‘testthat.R’ [92s/92s]
    Running the tests in ‘tests/testthat.R’ failed.
    Last 13 lines of output:
     ══ testthat results ═══════════════════════════════════════════════════════════
     [ OK: 785 | SKIPPED: 0 | WARNINGS: 3 | FAILED: 12 ]
     1. Failure: Check randwin output with slidingwin and max (@testrandwin.R#39)
     2. Failure: Check randwin output with slidingwin and max (@testrandwin.R#41)
     3. Failure: Check randwin output with slidingwin and mean (@testrandwin.R#85)
     4. Failure: Check randwin output with slidingwin and mean (@testrandwin.R#87)
     5. Failure: Check randwin output works with spatial replication (@testrandwin.R#135)
     6. Failure: Check randwin output works with spatial replication (@testrandwin.R#137)
     7. Failure: Check randwin output with weightwin (@testrandwin.R#181)
     8. Failure: Check randwin output with weightwin (@testrandwin.R#182)
     9. Failure: Check randwin output with weightwin (@testrandwin.R#183)
     1. ...
    
     Error: testthat unit tests failed
     Execution halted
Flavor: r-oldrel-osx-x86_64