CRAN Package Check Results for Package climwin

Last updated on 2020-01-18 15:46:32 CET.

Flavor Version Tinstall Tcheck Ttotal Status Flags
r-devel-linux-x86_64-debian-clang 1.2.2 20.10 231.03 251.13 OK
r-devel-linux-x86_64-debian-gcc 1.2.2 16.64 172.64 189.28 OK
r-devel-linux-x86_64-fedora-clang 1.2.2 296.18 OK
r-devel-linux-x86_64-fedora-gcc 1.2.2 285.67 OK
r-devel-windows-ix86+x86_64 1.2.2 53.00 316.00 369.00 OK
r-devel-windows-ix86+x86_64-gcc8 1.2.2 35.00 324.00 359.00 OK
r-patched-linux-x86_64 1.2.2 17.30 206.37 223.67 OK
r-patched-solaris-x86 1.2.2 379.40 OK
r-release-linux-x86_64 1.2.2 15.70 203.23 218.93 OK
r-release-windows-ix86+x86_64 1.2.2 50.00 298.00 348.00 OK
r-release-osx-x86_64 1.2.2 OK
r-oldrel-windows-ix86+x86_64 1.2.2 32.00 230.00 262.00 ERROR
r-oldrel-osx-x86_64 1.2.2 ERROR

Check Details

Version: 1.2.2
Check: tests
Result: ERROR
     Running 'testthat.R' [100s]
    Running the tests in 'tests/testthat.R' failed.
    Complete output:
     > library(testthat)
     > library(climwin)
     Loading required package: ggplot2
     Loading required package: gridExtra
     Loading required package: Matrix
     >
     > test_check("climwin")
    
     |
     | | 0%
     |
     |||||||||||||||||||||||| | 33%
     |
     |||||||||||||||||||||||||||||||||||||||||||||||||||||||||||||||||||||||| 100%
     |
     | | 0%
     |
     |||||||||||||||||||||||| | 33%
     |
     |||||||||||||||||||||||||||||||||||||||||||||||||||||||||||||||||||||||| 100%
     |
     | | 0%
     |
     |||||||||||||||||||||||| | 33%
     |
     |||||||||||||||||||||||||||||||||||||||||||||||||||||||||||||||||||||||| 100%
     |
     | | 0%
     |
     |||||||||||||||||||||||| | 33%
     |
     |||||||||||||||||||||||||||||||||||||||||||||||||||||||||||||||||||||||| 100%
     |
     | | 0%
     |
     |||||||||||||||||||||||| | 33%
     |
     |||||||||||||||||||||||||||||||||||||||||||||||||||||||||||||||||||||||| 100%
     |
     | | 0%
     |
     |||||||||||||||||||||||| | 33%
     |
     |||||||||||||||||||||||||||||||||||||||||||||||||||||||||||||||||||||||| 100%
     |
     | | 0%
     |
     |||||||||||||||||||||||| | 33%
     |
     |||||||||||||||||||||||||||||||||||||||||||||||||||||||||||||||||||||||| 100%
     |
     | | 0%
     |
     |||||||||||||||||||||||| | 33%
     |
     |||||||||||||||||||||||||||||||||||||||||||||||||||||||||||||||||||||||| 100%
     |
     | | 0%
     |
     |||||||||||||||||||||||| | 33%
     |
     |||||||||||||||||||||||||||||||||||||||||||||||||||||||||||||||||||||||| 100%
     |
     | | 0%
     |
     |||||||||||||||||||||||| | 33%
     |
     |||||||||||||||||||||||||||||||||||||||||||||||||||||||||||||||||||||||| 100%
     |
     | | 0%
     |
     |||||||||||||||||||||||| | 33%
     |
     |||||||||||||||||||||||||||||||||||||||||||||||||||||||||||||||||||||||| 100%
     |
     | | 0%
     |
     |||||||||||||||||||||||| | 33%
     |
     |||||||||||||||||||||||||||||||||||||||||||||||||||||||||||||||||||||||| 100%
     |
     | | 0%
     |
     |||||||||||||||||||||||| | 33%
     |
     |||||||||||||||||||||||||||||||||||||||||||||||||||||||||||||||||||||||| 100%
     |
     | | 0%
     |
     |||||||||||||||||||||||| | 33%
     |
     |||||||||||||||||||||||||||||||||||||||||||||||||||||||||||||||||||||||| 100%
     |
     | | 0%
     |
     |||||||||||||||||||||||| | 33%
     |
     |||||||||||||||||||||||||||||||||||||||||||||||||||||||||||||||||||||||| 100%
     |
     | | 0%
     |
     |||||||||||||||||||||||| | 33%
     |
     |||||||||||||||||||||||||||||||||||||||||||||||||||||||||||||||||||||||| 100%
     |
     | | 0%
     |
     |||||||||||||||||||||||| | 33%
     |
     |||||||||||||||||||||||||||||||||||||||||||||||||||||||||||||||||||||||| 100%
     |
     | | 0%
     |
     |||||||||||||||||||||||| | 33%
     |
     |||||||||||||||||||||||||||||||||||||||||||||||||||||||||||||||||||||||| 100%
     |
     | | 0%
     |
     |||||||||||||||||||||||| | 33%
     |
     |||||||||||||||||||||||||||||||||||||||||||||||||||||||||||||||||||||||| 100%
     |
     | | 0%
     |
     |||||||||||||||||||||||| | 33%
     |
     |||||||||||||||||||||||||||||||||||||||||||||||||||||||||||||||||||||||| 100%
     |
     | | 0%
     |
     |||||||||||||||||||||||| | 33%
     |
     |||||||||||||||||||||||||||||||||||||||||||||||||||||||||||||||||||||||| 100%
     |
     | | 0%
     |
     |||||||||||||||||||||||| | 33%
     |
     |||||||||||||||||||||||||||||||||||||||||||||||||||||||||||||||||||||||| 100%
     |
     | | 0%
     |
     |||||||||||||||||||||||| | 33%
     |
     |||||||||||||||||||||||||||||||||||||||||||||||||||||||||||||||||||||||| 100%
     |
     | | 0%
     |
     |||||||||||||||||||||||| | 33%
     |
     |||||||||||||||||||||||||||||||||||||||||||||||||||||||||||||||||||||||| 100%
     |
     | | 0%
     |
     |||||||||||||||||||||||| | 33%
     |
     |||||||||||||||||||||||||||||||||||||||||||||||||||||||||||||||||||||||| 100%
     |
     | | 0%
     |
     |||||||||||||||||||||||| | 33%
     |
     |||||||||||||||||||||||||||||||||||||||||||||||||||||||||||||||||||||||| 100%
     |
     | | 0%
     |
     |||||||||||||||||||||||| | 33%
     |
     |||||||||||||||||||||||||||||||||||||||||||||||||||||||||||||||||||||||| 100%
     |
     | | 0%
     |
     |||||||||||||||||||||||| | 33%
     |
     |||||||||||||||||||||||||||||||||||||||||||||||||||||||||||||||||||||||| 100%
     |
     | | 0%
     |
     |||||||||||||||||||||||| | 33%
     |
     |||||||||||||||||||||||||||||||||||||||||||||||||||||||||||||||||||||||| 100%-- 1. Failure: Check randwin output with slidingwin and max (@testrandwin.R#39)
     round(rand[[1]]$deltaAICc[1], 1) == 1.7 isn't true.
    
     -- 2. Failure: Check randwin output with slidingwin and max (@testrandwin.R#41)
     round(rand[[1]]$ModelBeta[1], 1) == -0.3 isn't true.
    
    
     |
     | | 0%
     |
     |||||||||||||||||||||||| | 33%
     |
     |||||||||||||||||||||||||||||||||||||||||||||||||||||||||||||||||||||||| 100%
     |
     | | 0%
     |
     |||||||||||||||||||||||| | 33%
     |
     |||||||||||||||||||||||||||||||||||||||||||||||||||||||||||||||||||||||| 100%-- 3. Failure: Check randwin output with slidingwin and mean (@testrandwin.R#85)
     round(rand[[1]]$deltaAICc[1], 1) == 1.7 isn't true.
    
     -- 4. Failure: Check randwin output with slidingwin and mean (@testrandwin.R#87)
     round(rand[[1]]$ModelBeta[1], 1) == -0.3 isn't true.
    
    
     |
     | | 0%
     |
     |||||||||||||||||||||||| | 33%
     |
     |||||||||||||||||||||||||||||||||||||||||||||||||||||||||||||||||||||||| 100%
     |
     | | 0%
     |
     |||||||||||||||||||||||| | 33%
     |
     |||||||||||||||||||||||||||||||||||||||||||||||||||||||||||||||||||||||| 100%-- 5. Failure: Check randwin output works with spatial replication (@testrandwin
     round(rand[[1]]$deltaAICc[1], 1) == 1.7 isn't true.
    
     -- 6. Failure: Check randwin output works with spatial replication (@testrandwin
     round(rand[[1]]$ModelBeta[1], 1) == -0.3 isn't true.
    
     -- 7. Failure: Check randwin output with weightwin (@testrandwin.R#181) -------
     round(rand[[1]]$deltaAICc[1], 1) == 1.7 isn't true.
    
     -- 8. Failure: Check randwin output with weightwin (@testrandwin.R#182) -------
     round(rand[[1]]$ModelBeta[1], 1) == -0.3 isn't true.
    
     -- 9. Failure: Check randwin output with weightwin (@testrandwin.R#183) -------
     round(rand[[1]]$ModelInt[1], 0) == 132 isn't true.
    
    
     |
     | | 0%
     |
     ||||||||||||| | 17%
     |
     |||||||||||||||||||||||||||||||||||| | 50%
     |
     |||||||||||||||||||||||||||||||||||||||||||||||||||||||||||||||||||||||| 100%
     |
     | | 0%
     |
     |||||||||||||||||||||||| | 33%
     |
     |||||||||||||||||||||||||||||||||||||||||||||||||||||||||||||||||||||||| 100%
     |
     | | 0%
     |
     |||||||||||||||||||||||| | 33%
     |
     |||||||||||||||||||||||||||||||||||||||||||||||||||||||||||||||||||||||| 100%
     |
     | | 0%
     |
     |||||||||||||||||||||||| | 33%
     |
     |||||||||||||||||||||||||||||||||||||||||||||||||||||||||||||||||||||||| 100%
     |
     | | 0%
     |
     |||||||||||||||||||||||| | 33%
     |
     |||||||||||||||||||||||||||||||||||||||||||||||||||||||||||||||||||||||| 100%
     |
     | | 0%
     |
     |||||||||||||||||||||||| | 33%
     |
     |||||||||||||||||||||||||||||||||||||||||||||||||||||||||||||||||||||||| 100%
     |
     | | 0%
     |
     |||||||||||||||||||||||| | 33%
     |
     |||||||||||||||||||||||||||||||||||||||||||||||||||||||||||||||||||||||| 100%
     |
     | | 0%
     |
     |||||||||||||||||||||||| | 33%
     |
     |||||||||||||||||||||||||||||||||||||||||||||||||||||||||||||||||||||||| 100%
     |
     | | 0%
     |
     |||||||||||||||||||||||| | 33%
     |
     |||||||||||||||||||||||||||||||||||||||||||||||||||||||||||||||||||||||| 100%
     |
     | | 0%
     |
     |||||||||||||||||||||||| | 33%
     |
     |||||||||||||||||||||||||||||||||||||||||||||||||||||||||||||||||||||||| 100%
     |
     | | 0%
     |
     |||||||||||||||||||||||| | 33%
     |
     |||||||||||||||||||||||||||||||||||||||||||||||||||||||||||||||||||||||| 100%
     |
     | | 0%
     |
     |||||||||||||||||||||||| | 33%
     |
     |||||||||||||||||||||||||||||||||||||||||||||||||||||||||||||||||||||||| 100%
     |
     | | 0%
     |
     |||||||||||||||||||||||| | 33%
     |
     |||||||||||||||||||||||||||||||||||||||||||||||||||||||||||||||||||||||| 100%
     |
     | | 0%
     |
     |||||||||||||||||||||||| | 33%
     |
     |||||||||||||||||||||||||||||||||||||||||||||||||||||||||||||||||||||||| 100%
     |
     | | 0%
     |
     |||||||||||||||||||||||| | 33%
     |
     |||||||||||||||||||||||||||||||||||||||||||||||||||||||||||||||||||||||| 100%
     |
     | | 0%
     |
     |||||||||||||||||||||||||||||||||||||||||||||||||||||||||||||||||||||||| 100%
     |
     | | 0%
     |
     |||||||||||||||||||||||||||||||||||||||||||||||||||||||||||||||||||||||| 100%
     |
     | | 0%
     |
     ||||||||||||| | 17%
     |
     |||||||||||||||||||||||||||||||||||| | 50%
     |
     |||||||||||||||||||||||||||||||||||||||||||||||||||||||||||||||||||||||| 100%
     |
     | | 0%
     |
     ||||||||||||| | 17%
     |
     |||||||||||||||||||||||||||||||||||| | 50%
     |
     |||||||||||||||||||||||||||||||||||||||||||||||||||||||||||||||||||||||| 100%
     |
     | | 0%
     |
     ||||||||||||| | 17%
     |
     |||||||||||||||||||||||||||||||||||| | 50%
     |
     |||||||||||||||||||||||||||||||||||||||||||||||||||||||||||||||||||||||| 100%
     |
     | | 0%
     |
     ||||||||||||| | 17%
     |
     |||||||||||||||||||||||||||||||||||| | 50%
     |
     |||||||||||||||||||||||||||||||||||||||||||||||||||||||||||||||||||||||| 100%
     |
     | | 0%
     |
     |||||||||||||||||||||||| | 33%
     |
     |||||||||||||||||||||||||||||||||||||||||||||||||||||||||||||||||||||||| 100%
     |
     | | 0%
     |
     |||||||||||||||||||||||| | 33%
     |
     |||||||||||||||||||||||||||||||||||||||||||||||||||||||||||||||||||||||| 100%
     |
     | | 0%
     |
     ||||||||||||| | 17%
     |
     |||||||||||||||||||||||||||||||||||| | 50%
     |
     |||||||||||||||||||||||||||||||||||||||||||||||||||||||||||||||||||||||| 100%
     |
     | | 0%
     |
     ||||||||||||| | 17%
     |
     |||||||||||||||||||||||||||||||||||| | 50%
     |
     |||||||||||||||||||||||||||||||||||||||||||||||||||||||||||||||||||||||| 100%
     |
     | | 0%
     |
     |||||||||||||||||||||||| | 33%
     |
     |||||||||||||||||||||||||||||||||||||||||||||||||||||||||||||||||||||||| 100%-- 10. Failure: lmer [lme4] models can run in slidingwin with cross-validation (
     round(test[[1]]$Dataset$deltaAICc[1], 1) == -26.3 isn't true.
    
    
     |
     | | 0%
     |
     |||||||||||||||||||||||| | 33%
     |
     |||||||||||||||||||||||||||||||||||||||||||||||||||||||||||||||||||||||| 100%
     |
     | | 0%
     |
     |||||||||||||||||||||||| | 33%
     |
     |||||||||||||||||||||||||||||||||||||||||||||||||||||||||||||||||||||||| 100%-- 11. Failure: glmer [lme4] models can run in slidingwin with cross-validation
     round(test[[1]]$Dataset$deltaAICc[1], 1) == -6.5 isn't true.
    
    
     |
     | | 0%
     |
     ||||||||||||| | 17%
     |
     |||||||||||||||||||||||||||||||||||| | 50%
     |
     |||||||||||||||||||||||||||||||||||||||||||||||||||||||||||||||||||||||| 100%
     |
     | | 0%
     |
     ||||||||||||| | 17%
     |
     |||||||||||||||||||||||||||||||||||| | 50%
     |
     |||||||||||||||||||||||||||||||||||||||||||||||||||||||||||||||||||||||| 100%
     |
     | | 0%
     |
     ||||||||||||| | 17%
     |
     |||||||||||||||||||||||||||||||||||| | 50%
     |
     |||||||||||||||||||||||||||||||||||||||||||||||||||||||||||||||||||||||| 100%
     |
     | | 0%
     |
     ||||||||||||| | 17%
     |
     |||||||||||||||||||||||||||||||||||| | 50%
     |
     |||||||||||||||||||||||||||||||||||||||||||||||||||||||||||||||||||||||| 100%
     |
     | | 0%
     |
     |||||||||||||||||||||||| | 33%
     |
     |||||||||||||||||||||||||||||||||||||||||||||||||||||||||||||||||||||||| 100%
     |
     | | 0%
     |
     ||||||||||||| | 17%
     |
     |||||||||||||||||||||||||||||||||||| | 50%
     |
     |||||||||||||||||||||||||||||||||||||||||||||||||||||||||||||||||||||||| 100%
     |
     | | 0%
     |
     ||||||||||||| | 17%
     |
     |||||||||||||||||||||||||||||||||||| | 50%
     |
     |||||||||||||||||||||||||||||||||||||||||||||||||||||||||||||||||||||||| 100%
     |
     | | 0%
     |
     ||||||||||||| | 17%
     |
     |||||||||||||||||||||||||||||||||||| | 50%
     |
     |||||||||||||||||||||||||||||||||||||||||||||||||||||||||||||||||||||||| 100%
     |
     | | 0%
     |
     ||||||||||||| | 17%
     |
     |||||||||||||||||||||||||||||||||||| | 50%
     |
     |||||||||||||||||||||||||||||||||||||||||||||||||||||||||||||||||||||||| 100%
     |
     | | 0%
     |
     ||||||||||||| | 17%
     |
     |||||||||||||||||||||||||||||||||||| | 50%
     |
     |||||||||||||||||||||||||||||||||||||||||||||||||||||||||||||||||||||||| 100%
     |
     | | 0%
     |
     ||||||||||||| | 17%
     |
     |||||||||||||||||||||||||||||||||||| | 50%
     |
     |||||||||||||||||||||||||||||||||||||||||||||||||||||||||||||||||||||||| 100%
     |
     | | 0%
     |
     ||||||||||||| | 17%
     |
     |||||||||||||||||||||||||||||||||||| | 50%
     |
     |||||||||||||||||||||||||||||||||||||||||||||||||||||||||||||||||||||||| 100%
     |
     | | 0%
     |
     ||||||||||||| | 17%
     |
     |||||||||||||||||||||||||||||||||||| | 50%
     |
     |||||||||||||||||||||||||||||||||||||||||||||||||||||||||||||||||||||||| 100%
     |
     | | 0%
     |
     ||||||||||||| | 17%
     |
     |||||||||||||||||||||||||||||||||||| | 50%
     |
     |||||||||||||||||||||||||||||||||||||||||||||||||||||||||||||||||||||||| 100%
     |
     | | 0%
     |
     ||||||||||||| | 17%
     |
     |||||||||||||||||||||||||||||||||||| | 50%
     |
     |||||||||||||||||||||||||||||||||||||||||||||||||||||||||||||||||||||||| 100%
     |
     | | 0%
     |
     ||||||||||||| | 17%
     |
     |||||||||||||||||||||||||||||||||||| | 50%
     |
     |||||||||||||||||||||||||||||||||||||||||||||||||||||||||||||||||||||||| 100%
     |
     | | 0%
     |
     ||||||||||||| | 17%
     |
     |||||||||||||||||||||||||||||||||||| | 50%
     |
     |||||||||||||||||||||||||||||||||||||||||||||||||||||||||||||||||||||||| 100%
     |
     | | 0%
     |
     ||||||||||||| | 17%
     |
     |||||||||||||||||||||||||||||||||||| | 50%
     |
     |||||||||||||||||||||||||||||||||||||||||||||||||||||||||||||||||||||||| 100%
     |
     | | 0%
     |
     ||||||||||||| | 17%
     |
     |||||||||||||||||||||||||||||||||||| | 50%
     |
     |||||||||||||||||||||||||||||||||||||||||||||||||||||||||||||||||||||||| 100%
     |
     | | 0%
     |
     ||||||||||||| | 17%
     |
     |||||||||||||||||||||||||||||||||||| | 50%
     |
     |||||||||||||||||||||||||||||||||||||||||||||||||||||||||||||||||||||||| 100%
     |
     | | 0%
     |
     ||||||||||||| | 17%
     |
     |||||||||||||||||||||||||||||||||||| | 50%
     |
     |||||||||||||||||||||||||||||||||||||||||||||||||||||||||||||||||||||||| 100%
     |
     | | 0%
     |
     ||||||||||||| | 17%
     |
     |||||||||||||||||||||||||||||||||||| | 50%
     |
     |||||||||||||||||||||||||||||||||||||||||||||||||||||||||||||||||||||||| 100%
     |
     | | 0%
     |
     ||||||||||||| | 17%
     |
     |||||||||||||||||||||||||||||||||||| | 50%
     |
     |||||||||||||||||||||||||||||||||||||||||||||||||||||||||||||||||||||||| 100%
     |
     | | 0%
     |
     ||||||||||||| | 17%
     |
     |||||||||||||||||||||||||||||||||||| | 50%
     |
     |||||||||||||||||||||||||||||||||||||||||||||||||||||||||||||||||||||||| 100%
     |
     | | 0%
     |
     ||||||||||||| | 17%
     |
     |||||||||||||||||||||||||||||||||||| | 50%
     |
     |||||||||||||||||||||||||||||||||||||||||||||||||||||||||||||||||||||||| 100%
     |
     | | 0%
     |
     ||||||||||||| | 17%
     |
     |||||||||||||||||||||||||||||||||||| | 50%
     |
     |||||||||||||||||||||||||||||||||||||||||||||||||||||||||||||||||||||||| 100%-- 12. Failure: weightwin works properly with k (@testweightwin.R#109) --------
     round(test$WeightedOutput$deltaAICc, 1) == -1.9 isn't true.
    
     == testthat results ===========================================================
     [ OK: 785 | SKIPPED: 0 | WARNINGS: 3 | FAILED: 12 ]
     1. Failure: Check randwin output with slidingwin and max (@testrandwin.R#39)
     2. Failure: Check randwin output with slidingwin and max (@testrandwin.R#41)
     3. Failure: Check randwin output with slidingwin and mean (@testrandwin.R#85)
     4. Failure: Check randwin output with slidingwin and mean (@testrandwin.R#87)
     5. Failure: Check randwin output works with spatial replication (@testrandwin.R#135)
     6. Failure: Check randwin output works with spatial replication (@testrandwin.R#137)
     7. Failure: Check randwin output with weightwin (@testrandwin.R#181)
     8. Failure: Check randwin output with weightwin (@testrandwin.R#182)
     9. Failure: Check randwin output with weightwin (@testrandwin.R#183)
     1. ...
    
     Error: testthat unit tests failed
     Execution halted
Flavor: r-oldrel-windows-ix86+x86_64

Version: 1.2.2
Check: tests
Result: ERROR
     Running ‘testthat.R’ [92s/92s]
    Running the tests in ‘tests/testthat.R’ failed.
    Last 13 lines of output:
     ══ testthat results ═══════════════════════════════════════════════════════════
     [ OK: 785 | SKIPPED: 0 | WARNINGS: 3 | FAILED: 12 ]
     1. Failure: Check randwin output with slidingwin and max (@testrandwin.R#39)
     2. Failure: Check randwin output with slidingwin and max (@testrandwin.R#41)
     3. Failure: Check randwin output with slidingwin and mean (@testrandwin.R#85)
     4. Failure: Check randwin output with slidingwin and mean (@testrandwin.R#87)
     5. Failure: Check randwin output works with spatial replication (@testrandwin.R#135)
     6. Failure: Check randwin output works with spatial replication (@testrandwin.R#137)
     7. Failure: Check randwin output with weightwin (@testrandwin.R#181)
     8. Failure: Check randwin output with weightwin (@testrandwin.R#182)
     9. Failure: Check randwin output with weightwin (@testrandwin.R#183)
     1. ...
    
     Error: testthat unit tests failed
     Execution halted
Flavor: r-oldrel-osx-x86_64