CRAN Package Check Results for Package clinfun

Last updated on 2014-09-16 03:48:40.

Flavor Version Tinstall Tcheck Ttotal Status Flags
r-devel-linux-x86_64-debian-clang 1.0.6 2.34 22.50 24.84 NOTE
r-devel-linux-x86_64-debian-gcc 1.0.6 2.23 21.99 24.22 NOTE
r-devel-linux-x86_64-fedora-clang 1.0.6 44.40 NOTE
r-devel-linux-x86_64-fedora-gcc 1.0.6 43.26 NOTE
r-devel-osx-x86_64-clang 1.0.6 41.21 NOTE
r-devel-windows-ix86+x86_64 1.0.6 17.00 49.00 66.00 NOTE
r-patched-linux-x86_64 1.0.6 2.32 25.03 27.35 OK
r-patched-solaris-sparc 1.0.6 313.50 OK
r-patched-solaris-x86 1.0.6 64.20 OK
r-release-linux-ix86 1.0.6 3.56 34.04 37.60 OK
r-release-linux-x86_64 1.0.6 2.42 22.83 25.25 OK
r-release-osx-x86_64-mavericks 1.0.6 OK
r-release-osx-x86_64-snowleopard 1.0.6 OK
r-release-windows-ix86+x86_64 1.0.6 18.00 49.00 67.00 OK
r-oldrel-windows-ix86+x86_64 1.0.6 17.00 52.00 69.00 OK

Check Details

Version: 1.0.6
Check: R code for possible problems
Result: NOTE
    calogrank: no visible global function definition for ‘survdiff’
    coxphQuantile: no visible global function definition for ‘survfit’
    permlogrank: no visible global function definition for
     ‘untangle.specials’
    permlogrank: no visible global function definition for ‘strata’
    permlogrank: no visible global function definition for ‘survfit’
Flavors: r-devel-linux-x86_64-debian-clang, r-devel-linux-x86_64-debian-gcc, r-devel-linux-x86_64-fedora-clang, r-devel-linux-x86_64-fedora-gcc, r-devel-osx-x86_64-clang, r-devel-windows-ix86+x86_64