CRAN Package Check Results for Package clinfun

Last updated on 2017-03-29 18:46:59.

Flavor Version Tinstall Tcheck Ttotal Status Flags
r-devel-linux-x86_64-debian-clang 1.0.13 2.72 28.25 30.98 NOTE
r-devel-linux-x86_64-debian-gcc 1.0.13 2.60 27.33 29.92 NOTE
r-devel-linux-x86_64-fedora-clang 1.0.13 55.07 NOTE --no-stop-on-test-error
r-devel-linux-x86_64-fedora-gcc 1.0.13 49.62 NOTE --no-stop-on-test-error
r-devel-macos-x86_64-clang 1.0.13 42.69 NOTE --no-stop-on-test-error
r-devel-windows-ix86+x86_64 1.0.13 20.00 68.00 88.00 OK
r-patched-linux-x86_64 1.0.13 2.50 27.38 29.88 NOTE
r-patched-solaris-sparc 1.0.13 373.70 OK
r-patched-solaris-x86 1.0.13 75.70 OK
r-release-linux-x86_64 1.0.13 2.40 24.74 27.14 OK
r-release-osx-x86_64-mavericks 1.0.13 OK
r-release-windows-ix86+x86_64 1.0.13 22.00 116.00 138.00 OK
r-oldrel-windows-ix86+x86_64 1.0.13 46.00 76.00 122.00 OK

Check Details

Version: 1.0.13
Check: compiled code
Result: NOTE
    File ‘clinfun/libs/clinfun.so’:
     Found no calls to: ‘R_registerRoutines’, ‘R_useDynamicSymbols’
    
    It is good practice to register native routines and to disable symbol
    search.
    
    See ‘Writing portable packages’ in the ‘Writing R Extensions’ manual.
Flavors: r-devel-linux-x86_64-debian-clang, r-devel-linux-x86_64-debian-gcc, r-patched-linux-x86_64

Version: 1.0.13
Flags: --no-stop-on-test-error
Check: compiled code
Result: NOTE
    File ‘clinfun/libs/clinfun.so’:
     Found no calls to: ‘R_registerRoutines’, ‘R_useDynamicSymbols’
    
    It is good practice to register native routines and to disable symbol
    search.
    
    See ‘Writing portable packages’ in the ‘Writing R Extensions’ manual.
Flavors: r-devel-linux-x86_64-fedora-clang, r-devel-linux-x86_64-fedora-gcc, r-devel-macos-x86_64-clang