CRAN Package Check Results for Package clinfun

Last updated on 2014-11-25 22:47:07.

Flavor Version Tinstall Tcheck Ttotal Status Flags
r-devel-linux-x86_64-debian-clang 1.0.6 2.38 23.67 26.05 NOTE
r-devel-linux-x86_64-debian-gcc 1.0.6 2.30 22.38 24.68 NOTE
r-devel-linux-x86_64-fedora-clang 1.0.6 48.97 NOTE
r-devel-linux-x86_64-fedora-gcc 1.0.6 43.69 NOTE
r-devel-osx-x86_64-clang 1.0.6 45.94 NOTE
r-devel-windows-ix86+x86_64 1.0.6 19.00 47.00 66.00 NOTE
r-patched-linux-x86_64 1.0.6 2.34 24.54 26.88 NOTE
r-patched-solaris-sparc 1.0.6 306.30 NOTE
r-patched-solaris-x86 1.0.6 66.20 NOTE
r-release-linux-ix86 1.0.6 3.40 33.16 36.56 NOTE
r-release-linux-x86_64 1.0.6 2.31 22.91 25.22 NOTE
r-release-osx-x86_64-mavericks 1.0.6 OK
r-release-osx-x86_64-snowleopard 1.0.6 OK
r-release-windows-ix86+x86_64 1.0.6 17.00 52.00 69.00 NOTE
r-oldrel-windows-ix86+x86_64 1.0.6 17.00 52.00 69.00 OK

Check Details

Version: 1.0.6
Check: R code for possible problems
Result: NOTE
    calogrank: no visible global function definition for ‘survdiff’
    coxphQuantile: no visible global function definition for ‘survfit’
    permlogrank: no visible global function definition for
     ‘untangle.specials’
    permlogrank: no visible global function definition for ‘strata’
    permlogrank: no visible global function definition for ‘survfit’
Flavors: r-devel-linux-x86_64-debian-clang, r-devel-linux-x86_64-debian-gcc, r-devel-linux-x86_64-fedora-clang, r-devel-linux-x86_64-fedora-gcc, r-devel-osx-x86_64-clang, r-devel-windows-ix86+x86_64, r-patched-linux-x86_64, r-patched-solaris-sparc, r-patched-solaris-x86, r-release-linux-ix86, r-release-linux-x86_64, r-release-windows-ix86+x86_64