CRAN Package Check Results for Package clinfun

Last updated on 2014-08-20 12:46:34.

Flavor Version Tinstall Tcheck Ttotal Status Flags
r-devel-linux-x86_64-debian-clang 1.0.6 2.36 22.20 24.55 OK
r-devel-linux-x86_64-debian-gcc 1.0.6 2.27 23.34 25.61 OK
r-devel-linux-x86_64-fedora-clang 1.0.6 45.60 NOTE
r-devel-linux-x86_64-fedora-gcc 1.0.6 43.13 NOTE
r-devel-osx-x86_64-clang 1.0.6 41.76 NOTE
r-devel-windows-ix86+x86_64 1.0.6 17.00 47.00 64.00 OK
r-patched-linux-x86_64 1.0.6 2.26 22.38 24.64 OK
r-patched-solaris-sparc 1.0.6 313.50 OK
r-patched-solaris-x86 1.0.6 64.60 OK
r-release-linux-ix86 1.0.6 3.54 34.32 37.86 OK
r-release-linux-x86_64 1.0.6 2.41 23.70 26.10 OK
r-release-osx-x86_64-mavericks 1.0.6 OK
r-release-osx-x86_64-snowleopard 1.0.6 OK
r-release-windows-ix86+x86_64 1.0.6 18.00 49.00 67.00 OK
r-oldrel-windows-ix86+x86_64 1.0.6 17.00 52.00 69.00 OK

Check Details

Version: 1.0.6
Check: R code for possible problems
Result: NOTE
    calogrank: no visible global function definition for ‘survdiff’
    coxphQuantile: no visible global function definition for ‘survfit’
    permlogrank: no visible global function definition for
     ‘untangle.specials’
    permlogrank: no visible global function definition for ‘strata’
    permlogrank: no visible global function definition for ‘survfit’
Flavors: r-devel-linux-x86_64-fedora-clang, r-devel-linux-x86_64-fedora-gcc, r-devel-osx-x86_64-clang