CRAN Package Check Results for Package clinfun

Last updated on 2017-02-24 11:48:03.

Flavor Version Tinstall Tcheck Ttotal Status Flags
r-devel-linux-x86_64-debian-clang 1.0.13 2.69 28.57 31.26 NOTE
r-devel-linux-x86_64-debian-gcc 1.0.13 3.79 27.14 30.94 NOTE
r-devel-linux-x86_64-fedora-clang 1.0.13 53.09 NOTE --no-stop-on-test-error
r-devel-linux-x86_64-fedora-gcc 1.0.13 49.28 NOTE --no-stop-on-test-error
r-devel-macos-x86_64-clang 1.0.13 43.27 NOTE --no-stop-on-test-error
r-devel-windows-ix86+x86_64 1.0.13 45.00 91.00 136.00 OK
r-patched-linux-x86_64 1.0.13 2.40 25.04 27.44 OK
r-patched-solaris-sparc 1.0.13 357.00 OK
r-patched-solaris-x86 1.0.13 68.90 OK
r-release-linux-x86_64 1.0.13 2.43 25.29 27.72 OK
r-release-osx-x86_64-mavericks 1.0.13 OK
r-release-windows-ix86+x86_64 1.0.13 42.00 84.00 126.00 OK
r-oldrel-windows-ix86+x86_64 1.0.13 40.00 114.00 154.00 OK

Check Details

Version: 1.0.13
Check: compiled code
Result: NOTE
    File ‘clinfun/libs/clinfun.so’:
     Found no calls to: ‘R_registerRoutines’, ‘R_useDynamicSymbols’
    
    It is good practice to register native routines and to disable symbol
    search.
    
    See ‘Writing portable packages’ in the ‘Writing R Extensions’ manual.
Flavors: r-devel-linux-x86_64-debian-clang, r-devel-linux-x86_64-debian-gcc

Version: 1.0.13
Flags: --no-stop-on-test-error
Check: compiled code
Result: NOTE
    File ‘clinfun/libs/clinfun.so’:
     Found no calls to: ‘R_registerRoutines’, ‘R_useDynamicSymbols’
    
    It is good practice to register native routines and to disable symbol
    search.
    
    See ‘Writing portable packages’ in the ‘Writing R Extensions’ manual.
Flavors: r-devel-linux-x86_64-fedora-clang, r-devel-linux-x86_64-fedora-gcc, r-devel-macos-x86_64-clang