CRAN Package Check Results for Package clinfun

Last updated on 2014-10-26 05:47:12.

Flavor Version Tinstall Tcheck Ttotal Status Flags
r-devel-linux-x86_64-debian-clang 1.0.6 2.34 22.99 25.34 NOTE
r-devel-linux-x86_64-debian-gcc 1.0.6 2.30 23.14 25.43 NOTE
r-devel-linux-x86_64-fedora-clang 1.0.6 51.18 NOTE
r-devel-linux-x86_64-fedora-gcc 1.0.6 42.84 NOTE
r-devel-osx-x86_64-clang 1.0.6 44.31 NOTE
r-devel-windows-ix86+x86_64 1.0.6 19.00 44.00 63.00 NOTE
r-patched-linux-x86_64 1.0.6 2.32 23.58 25.90 NOTE
r-patched-solaris-sparc 1.0.6 306.30 NOTE
r-patched-solaris-x86 1.0.6 66.40 NOTE
r-release-linux-ix86 1.0.6 3.54 34.32 37.86 OK
r-release-linux-x86_64 1.0.6 2.41 22.89 25.30 OK
r-release-osx-x86_64-mavericks 1.0.6 OK
r-release-osx-x86_64-snowleopard 1.0.6 OK
r-release-windows-ix86+x86_64 1.0.6 18.00 49.00 67.00 OK
r-oldrel-windows-ix86+x86_64 1.0.6 17.00 52.00 69.00 OK

Check Details

Version: 1.0.6
Check: R code for possible problems
Result: NOTE
    calogrank: no visible global function definition for ‘survdiff’
    coxphQuantile: no visible global function definition for ‘survfit’
    permlogrank: no visible global function definition for
     ‘untangle.specials’
    permlogrank: no visible global function definition for ‘strata’
    permlogrank: no visible global function definition for ‘survfit’
Flavors: r-devel-linux-x86_64-debian-clang, r-devel-linux-x86_64-debian-gcc, r-devel-linux-x86_64-fedora-clang, r-devel-linux-x86_64-fedora-gcc, r-devel-osx-x86_64-clang, r-devel-windows-ix86+x86_64, r-patched-linux-x86_64, r-patched-solaris-sparc, r-patched-solaris-x86