CRAN Package Check Results for Package clinfun

Last updated on 2015-01-26 10:47:03.

Flavor Version Tinstall Tcheck Ttotal Status Flags
r-devel-linux-x86_64-debian-clang 1.0.6 2.39 22.08 24.46 NOTE
r-devel-linux-x86_64-debian-gcc 1.0.6 2.29 22.37 24.66 NOTE
r-devel-linux-x86_64-fedora-clang 1.0.6 47.58 NOTE
r-devel-linux-x86_64-fedora-gcc 1.0.6 44.25 NOTE
r-devel-osx-x86_64-clang 1.0.6 43.76 NOTE
r-devel-windows-ix86+x86_64 1.0.6 20.00 53.00 73.00 NOTE
r-patched-linux-x86_64 1.0.6 2.28 22.89 25.17 NOTE
r-patched-solaris-sparc 1.0.6 311.70 NOTE
r-patched-solaris-x86 1.0.6 66.20 NOTE
r-release-linux-ix86 1.0.6 3.42 32.59 36.01 NOTE
r-release-linux-x86_64 1.0.6 2.35 22.92 25.27 NOTE
r-release-osx-x86_64-mavericks 1.0.6 NOTE
r-release-osx-x86_64-snowleopard 1.0.6 OK
r-release-windows-ix86+x86_64 1.0.6 19.00 53.00 72.00 NOTE
r-oldrel-windows-ix86+x86_64 1.0.6 19.00 55.00 74.00 OK

Check Details

Version: 1.0.6
Check: R code for possible problems
Result: NOTE
    calogrank: no visible global function definition for ‘survdiff’
    coxphQuantile: no visible global function definition for ‘survfit’
    permlogrank: no visible global function definition for
     ‘untangle.specials’
    permlogrank: no visible global function definition for ‘strata’
    permlogrank: no visible global function definition for ‘survfit’
Flavors: r-devel-linux-x86_64-debian-clang, r-devel-linux-x86_64-debian-gcc, r-devel-linux-x86_64-fedora-clang, r-devel-linux-x86_64-fedora-gcc, r-devel-osx-x86_64-clang, r-devel-windows-ix86+x86_64, r-patched-linux-x86_64, r-patched-solaris-sparc, r-patched-solaris-x86, r-release-linux-ix86, r-release-linux-x86_64, r-release-osx-x86_64-mavericks, r-release-windows-ix86+x86_64