CRAN Package Check Results for Package clinfun

Last updated on 2014-04-24 17:49:41.

Flavor Version Tinstall Tcheck Ttotal Status Flags
r-devel-linux-x86_64-debian-clang 1.0.5 2.42 23.26 25.68 OK
r-devel-linux-x86_64-debian-gcc 1.0.5 2.28 23.70 25.97 OK
r-devel-linux-x86_64-fedora-clang 1.0.5 45.80 NOTE
r-devel-linux-x86_64-fedora-gcc 1.0.5 44.48 NOTE
r-devel-osx-x86_64-clang 1.0.5 39.70 OK
r-devel-osx-x86_64-gcc 1.0.5 OK
r-devel-windows-ix86+x86_64 1.0.5 17.00 52.00 69.00 OK
r-patched-linux-x86_64 1.0.5 2.26 24.08 26.33 OK
r-patched-solaris-sparc 1.0.5 305.50 OK
r-patched-solaris-x86 1.0.5 65.10 OK
r-release-linux-ix86 1.0.5 4.00 42.00 46.00 OK
r-release-linux-x86_64 1.0.5 2.52 23.98 26.50 OK
r-release-osx-x86_64-mavericks 1.0.5 WARN
r-release-windows-ix86+x86_64 1.0.5 19.00 52.00 71.00 OK
r-oldrel-windows-ix86+x86_64 1.0.5 17.00 51.00 68.00 OK

Check Details

Version: 1.0.5
Check: Rd line widths
Result: NOTE
    Rd file 'gsdesign-internal.Rd':
     \usage lines wider than 90 characters:
     gsd.drift.efficacy(ifrac, delta.eb, sig.level=0.05, pow=0.8, alternative=c("two.sided", "one.sided"), tol=0.00001, ...)
     gsd.drift.both(ifrac, delta.eb, delta.fb, sig.level=0.05, pow=0.8, alternative=c("two.sided", "one.sided"), tol=0.00001, ...)
     gsd.drift(ifrac, sig.level = 0.05, pow = 0.8, delta.eb = 0.5, delta.fb = NULL, alternative = c("two.sided", "one.sided"), tol=0.00001, ... [TRUNCATED]
    
    These lines will be truncated in the PDF manual.
Flavors: r-devel-linux-x86_64-fedora-clang, r-devel-linux-x86_64-fedora-gcc

Version: 1.0.5
Check: PDF version of manual
Result: WARNING
    LaTeX errors when creating PDF version.
    This typically indicates Rd problems.
    LaTeX errors found:
    ! LaTeX Error: File `upquote.sty' not found.
    
    Type X to quit or <RETURN> to proceed,
    or enter new name. (Default extension: sty)
    
    0c59ba/Rd2.tex:8: ==> Fatal error occurred, no output PDF file produced!
Flavor: r-release-osx-x86_64-mavericks