CRAN Package Check Results for Package clinfun

Last updated on 2015-03-03 22:48:14.

Flavor Version Tinstall Tcheck Ttotal Status Flags
r-devel-linux-x86_64-debian-clang 1.0.9 2.31 24.62 26.93 OK
r-devel-linux-x86_64-debian-gcc 1.0.9 2.24 21.69 23.93 OK
r-devel-linux-x86_64-fedora-clang 1.0.9 45.18 OK
r-devel-linux-x86_64-fedora-gcc 1.0.9 43.09 OK
r-devel-osx-x86_64-clang 1.0.9 42.25 OK
r-devel-windows-ix86+x86_64 1.0.9 29.00 46.00 75.00 OK
r-patched-linux-x86_64 1.0.9 2.27 23.39 25.66 OK
r-patched-solaris-sparc 1.0.9 335.50 OK
r-patched-solaris-x86 1.0.9 67.60 OK
r-release-linux-ix86 1.0.6 3.40 33.54 36.93 NOTE
r-release-linux-x86_64 1.0.9 2.30 23.83 26.13 OK
r-release-osx-x86_64-mavericks 1.0.9 OK
r-release-osx-x86_64-snowleopard 1.0.9 OK
r-release-windows-ix86+x86_64 1.0.9 21.00 57.00 78.00 OK
r-oldrel-windows-ix86+x86_64 1.0.9 23.00 68.00 91.00 OK

Check Details

Version: 1.0.6
Check: R code for possible problems
Result: NOTE
    calogrank: no visible global function definition for ‘survdiff’
    coxphQuantile: no visible global function definition for ‘survfit’
    permlogrank: no visible global function definition for
     ‘untangle.specials’
    permlogrank: no visible global function definition for ‘strata’
    permlogrank: no visible global function definition for ‘survfit’
Flavor: r-release-linux-ix86