CRAN Package Check Results for Package clinsig

Last updated on 2015-07-07 03:47:32.

Flavor Version Tinstall Tcheck Ttotal Status Flags
r-devel-linux-x86_64-debian-clang 1.0-5 0.50 8.83 9.33 NOTE
r-devel-linux-x86_64-debian-gcc 1.0-5 0.49 8.56 9.06 NOTE
r-devel-linux-x86_64-fedora-clang 1.0-5 15.95 NOTE
r-devel-linux-x86_64-fedora-gcc 1.0-5 15.31 NOTE
r-devel-osx-x86_64-clang 1.0-5 17.20 OK
r-devel-windows-ix86+x86_64 1.0-5 2.00 13.00 15.00 NOTE
r-patched-linux-x86_64 1.0-5 0.50 8.79 9.30 OK
r-patched-solaris-sparc 1.0-5 112.40 OK
r-patched-solaris-x86 1.0-5 26.30 OK
r-release-linux-x86_64 1.0-5 0.51 8.66 9.17 OK
r-release-osx-x86_64-mavericks 1.0-5 OK
r-release-windows-ix86+x86_64 1.0-5 2.00 15.00 17.00 OK
r-oldrel-windows-ix86+x86_64 1.0-5 3.00 16.00 19.00 OK

Check Details

Version: 1.0-5
Check: R code for possible problems
Result: NOTE
    clinsig: no visible global function definition for ‘par’
    clinsig: no visible global function definition for ‘quantile’
    clinsig: no visible global function definition for ‘plot’
    hist.clinsig: no visible global function definition for ‘par’
    hist.clinsig: no visible global function definition for ‘plot’
    hist.clinsig: no visible global function definition for ‘axis’
    hist.clinsig: no visible global function definition for ‘rect’
    hist.clinsig: no visible global function definition for ‘strheight’
    hist.clinsig: no visible global function definition for ‘segments’
    hist.clinsig: no visible global function definition for ‘strwidth’
    hist.clinsig: no visible global function definition for ‘text’
    plot.clinsig: no visible global function definition for ‘par’
    plot.clinsig: no visible global function definition for ‘plot’
    plot.clinsig: no visible global function definition for ‘text’
    plot.clinsig: no visible global function definition for ‘strheight’
    plot.clinsig: no visible global function definition for ‘abline’
    plot.clinsig: no visible global function definition for ‘mtext’
    plot.clinsig: no visible global function definition for ‘points’
    Undefined global functions or variables:
     abline axis mtext par plot points quantile rect segments strheight
     strwidth text
Flavors: r-devel-linux-x86_64-debian-clang, r-devel-linux-x86_64-debian-gcc, r-devel-linux-x86_64-fedora-clang, r-devel-linux-x86_64-fedora-gcc, r-devel-windows-ix86+x86_64