CRAN Package Check Results for Package clinsig

Last updated on 2015-08-01 19:48:09.

Flavor Version Tinstall Tcheck Ttotal Status Flags
r-devel-linux-x86_64-debian-clang 1.0-5 0.50 8.61 9.11 NOTE
r-devel-linux-x86_64-debian-gcc 1.0-5 0.53 8.76 9.29 NOTE
r-devel-linux-x86_64-fedora-clang 1.0-5 17.61 NOTE
r-devel-linux-x86_64-fedora-gcc 1.0-5 17.00 NOTE
r-devel-osx-x86_64-clang 1.0-5 17.65 OK
r-devel-windows-ix86+x86_64 1.0-5 2.00 14.00 16.00 NOTE
r-patched-linux-x86_64 1.0-5 0.51 8.92 9.44 OK
r-patched-solaris-sparc 1.0-5 111.60 OK
r-patched-solaris-x86 1.0-5 25.70 OK
r-release-linux-x86_64 1.0-5 0.52 8.69 9.21 OK
r-release-osx-x86_64-mavericks 1.0-5 OK
r-release-windows-ix86+x86_64 1.0-5 2.00 15.00 17.00 OK
r-oldrel-windows-ix86+x86_64 1.0-5 3.00 16.00 19.00 OK

Check Details

Version: 1.0-5
Check: R code for possible problems
Result: NOTE
    clinsig: no visible global function definition for ‘par’
    clinsig: no visible global function definition for ‘quantile’
    clinsig: no visible global function definition for ‘plot’
    hist.clinsig: no visible global function definition for ‘par’
    hist.clinsig: no visible global function definition for ‘plot’
    hist.clinsig: no visible global function definition for ‘axis’
    hist.clinsig: no visible global function definition for ‘rect’
    hist.clinsig: no visible global function definition for ‘strheight’
    hist.clinsig: no visible global function definition for ‘segments’
    hist.clinsig: no visible global function definition for ‘strwidth’
    hist.clinsig: no visible global function definition for ‘text’
    plot.clinsig: no visible global function definition for ‘par’
    plot.clinsig: no visible global function definition for ‘plot’
    plot.clinsig: no visible global function definition for ‘text’
    plot.clinsig: no visible global function definition for ‘strheight’
    plot.clinsig: no visible global function definition for ‘abline’
    plot.clinsig: no visible global function definition for ‘mtext’
    plot.clinsig: no visible global function definition for ‘points’
    Undefined global functions or variables:
     abline axis mtext par plot points quantile rect segments strheight
     strwidth text
    Consider adding
     importFrom("graphics", "abline", "axis", "mtext", "par", "plot",
     "points", "rect", "segments", "strheight", "strwidth",
     "text")
     importFrom("stats", "quantile")
    to your NAMESPACE.
Flavors: r-devel-linux-x86_64-debian-clang, r-devel-linux-x86_64-debian-gcc, r-devel-linux-x86_64-fedora-clang, r-devel-linux-x86_64-fedora-gcc, r-devel-windows-ix86+x86_64