CRAN Package Check Results for Package clinsig

Last updated on 2016-05-30 13:47:25.

Flavor Version Tinstall Tcheck Ttotal Status Flags
r-devel-linux-x86_64-debian-gcc 1.1 0.72 9.60 10.33 OK
r-devel-linux-x86_64-fedora-clang 1.1 17.60 NOTE
r-devel-linux-x86_64-fedora-gcc 1.1 15.32 NOTE
r-devel-osx-x86_64-clang 1.1 19.86 NOTE
r-devel-windows-ix86+x86_64 1.1 2.00 24.00 26.00 OK
r-patched-linux-x86_64 1.1 0.60 9.32 9.92 OK
r-patched-solaris-sparc 1.1 99.50 NOTE
r-patched-solaris-x86 1.1 22.90 NOTE
r-release-linux-x86_64 1.1 0.56 9.57 10.13 OK
r-release-osx-x86_64-mavericks 1.1 NOTE
r-release-windows-ix86+x86_64 1.1 2.00 32.00 34.00 OK
r-oldrel-windows-ix86+x86_64 1.1 2.00 18.00 20.00 NOTE

Check Details

Version: 1.1
Check: dependencies in R code
Result: NOTE
    Namespaces in Imports field not imported from:
     ‘grDevices’ ‘utils’
     All declared Imports should be used.
Flavors: r-devel-linux-x86_64-fedora-clang, r-devel-linux-x86_64-fedora-gcc, r-devel-osx-x86_64-clang, r-patched-solaris-sparc, r-patched-solaris-x86, r-release-osx-x86_64-mavericks, r-oldrel-windows-ix86+x86_64