Last updated on 2023-03-23 02:49:39 CET.
Flavor | Version | Tinstall | Tcheck | Ttotal | Status | Flags |
---|---|---|---|---|---|---|
r-devel-linux-x86_64-debian-clang | 1.1 | 2.65 | 23.66 | 26.31 | NOTE | |
r-devel-linux-x86_64-debian-gcc | 1.1 | 2.23 | 18.81 | 21.04 | NOTE | |
r-devel-linux-x86_64-fedora-clang | 1.1 | 34.12 | NOTE | |||
r-devel-linux-x86_64-fedora-gcc | 1.1 | 31.99 | NOTE | |||
r-devel-windows-x86_64 | 1.1 | 12.00 | 55.00 | 67.00 | NOTE | |
r-patched-linux-x86_64 | 1.1 | 1.91 | 24.01 | 25.92 | OK | |
r-release-linux-x86_64 | 1.1 | 2.82 | 24.44 | 27.26 | OK | |
r-release-macos-arm64 | 1.1 | 16.00 | OK | |||
r-release-macos-x86_64 | 1.1 | 21.00 | OK | |||
r-release-windows-x86_64 | 1.1 | 12.00 | 50.00 | 62.00 | OK | |
r-oldrel-macos-arm64 | 1.1 | 17.00 | OK | |||
r-oldrel-macos-x86_64 | 1.1 | 27.00 | OK | |||
r-oldrel-windows-ix86+x86_64 | 1.1 | 6.00 | 50.00 | 56.00 | OK |
Version: 1.1
Check: package subdirectories
Result: NOTE
Problems with news in ‘NEWS.md’:
No news entries found.
Flavors: r-devel-linux-x86_64-debian-clang, r-devel-linux-x86_64-debian-gcc, r-devel-linux-x86_64-fedora-clang, r-devel-linux-x86_64-fedora-gcc, r-devel-windows-x86_64