CRAN Package Check Results for Package clpAPI

Last updated on 2017-03-01 19:48:23.

Flavor Version Tinstall Tcheck Ttotal Status Flags
r-devel-linux-x86_64-debian-clang 1.2.7 3.70 18.34 22.03 OK
r-devel-linux-x86_64-debian-gcc 1.2.7 3.04 17.99 21.03 OK
r-devel-linux-x86_64-fedora-clang 1.2.7 36.07 OK --no-stop-on-test-error
r-devel-linux-x86_64-fedora-gcc 1.2.7 35.03 OK --no-stop-on-test-error
r-devel-macos-x86_64-clang 1.2.7 35.70 OK --no-stop-on-test-error
r-devel-windows-ix86+x86_64 1.2.7 14.00 89.00 103.00 NOTE
r-patched-linux-x86_64 1.2.7 3.49 15.67 19.15 OK
r-patched-solaris-sparc 1.2.7 202.10 OK
r-patched-solaris-x86 1.2.7 46.50 OK
r-release-linux-x86_64 1.2.7 2.84 15.31 18.15 OK
r-release-osx-x86_64-mavericks 1.2.7 ERROR
r-release-windows-ix86+x86_64 1.2.7 12.00 44.00 56.00 NOTE
r-oldrel-windows-ix86+x86_64 1.2.7 14.00 61.00 75.00 NOTE

Check Details

Version: 1.2.7
Check: installed package size
Result: NOTE
     installed size is 6.7Mb
     sub-directories of 1Mb or more:
     libs 6.2Mb
Flavors: r-devel-windows-ix86+x86_64, r-release-windows-ix86+x86_64, r-oldrel-windows-ix86+x86_64

Version: 1.2.7
Check: whether package can be installed
Result: ERROR
    Installation failed.
Flavor: r-release-osx-x86_64-mavericks