CRAN Package Check Results for Package clpAPI

Last updated on 2014-08-27 10:47:45.

Flavor Version Tinstall Tcheck Ttotal Status Flags
r-devel-linux-x86_64-debian-clang 1.2.6 2.89 14.63 17.52 OK
r-devel-linux-x86_64-debian-gcc 1.2.6 2.95 14.61 17.56 OK
r-devel-linux-x86_64-fedora-clang 1.2.6 36.81 OK
r-devel-linux-x86_64-fedora-gcc 1.2.6 35.29 OK
r-devel-osx-x86_64-clang 1.2.6 39.63 OK
r-devel-windows-ix86+x86_64 1.2.6 11.00 48.00 59.00 NOTE
r-patched-linux-x86_64 1.2.6 2.88 14.76 17.64 OK
r-patched-solaris-sparc 1.2.6 219.10 OK
r-patched-solaris-x86 1.2.6 53.40 OK
r-release-linux-ix86 1.2.6 4.66 23.26 27.92 OK
r-release-linux-x86_64 1.2.6 2.97 15.24 18.22 OK
r-release-osx-x86_64-mavericks 1.2.6 ERROR
r-release-osx-x86_64-snowleopard 1.2.6 ERROR
r-release-windows-ix86+x86_64 1.2.6 14.00 50.00 64.00 NOTE
r-oldrel-windows-ix86+x86_64 1.2.6 10.00 48.00 58.00 NOTE

Check Details

Version: 1.2.6
Check: installed package size
Result: NOTE
     installed size is 6.9Mb
     sub-directories of 1Mb or more:
     libs 6.4Mb
Flavors: r-devel-windows-ix86+x86_64, r-release-windows-ix86+x86_64, r-oldrel-windows-ix86+x86_64

Version: 1.2.6
Check: whether package can be installed
Result: ERROR
    Installation failed.
Flavors: r-release-osx-x86_64-mavericks, r-release-osx-x86_64-snowleopard