CRAN Package Check Results for Package clpAPI

Last updated on 2014-04-24 23:48:00.

Flavor Version Tinstall Tcheck Ttotal Status Flags
r-devel-linux-x86_64-debian-clang 1.2.6 3.03 15.88 18.91 OK
r-devel-linux-x86_64-debian-gcc 1.2.6 2.84 15.47 18.30 OK
r-devel-linux-x86_64-fedora-clang 1.2.6 36.58 OK
r-devel-linux-x86_64-fedora-gcc 1.2.6 35.55 OK
r-devel-osx-x86_64-clang 1.2.6 37.38 OK
r-devel-osx-x86_64-gcc 1.2.6 ERROR
r-devel-windows-ix86+x86_64 1.2.6 11.00 44.00 55.00 NOTE
r-patched-linux-x86_64 1.2.6 2.82 15.82 18.64 OK
r-patched-solaris-sparc 1.2.6 211.90 OK
r-patched-solaris-x86 1.2.6 51.70 OK
r-release-linux-ix86 1.2.6 6.00 33.00 39.00 OK
r-release-linux-x86_64 1.2.6 2.90 15.69 18.59 OK
r-release-osx-x86_64-mavericks 1.2.6 ERROR
r-release-osx-x86_64-snowleopard 1.2.6 ERROR
r-release-windows-ix86+x86_64 1.2.6 19.00 64.00 83.00 NOTE
r-oldrel-windows-ix86+x86_64 1.2.6 10.00 48.00 58.00 NOTE

Check Details

Version: 1.2.6
Check: whether package can be installed
Result: ERROR
    Installation failed.
    See ‘/Volumes/XT3/Builds/R-dev-web/QA/Simon/packages/snowleopard-x86_64/results/3.2/clpAPI.Rcheck/00install.out’ for details.
Flavor: r-devel-osx-x86_64-gcc

Version: 1.2.6
Check: installed package size
Result: NOTE
     installed size is 6.9Mb
     sub-directories of 1Mb or more:
     libs 6.4Mb
Flavors: r-devel-windows-ix86+x86_64, r-release-windows-ix86+x86_64, r-oldrel-windows-ix86+x86_64

Version: 1.2.6
Check: whether package can be installed
Result: ERROR
    Installation failed.
    See ‘/Builds/CRAN-QA-Simon/packages/mavericks-x86_64/results/3.1/clpAPI.Rcheck/00install.out’ for details.
Flavor: r-release-osx-x86_64-mavericks

Version: 1.2.6
Check: whether package can be installed
Result: ERROR
    Installation failed.
    See ‘/Volumes/XT3/Builds/R-dev-web/QA/Simon/packages/snowleopard-x86_64/results/3.1/clpAPI.Rcheck/00install.out’ for details.
Flavor: r-release-osx-x86_64-snowleopard