CRAN Package Check Results for Package clpAPI

Last updated on 2018-02-25 19:48:52 CET.

Flavor Version Tinstall Tcheck Ttotal Status Flags
r-devel-linux-x86_64-debian-clang 1.2.7 4.86 27.45 32.31 OK
r-devel-linux-x86_64-debian-gcc 1.2.7 4.66 25.04 29.70 OK
r-devel-linux-x86_64-fedora-clang 1.2.7 39.33 OK
r-devel-linux-x86_64-fedora-gcc 1.2.7 39.06 OK
r-devel-windows-ix86+x86_64 1.2.7 21.00 85.00 106.00 NOTE
r-patched-linux-x86_64 1.2.7 4.38 26.56 30.94 OK
r-patched-solaris-x86 1.2.7 54.50 OK
r-release-linux-x86_64 1.2.7 4.35 26.20 30.55 OK
r-release-windows-ix86+x86_64 1.2.7 12.00 68.00 80.00 NOTE
r-release-osx-x86_64 1.2.7 ERROR
r-oldrel-windows-ix86+x86_64 1.2.7 12.00 44.00 56.00 NOTE
r-oldrel-osx-x86_64 1.2.7 ERROR

Check Details

Version: 1.2.7
Check: installed package size
Result: NOTE
     installed size is 6.8Mb
     sub-directories of 1Mb or more:
     libs 6.2Mb
Flavors: r-devel-windows-ix86+x86_64, r-release-windows-ix86+x86_64, r-oldrel-windows-ix86+x86_64

Version: 1.2.7
Check: whether package can be installed
Result: ERROR
    Installation failed.
Flavors: r-release-osx-x86_64, r-oldrel-osx-x86_64