CRAN Package Check Results for Package clpAPI

Last updated on 2016-06-25 11:49:02.

Flavor Version Tinstall Tcheck Ttotal Status Flags
r-devel-linux-x86_64-debian-gcc 1.2.7 2.96 16.03 18.99 OK
r-devel-linux-x86_64-fedora-clang 1.2.7 29.31 OK
r-devel-linux-x86_64-fedora-gcc 1.2.7 28.67 OK
r-devel-osx-x86_64-clang 1.2.7 28.57 OK
r-devel-windows-ix86+x86_64 1.2.7 11.00 44.00 55.00 NOTE
r-patched-linux-x86_64 1.2.7 3.43 16.19 19.62 OK
r-patched-solaris-sparc 1.2.7 198.60 OK
r-patched-solaris-x86 1.2.7 46.40 OK
r-release-linux-x86_64 1.2.7 2.93 15.91 18.83 OK
r-release-osx-x86_64-mavericks 1.2.7 ERROR
r-release-windows-ix86+x86_64 1.2.7 12.00 58.00 70.00 NOTE
r-oldrel-windows-ix86+x86_64 1.2.7 18.00 74.00 92.00 NOTE

Check Details

Version: 1.2.7
Check: installed package size
Result: NOTE
     installed size is 6.7Mb
     sub-directories of 1Mb or more:
     libs 6.2Mb
Flavors: r-devel-windows-ix86+x86_64, r-release-windows-ix86+x86_64, r-oldrel-windows-ix86+x86_64

Version: 1.2.7
Check: whether package can be installed
Result: ERROR
    Installation failed.
Flavor: r-release-osx-x86_64-mavericks