CRAN Package Check Results for Package clpAPI

Last updated on 2014-07-24 21:48:41.

Flavor Version Tinstall Tcheck Ttotal Status Flags
r-devel-linux-x86_64-debian-clang 1.2.6 2.94 14.87 17.80 OK
r-devel-linux-x86_64-debian-gcc 1.2.6 2.85 14.97 17.82 OK
r-devel-linux-x86_64-fedora-clang 1.2.6 37.13 OK
r-devel-linux-x86_64-fedora-gcc 1.2.6 36.04 OK
r-devel-osx-x86_64-clang 1.2.6 39.81 OK
r-devel-windows-ix86+x86_64 1.2.6 12.00 47.00 59.00 NOTE
r-patched-linux-x86_64 1.2.6 2.82 14.86 17.69 OK
r-patched-solaris-sparc 1.2.6 211.90 OK
r-patched-solaris-x86 1.2.6 52.20 OK
r-release-linux-ix86 1.2.6 4.62 23.09 27.71 OK
r-release-linux-x86_64 1.2.6 2.89 15.44 18.33 OK
r-release-osx-x86_64-mavericks 1.2.6 ERROR
r-release-osx-x86_64-snowleopard 1.2.6 ERROR
r-release-windows-ix86+x86_64 1.2.6 14.00 50.00 64.00 NOTE
r-oldrel-windows-ix86+x86_64 1.2.6 10.00 48.00 58.00 NOTE

Check Details

Version: 1.2.6
Check: installed package size
Result: NOTE
     installed size is 6.9Mb
     sub-directories of 1Mb or more:
     libs 6.4Mb
Flavors: r-devel-windows-ix86+x86_64, r-release-windows-ix86+x86_64, r-oldrel-windows-ix86+x86_64

Version: 1.2.6
Check: whether package can be installed
Result: ERROR
    Installation failed.
    See ‘/Builds/CRAN-QA-Simon/packages/mavericks-x86_64/results/3.1/clpAPI.Rcheck/00install.out’ for details.
Flavor: r-release-osx-x86_64-mavericks

Version: 1.2.6
Check: whether package can be installed
Result: ERROR
    Installation failed.
    See ‘/Volumes/XT3/Builds/R-dev-web/QA/Simon/packages/snowleopard-x86_64/results/3.1/clpAPI.Rcheck/00install.out’ for details.
Flavor: r-release-osx-x86_64-snowleopard