CRAN Package Check Results for Package clpAPI

Last updated on 2015-05-03 16:46:27.

Flavor Version Tinstall Tcheck Ttotal Status Flags
r-devel-linux-x86_64-debian-clang 1.2.6 3.06 15.21 18.27 NOTE
r-devel-linux-x86_64-debian-gcc 1.2.6 2.83 14.87 17.70 NOTE
r-devel-linux-x86_64-fedora-clang 1.2.6 35.07 NOTE
r-devel-linux-x86_64-fedora-gcc 1.2.6 32.15 NOTE
r-devel-osx-x86_64-clang 1.2.6 39.62 NOTE
r-devel-windows-ix86+x86_64 1.2.6 13.00 51.00 64.00 NOTE
r-patched-linux-x86_64 1.2.6 2.71 14.61 17.32 NOTE
r-patched-solaris-sparc 1.2.6 233.20 NOTE
r-patched-solaris-x86 1.2.6 47.90 NOTE
r-release-linux-x86_64 1.2.6 3.23 14.80 18.03 NOTE
r-release-osx-x86_64-mavericks 1.2.6 ERROR
r-release-osx-x86_64-snowleopard 1.2.6 ERROR
r-release-windows-ix86+x86_64 1.2.6 10.00 56.00 66.00 NOTE
r-oldrel-windows-ix86+x86_64 1.2.6 17.00 71.00 88.00 NOTE

Check Details

Version: 1.2.6
Check: DESCRIPTION meta-information
Result: NOTE
    Malformed Description field: should contain one or more complete sentences.
Flavors: r-devel-linux-x86_64-debian-clang, r-devel-linux-x86_64-debian-gcc, r-devel-linux-x86_64-fedora-clang, r-devel-linux-x86_64-fedora-gcc, r-devel-osx-x86_64-clang, r-devel-windows-ix86+x86_64, r-patched-linux-x86_64, r-patched-solaris-sparc, r-patched-solaris-x86, r-release-linux-x86_64, r-release-windows-ix86+x86_64

Version: 1.2.6
Check: installed package size
Result: NOTE
     installed size is 7.1Mb
     sub-directories of 1Mb or more:
     libs 6.6Mb
Flavors: r-devel-windows-ix86+x86_64, r-release-windows-ix86+x86_64, r-oldrel-windows-ix86+x86_64

Version: 1.2.6
Check: package namespace information
Result: OK
    
Flavor: r-release-osx-x86_64-mavericks

Version: 1.2.6
Check: package dependencies
Result: OK
    
Flavor: r-release-osx-x86_64-mavericks

Version: 1.2.6
Check: if this is a source package
Result: OK
    
Flavor: r-release-osx-x86_64-mavericks

Version: 1.2.6
Check: if there is a namespace
Result: OK
    
Flavor: r-release-osx-x86_64-mavericks

Version: 1.2.6
Check: for executable files
Result: OK
    
Flavor: r-release-osx-x86_64-mavericks

Version: 1.2.6
Check: for hidden files and directories
Result: OK
    
Flavor: r-release-osx-x86_64-mavericks

Version: 1.2.6
Check: for portable file names
Result: OK
    
Flavor: r-release-osx-x86_64-mavericks

Version: 1.2.6
Check: for sufficient/correct file permissions
Result: OK
    
Flavor: r-release-osx-x86_64-mavericks

Version: 1.2.6
Check: whether package can be installed
Result: ERROR
    Installation failed.
Flavors: r-release-osx-x86_64-mavericks, r-release-osx-x86_64-snowleopard