CRAN Package Check Results for Package clpAPI

Last updated on 2015-07-29 03:48:16.

Flavor Version Tinstall Tcheck Ttotal Status Flags
r-devel-linux-x86_64-debian-clang 1.2.6 3.23 15.07 18.30 NOTE
r-devel-linux-x86_64-debian-gcc 1.2.6 2.76 14.68 17.45 NOTE
r-devel-linux-x86_64-fedora-clang 1.2.6 34.44 NOTE
r-devel-linux-x86_64-fedora-gcc 1.2.6 31.79 NOTE
r-devel-osx-x86_64-clang 1.2.6 36.49 NOTE
r-devel-windows-ix86+x86_64 1.2.6 14.00 54.00 68.00 NOTE
r-patched-linux-x86_64 1.2.6 3.19 15.08 18.28 NOTE
r-patched-solaris-sparc 1.2.6 218.30 NOTE
r-patched-solaris-x86 1.2.6 49.70 NOTE
r-release-linux-x86_64 1.2.6 2.72 14.88 17.60 NOTE
r-release-osx-x86_64-mavericks 1.2.6 ERROR
r-release-windows-ix86+x86_64 1.2.6 13.00 53.00 66.00 NOTE
r-oldrel-windows-ix86+x86_64 1.2.6 17.00 71.00 88.00 NOTE

Check Details

Version: 1.2.6
Check: DESCRIPTION meta-information
Result: NOTE
    Malformed Description field: should contain one or more complete sentences.
Flavors: r-devel-linux-x86_64-debian-clang, r-devel-linux-x86_64-debian-gcc, r-devel-linux-x86_64-fedora-clang, r-devel-linux-x86_64-fedora-gcc, r-devel-osx-x86_64-clang, r-devel-windows-ix86+x86_64, r-patched-linux-x86_64, r-patched-solaris-sparc, r-patched-solaris-x86, r-release-linux-x86_64, r-release-windows-ix86+x86_64

Version: 1.2.6
Check: installed package size
Result: NOTE
     installed size is 7.1Mb
     sub-directories of 1Mb or more:
     libs 6.6Mb
Flavors: r-devel-windows-ix86+x86_64, r-release-windows-ix86+x86_64, r-oldrel-windows-ix86+x86_64

Version: 1.2.6
Check: whether package can be installed
Result: ERROR
    Installation failed.
Flavor: r-release-osx-x86_64-mavericks