CRAN Package Check Results for Package clpAPI

Last updated on 2016-04-29 19:49:42.

Flavor Version Tinstall Tcheck Ttotal Status Flags
r-devel-linux-x86_64-debian-gcc 1.2.7 3.05 15.50 18.55 OK
r-devel-linux-x86_64-fedora-clang 1.2.7 29.45 OK
r-devel-linux-x86_64-fedora-gcc 1.2.7 28.16 OK
r-devel-osx-x86_64-clang 1.2.7 40.05 OK
r-devel-windows-ix86+x86_64 1.2.7 11.00 44.00 55.00 NOTE
r-patched-linux-x86_64 1.2.7 3.07 14.95 18.02 OK
r-patched-solaris-sparc 1.2.7 190.00 OK
r-patched-solaris-x86 1.2.7 47.10 OK
r-release-linux-x86_64 1.2.7 2.92 16.54 19.46 OK
r-release-osx-x86_64-mavericks 1.2.7 ERROR
r-release-windows-ix86+x86_64 1.2.7 18.00 74.00 92.00 NOTE
r-oldrel-windows-ix86+x86_64 1.2.7 15.00 98.00 113.00 NOTE

Check Details

Version: 1.2.7
Check: installed package size
Result: NOTE
     installed size is 6.7Mb
     sub-directories of 1Mb or more:
     libs 6.2Mb
Flavors: r-devel-windows-ix86+x86_64, r-release-windows-ix86+x86_64, r-oldrel-windows-ix86+x86_64

Version: 1.2.7
Check: whether package can be installed
Result: ERROR
    Installation failed.
Flavor: r-release-osx-x86_64-mavericks