CRAN Package Check Results for Package clpAPI

Last updated on 2016-02-07 03:50:30.

Flavor Version Tinstall Tcheck Ttotal Status Flags
r-devel-linux-x86_64-debian-gcc 1.2.6 2.99 13.94 16.93 NOTE
r-devel-linux-x86_64-fedora-clang 1.2.6 29.50 NOTE
r-devel-linux-x86_64-fedora-gcc 1.2.6 28.23 NOTE
r-devel-osx-x86_64-clang 1.2.6 38.81 NOTE
r-devel-windows-ix86+x86_64 1.2.6 17.00 67.00 84.00 NOTE
r-patched-linux-x86_64 1.2.6 2.98 14.97 17.95 NOTE
r-patched-solaris-sparc 1.2.6 201.60 NOTE
r-patched-solaris-x86 1.2.6 43.90 NOTE
r-release-linux-x86_64 1.2.6 2.90 15.09 17.99 NOTE
r-release-osx-x86_64-mavericks 1.2.6 ERROR
r-release-windows-ix86+x86_64 1.2.6 14.00 48.00 62.00 NOTE
r-oldrel-windows-ix86+x86_64 1.2.6 17.00 71.00 88.00 NOTE

Check Details

Version: 1.2.6
Check: DESCRIPTION meta-information
Result: NOTE
    Malformed Description field: should contain one or more complete sentences.
Flavors: r-devel-linux-x86_64-debian-gcc, r-devel-linux-x86_64-fedora-clang, r-devel-linux-x86_64-fedora-gcc, r-devel-osx-x86_64-clang, r-devel-windows-ix86+x86_64, r-patched-linux-x86_64, r-patched-solaris-sparc, r-patched-solaris-x86, r-release-linux-x86_64, r-release-windows-ix86+x86_64

Version: 1.2.6
Check: installed package size
Result: NOTE
     installed size is 7.1Mb
     sub-directories of 1Mb or more:
     libs 6.6Mb
Flavors: r-devel-windows-ix86+x86_64, r-release-windows-ix86+x86_64, r-oldrel-windows-ix86+x86_64

Version: 1.2.6
Check: whether package can be installed
Result: ERROR
    Installation failed.
Flavor: r-release-osx-x86_64-mavericks