CRAN Package Check Results for Package clpAPI

Last updated on 2014-12-19 03:47:30.

Flavor Version Tinstall Tcheck Ttotal Status Flags
r-devel-linux-x86_64-debian-clang 1.2.6 2.94 16.26 19.20 OK
r-devel-linux-x86_64-debian-gcc 1.2.6 2.82 16.03 18.85 OK
r-devel-linux-x86_64-fedora-clang 1.2.6 38.72 OK
r-devel-linux-x86_64-fedora-gcc 1.2.6 35.58 OK
r-devel-osx-x86_64-clang 1.2.6 40.99 OK
r-devel-windows-ix86+x86_64 1.2.6 22.00 65.00 87.00 NOTE
r-patched-linux-x86_64 1.2.6 2.84 16.52 19.36 OK
r-patched-solaris-sparc 1.2.6 219.10 OK
r-patched-solaris-x86 1.2.6 52.10 OK
r-release-linux-ix86 1.2.6 4.63 23.03 27.66 OK
r-release-linux-x86_64 1.2.6 2.88 15.55 18.44 OK
r-release-osx-x86_64-mavericks 1.2.6 ERROR
r-release-osx-x86_64-snowleopard 1.2.6 ERROR
r-release-windows-ix86+x86_64 1.2.6 11.00 47.00 58.00 NOTE
r-oldrel-windows-ix86+x86_64 1.2.6 10.00 48.00 58.00 NOTE

Check Details

Version: 1.2.6
Check: installed package size
Result: NOTE
     installed size is 6.9Mb
     sub-directories of 1Mb or more:
     libs 6.4Mb
Flavors: r-devel-windows-ix86+x86_64, r-release-windows-ix86+x86_64, r-oldrel-windows-ix86+x86_64

Version: 1.2.6
Check: whether package can be installed
Result: ERROR
    Installation failed.
Flavors: r-release-osx-x86_64-mavericks, r-release-osx-x86_64-snowleopard