CRAN Package Check Results for Package clpAPI

Last updated on 2017-01-22 19:46:49.

Flavor Version Tinstall Tcheck Ttotal Status Flags
r-devel-linux-x86_64-debian-clang 1.2.7 3.83 17.91 21.73 OK
r-devel-linux-x86_64-debian-gcc 1.2.7 2.95 17.89 20.85 OK
r-devel-linux-x86_64-fedora-clang 1.2.7 36.24 OK --no-stop-on-test-error
r-devel-linux-x86_64-fedora-gcc 1.2.7 34.80 OK --no-stop-on-test-error
r-devel-macos-x86_64-clang 1.2.7 34.28 OK --no-stop-on-test-error
r-devel-windows-ix86+x86_64 1.2.7 13.00 47.00 60.00 NOTE
r-patched-linux-x86_64 1.2.7 2.79 15.59 18.38 OK
r-patched-solaris-sparc 1.2.7 202.10 OK
r-patched-solaris-x86 1.2.7 45.20 OK
r-release-linux-x86_64 1.2.7 2.71 15.26 17.97 OK
r-release-osx-x86_64-mavericks 1.2.7 ERROR
r-release-windows-ix86+x86_64 1.2.7 12.00 44.00 56.00 NOTE
r-oldrel-windows-ix86+x86_64 1.2.7 14.00 61.00 75.00 NOTE

Check Details

Version: 1.2.7
Check: installed package size
Result: NOTE
     installed size is 6.7Mb
     sub-directories of 1Mb or more:
     libs 6.2Mb
Flavors: r-devel-windows-ix86+x86_64, r-release-windows-ix86+x86_64, r-oldrel-windows-ix86+x86_64

Version: 1.2.7
Check: whether package can be installed
Result: ERROR
    Installation failed.
Flavor: r-release-osx-x86_64-mavericks