CRAN Package Check Results for Package clpAPI

Last updated on 2016-08-27 12:47:22.

Flavor Version Tinstall Tcheck Ttotal Status Flags
r-devel-linux-x86_64-debian-clang 1.2.7 3.61 15.50 19.11 OK
r-devel-linux-x86_64-debian-gcc 1.2.7 4.09 20.37 24.46 OK
r-devel-linux-x86_64-fedora-clang 1.2.7 31.81 OK
r-devel-linux-x86_64-fedora-gcc 1.2.7 30.26 OK
r-devel-osx-x86_64-clang 1.2.7 28.93 OK
r-devel-windows-ix86+x86_64 1.2.7 19.00 61.00 80.00 NOTE
r-patched-linux-x86_64 1.2.7 2.79 15.59 18.38 OK
r-patched-solaris-sparc 1.2.7 181.50 OK
r-patched-solaris-x86 1.2.7 45.00 OK
r-release-linux-x86_64 1.2.7 3.00 15.91 18.91 OK
r-release-osx-x86_64-mavericks 1.2.7 ERROR
r-release-windows-ix86+x86_64 1.2.7 12.00 58.00 70.00 NOTE
r-oldrel-windows-ix86+x86_64 1.2.7 18.00 74.00 92.00 NOTE

Check Details

Version: 1.2.7
Check: installed package size
Result: NOTE
     installed size is 6.7Mb
     sub-directories of 1Mb or more:
     libs 6.2Mb
Flavors: r-devel-windows-ix86+x86_64, r-release-windows-ix86+x86_64, r-oldrel-windows-ix86+x86_64

Version: 1.2.7
Check: whether package can be installed
Result: ERROR
    Installation failed.
Flavor: r-release-osx-x86_64-mavericks