CRAN Package Check Results for Package clpAPI

Last updated on 2015-03-06 14:46:52.

Flavor Version Tinstall Tcheck Ttotal Status Flags
r-devel-linux-x86_64-debian-clang 1.2.6 2.97 15.05 18.02 NOTE
r-devel-linux-x86_64-debian-gcc 1.2.6 3.08 15.24 18.32 NOTE
r-devel-linux-x86_64-fedora-clang 1.2.6 34.90 NOTE
r-devel-linux-x86_64-fedora-gcc 1.2.6 32.55 NOTE
r-devel-osx-x86_64-clang 1.2.6 40.39 NOTE
r-devel-windows-ix86+x86_64 1.2.6 14.00 52.00 66.00 NOTE
r-patched-linux-x86_64 1.2.6 2.83 16.18 19.01 OK
r-patched-solaris-sparc 1.2.6 258.90 OK
r-patched-solaris-x86 1.2.6 53.60 OK
r-release-linux-ix86 1.2.6 4.42 24.64 29.06 OK
r-release-linux-x86_64 1.2.6 2.92 15.63 18.55 OK
r-release-osx-x86_64-mavericks 1.2.6 ERROR
r-release-osx-x86_64-snowleopard 1.2.6 ERROR
r-release-windows-ix86+x86_64 1.2.6 11.00 47.00 58.00 NOTE
r-oldrel-windows-ix86+x86_64 1.2.6 10.00 48.00 58.00 NOTE

Check Details

Version: 1.2.6
Check: DESCRIPTION meta-information
Result: NOTE
    Malformed Description field: should contain one or more complete sentences.
Flavors: r-devel-linux-x86_64-debian-clang, r-devel-linux-x86_64-debian-gcc, r-devel-linux-x86_64-fedora-clang, r-devel-linux-x86_64-fedora-gcc, r-devel-osx-x86_64-clang, r-devel-windows-ix86+x86_64

Version: 1.2.6
Check: installed package size
Result: NOTE
     installed size is 6.9Mb
     sub-directories of 1Mb or more:
     libs 6.4Mb
Flavors: r-devel-windows-ix86+x86_64, r-release-windows-ix86+x86_64, r-oldrel-windows-ix86+x86_64

Version: 1.2.6
Check: whether package can be installed
Result: ERROR
    Installation failed.
Flavors: r-release-osx-x86_64-mavericks, r-release-osx-x86_64-snowleopard