CRAN Package Check Results for Package clpAPI

Last updated on 2016-05-25 14:47:26.

Flavor Version Tinstall Tcheck Ttotal Status Flags
r-devel-linux-x86_64-debian-gcc 1.2.7 2.87 14.98 17.85 OK
r-devel-linux-x86_64-fedora-clang 1.2.7 32.15 OK
r-devel-linux-x86_64-fedora-gcc 1.2.7 27.65 OK
r-devel-osx-x86_64-clang 1.2.7 40.17 OK
r-devel-windows-ix86+x86_64 1.2.7 12.00 43.00 55.00 NOTE
r-patched-linux-x86_64 1.2.7 2.94 15.37 18.31 OK
r-patched-solaris-sparc 1.2.7 194.50 OK
r-patched-solaris-x86 1.2.7 46.90 OK
r-release-linux-x86_64 1.2.7 2.83 14.98 17.81 OK
r-release-osx-x86_64-mavericks 1.2.7 ERROR
r-release-windows-ix86+x86_64 1.2.7 12.00 58.00 70.00 NOTE
r-oldrel-windows-ix86+x86_64 1.2.7 18.00 74.00 92.00 NOTE

Check Details

Version: 1.2.7
Check: installed package size
Result: NOTE
     installed size is 6.7Mb
     sub-directories of 1Mb or more:
     libs 6.2Mb
Flavors: r-devel-windows-ix86+x86_64, r-release-windows-ix86+x86_64, r-oldrel-windows-ix86+x86_64

Version: 1.2.7
Check: whether package can be installed
Result: ERROR
    Installation failed.
    See ‘/Builds/CRAN-QA-Simon/packages/mavericks-x86_64/results/3.3/clpAPI.Rcheck/00install.out’ for details.
    * DONE
    Status: 1 ERROR
Flavor: r-release-osx-x86_64-mavericks