CRAN Package Check Results for Package clpAPI

Last updated on 2016-07-23 10:52:55.

Flavor Version Tinstall Tcheck Ttotal Status Flags
r-devel-linux-x86_64-debian-clang 1.2.7 4.24 18.86 23.10 OK
r-devel-linux-x86_64-debian-gcc 1.2.7 3.70 18.24 21.94 OK
r-devel-linux-x86_64-fedora-clang 1.2.7 29.81 OK
r-devel-linux-x86_64-fedora-gcc 1.2.7 28.07 OK
r-devel-osx-x86_64-clang 1.2.7 29.52 OK
r-devel-windows-ix86+x86_64 1.2.7 17.00 61.00 78.00 NOTE
r-patched-linux-x86_64 1.2.7 2.99 17.94 20.93 OK
r-patched-solaris-sparc 1.2.7 181.50 OK
r-patched-solaris-x86 1.2.7 45.20 OK
r-release-linux-x86_64 1.2.7 3.56 17.85 21.42 OK
r-release-osx-x86_64-mavericks 1.2.7 ERROR
r-release-windows-ix86+x86_64 1.2.7 12.00 58.00 70.00 NOTE
r-oldrel-windows-ix86+x86_64 1.2.7 18.00 74.00 92.00 NOTE

Check Details

Version: 1.2.7
Check: installed package size
Result: NOTE
     installed size is 6.7Mb
     sub-directories of 1Mb or more:
     libs 6.2Mb
Flavors: r-devel-windows-ix86+x86_64, r-release-windows-ix86+x86_64, r-oldrel-windows-ix86+x86_64

Version: 1.2.7
Check: whether package can be installed
Result: ERROR
    Installation failed.
Flavor: r-release-osx-x86_64-mavericks