CRAN Package Check Results for Package clpAPI

Last updated on 2018-04-24 10:46:53 CEST.

Flavor Version Tinstall Tcheck Ttotal Status Flags
r-devel-linux-x86_64-debian-clang 1.2.7 6.49 24.39 30.88 OK
r-devel-linux-x86_64-debian-gcc 1.2.7 4.58 24.87 29.45 OK
r-devel-linux-x86_64-fedora-clang 1.2.7 40.54 OK
r-devel-linux-x86_64-fedora-gcc 1.2.7 38.35 OK
r-devel-windows-ix86+x86_64 1.2.7 23.00 71.00 94.00 NOTE
r-patched-linux-x86_64 1.2.7 4.78 27.12 31.90 OK
r-patched-solaris-x86 1.2.7 59.90 OK
r-release-linux-x86_64 1.2.7 5.29 27.30 32.59 OK
r-release-windows-ix86+x86_64 1.2.7 23.00 71.00 94.00 NOTE
r-release-osx-x86_64 1.2.7 ERROR
r-oldrel-windows-ix86+x86_64 1.2.7 12.00 68.00 80.00 NOTE
r-oldrel-osx-x86_64 1.2.7 ERROR

Check Details

Version: 1.2.7
Check: installed package size
Result: NOTE
     installed size is 6.8Mb
     sub-directories of 1Mb or more:
     libs 6.2Mb
Flavors: r-devel-windows-ix86+x86_64, r-release-windows-ix86+x86_64, r-oldrel-windows-ix86+x86_64

Version: 1.2.7
Check: whether package can be installed
Result: ERROR
    Installation failed.
Flavors: r-release-osx-x86_64, r-oldrel-osx-x86_64