CRAN Package Check Results for Package clpAPI

Last updated on 2017-08-18 12:52:16.

Flavor Version Tinstall Tcheck Ttotal Status Flags
r-devel-linux-x86_64-debian-clang 1.2.7 3.77 17.71 21.48 OK
r-devel-linux-x86_64-debian-gcc 1.2.7 3.06 17.89 20.95 OK
r-devel-linux-x86_64-fedora-clang 1.2.7 36.96 OK
r-devel-linux-x86_64-fedora-gcc 1.2.7 38.11 OK
r-devel-windows-ix86+x86_64 1.2.7 24.00 85.00 109.00 NOTE
r-patched-linux-x86_64 1.2.7 2.87 17.81 20.68 OK
r-patched-solaris-x86 1.2.7 66.30 OK
r-release-linux-x86_64 1.2.7 3.00 17.91 20.92 OK
r-release-windows-ix86+x86_64 1.2.7 12.00 68.00 80.00 NOTE
r-release-osx-x86_64 1.2.7 ERROR
r-oldrel-windows-ix86+x86_64 1.2.7 12.00 44.00 56.00 NOTE
r-oldrel-osx-x86_64 1.2.7 ERROR

Check Details

Version: 1.2.7
Check: installed package size
Result: NOTE
     installed size is 6.7Mb
     sub-directories of 1Mb or more:
     libs 6.2Mb
Flavors: r-devel-windows-ix86+x86_64, r-release-windows-ix86+x86_64, r-oldrel-windows-ix86+x86_64

Version: 1.2.7
Check: whether package can be installed
Result: ERROR
    Installation failed.
Flavors: r-release-osx-x86_64, r-oldrel-osx-x86_64