CRAN Package Check Results for Package clpAPI

Last updated on 2017-12-13 07:48:18 CET.

Flavor Version Tinstall Tcheck Ttotal Status Flags
r-devel-linux-x86_64-debian-clang 1.2.7 3.95 25.22 29.17 OK
r-devel-linux-x86_64-debian-gcc 1.2.7 3.46 23.95 27.41 OK
r-devel-linux-x86_64-fedora-clang 1.2.7 35.50 OK
r-devel-linux-x86_64-fedora-gcc 1.2.7 36.80 OK
r-devel-windows-ix86+x86_64 1.2.7 22.00 62.00 84.00 NOTE
r-patched-linux-x86_64 1.2.7 3.22 25.59 28.81 OK
r-patched-solaris-x86 1.2.7 64.30 OK
r-release-linux-x86_64 1.2.7 3.41 26.11 29.52 OK
r-release-windows-ix86+x86_64 1.2.7 12.00 68.00 80.00 NOTE
r-release-osx-x86_64 1.2.7 ERROR
r-oldrel-windows-ix86+x86_64 1.2.7 12.00 44.00 56.00 NOTE
r-oldrel-osx-x86_64 1.2.7 ERROR

Check Details

Version: 1.2.7
Check: installed package size
Result: NOTE
     installed size is 6.7Mb
     sub-directories of 1Mb or more:
     libs 6.2Mb
Flavors: r-devel-windows-ix86+x86_64, r-release-windows-ix86+x86_64, r-oldrel-windows-ix86+x86_64

Version: 1.2.7
Check: whether package can be installed
Result: ERROR
    Installation failed.
Flavors: r-release-osx-x86_64, r-oldrel-osx-x86_64