CRAN Package Check Results for Package clpAPI

Last updated on 2015-01-31 23:47:51.

Flavor Version Tinstall Tcheck Ttotal Status Flags
r-devel-linux-x86_64-debian-clang 1.2.6 3.01 15.39 18.40 OK
r-devel-linux-x86_64-debian-gcc 1.2.6 2.73 15.01 17.74 OK
r-devel-linux-x86_64-fedora-clang 1.2.6 37.58 OK
r-devel-linux-x86_64-fedora-gcc 1.2.6 33.27 OK
r-devel-osx-x86_64-clang 1.2.6 41.56 OK
r-devel-windows-ix86+x86_64 1.2.6 13.00 53.00 66.00 NOTE
r-patched-linux-x86_64 1.2.6 3.02 16.61 19.63 OK
r-patched-solaris-sparc 1.2.6 217.30 OK
r-patched-solaris-x86 1.2.6 52.30 OK
r-release-linux-ix86 1.2.6 4.72 24.30 29.01 OK
r-release-linux-x86_64 1.2.6 2.88 16.13 19.02 OK
r-release-osx-x86_64-mavericks 1.2.6 ERROR
r-release-osx-x86_64-snowleopard 1.2.6 ERROR
r-release-windows-ix86+x86_64 1.2.6 11.00 47.00 58.00 NOTE
r-oldrel-windows-ix86+x86_64 1.2.6 10.00 48.00 58.00 NOTE

Check Details

Version: 1.2.6
Check: installed package size
Result: NOTE
     installed size is 6.9Mb
     sub-directories of 1Mb or more:
     libs 6.4Mb
Flavors: r-devel-windows-ix86+x86_64, r-release-windows-ix86+x86_64, r-oldrel-windows-ix86+x86_64

Version: 1.2.6
Check: whether package can be installed
Result: ERROR
    Installation failed.
Flavors: r-release-osx-x86_64-mavericks, r-release-osx-x86_64-snowleopard