CRAN Package Check Results for Package clpAPI

Last updated on 2017-04-28 17:47:26.

Flavor Version Tinstall Tcheck Ttotal Status Flags
r-devel-linux-x86_64-debian-clang 1.2.7 3.96 17.60 21.56 OK
r-devel-linux-x86_64-debian-gcc 1.2.7 2.91 18.79 21.70 OK
r-devel-linux-x86_64-fedora-clang 1.2.7 36.41 OK --no-stop-on-test-error
r-devel-linux-x86_64-fedora-gcc 1.2.7 34.89 OK --no-stop-on-test-error
r-devel-windows-ix86+x86_64 1.2.7 20.00 69.00 89.00 NOTE
r-patched-linux-x86_64 1.2.7 2.82 17.63 20.44 OK
r-patched-solaris-sparc 1.2.7 227.50 OK
r-patched-solaris-x86 1.2.7 56.20 OK
r-release-linux-x86_64 1.2.7 2.89 17.66 20.55 OK
r-release-windows-ix86+x86_64 1.2.7 17.00 67.00 84.00 NOTE
r-release-osx-x86_64 1.2.7 ERROR
r-oldrel-windows-ix86+x86_64 1.2.7 12.00 44.00 56.00 NOTE
r-oldrel-osx-x86_64 1.2.7 ERROR

Check Details

Version: 1.2.7
Check: installed package size
Result: NOTE
     installed size is 6.7Mb
     sub-directories of 1Mb or more:
     libs 6.2Mb
Flavors: r-devel-windows-ix86+x86_64, r-release-windows-ix86+x86_64, r-oldrel-windows-ix86+x86_64

Version: 1.2.7
Check: whether package can be installed
Result: ERROR
    Installation failed.
Flavors: r-release-osx-x86_64, r-oldrel-osx-x86_64