CRAN Package Check Results for Package clpAPI

Last updated on 2015-08-29 10:46:40.

Flavor Version Tinstall Tcheck Ttotal Status Flags
r-devel-linux-x86_64-debian-clang 1.2.6 2.93 14.12 17.05 NOTE
r-devel-linux-x86_64-debian-gcc 1.2.6 2.77 14.37 17.14 NOTE
r-devel-linux-x86_64-fedora-clang 1.2.6 20.91 NOTE
r-devel-linux-x86_64-fedora-gcc 1.2.6 21.26 NOTE
r-devel-osx-x86_64-clang 1.2.6 35.50 NOTE
r-devel-windows-ix86+x86_64 1.2.6 20.00 73.00 93.00 NOTE
r-patched-linux-x86_64 1.2.6 2.91 14.92 17.83 NOTE
r-patched-solaris-sparc 1.2.6 218.30 NOTE
r-patched-solaris-x86 1.2.6 55.40 NOTE
r-release-linux-x86_64 1.2.6 2.89 15.50 18.40 NOTE
r-release-osx-x86_64-mavericks 1.2.6 ERROR
r-release-windows-ix86+x86_64 1.2.6 14.00 73.00 87.00 NOTE
r-oldrel-windows-ix86+x86_64 1.2.6 17.00 71.00 88.00 NOTE

Check Details

Version: 1.2.6
Check: DESCRIPTION meta-information
Result: NOTE
    Malformed Description field: should contain one or more complete sentences.
Flavors: r-devel-linux-x86_64-debian-clang, r-devel-linux-x86_64-debian-gcc, r-devel-linux-x86_64-fedora-clang, r-devel-linux-x86_64-fedora-gcc, r-devel-osx-x86_64-clang, r-devel-windows-ix86+x86_64, r-patched-linux-x86_64, r-patched-solaris-sparc, r-patched-solaris-x86, r-release-linux-x86_64, r-release-windows-ix86+x86_64

Version: 1.2.6
Check: installed package size
Result: NOTE
     installed size is 7.1Mb
     sub-directories of 1Mb or more:
     libs 6.6Mb
Flavors: r-devel-windows-ix86+x86_64, r-release-windows-ix86+x86_64, r-oldrel-windows-ix86+x86_64

Version: 1.2.6
Check: whether package can be installed
Result: ERROR
    Installation failed.
Flavor: r-release-osx-x86_64-mavericks