CRAN Package Check Results for Package clpAPI

Last updated on 2014-09-22 01:47:59.

Flavor Version Tinstall Tcheck Ttotal Status Flags
r-devel-linux-x86_64-debian-clang 1.2.6 3.01 15.86 18.86 OK
r-devel-linux-x86_64-debian-gcc 1.2.6 2.79 15.08 17.88 OK
r-devel-linux-x86_64-fedora-clang 1.2.6 36.16 OK
r-devel-linux-x86_64-fedora-gcc 1.2.6 34.36 OK
r-devel-osx-x86_64-clang 1.2.6 43.40 OK
r-devel-windows-ix86+x86_64 1.2.6 11.00 47.00 58.00 NOTE
r-patched-linux-x86_64 1.2.6 2.92 15.94 18.86 OK
r-patched-solaris-sparc 1.2.6 219.10 OK
r-patched-solaris-x86 1.2.6 54.00 OK
r-release-linux-ix86 1.2.6 4.68 23.31 27.99 OK
r-release-linux-x86_64 1.2.6 2.86 15.86 18.72 OK
r-release-osx-x86_64-mavericks 1.2.6 ERROR
r-release-osx-x86_64-snowleopard 1.2.6 ERROR
r-release-windows-ix86+x86_64 1.2.6 14.00 50.00 64.00 NOTE
r-oldrel-windows-ix86+x86_64 1.2.6 10.00 48.00 58.00 NOTE

Check Details

Version: 1.2.6
Check: installed package size
Result: NOTE
     installed size is 6.9Mb
     sub-directories of 1Mb or more:
     libs 6.4Mb
Flavors: r-devel-windows-ix86+x86_64, r-release-windows-ix86+x86_64, r-oldrel-windows-ix86+x86_64

Version: 1.2.6
Check: whether package can be installed
Result: ERROR
    Installation failed.
Flavors: r-release-osx-x86_64-mavericks, r-release-osx-x86_64-snowleopard