CRAN Package Check Results for Package clpAPI

Last updated on 2017-10-19 19:46:58.

Flavor Version Tinstall Tcheck Ttotal Status Flags
r-devel-linux-x86_64-debian-clang 1.2.7 3.37 17.62 20.99 OK
r-devel-linux-x86_64-debian-gcc 1.2.7 3.57 19.05 22.62 OK
r-devel-linux-x86_64-fedora-clang 1.2.7 37.87 OK
r-devel-linux-x86_64-fedora-gcc 1.2.7 41.56 OK
r-devel-windows-ix86+x86_64 1.2.7 22.00 61.00 83.00 NOTE
r-patched-linux-x86_64 1.2.7 3.05 17.86 20.91 OK
r-patched-solaris-x86 1.2.7 63.50 OK
r-release-linux-x86_64 1.2.7 3.09 18.26 21.35 OK
r-release-windows-ix86+x86_64 1.2.7 12.00 68.00 80.00 NOTE
r-release-osx-x86_64 1.2.7 ERROR
r-oldrel-windows-ix86+x86_64 1.2.7 12.00 44.00 56.00 NOTE
r-oldrel-osx-x86_64 1.2.7 ERROR

Check Details

Version: 1.2.7
Check: installed package size
Result: NOTE
     installed size is 6.7Mb
     sub-directories of 1Mb or more:
     libs 6.2Mb
Flavors: r-devel-windows-ix86+x86_64, r-release-windows-ix86+x86_64, r-oldrel-windows-ix86+x86_64

Version: 1.2.7
Check: whether package can be installed
Result: ERROR
    Installation failed.
Flavors: r-release-osx-x86_64, r-oldrel-osx-x86_64