CRAN Package Check Results for Package clubSandwich

Last updated on 2020-10-01 03:48:30 CEST.

Flavor Version Tinstall Tcheck Ttotal Status Flags
r-devel-linux-x86_64-debian-clang 0.5.0 5.31 269.32 274.63 OK
r-devel-linux-x86_64-debian-gcc 0.5.0 0.37 2.54 2.91 ERROR
r-devel-linux-x86_64-fedora-clang 0.5.0 336.45 OK
r-devel-linux-x86_64-fedora-gcc 0.5.0 314.82 OK
r-devel-windows-ix86+x86_64 0.5.0 11.00 303.00 314.00 OK
r-patched-linux-x86_64 0.5.0 6.24 257.23 263.47 OK
r-patched-solaris-x86 0.5.0 496.30 OK
r-release-linux-x86_64 0.5.0 4.94 255.98 260.92 OK
r-release-macos-x86_64 0.5.0 OK
r-release-windows-ix86+x86_64 0.5.0 19.00 315.00 334.00 OK
r-oldrel-macos-x86_64 0.5.0 OK
r-oldrel-windows-ix86+x86_64 0.5.0 9.00 301.00 310.00 OK

Check Details

Version: 0.5.0
Check: whether package can be installed
Result: ERROR
    Installation failed.
Flavor: r-devel-linux-x86_64-debian-gcc