CRAN Package Check Results for Package clue

Last updated on 2015-03-04 21:46:40.

Flavor Version Tinstall Tcheck Ttotal Status Flags
r-devel-linux-x86_64-debian-clang 0.3-49 2.15 43.89 46.04 OK
r-devel-linux-x86_64-debian-gcc 0.3-49 2.24 40.72 42.96 OK
r-devel-linux-x86_64-fedora-clang 0.3-49 87.15 OK
r-devel-linux-x86_64-fedora-gcc 0.3-49 81.28 OK
r-devel-osx-x86_64-clang 0.3-49 81.30 OK
r-devel-windows-ix86+x86_64 0.3-49 12.00 86.00 98.00 NOTE
r-patched-linux-x86_64 0.3-49 2.51 45.63 48.14 OK
r-patched-solaris-sparc 0.3-49 557.60 OK
r-patched-solaris-x86 0.3-49 111.90 OK
r-release-linux-ix86 0.3-49 3.01 58.68 61.69 OK
r-release-linux-x86_64 0.3-49 2.45 45.12 47.57 OK
r-release-osx-x86_64-mavericks 0.3-49 OK
r-release-osx-x86_64-snowleopard 0.3-49 OK
r-release-windows-ix86+x86_64 0.3-49 12.00 91.00 103.00 OK
r-oldrel-windows-ix86+x86_64 0.3-49 13.00 96.00 109.00 OK

Check Details

Version: 0.3-49
Check: DESCRIPTION meta-information
Result: NOTE
    Malformed Description field: should contain one or more complete sentences.
Flavor: r-devel-windows-ix86+x86_64