CRAN Package Check Results for Package clue

Last updated on 2015-01-27 17:53:13.

Flavor Version Tinstall Tcheck Ttotal Status Flags
r-devel-linux-x86_64-debian-clang 0.3-48 2.03 45.46 47.50 OK
r-devel-linux-x86_64-debian-gcc 0.3-48 2.16 44.02 46.18 OK
r-devel-linux-x86_64-fedora-clang 0.3-48 98.96 OK
r-devel-linux-x86_64-fedora-gcc 0.3-48 93.56 OK
r-devel-osx-x86_64-clang 0.3-48 88.96 OK
r-devel-windows-ix86+x86_64 0.3-48 11.00 79.00 90.00 OK
r-patched-linux-x86_64 0.3-48 2.35 47.61 49.96 OK
r-patched-solaris-sparc 0.3-48 605.60 OK
r-patched-solaris-x86 0.3-48 120.80 OK
r-release-linux-ix86 0.3-48 3.02 60.76 63.78 OK
r-release-linux-x86_64 0.3-48 2.31 49.82 52.13 OK
r-release-osx-x86_64-mavericks 0.3-48 NOTE
r-release-osx-x86_64-snowleopard 0.3-48 OK
r-release-windows-ix86+x86_64 0.3-48 13.00 91.00 104.00 OK
r-oldrel-windows-ix86+x86_64 0.3-48 13.00 141.00 154.00 OK

Check Details

Version: 0.3-48
Check: re-building of vignette outputs
Result: NOTE
    Error in re-building vignettes:
     ...
    Iteration: 7 Rho: 1041.03 P: 7.07779e-11
    Iteration: 8 Rho: 10410.3 P: 7.09584e-13
    Iteration: 9 Rho: 104103 P: 7.06903e-15
    Iteration: 10 Rho: 1.04103e+06 P: 7.08373e-17
    Minimum: 0.000329205
    The "ward" method has been renamed to "ward.D"; note new "ward.D2"
    Error in texi2dvi(file = file, pdf = TRUE, clean = clean, quiet = quiet, :
     Running 'texi2dvi' on 'clue.tex' failed.
    LaTeX errors:
    ! Undefined control sequence.
    l.18 ...<99><ee>t<a0>??{<0b>]<e2>-^^Q9<8e><b3><bc><bc>|<eb><d6>-:]?<95>Rw<ef><de><ed><ce><d7><fb><bc><ed>-\^^T
     9<bb>7?<89>H)<b5><bc><bc>|<e7>Νx<^^^^^DA<d7>^^...
    The control sequence at the end of the top line
    of your error message was never \def'ed. If you have
    ! Undefined control sequence.
    \GenericError ...
     #4 \errhelp \@err@ ...
    l.18 ...^T9<bb>7?<89>H)<b5><bc><bc>|<e7>Νx<^^^^^DA<d7>^^V^^U<ba>8<f3><b3>^^C<fa>\]
     ]<bd>r<e5><8a><ef><fb><86>ax<9e>GD<86>a^^T<8b><c5>k׮^^]...
    ! Undefined control sequence.
    \GenericError ...
     \let \@err@ ...
    l.18 ...^T9<bb>7?<89>H)<b5><bc><bc>|<e7>Νx<^^^^^DA<d7>^^V^^U<ba>8<f3><b3>^^C<f
    Calls: buildVignettes -> texi2pdf -> texi2dvi
    Execution halted
Flavor: r-release-osx-x86_64-mavericks