CRAN Package Check Results for Package clue

Last updated on 2018-06-22 10:50:17 CEST.

Flavor Version Tinstall Tcheck Ttotal Status Flags
r-devel-linux-x86_64-debian-clang 0.3-55 9.01 53.82 62.83 OK
r-devel-linux-x86_64-debian-gcc 0.3-55 5.36 46.77 52.13 OK
r-devel-linux-x86_64-fedora-clang 0.3-55 83.77 OK
r-devel-linux-x86_64-fedora-gcc 0.3-55 78.30 OK
r-devel-windows-ix86+x86_64 0.3-55 28.00 130.00 158.00 OK
r-patched-linux-x86_64 0.3-55 7.70 58.95 66.65 OK
r-patched-solaris-x86 0.3-55 110.90 NOTE
r-release-linux-x86_64 0.3-55 7.44 57.96 65.40 OK
r-release-windows-ix86+x86_64 0.3-55 20.00 82.00 102.00 OK
r-release-osx-x86_64 0.3-55 OK
r-oldrel-windows-ix86+x86_64 0.3-55 17.00 95.00 112.00 OK
r-oldrel-osx-x86_64 0.3-55 NOTE

Check Details

Version: 0.3-55
Check: package dependencies
Result: NOTE
    Package which this enhances but not available for checking: ‘RWeka’
Flavor: r-patched-solaris-x86

Version: 0.3-55
Check: dependencies in R code
Result: NOTE
    Missing objects imported by ':::' calls:
     ‘relations:::.make_fit_relation_symdiff_B’
     ‘relations:::fit_relation_LP’ ‘relations:::fit_relation_LP_E_k’
Flavor: r-oldrel-osx-x86_64