CRAN Package Check Results for Package clue

Last updated on 2015-04-28 06:46:29.

Flavor Version Tinstall Tcheck Ttotal Status Flags
r-devel-linux-x86_64-debian-clang 0.3-49 2.02 41.77 43.80 OK
r-devel-linux-x86_64-debian-gcc 0.3-49 2.17 40.79 42.96 OK
r-devel-linux-x86_64-fedora-clang 0.3-49 87.74 OK
r-devel-linux-x86_64-fedora-gcc 0.3-49 80.91 OK
r-devel-osx-x86_64-clang 0.3-49 78.48 OK
r-devel-windows-ix86+x86_64 0.3-49 12.00 81.00 93.00 OK
r-patched-linux-x86_64 0.3-49 2.26 41.04 43.30 OK
r-patched-solaris-sparc 0.3-49 525.60 OK
r-patched-solaris-x86 0.3-49 100.30 OK
r-release-linux-x86_64 0.3-49 2.33 41.49 43.82 OK
r-release-osx-x86_64-mavericks 0.3-49 OK
r-release-osx-x86_64-snowleopard 0.3-49 NOTE
r-release-windows-ix86+x86_64 0.3-49 20.00 102.00 122.00 NOTE
r-oldrel-windows-ix86+x86_64 0.3-49 9.00 85.00 94.00 OK

Check Details

Version: 0.3-49
Check: package dependencies
Result: NOTE
    Package which this enhances but not available for checking: ‘cba’
Flavor: r-release-osx-x86_64-snowleopard

Version: 0.3-49
Check: Rd cross-references
Result: NOTE
    Package unavailable to check Rd xrefs: ‘fpc’
Flavor: r-release-osx-x86_64-snowleopard

Version: 0.3-49
Check: DESCRIPTION meta-information
Result: NOTE
    Malformed Description field: should contain one or more complete sentences.
Flavor: r-release-windows-ix86+x86_64