CRAN Package Check Results for Package clue

Last updated on 2018-09-25 09:47:07 CEST.

Flavor Version Tinstall Tcheck Ttotal Status Flags
r-devel-linux-x86_64-debian-clang 0.3-56 8.64 58.35 66.99 OK
r-devel-linux-x86_64-debian-gcc 0.3-56 7.14 48.03 55.17 OK
r-devel-linux-x86_64-fedora-clang 0.3-56 82.68 OK
r-devel-linux-x86_64-fedora-gcc 0.3-56 79.61 OK
r-devel-windows-ix86+x86_64 0.3-56 29.00 133.00 162.00 OK
r-patched-linux-x86_64 0.3-56 6.98 58.29 65.27 OK
r-patched-solaris-x86 0.3-56 109.50 NOTE
r-release-linux-x86_64 0.3-56 8.07 58.31 66.38 OK
r-release-windows-ix86+x86_64 0.3-56 19.00 114.00 133.00 OK
r-release-osx-x86_64 0.3-56 OK
r-oldrel-windows-ix86+x86_64 0.3-56 14.00 130.00 144.00 OK
r-oldrel-osx-x86_64 0.3-56 OK

Check Details

Version: 0.3-56
Check: package dependencies
Result: NOTE
    Package which this enhances but not available for checking: ‘RWeka’
Flavor: r-patched-solaris-x86