CRAN Package Check Results for Package clue

Last updated on 2015-05-29 07:47:20.

Flavor Version Tinstall Tcheck Ttotal Status Flags
r-devel-linux-x86_64-debian-clang 0.3-49 2.01 41.82 43.82 OK
r-devel-linux-x86_64-debian-gcc 0.3-49 2.25 42.52 44.77 OK
r-devel-linux-x86_64-fedora-clang 0.3-49 88.58 OK
r-devel-linux-x86_64-fedora-gcc 0.3-49 80.67 OK
r-devel-osx-x86_64-clang 0.3-49 79.39 OK
r-devel-windows-ix86+x86_64 0.3-49 13.00 84.00 97.00 OK
r-patched-linux-x86_64 0.3-49 2.18 40.99 43.18 OK
r-patched-solaris-sparc 0.3-49 518.60 OK
r-patched-solaris-x86 0.3-49 101.70 OK
r-release-linux-x86_64 0.3-49 2.12 42.47 44.59 OK
r-release-osx-x86_64-mavericks 0.3-49 OK
r-release-osx-x86_64-snowleopard 0.3-49 NOTE
r-release-windows-ix86+x86_64 0.3-49 12.00 90.00 102.00 NOTE
r-oldrel-windows-ix86+x86_64 0.3-49 12.00 133.00 145.00 OK

Check Details

Version: 0.3-49
Check: package dependencies
Result: NOTE
    Package which this enhances but not available for checking: ‘cba’
Flavor: r-release-osx-x86_64-snowleopard

Version: 0.3-49
Check: Rd cross-references
Result: NOTE
    Package unavailable to check Rd xrefs: ‘fpc’
Flavor: r-release-osx-x86_64-snowleopard

Version: 0.3-49
Check: DESCRIPTION meta-information
Result: NOTE
    Malformed Description field: should contain one or more complete sentences.
Flavor: r-release-windows-ix86+x86_64