CRAN Package Check Results for Package clue

Last updated on 2014-04-24 23:48:00.

Flavor Version Tinstall Tcheck Ttotal Status Flags
r-devel-linux-x86_64-debian-clang 0.3-48 2.12 49.36 51.49 OK
r-devel-linux-x86_64-debian-gcc 0.3-48 2.36 48.42 50.79 OK
r-devel-linux-x86_64-fedora-clang 0.3-48 107.28 OK
r-devel-linux-x86_64-fedora-gcc 0.3-48 104.64 OK
r-devel-osx-x86_64-clang 0.3-48 86.15 OK
r-devel-osx-x86_64-gcc 0.3-48 NOTE
r-devel-windows-ix86+x86_64 0.3-48 10.00 88.00 98.00 OK
r-patched-linux-x86_64 0.3-48 2.28 48.36 50.64 OK
r-patched-solaris-sparc 0.3-48 556.10 OK
r-patched-solaris-x86 0.3-48 124.20 OK
r-release-linux-ix86 0.3-48 4.00 81.00 85.00 OK
r-release-linux-x86_64 0.3-48 2.24 48.48 50.73 OK
r-release-osx-x86_64-mavericks 0.3-48 WARN
r-release-osx-x86_64-snowleopard 0.3-48 OK
r-release-windows-ix86+x86_64 0.3-48 10.00 89.00 99.00 OK
r-oldrel-windows-ix86+x86_64 0.3-48 11.00 89.00 100.00 OK

Check Details

Version: 0.3-48
Check: package dependencies
Result: NOTE
    Packages which this enhances but not available for checking: ‘cba’ ‘movMF’
Flavor: r-devel-osx-x86_64-gcc

Version: 0.3-48
Check: Rd cross-references
Result: NOTE
    Package unavailable to check Rd xrefs: ‘fpc’
Flavor: r-devel-osx-x86_64-gcc

Version: 0.3-48
Check: PDF version of manual
Result: WARNING
    LaTeX errors when creating PDF version.
    This typically indicates Rd problems.
    LaTeX errors found:
    ! LaTeX Error: File `upquote.sty' not found.
    
    Type X to quit or <RETURN> to proceed,
    or enter new name. (Default extension: sty)
    
    /private/tmp/Rtmp2hApRF/Rd2pdf17aed105ddfb0/Rd2.tex:8: ==> Fatal error occurre
    d, no output PDF file produced!
Flavor: r-release-osx-x86_64-mavericks