CRAN Package Check Results for Package clues

Last updated on 2014-09-21 19:47:49.

Flavor Version Tinstall Tcheck Ttotal Status Flags
r-devel-linux-x86_64-debian-clang 0.5-4 2.01 16.24 18.25 OK
r-devel-linux-x86_64-debian-gcc 0.5-4 1.93 16.07 18.00 OK
r-devel-linux-x86_64-fedora-clang 0.5-4 35.85 OK
r-devel-linux-x86_64-fedora-gcc 0.5-4 33.90 OK
r-devel-osx-x86_64-clang 0.5-4 35.44 OK
r-devel-windows-ix86+x86_64 0.5-4 11.00 29.00 40.00 OK
r-patched-linux-x86_64 0.5-4 2.10 16.58 18.68 OK
r-patched-solaris-sparc 0.5-4 200.80 OK
r-patched-solaris-x86 0.5-4 45.50 OK
r-release-linux-ix86 0.5-4 3.06 22.44 25.50 OK
r-release-linux-x86_64 0.5-4 2.06 17.11 19.17 OK
r-release-osx-x86_64-mavericks 0.5-4 WARN
r-release-osx-x86_64-snowleopard 0.5-4 OK
r-release-windows-ix86+x86_64 0.5-4 11.00 30.00 41.00 OK

Check Details

Version: 0.5-4
Check: whether package can be installed
Result: WARN
    Found the following significant warnings:
     Warning: Possible change of value in conversion from REAL(8) to INTEGER(4) at (1)
     Warning: Possible change of value in conversion from REAL(8) to INTEGER(4) at (1)
Flavor: r-release-osx-x86_64-mavericks