CRAN Package Check Results for Package clues

Last updated on 2014-08-20 11:48:38.

Flavor Version Tinstall Tcheck Ttotal Status Flags
r-devel-linux-x86_64-debian-clang 0.5-4 1.90 14.21 16.12 OK
r-devel-linux-x86_64-debian-gcc 0.5-4 1.92 14.07 16.00 OK
r-devel-linux-x86_64-fedora-clang 0.5-4 35.98 OK
r-devel-linux-x86_64-fedora-gcc 0.5-4 34.14 OK
r-devel-osx-x86_64-clang 0.5-4 32.89 OK
r-devel-windows-ix86+x86_64 0.5-4 11.00 32.00 43.00 OK
r-patched-linux-x86_64 0.5-4 2.00 14.36 16.37 OK
r-patched-solaris-sparc 0.5-4 200.80 OK
r-patched-solaris-x86 0.5-4 51.90 OK
r-release-linux-ix86 0.5-4 2.98 23.46 26.43 OK
r-release-linux-x86_64 0.5-4 2.00 14.44 16.44 OK
r-release-osx-x86_64-mavericks 0.5-4 WARN
r-release-osx-x86_64-snowleopard 0.5-4 OK
r-release-windows-ix86+x86_64 0.5-4 12.00 32.00 44.00 OK

Check Details

Version: 0.5-4
Check: whether package can be installed
Result: WARNING
    Found the following significant warnings:
     Warning: Possible change of value in conversion from REAL(8) to INTEGER(4) at (1)
     Warning: Possible change of value in conversion from REAL(8) to INTEGER(4) at (1)
Flavor: r-release-osx-x86_64-mavericks