CRAN Package Check Results for Package clues

Last updated on 2017-01-18 12:54:28.

Flavor Version Tinstall Tcheck Ttotal Status Flags
r-devel-linux-x86_64-debian-clang 0.5.9 2.16 18.31 20.46 OK
r-devel-linux-x86_64-debian-gcc 0.5.9 2.19 17.97 20.16 OK
r-devel-linux-x86_64-fedora-clang 0.5.9 33.79 OK --no-stop-on-test-error
r-devel-linux-x86_64-fedora-gcc 0.5.9 32.65 OK --no-stop-on-test-error
r-devel-macos-x86_64-clang 0.5.9 27.65 OK --no-stop-on-test-error
r-devel-windows-ix86+x86_64 0.5.9 20.00 41.00 61.00 OK
r-patched-linux-x86_64 0.5.9 1.96 16.08 18.05 OK
r-patched-solaris-sparc 0.5.9 188.70 OK
r-patched-solaris-x86 0.5.9 41.30 OK
r-release-linux-x86_64 0.5.9 2.07 16.02 18.09 OK
r-release-osx-x86_64-mavericks 0.5.9 WARN
r-release-windows-ix86+x86_64 0.5.9 11.00 49.00 60.00 OK
r-oldrel-windows-ix86+x86_64 0.5.9 14.00 51.00 65.00 OK

Check Details

Version: 0.5.9
Check: whether package can be installed
Result: WARN
    Found the following significant warnings:
     Warning: Possible change of value in conversion from REAL(8) to INTEGER(4) at (1)
Flavor: r-release-osx-x86_64-mavericks