CRAN Package Check Results for Package clues

Last updated on 2016-07-27 19:50:17.

Flavor Version Tinstall Tcheck Ttotal Status Flags
r-devel-linux-x86_64-debian-clang 0.5.6 2.64 18.50 21.14 NOTE
r-devel-linux-x86_64-debian-gcc 0.5.6 2.70 18.83 21.53 NOTE
r-devel-linux-x86_64-fedora-clang 0.5.6 29.55 NOTE
r-devel-linux-x86_64-fedora-gcc 0.5.6 26.90 NOTE
r-devel-osx-x86_64-clang 0.5.6 24.17 NOTE
r-devel-windows-ix86+x86_64 0.5.6 18.00 50.00 68.00 NOTE
r-patched-linux-x86_64 0.5.6 2.40 18.09 20.49 NOTE
r-patched-solaris-sparc 0.5.6 180.50 NOTE
r-patched-solaris-x86 0.5.6 40.50 NOTE
r-release-linux-x86_64 0.5.6 2.76 18.86 21.62 NOTE
r-release-osx-x86_64-mavericks 0.5.6 WARN
r-release-windows-ix86+x86_64 0.5.6 20.00 50.00 70.00 NOTE
r-oldrel-windows-ix86+x86_64 0.5.6 22.00 52.00 74.00 OK

Check Details

Version: 0.5.6
Check: R code for possible problems
Result: NOTE
    plot.clues: no visible global function definition for ‘par’
    plotAvgCurves: no visible global function definition for ‘par’
    plotAvgCurves: no visible global function definition for ‘plot’
    plotAvgCurves: no visible global function definition for ‘lines’
    plotAvgCurves: no visible global function definition for ‘axis’
    plotAvgCurves: no visible global function definition for ‘box’
    plotAvgCurves: no visible global function definition for ‘title’
    plotClusters: no visible global function definition for ‘par’
    plotClusters: no visible global function definition for ‘plot’
    plotClusters: no visible global function definition for ‘box’
    plotClusters: no visible global function definition for ‘text’
    plotClusters.default: no visible global function definition for ‘plot’
    plotClusters.default: no visible global function definition for
     ‘points’
    plotCurves: no visible global function definition for ‘par’
    plotCurves: no visible global function definition for ‘plot’
    plotCurves: no visible global function definition for ‘lines’
    plotCurves: no visible global function definition for ‘axis’
    plotCurves: no visible global function definition for ‘box’
    plotCurves: no visible global function definition for ‘title’
    Undefined global functions or variables:
     axis box lines par plot points text title
    Consider adding
     importFrom("graphics", "axis", "box", "lines", "par", "plot", "points",
     "text", "title")
    to your NAMESPACE file.
Flavors: r-devel-linux-x86_64-debian-clang, r-devel-linux-x86_64-debian-gcc, r-devel-linux-x86_64-fedora-clang, r-devel-linux-x86_64-fedora-gcc, r-devel-osx-x86_64-clang, r-devel-windows-ix86+x86_64, r-patched-linux-x86_64, r-patched-solaris-sparc, r-patched-solaris-x86, r-release-linux-x86_64, r-release-osx-x86_64-mavericks, r-release-windows-ix86+x86_64

Version: 0.5.6
Check: whether package can be installed
Result: WARN
    Found the following significant warnings:
     Warning: Possible change of value in conversion from REAL(8) to INTEGER(4) at (1)
Flavor: r-release-osx-x86_64-mavericks