CRAN Package Check Results for Package clues

Last updated on 2014-12-19 17:50:19.

Flavor Version Tinstall Tcheck Ttotal Status Flags
r-devel-linux-x86_64-debian-clang 0.5-4 2.12 17.15 19.27 OK
r-devel-linux-x86_64-debian-gcc 0.5-4 1.96 16.03 17.99 OK
r-devel-linux-x86_64-fedora-clang 0.5-4 36.57 OK
r-devel-linux-x86_64-fedora-gcc 0.5-4 33.99 OK
r-devel-osx-x86_64-clang 0.5-4 34.58 OK
r-devel-windows-ix86+x86_64 0.5-4 13.00 33.00 46.00 OK
r-patched-linux-x86_64 0.5-4 1.99 16.80 18.79 OK
r-patched-solaris-sparc 0.5-4 200.80 OK
r-patched-solaris-x86 0.5-4 47.40 OK
r-release-linux-ix86 0.5-4 2.99 22.02 25.01 OK
r-release-linux-x86_64 0.5-4 1.97 16.52 18.50 OK
r-release-osx-x86_64-mavericks 0.5-4 WARN
r-release-osx-x86_64-snowleopard 0.5-4 OK
r-release-windows-ix86+x86_64 0.5-4 13.00 32.00 45.00 OK

Check Details

Version: 0.5-4
Check: whether package can be installed
Result: WARN
    Found the following significant warnings:
     Warning: Possible change of value in conversion from REAL(8) to INTEGER(4) at (1)
     Warning: Possible change of value in conversion from REAL(8) to INTEGER(4) at (1)
Flavor: r-release-osx-x86_64-mavericks