CRAN Package Check Results for Package clues

Last updated on 2015-08-29 06:47:32.

Flavor Version Tinstall Tcheck Ttotal Status Flags
r-devel-linux-x86_64-debian-clang 0.5.6 1.95 15.42 17.38 NOTE
r-devel-linux-x86_64-debian-gcc 0.5.6 2.08 14.76 16.83 NOTE
r-devel-linux-x86_64-fedora-clang 0.5.6 31.73 NOTE
r-devel-linux-x86_64-fedora-gcc 0.5.6 29.28 NOTE
r-devel-osx-x86_64-clang 0.5.6 26.79 OK
r-devel-windows-ix86+x86_64 0.5.6 19.00 36.00 55.00 NOTE
r-patched-linux-x86_64 0.5.6 2.07 15.41 17.48 OK
r-patched-solaris-sparc 0.5.6 194.00 OK
r-patched-solaris-x86 0.5.6 46.90 OK
r-release-linux-x86_64 0.5.6 2.06 15.65 17.72 OK
r-release-osx-x86_64-mavericks 0.5.6 WARN
r-release-windows-ix86+x86_64 0.5.6 17.00 44.00 61.00 OK
r-oldrel-windows-ix86+x86_64 0.5.6 18.00 36.00 54.00 OK

Check Details

Version: 0.5.6
Check: R code for possible problems
Result: NOTE
    plot.clues: no visible global function definition for ‘par’
    plotAvgCurves: no visible global function definition for ‘par’
    plotAvgCurves: no visible global function definition for ‘plot’
    plotAvgCurves: no visible global function definition for ‘lines’
    plotAvgCurves: no visible global function definition for ‘axis’
    plotAvgCurves: no visible global function definition for ‘box’
    plotAvgCurves: no visible global function definition for ‘title’
    plotClusters: no visible global function definition for ‘par’
    plotClusters: no visible global function definition for ‘plot’
    plotClusters: no visible global function definition for ‘box’
    plotClusters: no visible global function definition for ‘text’
    plotClusters.default: no visible global function definition for ‘plot’
    plotClusters.default: no visible global function definition for
     ‘points’
    plotCurves: no visible global function definition for ‘par’
    plotCurves: no visible global function definition for ‘plot’
    plotCurves: no visible global function definition for ‘lines’
    plotCurves: no visible global function definition for ‘axis’
    plotCurves: no visible global function definition for ‘box’
    plotCurves: no visible global function definition for ‘title’
    Undefined global functions or variables:
     axis box lines par plot points text title
    Consider adding
     importFrom("graphics", "axis", "box", "lines", "par", "plot", "points",
     "text", "title")
    to your NAMESPACE.
Flavors: r-devel-linux-x86_64-debian-clang, r-devel-linux-x86_64-debian-gcc, r-devel-linux-x86_64-fedora-clang, r-devel-linux-x86_64-fedora-gcc, r-devel-windows-ix86+x86_64

Version: 0.5.6
Check: whether package can be installed
Result: WARN
    Found the following significant warnings:
     Warning: Possible change of value in conversion from REAL(8) to INTEGER(4) at (1)
Flavor: r-release-osx-x86_64-mavericks