CRAN Package Check Results for Package clues

Last updated on 2019-08-18 04:46:09 CEST.

Flavor Version Tinstall Tcheck Ttotal Status Flags
r-devel-linux-x86_64-debian-clang 0.5.9 4.34 29.26 33.60 OK
r-devel-linux-x86_64-debian-gcc 0.5.9 3.73 23.81 27.54 OK
r-devel-linux-x86_64-fedora-clang 0.5.9 43.19 NOTE
r-devel-linux-x86_64-fedora-gcc 0.5.9 40.83 NOTE
r-devel-windows-ix86+x86_64 0.5.9 26.00 85.00 111.00 OK
r-patched-linux-x86_64 0.5.9 3.88 29.43 33.31 OK
r-patched-solaris-x86 0.5.9 67.30 OK
r-release-linux-x86_64 0.5.9 4.29 29.37 33.66 OK
r-release-windows-ix86+x86_64 0.5.9 24.00 70.00 94.00 OK
r-release-osx-x86_64 0.5.9 OK
r-oldrel-windows-ix86+x86_64 0.5.9 18.00 67.00 85.00 OK
r-oldrel-osx-x86_64 0.5.9 OK

Check Details

Version: 0.5.9
Check: compiled code
Result: NOTE
    File ‘clues/libs/clues.so’:
     Found no calls to: ‘R_registerRoutines’, ‘R_useDynamicSymbols’
    
    It is good practice to register native routines and to disable symbol
    search.
    
    See ‘Writing portable packages’ in the ‘Writing R Extensions’ manual.
Flavors: r-devel-linux-x86_64-fedora-clang, r-devel-linux-x86_64-fedora-gcc