CRAN Package Check Results for Package clues

Last updated on 2014-10-25 22:47:49.

Flavor Version Tinstall Tcheck Ttotal Status Flags
r-devel-linux-x86_64-debian-clang 0.5-4 2.07 16.96 19.02 OK
r-devel-linux-x86_64-debian-gcc 0.5-4 2.03 17.08 19.12 OK
r-devel-linux-x86_64-fedora-clang 0.5-4 37.10 OK
r-devel-linux-x86_64-fedora-gcc 0.5-4 35.15 OK
r-devel-osx-x86_64-clang 0.5-4 34.88 OK
r-devel-windows-ix86+x86_64 0.5-4 12.00 29.00 41.00 OK
r-patched-linux-x86_64 0.5-4 2.04 17.48 19.52 OK
r-patched-solaris-sparc 0.5-4 200.80 OK
r-patched-solaris-x86 0.5-4 46.80 OK
r-release-linux-ix86 0.5-4 3.01 22.30 25.31 OK
r-release-linux-x86_64 0.5-4 1.98 16.86 18.84 OK
r-release-osx-x86_64-mavericks 0.5-4 WARN
r-release-osx-x86_64-snowleopard 0.5-4 OK
r-release-windows-ix86+x86_64 0.5-4 11.00 31.00 42.00 OK

Check Details

Version: 0.5-4
Check: whether package can be installed
Result: WARN
    Found the following significant warnings:
     Warning: Possible change of value in conversion from REAL(8) to INTEGER(4) at (1)
     Warning: Possible change of value in conversion from REAL(8) to INTEGER(4) at (1)
Flavor: r-release-osx-x86_64-mavericks