CRAN Package Check Results for Package clues

Last updated on 2019-02-17 09:47:30 CET.

Flavor Version Tinstall Tcheck Ttotal Status Flags
r-devel-linux-x86_64-debian-clang 0.5.9 3.97 29.10 33.07 OK
r-devel-linux-x86_64-debian-gcc 0.5.9 3.22 23.67 26.89 OK
r-devel-linux-x86_64-fedora-clang 0.5.9 41.60 NOTE
r-devel-linux-x86_64-fedora-gcc 0.5.9 37.01 NOTE
r-devel-windows-ix86+x86_64 0.5.9 32.00 65.00 97.00 OK
r-patched-linux-x86_64 0.5.9 3.33 27.17 30.50 OK
r-patched-solaris-x86 0.5.9 51.40 OK
r-release-linux-x86_64 0.5.9 OK
r-release-windows-ix86+x86_64 0.5.9 14.00 66.00 80.00 OK
r-release-osx-x86_64 0.5.9 OK
r-oldrel-windows-ix86+x86_64 0.5.9 18.00 61.00 79.00 OK
r-oldrel-osx-x86_64 0.5.9 OK

Check Details

Version: 0.5.9
Check: compiled code
Result: NOTE
    File ‘clues/libs/clues.so’:
     Found no calls to: ‘R_registerRoutines’, ‘R_useDynamicSymbols’
    
    It is good practice to register native routines and to disable symbol
    search.
    
    See ‘Writing portable packages’ in the ‘Writing R Extensions’ manual.
Flavors: r-devel-linux-x86_64-fedora-clang, r-devel-linux-x86_64-fedora-gcc