CRAN Package Check Results for Package clues

Last updated on 2018-01-17 17:49:13 CET.

Flavor Version Tinstall Tcheck Ttotal Status Flags
r-devel-linux-x86_64-debian-clang 0.5.9 2.75 28.19 30.94 NOTE
r-devel-linux-x86_64-debian-gcc 0.5.9 2.09 22.16 24.25 NOTE
r-devel-linux-x86_64-fedora-clang 0.5.9 35.82 NOTE
r-devel-linux-x86_64-fedora-gcc 0.5.9 35.93 NOTE
r-devel-windows-ix86+x86_64 0.5.9 23.00 54.00 77.00 OK
r-patched-linux-x86_64 0.5.9 2.74 26.36 29.10 NOTE
r-patched-solaris-x86 0.5.9 52.00 OK
r-release-linux-x86_64 0.5.9 2.68 26.56 29.24 NOTE
r-release-windows-ix86+x86_64 0.5.9 14.00 59.00 73.00 OK
r-release-osx-x86_64 0.5.9 OK
r-oldrel-windows-ix86+x86_64 0.5.9 22.00 58.00 80.00 OK
r-oldrel-osx-x86_64 0.5.9 WARN

Check Details

Version: 0.5.9
Check: compiled code
Result: NOTE
    File ‘clues/libs/clues.so’:
     Found no calls to: ‘R_registerRoutines’, ‘R_useDynamicSymbols’
    
    It is good practice to register native routines and to disable symbol
    search.
    
    See ‘Writing portable packages’ in the ‘Writing R Extensions’ manual.
Flavors: r-devel-linux-x86_64-debian-clang, r-devel-linux-x86_64-debian-gcc, r-devel-linux-x86_64-fedora-clang, r-devel-linux-x86_64-fedora-gcc, r-patched-linux-x86_64, r-release-linux-x86_64

Version: 0.5.9
Check: whether package can be installed
Result: WARN
    Found the following significant warnings:
     Warning: Possible change of value in conversion from REAL(8) to INTEGER(4) at (1)
Flavor: r-oldrel-osx-x86_64