CRAN Package Check Results for Package clues

Last updated on 2017-02-22 07:48:06.

Flavor Version Tinstall Tcheck Ttotal Status Flags
r-devel-linux-x86_64-debian-clang 0.5.9 2.14 18.52 20.66 NOTE
r-devel-linux-x86_64-debian-gcc 0.5.9 2.20 18.50 20.71 NOTE
r-devel-linux-x86_64-fedora-clang 0.5.9 33.99 NOTE --no-stop-on-test-error
r-devel-linux-x86_64-fedora-gcc 0.5.9 32.53 NOTE --no-stop-on-test-error
r-devel-macos-x86_64-clang 0.5.9 28.39 NOTE --no-stop-on-test-error
r-devel-windows-ix86+x86_64 0.5.9 22.00 91.00 113.00 OK
r-patched-linux-x86_64 0.5.9 2.02 15.67 17.68 OK
r-patched-solaris-sparc 0.5.9 188.70 OK
r-patched-solaris-x86 0.5.9 38.40 OK
r-release-linux-x86_64 0.5.9 1.96 15.73 17.69 OK
r-release-osx-x86_64-mavericks 0.5.9 WARN
r-release-windows-ix86+x86_64 0.5.9 33.00 64.00 97.00 OK
r-oldrel-windows-ix86+x86_64 0.5.9 26.00 56.00 82.00 OK

Check Details

Version: 0.5.9
Check: compiled code
Result: NOTE
    File ‘clues/libs/clues.so’:
     Found no calls to: ‘R_registerRoutines’, ‘R_useDynamicSymbols’
    
    It is good practice to register native routines and to disable symbol
    search.
    
    See ‘Writing portable packages’ in the ‘Writing R Extensions’ manual.
Flavors: r-devel-linux-x86_64-debian-clang, r-devel-linux-x86_64-debian-gcc

Version: 0.5.9
Flags: --no-stop-on-test-error
Check: compiled code
Result: NOTE
    File ‘clues/libs/clues.so’:
     Found no calls to: ‘R_registerRoutines’, ‘R_useDynamicSymbols’
    
    It is good practice to register native routines and to disable symbol
    search.
    
    See ‘Writing portable packages’ in the ‘Writing R Extensions’ manual.
Flavors: r-devel-linux-x86_64-fedora-clang, r-devel-linux-x86_64-fedora-gcc, r-devel-macos-x86_64-clang

Version: 0.5.9
Check: whether package can be installed
Result: WARN
    Found the following significant warnings:
     Warning: Possible change of value in conversion from REAL(8) to INTEGER(4) at (1)
Flavor: r-release-osx-x86_64-mavericks