CRAN Package Check Results for Package clues

Last updated on 2015-02-01 03:49:16.

Flavor Version Tinstall Tcheck Ttotal Status Flags
r-devel-linux-x86_64-debian-clang 0.5-4 1.97 16.98 18.95 OK
r-devel-linux-x86_64-debian-gcc 0.5-4 2.01 15.93 17.94 OK
r-devel-linux-x86_64-fedora-clang 0.5-4 34.93 OK
r-devel-linux-x86_64-fedora-gcc 0.5-4 32.20 OK
r-devel-osx-x86_64-clang 0.5-4 34.36 OK
r-devel-windows-ix86+x86_64 0.5-4 19.00 30.00 49.00 OK
r-patched-linux-x86_64 0.5-4 2.10 16.83 18.93 OK
r-patched-solaris-sparc 0.5-4 202.90 OK
r-patched-solaris-x86 0.5-4 47.40 OK
r-release-linux-ix86 0.5-4 2.97 25.27 28.24 OK
r-release-linux-x86_64 0.5-4 2.07 16.85 18.92 OK
r-release-osx-x86_64-mavericks 0.5-4 WARN
r-release-osx-x86_64-snowleopard 0.5-4 OK
r-release-windows-ix86+x86_64 0.5-4 14.00 33.00 47.00 OK

Check Details

Version: 0.5-4
Check: whether package can be installed
Result: WARN
    Found the following significant warnings:
     Warning: Possible change of value in conversion from REAL(8) to INTEGER(4) at (1)
Flavor: r-release-osx-x86_64-mavericks