CRAN Package Check Results for Package clues

Last updated on 2017-08-21 02:48:47.

Flavor Version Tinstall Tcheck Ttotal Status Flags
r-devel-linux-x86_64-debian-clang 0.5.9 1.99 17.81 19.80 NOTE
r-devel-linux-x86_64-debian-gcc 0.5.9 1.96 18.15 20.11 NOTE
r-devel-linux-x86_64-fedora-clang 0.5.9 34.76 NOTE
r-devel-linux-x86_64-fedora-gcc 0.5.9 35.65 NOTE
r-devel-windows-ix86+x86_64 0.5.9 14.00 45.00 59.00 OK
r-patched-linux-x86_64 0.5.9 2.00 17.81 19.81 NOTE
r-patched-solaris-x86 0.5.9 51.70 OK
r-release-linux-x86_64 0.5.9 1.96 17.85 19.81 NOTE
r-release-windows-ix86+x86_64 0.5.9 15.00 59.00 74.00 OK
r-release-osx-x86_64 0.5.9 OK
r-oldrel-windows-ix86+x86_64 0.5.9 14.00 42.00 56.00 OK
r-oldrel-osx-x86_64 0.5.9 WARN

Check Details

Version: 0.5.9
Check: compiled code
Result: NOTE
    File ‘clues/libs/clues.so’:
     Found no calls to: ‘R_registerRoutines’, ‘R_useDynamicSymbols’
    
    It is good practice to register native routines and to disable symbol
    search.
    
    See ‘Writing portable packages’ in the ‘Writing R Extensions’ manual.
Flavors: r-devel-linux-x86_64-debian-clang, r-devel-linux-x86_64-debian-gcc, r-devel-linux-x86_64-fedora-clang, r-devel-linux-x86_64-fedora-gcc, r-patched-linux-x86_64, r-release-linux-x86_64

Version: 0.5.9
Check: whether package can be installed
Result: WARN
    Found the following significant warnings:
     Warning: Possible change of value in conversion from REAL(8) to INTEGER(4) at (1)
Flavor: r-oldrel-osx-x86_64