CRAN Package Check Results for Package clues

Last updated on 2015-03-05 23:48:12.

Flavor Version Tinstall Tcheck Ttotal Status Flags
r-devel-linux-x86_64-debian-clang 0.5.6 2.04 16.36 18.40 OK
r-devel-linux-x86_64-debian-gcc 0.5.6 2.05 15.34 17.39 OK
r-devel-linux-x86_64-fedora-clang 0.5.6 32.30 OK
r-devel-linux-x86_64-fedora-gcc 0.5.6 30.00 OK
r-devel-osx-x86_64-clang 0.5.6 31.41 OK
r-devel-windows-ix86+x86_64 0.5.6 13.00 32.00 45.00 OK
r-patched-linux-x86_64 0.5.6 2.12 16.92 19.04 OK
r-patched-solaris-sparc 0.5.6 229.70 OK
r-patched-solaris-x86 0.5.6 47.40 OK
r-release-linux-ix86 0.5.6 2.90 24.94 27.84 OK
r-release-linux-x86_64 0.5.6 2.00 17.01 19.02 OK
r-release-osx-x86_64-mavericks 0.5.6 WARN
r-release-osx-x86_64-snowleopard 0.5.6 OK
r-release-windows-ix86+x86_64 0.5.6 13.00 34.00 47.00 OK

Check Details

Version: 0.5.6
Check: whether package can be installed
Result: WARN
    Found the following significant warnings:
     Warning: Possible change of value in conversion from REAL(8) to INTEGER(4) at (1)
Flavor: r-release-osx-x86_64-mavericks