CRAN Package Check Results for Package clues

Last updated on 2014-07-24 03:48:46.

Flavor Version Tinstall Tcheck Ttotal Status Flags
r-devel-linux-x86_64-debian-clang 0.5-4 2.04 14.65 16.70 OK
r-devel-linux-x86_64-debian-gcc 0.5-4 1.98 14.16 16.15 OK
r-devel-linux-x86_64-fedora-clang 0.5-4 37.09 OK
r-devel-linux-x86_64-fedora-gcc 0.5-4 36.16 OK
r-devel-osx-x86_64-clang 0.5-4 33.22 OK
r-devel-windows-ix86+x86_64 0.5-4 11.00 31.00 42.00 OK
r-patched-linux-x86_64 0.5-4 2.03 14.77 16.80 OK
r-patched-solaris-sparc 0.5-4 181.60 OK
r-patched-solaris-x86 0.5-4 50.70 OK
r-release-linux-ix86 0.5-4 3.07 22.28 25.35 OK
r-release-linux-x86_64 0.5-4 2.10 14.90 17.00 OK
r-release-osx-x86_64-mavericks 0.5-4 WARN
r-release-osx-x86_64-snowleopard 0.5-4 OK
r-release-windows-ix86+x86_64 0.5-4 12.00 32.00 44.00 OK

Check Details

Version: 0.5-4
Check: whether package can be installed
Result: WARNING
    Found the following significant warnings:
     Warning: Possible change of value in conversion from REAL(8) to INTEGER(4) at (1)
     Warning: Possible change of value in conversion from REAL(8) to INTEGER(4) at (1)
    See ‘/Builds/CRAN-QA-Simon/packages/mavericks-x86_64/results/3.1/clues.Rcheck/00install.out’ for details.
Flavor: r-release-osx-x86_64-mavericks