CRAN Package Check Results for Package clues

Last updated on 2017-03-29 11:49:19.

Flavor Version Tinstall Tcheck Ttotal Status Flags
r-devel-linux-x86_64-debian-clang 0.5.9 2.18 18.52 20.70 NOTE
r-devel-linux-x86_64-debian-gcc 0.5.9 2.57 18.08 20.65 NOTE
r-devel-linux-x86_64-fedora-clang 0.5.9 35.74 NOTE --no-stop-on-test-error
r-devel-linux-x86_64-fedora-gcc 0.5.9 33.12 NOTE --no-stop-on-test-error
r-devel-macos-x86_64-clang 0.5.9 27.83 NOTE --no-stop-on-test-error
r-devel-windows-ix86+x86_64 0.5.9 14.00 39.00 53.00 OK
r-patched-linux-x86_64 0.5.9 2.08 17.96 20.04 NOTE
r-patched-solaris-sparc 0.5.9 202.60 OK
r-patched-solaris-x86 0.5.9 48.50 OK
r-release-linux-x86_64 0.5.9 1.94 15.95 17.90 OK
r-release-osx-x86_64-mavericks 0.5.9 WARN
r-release-windows-ix86+x86_64 0.5.9 20.00 77.00 97.00 OK
r-oldrel-windows-ix86+x86_64 0.5.9 14.00 54.00 68.00 OK

Check Details

Version: 0.5.9
Check: compiled code
Result: NOTE
    File ‘clues/libs/clues.so’:
     Found no calls to: ‘R_registerRoutines’, ‘R_useDynamicSymbols’
    
    It is good practice to register native routines and to disable symbol
    search.
    
    See ‘Writing portable packages’ in the ‘Writing R Extensions’ manual.
Flavors: r-devel-linux-x86_64-debian-clang, r-devel-linux-x86_64-debian-gcc, r-patched-linux-x86_64

Version: 0.5.9
Flags: --no-stop-on-test-error
Check: compiled code
Result: NOTE
    File ‘clues/libs/clues.so’:
     Found no calls to: ‘R_registerRoutines’, ‘R_useDynamicSymbols’
    
    It is good practice to register native routines and to disable symbol
    search.
    
    See ‘Writing portable packages’ in the ‘Writing R Extensions’ manual.
Flavors: r-devel-linux-x86_64-fedora-clang, r-devel-linux-x86_64-fedora-gcc, r-devel-macos-x86_64-clang

Version: 0.5.9
Check: whether package can be installed
Result: WARN
    Found the following significant warnings:
     Warning: Possible change of value in conversion from REAL(8) to INTEGER(4) at (1)
Flavor: r-release-osx-x86_64-mavericks