CRAN Package Check Results for Package clues

Last updated on 2015-05-26 04:46:53.

Flavor Version Tinstall Tcheck Ttotal Status Flags
r-devel-linux-x86_64-debian-clang 0.5.6 1.93 15.37 17.30 OK
r-devel-linux-x86_64-debian-gcc 0.5.6 2.09 15.81 17.90 OK
r-devel-linux-x86_64-fedora-clang 0.5.6 32.69 OK
r-devel-linux-x86_64-fedora-gcc 0.5.6 30.59 OK
r-devel-osx-x86_64-clang 0.5.6 30.46 OK
r-devel-windows-ix86+x86_64 0.5.6 12.00 31.00 43.00 OK
r-patched-linux-x86_64 0.5.6 2.18 15.29 17.47 OK
r-patched-solaris-sparc 0.5.6 213.10 OK
r-patched-solaris-x86 0.5.6 42.90 OK
r-release-linux-x86_64 0.5.6 1.97 16.20 18.17 OK
r-release-osx-x86_64-mavericks 0.5.6 WARN
r-release-osx-x86_64-snowleopard 0.5.6 OK
r-release-windows-ix86+x86_64 0.5.6 13.00 32.00 45.00 OK
r-oldrel-windows-ix86+x86_64 0.5.6 13.00 52.00 65.00 OK

Check Details

Version: 0.5.6
Check: whether package can be installed
Result: WARN
    Found the following significant warnings:
     Warning: Possible change of value in conversion from REAL(8) to INTEGER(4) at (1)
Flavor: r-release-osx-x86_64-mavericks