CRAN Package Check Results for Package clues

Last updated on 2015-07-07 15:46:24.

Flavor Version Tinstall Tcheck Ttotal Status Flags
r-devel-linux-x86_64-debian-clang 0.5.6 1.97 14.92 16.89 NOTE
r-devel-linux-x86_64-debian-gcc 0.5.6 2.01 15.22 17.23 NOTE
r-devel-linux-x86_64-fedora-clang 0.5.6 30.57 NOTE
r-devel-linux-x86_64-fedora-gcc 0.5.6 29.52 NOTE
r-devel-osx-x86_64-clang 0.5.6 26.50 OK
r-devel-windows-ix86+x86_64 0.5.6 22.00 47.00 69.00 NOTE
r-patched-linux-x86_64 0.5.6 2.02 15.30 17.32 OK
r-patched-solaris-sparc 0.5.6 213.10 OK
r-patched-solaris-x86 0.5.6 42.40 OK
r-release-linux-x86_64 0.5.6 1.98 15.38 17.36 OK
r-release-osx-x86_64-mavericks 0.5.6 WARN
r-release-windows-ix86+x86_64 0.5.6 18.00 54.00 72.00 OK
r-oldrel-windows-ix86+x86_64 0.5.6 13.00 49.00 62.00 OK

Check Details

Version: 0.5.6
Check: R code for possible problems
Result: NOTE
    plot.clues: no visible global function definition for ‘par’
    plotAvgCurves: no visible global function definition for ‘par’
    plotAvgCurves: no visible global function definition for ‘plot’
    plotAvgCurves: no visible global function definition for ‘lines’
    plotAvgCurves: no visible global function definition for ‘axis’
    plotAvgCurves: no visible global function definition for ‘box’
    plotAvgCurves: no visible global function definition for ‘title’
    plotClusters: no visible global function definition for ‘par’
    plotClusters: no visible global function definition for ‘plot’
    plotClusters: no visible global function definition for ‘box’
    plotClusters: no visible global function definition for ‘text’
    plotClusters.default: no visible global function definition for ‘plot’
    plotClusters.default: no visible global function definition for
     ‘points’
    plotCurves: no visible global function definition for ‘par’
    plotCurves: no visible global function definition for ‘plot’
    plotCurves: no visible global function definition for ‘lines’
    plotCurves: no visible global function definition for ‘axis’
    plotCurves: no visible global function definition for ‘box’
    plotCurves: no visible global function definition for ‘title’
    Undefined global functions or variables:
     axis box lines par plot points text title
Flavors: r-devel-linux-x86_64-debian-clang, r-devel-linux-x86_64-debian-gcc, r-devel-linux-x86_64-fedora-clang, r-devel-linux-x86_64-fedora-gcc, r-devel-windows-ix86+x86_64

Version: 0.5.6
Check: whether package can be installed
Result: WARN
    Found the following significant warnings:
     Warning: Possible change of value in conversion from REAL(8) to INTEGER(4) at (1)
Flavor: r-release-osx-x86_64-mavericks