CRAN Package Check Results for Package clues

Last updated on 2019-04-20 12:50:50 CEST.

Flavor Version Tinstall Tcheck Ttotal Status Flags
r-devel-linux-x86_64-debian-clang 0.5.9 4.49 29.43 33.92 OK
r-devel-linux-x86_64-debian-gcc 0.5.9 4.38 27.35 31.73 OK
r-devel-linux-x86_64-fedora-clang 0.5.9 40.51 NOTE
r-devel-linux-x86_64-fedora-gcc 0.5.9 39.10 NOTE
r-devel-windows-ix86+x86_64 0.5.9 21.00 58.00 79.00 OK
r-patched-linux-x86_64 0.5.9 4.49 29.60 34.09 OK
r-patched-solaris-x86 0.5.9 62.00 OK
r-release-linux-x86_64 0.5.9 3.50 27.06 30.56 OK
r-release-windows-ix86+x86_64 0.5.9 14.00 64.00 78.00 OK
r-release-osx-x86_64 0.5.9 OK
r-oldrel-windows-ix86+x86_64 0.5.9 13.00 63.00 76.00 OK
r-oldrel-osx-x86_64 0.5.9 OK

Check Details

Version: 0.5.9
Check: compiled code
Result: NOTE
    File ‘clues/libs/clues.so’:
     Found no calls to: ‘R_registerRoutines’, ‘R_useDynamicSymbols’
    
    It is good practice to register native routines and to disable symbol
    search.
    
    See ‘Writing portable packages’ in the ‘Writing R Extensions’ manual.
Flavors: r-devel-linux-x86_64-fedora-clang, r-devel-linux-x86_64-fedora-gcc