CRAN Package Check Results for Package clues

Last updated on 2017-10-24 10:47:43.

Flavor Version Tinstall Tcheck Ttotal Status Flags
r-devel-linux-x86_64-debian-clang 0.5.9 2.03 17.63 19.67 NOTE
r-devel-linux-x86_64-debian-gcc 0.5.9 2.12 17.84 19.95 NOTE
r-devel-linux-x86_64-fedora-clang 0.5.9 34.48 NOTE
r-devel-linux-x86_64-fedora-gcc 0.5.9 33.42 NOTE
r-devel-windows-ix86+x86_64 0.5.9 13.00 58.00 71.00 OK
r-patched-linux-x86_64 0.5.9 2.08 17.71 19.79 NOTE
r-patched-solaris-x86 0.5.9 51.70 OK
r-release-linux-x86_64 0.5.9 1.91 17.47 19.39 NOTE
r-release-windows-ix86+x86_64 0.5.9 21.00 55.00 76.00 OK
r-release-osx-x86_64 0.5.9 OK
r-oldrel-windows-ix86+x86_64 0.5.9 13.00 39.00 52.00 OK
r-oldrel-osx-x86_64 0.5.9 WARN

Check Details

Version: 0.5.9
Check: compiled code
Result: NOTE
    File ‘clues/libs/clues.so’:
     Found no calls to: ‘R_registerRoutines’, ‘R_useDynamicSymbols’
    
    It is good practice to register native routines and to disable symbol
    search.
    
    See ‘Writing portable packages’ in the ‘Writing R Extensions’ manual.
Flavors: r-devel-linux-x86_64-debian-clang, r-devel-linux-x86_64-debian-gcc, r-devel-linux-x86_64-fedora-clang, r-devel-linux-x86_64-fedora-gcc, r-patched-linux-x86_64, r-release-linux-x86_64

Version: 0.5.9
Check: whether package can be installed
Result: WARN
    Found the following significant warnings:
     Warning: Possible change of value in conversion from REAL(8) to INTEGER(4) at (1)
Flavor: r-oldrel-osx-x86_64