CRAN Package Check Results for Package clues

Last updated on 2016-12-10 18:49:19.

Flavor Version Tinstall Tcheck Ttotal Status Flags
r-devel-linux-x86_64-debian-clang 0.5.9 2.13 17.87 20.01 OK
r-devel-linux-x86_64-debian-gcc 0.5.9 2.23 18.48 20.71 OK
r-devel-linux-x86_64-fedora-clang 0.5.9 35.82 OK --no-stop-on-test-error
r-devel-linux-x86_64-fedora-gcc 0.5.9 33.04 OK --no-stop-on-test-error
r-devel-macos-x86_64-clang 0.5.9 27.97 OK --no-stop-on-test-error
r-devel-windows-ix86+x86_64 0.5.9 13.00 62.00 75.00 OK
r-patched-linux-x86_64 0.5.9 1.99 16.01 18.00 OK
r-patched-solaris-sparc 0.5.9 180.60 OK
r-patched-solaris-x86 0.5.9 39.30 OK
r-release-linux-x86_64 0.5.9 2.04 15.75 17.79 OK
r-release-osx-x86_64-mavericks 0.5.9 WARN
r-release-windows-ix86+x86_64 0.5.9 19.00 39.00 58.00 OK
r-oldrel-windows-ix86+x86_64 0.5.9 21.00 38.00 59.00 OK

Check Details

Version: 0.5.9
Check: whether package can be installed
Result: WARN
    Found the following significant warnings:
     Warning: Possible change of value in conversion from REAL(8) to INTEGER(4) at (1)
Flavor: r-release-osx-x86_64-mavericks