CRAN Package Check Results for Package cluscov

Last updated on 2022-10-07 14:52:00 CEST.

Flavor Version Tinstall Tcheck Ttotal Status Flags
r-devel-linux-x86_64-debian-clang 1.1.0 3.62 32.90 36.52 NOTE
r-devel-linux-x86_64-debian-gcc 1.1.0 2.32 26.00 28.32 NOTE
r-devel-linux-x86_64-fedora-clang 1.1.0 59.80 NOTE
r-devel-linux-x86_64-fedora-gcc 1.1.0 54.66 NOTE
r-devel-windows-x86_64 1.1.0 19.00 69.00 88.00 NOTE
r-patched-linux-x86_64 1.1.0 4.16 31.73 35.89 NOTE
r-release-linux-x86_64 1.1.0 3.73 31.30 35.03 NOTE
r-release-macos-arm64 1.1.0 23.00 NOTE
r-release-macos-x86_64 1.1.0 25.00 NOTE
r-release-windows-x86_64 1.1.0 19.00 69.00 88.00 NOTE
r-oldrel-macos-arm64 1.1.0 24.00 NOTE
r-oldrel-macos-x86_64 1.1.0 28.00 NOTE
r-oldrel-windows-ix86+x86_64 1.1.0 11.00 68.00 79.00 NOTE

Check Details

Version: 1.1.0
Check: package subdirectories
Result: NOTE
    Problems with news in 'NEWS.md':
    No news entries found.
Flavors: r-devel-linux-x86_64-debian-clang, r-devel-linux-x86_64-debian-gcc, r-devel-linux-x86_64-fedora-clang, r-devel-linux-x86_64-fedora-gcc, r-devel-windows-x86_64

Version: 1.1.0
Check: LazyData
Result: NOTE
     'LazyData' is specified without a 'data' directory
Flavors: r-devel-linux-x86_64-debian-clang, r-devel-linux-x86_64-debian-gcc, r-devel-linux-x86_64-fedora-clang, r-devel-linux-x86_64-fedora-gcc, r-devel-windows-x86_64, r-patched-linux-x86_64, r-release-linux-x86_64, r-release-macos-arm64, r-release-macos-x86_64, r-release-windows-x86_64, r-oldrel-macos-arm64, r-oldrel-macos-x86_64, r-oldrel-windows-ix86+x86_64

Version: 1.1.0
Check: compilation flags used
Result: NOTE
    Compilation used the following non-portable flag(s):
     ‘-Wstrict-prototypes’
Flavor: r-devel-linux-x86_64-debian-gcc