CRAN Package Check Results for Package clustMD

Last updated on 2015-05-24 15:46:45.

Flavor Version Tinstall Tcheck Ttotal Status Flags
r-devel-linux-x86_64-debian-clang 1.0 2.86 35.88 38.74 NOTE
r-devel-linux-x86_64-debian-gcc 1.0 2.72 34.82 37.54 NOTE
r-devel-linux-x86_64-fedora-clang 1.0 76.46 NOTE
r-devel-linux-x86_64-fedora-gcc 1.0 72.79 NOTE
r-devel-osx-x86_64-clang 1.0 65.22 NOTE
r-devel-windows-ix86+x86_64 1.0 9.00 54.00 63.00 NOTE
r-patched-linux-x86_64 1.0 2.71 34.16 36.87 NOTE
r-patched-solaris-sparc 1.0 492.00 NOTE
r-patched-solaris-x86 1.0 105.20 NOTE
r-release-linux-x86_64 1.0 2.78 34.63 37.41 NOTE
r-release-osx-x86_64-mavericks 1.0 NOTE
r-release-osx-x86_64-snowleopard 1.0 ERROR
r-release-windows-ix86+x86_64 1.0 8.00 53.00 61.00 NOTE
r-oldrel-windows-ix86+x86_64 1.0 14.00 68.00 82.00 OK

Check Details

Version: 1.0
Check: DESCRIPTION meta-information
Result: NOTE
    Malformed Title field: should not end in a period.
Flavors: r-devel-linux-x86_64-debian-clang, r-devel-linux-x86_64-debian-gcc, r-devel-linux-x86_64-fedora-clang, r-devel-linux-x86_64-fedora-gcc, r-devel-osx-x86_64-clang, r-devel-windows-ix86+x86_64, r-patched-linux-x86_64, r-patched-solaris-sparc, r-patched-solaris-x86, r-release-linux-x86_64, r-release-osx-x86_64-mavericks, r-release-windows-ix86+x86_64

Version: 1.0
Check: package dependencies
Result: ERROR
    Package required but not available: ‘tmvtnorm’
    
    See section ‘The DESCRIPTION file’ in the ‘Writing R Extensions’
    manual.
Flavor: r-release-osx-x86_64-snowleopard