CRAN Package Check Results for Package clustMD

Last updated on 2016-06-26 22:47:39.

Flavor Version Tinstall Tcheck Ttotal Status Flags
r-devel-linux-x86_64-debian-gcc 1.1 2.65 34.19 36.84 NOTE
r-devel-linux-x86_64-fedora-clang 1.1 69.77 NOTE
r-devel-linux-x86_64-fedora-gcc 1.1 69.63 NOTE
r-devel-osx-x86_64-clang 1.1 55.07 NOTE
r-devel-windows-ix86+x86_64 1.1 7.00 54.00 61.00 NOTE
r-patched-linux-x86_64 1.1 3.26 35.36 38.62 NOTE
r-patched-solaris-sparc 1.1 423.20 NOTE
r-patched-solaris-x86 1.1 95.80 NOTE
r-release-linux-x86_64 1.1 2.82 35.33 38.15 NOTE
r-release-osx-x86_64-mavericks 1.1 NOTE
r-release-windows-ix86+x86_64 1.1 9.00 60.00 69.00 NOTE
r-oldrel-windows-ix86+x86_64 1.1 13.00 59.00 72.00 OK

Check Details

Version: 1.1
Check: R code for possible problems
Result: NOTE
    E.step: no visible global function definition for ‘pnorm’
    ObsLogLikelihood: no visible global function definition for ‘pnorm’
    ObsLogLikelihood: no visible binding for global variable ‘D’
    clustMD : Zstart: no visible global function definition for ‘rnorm’
    clustMD: no visible global function definition for ‘kmeans’
    clustMD: no visible global function definition for ‘hclust’
    clustMD: no visible global function definition for ‘dist’
    clustMD: no visible global function definition for ‘cutree’
    perc.cutoffs: no visible global function definition for ‘qnorm’
    Undefined global functions or variables:
     D cutree dist hclust kmeans pnorm qnorm rnorm
    Consider adding
     importFrom("stats", "D", "cutree", "dist", "hclust", "kmeans", "pnorm",
     "qnorm", "rnorm")
    to your NAMESPACE file.
Flavors: r-devel-linux-x86_64-debian-gcc, r-devel-linux-x86_64-fedora-clang, r-devel-linux-x86_64-fedora-gcc, r-devel-osx-x86_64-clang, r-devel-windows-ix86+x86_64, r-patched-linux-x86_64, r-patched-solaris-sparc, r-patched-solaris-x86, r-release-linux-x86_64, r-release-osx-x86_64-mavericks, r-release-windows-ix86+x86_64