CRAN Package Check Results for Package clustMD

Last updated on 2015-03-02 19:52:10.

Flavor Version Tinstall Tcheck Ttotal Status Flags
r-devel-linux-x86_64-debian-clang 1.0 2.94 35.70 38.64 NOTE
r-devel-linux-x86_64-debian-gcc 1.0 2.82 34.30 37.12 NOTE
r-devel-linux-x86_64-fedora-clang 1.0 79.99 NOTE
r-devel-linux-x86_64-fedora-gcc 1.0 74.83 NOTE
r-devel-osx-x86_64-clang 1.0 68.56 NOTE
r-devel-windows-ix86+x86_64 1.0 12.00 71.00 83.00 NOTE
r-patched-linux-x86_64 1.0 4.24 47.39 51.64 OK
r-patched-solaris-sparc 1.0 619.60 OK
r-patched-solaris-x86 1.0 148.30 OK
r-release-linux-ix86 1.0 4.70 56.10 60.80 OK
r-release-linux-x86_64 1.0 4.27 46.21 50.48 OK
r-release-osx-x86_64-mavericks 1.0 OK
r-release-osx-x86_64-snowleopard 1.0 OK
r-release-windows-ix86+x86_64 1.0 19.00 101.00 120.00 OK
r-oldrel-windows-ix86+x86_64 1.0 11.00 70.00 81.00 OK

Check Details

Version: 1.0
Check: DESCRIPTION meta-information
Result: NOTE
    Malformed Title field: should not end in a period.
Flavors: r-devel-linux-x86_64-debian-clang, r-devel-linux-x86_64-debian-gcc, r-devel-linux-x86_64-fedora-clang, r-devel-linux-x86_64-fedora-gcc, r-devel-osx-x86_64-clang, r-devel-windows-ix86+x86_64