CRAN Package Check Results for Package clustMD

Last updated on 2018-05-21 09:47:37 CEST.

Flavor Version Tinstall Tcheck Ttotal Status Flags
r-devel-linux-x86_64-debian-clang 1.2.1 4.09 34.84 38.93 OK
r-devel-linux-x86_64-debian-gcc 1.2.1 3.67 30.63 34.30 OK
r-devel-linux-x86_64-fedora-clang 1.2.1 51.91 OK
r-devel-linux-x86_64-fedora-gcc 1.2.1 49.76 OK
r-devel-windows-ix86+x86_64 1.2.1 8.00 48.00 56.00 OK
r-patched-linux-x86_64 1.2.1 5.04 35.89 40.93 NOTE
r-patched-solaris-x86 1.2.1 73.80 OK
r-release-linux-x86_64 1.2.1 4.48 36.30 40.78 NOTE
r-release-windows-ix86+x86_64 1.2.1 8.00 71.00 79.00 OK
r-release-osx-x86_64 1.2.1 OK
r-oldrel-windows-ix86+x86_64 1.2.1 4.00 54.00 58.00 OK
r-oldrel-osx-x86_64 1.2.1 OK

Check Details

Version: 1.2.1
Check: DESCRIPTION meta-information
Result: NOTE
    Dependence on R version ‘3.3.2’ not with patchlevel 0
Flavors: r-patched-linux-x86_64, r-release-linux-x86_64