CRAN Package Check Results for Package clustMD

Last updated on 2015-04-27 14:46:41.

Flavor Version Tinstall Tcheck Ttotal Status Flags
r-devel-linux-x86_64-debian-clang 1.0 3.42 36.06 39.47 NOTE
r-devel-linux-x86_64-debian-gcc 1.0 2.81 34.58 37.39 NOTE
r-devel-linux-x86_64-fedora-clang 1.0 81.26 NOTE
r-devel-linux-x86_64-fedora-gcc 1.0 75.18 NOTE
r-devel-osx-x86_64-clang 1.0 65.27 NOTE
r-devel-windows-ix86+x86_64 1.0 8.00 54.00 62.00 NOTE
r-patched-linux-x86_64 1.0 2.76 34.95 37.71 NOTE
r-patched-solaris-sparc 1.0 468.80 NOTE
r-patched-solaris-x86 1.0 106.30 NOTE
r-release-linux-x86_64 1.0 2.80 36.11 38.91 NOTE
r-release-osx-x86_64-mavericks 1.0 NOTE
r-release-osx-x86_64-snowleopard 1.0 ERROR
r-release-windows-ix86+x86_64 1.0 13.00 69.00 82.00 NOTE
r-oldrel-windows-ix86+x86_64 1.0 13.00 66.00 79.00 OK

Check Details

Version: 1.0
Check: DESCRIPTION meta-information
Result: NOTE
    Malformed Title field: should not end in a period.
Flavors: r-devel-linux-x86_64-debian-clang, r-devel-linux-x86_64-debian-gcc, r-devel-linux-x86_64-fedora-clang, r-devel-linux-x86_64-fedora-gcc, r-devel-osx-x86_64-clang, r-devel-windows-ix86+x86_64, r-patched-solaris-sparc, r-patched-solaris-x86, r-release-linux-x86_64, r-release-osx-x86_64-mavericks, r-release-windows-ix86+x86_64

Version: 1.0
Check: package dependencies
Result: ERROR
    Package required but not available: ‘tmvtnorm’
    
    See section ‘The DESCRIPTION file’ in the ‘Writing R Extensions’
    manual.
Flavor: r-release-osx-x86_64-snowleopard