CRAN Package Check Results for Package clustMD

Last updated on 2015-09-03 23:47:26.

Flavor Version Tinstall Tcheck Ttotal Status Flags
r-devel-linux-x86_64-debian-clang 1.1 2.66 35.34 38.00 NOTE
r-devel-linux-x86_64-debian-gcc 1.1 2.60 33.96 36.56 NOTE
r-devel-linux-x86_64-fedora-clang 1.1 74.53 NOTE
r-devel-linux-x86_64-fedora-gcc 1.1 70.55 NOTE
r-devel-osx-x86_64-clang 1.1 63.44 OK
r-devel-windows-ix86+x86_64 1.1 7.00 53.00 60.00 NOTE
r-patched-linux-x86_64 1.1 4.86 35.35 40.20 OK
r-patched-solaris-sparc 1.1 487.20 OK
r-patched-solaris-x86 1.1 108.30 OK
r-release-linux-x86_64 1.1 2.75 35.33 38.08 OK
r-release-osx-x86_64-mavericks 1.1 OK
r-release-windows-ix86+x86_64 1.1 10.00 59.00 69.00 OK
r-oldrel-windows-ix86+x86_64 1.1 19.00 82.00 101.00 OK

Check Details

Version: 1.1
Check: R code for possible problems
Result: NOTE
    E.step: no visible global function definition for ‘pnorm’
    ObsLogLikelihood: no visible global function definition for ‘pnorm’
    ObsLogLikelihood: no visible binding for global variable ‘D’
    clustMD : Zstart: no visible global function definition for ‘rnorm’
    clustMD: no visible global function definition for ‘kmeans’
    clustMD: no visible global function definition for ‘hclust’
    clustMD: no visible global function definition for ‘dist’
    clustMD: no visible global function definition for ‘cutree’
    perc.cutoffs: no visible global function definition for ‘qnorm’
    Undefined global functions or variables:
     D cutree dist hclust kmeans pnorm qnorm rnorm
    Consider adding
     importFrom("stats", "D", "cutree", "dist", "hclust", "kmeans", "pnorm",
     "qnorm", "rnorm")
    to your NAMESPACE.
Flavors: r-devel-linux-x86_64-debian-clang, r-devel-linux-x86_64-debian-gcc, r-devel-linux-x86_64-fedora-clang, r-devel-linux-x86_64-fedora-gcc, r-devel-windows-ix86+x86_64