CRAN Package Check Results for Package clustMD

Last updated on 2015-07-07 06:46:26.

Flavor Version Tinstall Tcheck Ttotal Status Flags
r-devel-linux-x86_64-debian-clang 1.1 3.39 35.02 38.41 NOTE
r-devel-linux-x86_64-debian-gcc 1.1 2.68 34.77 37.45 NOTE
r-devel-linux-x86_64-fedora-clang 1.1 76.00 NOTE
r-devel-linux-x86_64-fedora-gcc 1.1 70.14 NOTE
r-devel-osx-x86_64-clang 1.1 62.19 OK
r-devel-windows-ix86+x86_64 1.1 11.00 53.00 64.00 NOTE
r-patched-linux-x86_64 1.1 2.73 34.41 37.14 OK
r-patched-solaris-sparc 1.1 439.20 OK
r-patched-solaris-x86 1.1 107.00 OK
r-release-linux-x86_64 1.1 2.68 34.76 37.45 OK
r-release-osx-x86_64-mavericks 1.1 OK
r-release-windows-ix86+x86_64 1.1 13.00 52.00 65.00 OK
r-oldrel-windows-ix86+x86_64 1.1 13.00 85.00 98.00 OK

Check Details

Version: 1.1
Check: R code for possible problems
Result: NOTE
    E.step: no visible global function definition for ‘pnorm’
    ObsLogLikelihood: no visible global function definition for ‘pnorm’
    ObsLogLikelihood: no visible binding for global variable ‘D’
    clustMD : Zstart: no visible global function definition for ‘rnorm’
    clustMD: no visible global function definition for ‘kmeans’
    clustMD: no visible global function definition for ‘hclust’
    clustMD: no visible global function definition for ‘dist’
    clustMD: no visible global function definition for ‘cutree’
    perc.cutoffs: no visible global function definition for ‘qnorm’
    Undefined global functions or variables:
     D cutree dist hclust kmeans pnorm qnorm rnorm
Flavors: r-devel-linux-x86_64-debian-clang, r-devel-linux-x86_64-debian-gcc, r-devel-linux-x86_64-fedora-clang, r-devel-linux-x86_64-fedora-gcc, r-devel-windows-ix86+x86_64