CRAN Package Check Results for Package clustMD

Last updated on 2017-02-27 23:03:18.

Flavor Version Tinstall Tcheck Ttotal Status Flags
r-devel-linux-x86_64-debian-clang 1.1 2.64 34.61 37.25 NOTE
r-devel-linux-x86_64-debian-gcc 1.1 2.68 35.58 38.26 NOTE
r-devel-linux-x86_64-fedora-clang 1.1 82.71 NOTE --no-stop-on-test-error
r-devel-linux-x86_64-fedora-gcc 1.1 82.04 NOTE --no-stop-on-test-error
r-devel-macos-x86_64-clang 1.1 62.45 NOTE --no-stop-on-test-error
r-devel-windows-ix86+x86_64 1.1 14.00 146.00 160.00 NOTE
r-patched-linux-x86_64 1.1 2.50 31.75 34.24 NOTE
r-patched-solaris-sparc 1.1 430.40 NOTE
r-patched-solaris-x86 1.1 85.20 NOTE
r-release-linux-x86_64 1.1 2.58 31.48 34.06 NOTE
r-release-osx-x86_64-mavericks 1.1 NOTE
r-release-windows-ix86+x86_64 1.1 11.00 77.00 88.00 NOTE
r-oldrel-windows-ix86+x86_64 1.1 9.00 78.00 87.00 OK

Check Details

Version: 1.1
Check: R code for possible problems
Result: NOTE
    E.step: no visible global function definition for ‘pnorm’
    ObsLogLikelihood: no visible global function definition for ‘pnorm’
    ObsLogLikelihood: no visible binding for global variable ‘D’
    clustMD : Zstart: no visible global function definition for ‘rnorm’
    clustMD: no visible global function definition for ‘kmeans’
    clustMD: no visible global function definition for ‘hclust’
    clustMD: no visible global function definition for ‘dist’
    clustMD: no visible global function definition for ‘cutree’
    perc.cutoffs: no visible global function definition for ‘qnorm’
    Undefined global functions or variables:
     D cutree dist hclust kmeans pnorm qnorm rnorm
    Consider adding
     importFrom("stats", "D", "cutree", "dist", "hclust", "kmeans", "pnorm",
     "qnorm", "rnorm")
    to your NAMESPACE file.
Flavors: r-devel-linux-x86_64-debian-clang, r-devel-linux-x86_64-debian-gcc, r-devel-windows-ix86+x86_64, r-patched-linux-x86_64, r-patched-solaris-sparc, r-patched-solaris-x86, r-release-linux-x86_64, r-release-osx-x86_64-mavericks, r-release-windows-ix86+x86_64

Version: 1.1
Flags: --no-stop-on-test-error
Check: R code for possible problems
Result: NOTE
    E.step: no visible global function definition for ‘pnorm’
    ObsLogLikelihood: no visible global function definition for ‘pnorm’
    ObsLogLikelihood: no visible binding for global variable ‘D’
    clustMD : Zstart: no visible global function definition for ‘rnorm’
    clustMD: no visible global function definition for ‘kmeans’
    clustMD: no visible global function definition for ‘hclust’
    clustMD: no visible global function definition for ‘dist’
    clustMD: no visible global function definition for ‘cutree’
    perc.cutoffs: no visible global function definition for ‘qnorm’
    Undefined global functions or variables:
     D cutree dist hclust kmeans pnorm qnorm rnorm
    Consider adding
     importFrom("stats", "D", "cutree", "dist", "hclust", "kmeans", "pnorm",
     "qnorm", "rnorm")
    to your NAMESPACE file.
Flavors: r-devel-linux-x86_64-fedora-clang, r-devel-linux-x86_64-fedora-gcc, r-devel-macos-x86_64-clang