CRAN Package Check Results for Package clustMD

Last updated on 2016-09-27 20:46:57.

Flavor Version Tinstall Tcheck Ttotal Status Flags
r-devel-linux-x86_64-debian-clang 1.1 2.34 30.20 32.53 NOTE
r-devel-linux-x86_64-debian-gcc 1.1 2.51 30.37 32.88 NOTE
r-devel-linux-x86_64-fedora-clang 1.1 70.51 NOTE
r-devel-linux-x86_64-fedora-gcc 1.1 68.10 NOTE
r-devel-macos-x86_64-clang 1.1 53.54 NOTE
r-devel-windows-ix86+x86_64 1.1 12.00 79.00 91.00 NOTE
r-patched-linux-x86_64 1.1 2.46 30.30 32.75 NOTE
r-patched-solaris-sparc 1.1 423.20 NOTE
r-patched-solaris-x86 1.1 95.20 NOTE
r-release-linux-x86_64 1.1 2.37 31.47 33.84 NOTE
r-release-osx-x86_64-mavericks 1.1 NOTE
r-release-windows-ix86+x86_64 1.1 10.00 73.00 83.00 NOTE
r-oldrel-windows-ix86+x86_64 1.1 12.00 75.00 87.00 OK

Check Details

Version: 1.1
Check: R code for possible problems
Result: NOTE
    E.step: no visible global function definition for ‘pnorm’
    ObsLogLikelihood: no visible global function definition for ‘pnorm’
    ObsLogLikelihood: no visible binding for global variable ‘D’
    clustMD : Zstart: no visible global function definition for ‘rnorm’
    clustMD: no visible global function definition for ‘kmeans’
    clustMD: no visible global function definition for ‘hclust’
    clustMD: no visible global function definition for ‘dist’
    clustMD: no visible global function definition for ‘cutree’
    perc.cutoffs: no visible global function definition for ‘qnorm’
    Undefined global functions or variables:
     D cutree dist hclust kmeans pnorm qnorm rnorm
    Consider adding
     importFrom("stats", "D", "cutree", "dist", "hclust", "kmeans", "pnorm",
     "qnorm", "rnorm")
    to your NAMESPACE file.
Flavors: r-devel-linux-x86_64-debian-clang, r-devel-linux-x86_64-debian-gcc, r-devel-linux-x86_64-fedora-clang, r-devel-linux-x86_64-fedora-gcc, r-devel-macos-x86_64-clang, r-devel-windows-ix86+x86_64, r-patched-linux-x86_64, r-patched-solaris-sparc, r-patched-solaris-x86, r-release-linux-x86_64, r-release-osx-x86_64-mavericks, r-release-windows-ix86+x86_64