CRAN Package Check Results for Package clustMD

Last updated on 2016-02-13 09:46:53.

Flavor Version Tinstall Tcheck Ttotal Status Flags
r-devel-linux-x86_64-debian-gcc 1.1 2.66 33.44 36.09 NOTE
r-devel-linux-x86_64-fedora-clang 1.1 70.87 NOTE
r-devel-linux-x86_64-fedora-gcc 1.1 66.94 NOTE
r-devel-osx-x86_64-clang 1.1 76.47 NOTE
r-devel-windows-ix86+x86_64 1.1 10.00 81.00 91.00 NOTE
r-patched-linux-x86_64 1.1 2.97 36.55 39.53 OK
r-patched-solaris-sparc 1.1 459.60 OK
r-patched-solaris-x86 1.1 102.90 OK
r-release-linux-x86_64 1.1 3.12 36.72 39.84 OK
r-release-osx-x86_64-mavericks 1.1 OK
r-release-windows-ix86+x86_64 1.1 11.00 53.00 64.00 OK
r-oldrel-windows-ix86+x86_64 1.1 18.00 119.00 137.00 OK

Check Details

Version: 1.1
Check: R code for possible problems
Result: NOTE
    E.step: no visible global function definition for ‘pnorm’
    ObsLogLikelihood: no visible global function definition for ‘pnorm’
    ObsLogLikelihood: no visible binding for global variable ‘D’
    clustMD : Zstart: no visible global function definition for ‘rnorm’
    clustMD: no visible global function definition for ‘kmeans’
    clustMD: no visible global function definition for ‘hclust’
    clustMD: no visible global function definition for ‘dist’
    clustMD: no visible global function definition for ‘cutree’
    perc.cutoffs: no visible global function definition for ‘qnorm’
    Undefined global functions or variables:
     D cutree dist hclust kmeans pnorm qnorm rnorm
    Consider adding
     importFrom("stats", "D", "cutree", "dist", "hclust", "kmeans", "pnorm",
     "qnorm", "rnorm")
    to your NAMESPACE file.
Flavors: r-devel-linux-x86_64-debian-gcc, r-devel-linux-x86_64-fedora-clang, r-devel-linux-x86_64-fedora-gcc, r-devel-osx-x86_64-clang, r-devel-windows-ix86+x86_64