CRAN Package Check Results for Package clustMD

Last updated on 2015-08-01 10:46:48.

Flavor Version Tinstall Tcheck Ttotal Status Flags
r-devel-linux-x86_64-debian-clang 1.1 2.92 36.04 38.96 NOTE
r-devel-linux-x86_64-debian-gcc 1.1 2.72 35.00 37.72 NOTE
r-devel-linux-x86_64-fedora-clang 1.1 78.83 NOTE
r-devel-linux-x86_64-fedora-gcc 1.1 73.07 NOTE
r-devel-osx-x86_64-clang 1.1 64.75 OK
r-devel-windows-ix86+x86_64 1.1 12.00 62.00 74.00 NOTE
r-patched-linux-x86_64 1.1 3.86 35.99 39.84 OK
r-patched-solaris-sparc 1.1 487.20 OK
r-patched-solaris-x86 1.1 106.80 OK
r-release-linux-x86_64 1.1 2.78 34.94 37.72 OK
r-release-osx-x86_64-mavericks 1.1 OK
r-release-windows-ix86+x86_64 1.1 11.00 60.00 71.00 OK
r-oldrel-windows-ix86+x86_64 1.1 18.00 81.00 99.00 OK

Check Details

Version: 1.1
Check: R code for possible problems
Result: NOTE
    E.step: no visible global function definition for ‘pnorm’
    ObsLogLikelihood: no visible global function definition for ‘pnorm’
    ObsLogLikelihood: no visible binding for global variable ‘D’
    clustMD : Zstart: no visible global function definition for ‘rnorm’
    clustMD: no visible global function definition for ‘kmeans’
    clustMD: no visible global function definition for ‘hclust’
    clustMD: no visible global function definition for ‘dist’
    clustMD: no visible global function definition for ‘cutree’
    perc.cutoffs: no visible global function definition for ‘qnorm’
    Undefined global functions or variables:
     D cutree dist hclust kmeans pnorm qnorm rnorm
    Consider adding
     importFrom("stats", "D", "cutree", "dist", "hclust", "kmeans", "pnorm",
     "qnorm", "rnorm")
    to your NAMESPACE.
Flavors: r-devel-linux-x86_64-debian-clang, r-devel-linux-x86_64-debian-gcc, r-devel-linux-x86_64-fedora-clang, r-devel-linux-x86_64-fedora-gcc, r-devel-windows-ix86+x86_64