CRAN Package Check Results for Package clustRcompaR

Last updated on 2020-02-28 16:48:11 CET.

Flavor Version Tinstall Tcheck Ttotal Status Flags
r-devel-linux-x86_64-debian-clang 0.2.0 2.31 42.94 45.25 WARN
r-devel-linux-x86_64-debian-gcc 0.2.0 2.29 33.81 36.10 WARN
r-devel-linux-x86_64-fedora-clang 0.2.0 58.44 WARN
r-devel-linux-x86_64-fedora-gcc 0.2.0 57.22 WARN
r-devel-windows-ix86+x86_64 0.2.0 6.00 52.00 58.00 OK
r-devel-windows-ix86+x86_64-gcc8 0.2.0 8.00 59.00 67.00 OK
r-patched-linux-x86_64 0.2.0 2.17 39.01 41.18 WARN
r-patched-solaris-x86 0.2.0 78.80 WARN
r-release-linux-x86_64 0.2.0 1.97 37.85 39.82 OK
r-release-windows-ix86+x86_64 0.2.0 4.00 78.00 82.00 OK
r-release-osx-x86_64 0.2.0 OK
r-oldrel-windows-ix86+x86_64 0.2.0 3.00 53.00 56.00 OK
r-oldrel-osx-x86_64 0.2.0 OK

Check Details

Version: 0.2.0
Check: Rd \usage sections
Result: WARN
    Documented arguments not in \usage in documentation object 'assemble_corpus':
     '...'
    
    Functions with \usage entries need to have the appropriate \alias
    entries, and all their arguments documented.
    The \usage entries must correspond to syntactically valid R code.
    See chapter 'Writing R documentation files' in the 'Writing R
    Extensions' manual.
Flavors: r-devel-linux-x86_64-debian-clang, r-devel-linux-x86_64-debian-gcc, r-devel-linux-x86_64-fedora-clang, r-devel-linux-x86_64-fedora-gcc, r-patched-linux-x86_64, r-patched-solaris-x86

Version: 0.2.0
Check: package dependencies
Result: WARN
    Requires orphaned package: ‘ppls’
Flavor: r-devel-linux-x86_64-fedora-clang