CRAN Package Check Results for Package cluster

Last updated on 2015-05-06 21:46:26.

Flavor Version Tinstall Tcheck Ttotal Status Flags
r-devel-linux-x86_64-debian-clang 2.0.1 7.16 57.25 64.41 OK
r-devel-linux-x86_64-debian-gcc 2.0.1 10.01 56.45 66.46 OK
r-devel-linux-x86_64-fedora-clang 2.0.1 122.13 OK
r-devel-linux-x86_64-fedora-gcc 2.0.1 115.45 OK
r-devel-osx-x86_64-clang 2.0.1 100.42 OK
r-patched-linux-x86_64 2.0.1 6.84 55.89 62.73 OK
r-patched-solaris-sparc 2.0.1 OK
r-patched-solaris-x86 2.0.1 OK
r-release-linux-x86_64 2.0.1 7.98 56.23 64.21 OK
r-release-osx-x86_64-mavericks 2.0.1 OK
r-release-osx-x86_64-snowleopard 2.0.1 NOTE
r-release-windows-ix86+x86_64 2.0.1 25.00 152.00 177.00 OK
r-oldrel-windows-ix86+x86_64 2.0.1 25.00 156.00 181.00 OK

Memtest notes: valgrind

Check Details

Version: 2.0.1
Check: Rd cross-references
Result: NOTE
    Packages unavailable to check Rd xrefs: ‘mvoutlier’, ‘fpc’
Flavor: r-release-osx-x86_64-snowleopard