CRAN Package Check Results for Package cluster

Last updated on 2022-07-07 14:53:14 CEST.

Flavor Version Tinstall Tcheck Ttotal Status Flags
r-devel-linux-x86_64-debian-clang 2.1.3 11.38 144.01 155.39 OK
r-devel-linux-x86_64-debian-gcc 2.1.3 10.37 97.04 107.41 OK
r-devel-linux-x86_64-fedora-clang 2.1.3 196.37 NOTE
r-devel-linux-x86_64-fedora-gcc 2.1.3 186.60 OK
r-devel-windows-x86_64 2.1.3 96.00 168.00 264.00 OK
r-patched-linux-x86_64 2.1.3 9.18 130.41 139.59 OK
r-release-linux-x86_64 2.1.3 7.55 131.89 139.44 OK
r-release-macos-arm64 2.1.3 52.00 OK
r-release-macos-x86_64 2.1.3 84.00 OK
r-release-windows-x86_64 2.1.3 66.00 172.00 238.00 OK
r-oldrel-macos-arm64 2.1.3 59.00 OK
r-oldrel-macos-x86_64 2.1.3 98.00 OK
r-oldrel-windows-ix86+x86_64 2.1.3 29.00 268.00 297.00 OK

Check Details

Version: 2.1.3
Check: Rd cross-references
Result: NOTE
    Undeclared packages ‘mvoutlier’, ‘fpc’, ‘ellipse’, ‘sfsmisc’ in Rd xrefs
Flavor: r-devel-linux-x86_64-fedora-clang