CRAN Package Check Results for Package cluster

Last updated on 2015-09-01 12:48:07.

Flavor Version Tinstall Tcheck Ttotal Status Flags
r-devel-linux-x86_64-debian-clang 2.0.3 5.10 58.20 63.30 OK
r-devel-linux-x86_64-debian-gcc 2.0.3 5.96 54.60 60.56 OK
r-devel-linux-x86_64-fedora-clang 2.0.3 118.06 OK
r-devel-linux-x86_64-fedora-gcc 2.0.3 113.26 OK
r-devel-osx-x86_64-clang 2.0.3 100.29 OK
r-patched-linux-x86_64 2.0.3 8.12 56.46 64.58 NOTE
r-patched-solaris-sparc 2.0.3 NOTE
r-patched-solaris-x86 2.0.3 NOTE
r-release-linux-x86_64 2.0.3 5.51 57.37 62.88 NOTE
r-release-osx-x86_64-mavericks 2.0.3 NOTE
r-release-windows-ix86+x86_64 2.0.3 32.00 161.00 193.00 NOTE
r-oldrel-windows-ix86+x86_64 2.0.3 40.00 172.00 212.00 WARN

Check Details

Version: 2.0.3
Check: DESCRIPTION meta-information
Result: NOTE
    Malformed Title field: should not end in a period.
Flavors: r-patched-linux-x86_64, r-patched-solaris-sparc, r-patched-solaris-x86, r-release-linux-x86_64, r-release-osx-x86_64-mavericks, r-release-windows-ix86+x86_64

Version: 2.0.3
Check: package subdirectories
Result: WARN
    Problems with news in 'inst/NEWS.Rd':
     inst/NEWS.Rd:35: unknown macro '\PR'
Flavor: r-oldrel-windows-ix86+x86_64