CRAN Package Check Results for Package cluster

Last updated on 2019-03-23 15:47:41 CET.

Flavor Version Tinstall Tcheck Ttotal Status Flags
r-devel-linux-x86_64-debian-clang 2.0.7-1 10.81 105.51 116.32 OK
r-devel-linux-x86_64-debian-gcc 2.0.7-1 6.44 74.30 80.74 OK
r-devel-linux-x86_64-fedora-clang 2.0.7-1 139.82 OK
r-devel-linux-x86_64-fedora-gcc 2.0.7-1 130.66 OK
r-devel-windows-ix86+x86_64 2.0.7-1 51.00 190.00 241.00 OK
r-patched-linux-x86_64 2.0.7-1 6.23 99.47 105.70 OK
r-patched-solaris-x86 2.0.7-1 OK
r-release-linux-x86_64 2.0.7-1 0.46 2.81 3.27 ERROR
r-release-windows-ix86+x86_64 2.0.7-1 26.00 194.00 220.00 OK
r-release-osx-x86_64 2.0.7-1 OK
r-oldrel-windows-ix86+x86_64 2.0.7-1 24.00 221.00 245.00 OK
r-oldrel-osx-x86_64 2.0.7-1 OK

Check Details

Version: 2.0.7-1
Check: whether package can be installed
Result: ERROR
    Installation failed.
Flavor: r-release-linux-x86_64