CRAN Package Check Results for Package cluster

Last updated on 2016-05-02 03:48:34.

Flavor Version Tinstall Tcheck Ttotal Status Flags
r-devel-linux-x86_64-debian-gcc 2.0.4 9.31 57.82 67.13 OK
r-devel-linux-x86_64-fedora-clang 2.0.4 118.97 OK
r-devel-linux-x86_64-fedora-gcc 2.0.4 112.63 OK
r-devel-osx-x86_64-clang 2.0.4 126.69 OK
r-devel-windows-ix86+x86_64 2.0.4 22.00 165.00 187.00 OK
r-patched-linux-x86_64 2.0.4 15.30 57.46 72.76 OK
r-patched-solaris-sparc 2.0.4 OK
r-patched-solaris-x86 2.0.4 OK
r-release-linux-x86_64 2.0.4 7.67 61.20 68.87 NOTE
r-release-osx-x86_64-mavericks 2.0.4 NOTE
r-release-windows-ix86+x86_64 2.0.4 26.00 193.00 219.00 NOTE
r-oldrel-windows-ix86+x86_64 2.0.4 38.00 197.00 235.00 OK

Check Details

Version: 2.0.4
Check: DESCRIPTION meta-information
Result: NOTE
    Malformed Title field: should not end in a period.
Flavors: r-release-linux-x86_64, r-release-osx-x86_64-mavericks, r-release-windows-ix86+x86_64