CRAN Package Check Results for Package cluster

Last updated on 2017-03-27 21:48:33.

Flavor Version Tinstall Tcheck Ttotal Status Flags
r-devel-linux-x86_64-debian-clang 2.0.6 20.60 66.95 87.55 OK
r-devel-linux-x86_64-debian-gcc 2.0.6 11.81 61.18 72.99 OK
r-devel-linux-x86_64-fedora-clang 2.0.6 133.60 OK --no-stop-on-test-error
r-devel-linux-x86_64-fedora-gcc 2.0.6 121.27 OK --no-stop-on-test-error
r-devel-macos-x86_64-clang 2.0.6 98.49 OK --no-stop-on-test-error
r-devel-windows-ix86+x86_64 2.0.6 27.00 214.00 241.00 OK
r-patched-linux-x86_64 2.0.6 11.65 62.11 73.76 OK
r-patched-solaris-sparc 2.0.6 OK
r-patched-solaris-x86 2.0.6 OK
r-release-linux-x86_64 2.0.6 13.48 59.58 73.06 OK
r-release-osx-x86_64-mavericks 2.0.6 OK
r-release-windows-ix86+x86_64 2.0.6 32.00 158.00 190.00 OK
r-oldrel-windows-ix86+x86_64 2.0.6 30.00 162.00 192.00 NOTE

Check Details

Version: 2.0.6
Check: DESCRIPTION meta-information
Result: NOTE
    Malformed Title field: should not end in a period.
Flavor: r-oldrel-windows-ix86+x86_64