CRAN Package Check Results for Package cluster

Last updated on 2015-02-27 16:47:43.

Flavor Version Tinstall Tcheck Ttotal Status Flags
r-devel-linux-x86_64-debian-clang 2.0.1 5.70 57.07 62.77 NOTE
r-devel-linux-x86_64-debian-gcc 2.0.1 7.70 55.72 63.41 NOTE
r-devel-linux-x86_64-fedora-clang 2.0.1 120.78 NOTE
r-devel-linux-x86_64-fedora-gcc 2.0.1 115.59 NOTE
r-devel-osx-x86_64-clang 2.0.1 104.05 NOTE
r-patched-linux-x86_64 2.0.1 9.81 58.16 67.98 OK
r-patched-solaris-sparc 2.0.1 OK
r-patched-solaris-x86 OK
r-release-linux-ix86 2.0.1 7.19 74.77 81.96 OK
r-release-linux-x86_64 2.0.1 8.09 58.33 66.42 OK
r-release-osx-x86_64-mavericks 2.0.1 OK
r-release-osx-x86_64-snowleopard 2.0.1 OK
r-release-windows-ix86+x86_64 2.0.1 23.00 150.00 173.00 OK
r-oldrel-windows-ix86+x86_64 2.0.1 25.00 154.00 179.00 OK

Memtest notes: valgrind

Check Details

Version: 2.0.1
Check: DESCRIPTION meta-information
Result: NOTE
    Malformed Title field: should not end in a period.
Flavors: r-devel-linux-x86_64-debian-clang, r-devel-linux-x86_64-debian-gcc, r-devel-linux-x86_64-fedora-clang, r-devel-linux-x86_64-fedora-gcc, r-devel-osx-x86_64-clang