CRAN Package Check Results for Package cluster

Last updated on 2016-12-11 10:46:49.

Flavor Version Tinstall Tcheck Ttotal Status Flags
r-devel-linux-x86_64-debian-clang 2.0.5 8.28 63.08 71.37 OK
r-devel-linux-x86_64-debian-gcc 2.0.5 8.44 61.34 69.79 OK
r-devel-linux-x86_64-fedora-clang 2.0.5 133.57 OK --no-stop-on-test-error
r-devel-linux-x86_64-fedora-gcc 2.0.5 121.93 OK --no-stop-on-test-error
r-devel-macos-x86_64-clang 2.0.5 97.21 OK --no-stop-on-test-error
r-devel-windows-ix86+x86_64 2.0.5 23.00 157.00 180.00 ERROR
r-patched-linux-x86_64 2.0.5 11.64 57.95 69.59 OK
r-patched-solaris-sparc 2.0.5 OK
r-patched-solaris-x86 2.0.5 OK
r-release-linux-x86_64 2.0.5 15.83 59.44 75.26 OK
r-release-osx-x86_64-mavericks 2.0.5 OK
r-release-windows-ix86+x86_64 2.0.5 29.00 157.00 186.00 OK
r-oldrel-windows-ix86+x86_64 2.0.5 34.00 162.00 196.00 NOTE

Check Details

Version: 2.0.5
Check: running tests for arch ‘x64’
Result: ERROR
     Running 'agnes-ex.R' [1s]
     Comparing 'agnes-ex.Rout' to 'agnes-ex.Rout.save' ...95c95
    < 8.38 25.54 34.51 45.06 56.02 167.60
    ---
    > 8.382 25.540 34.510 45.060 56.020 167.600
    181c181
    < 17.2 48.3 64.7 82.2 105.5 282.0
    ---
    > 17.20 48.34 64.68 82.23 105.50 282.00
    242c242
    < 1.65 4.36 7.99 9.59 13.25 24.04
    ---
    > 1.649 4.357 7.987 9.594 13.250 24.040
    450c450
    < 2.0 52.5 97.0 91.0 128.0 187.0
    ---
    > 2.00 52.50 97.00 90.95 128.00 187.00
    576c576
    < 2.0 52.5 97.0 91.0 128.0 187.0
    ---
    > 2.00 52.50 97.00 90.95 128.00 187.00
    593c593
    < 2.00 5.00 8.12 14.22 15.58 114.98
    ---
    > 2.00 5.00 8.12 14.20 15.60 115.00
    675c675
    < 3.40 3.55 7.45 7.88 11.78 13.20
    ---
    > 3.40 3.55 7.45 7.88 11.80 13.20
    688c688
    < 3.40 3.55 7.45 7.88 11.78 13.20
    ---
    > 3.40 3.55 7.45 7.87 11.80 13.20
     Running 'clara-NAs.R' [1s]
     Comparing 'clara-NAs.Rout' to 'clara-NAs.Rout.save' ...48c48
    < 2.00 27.25 147.50 114.55 188.50 270.00 16
    ---
    > 2.00 27.25 147.50 114.60 188.50 270.00 16
     Running 'clara-ex.R' [1s]
     Running 'clara.R' [5s]
     Comparing 'clara.Rout' to 'clara.Rout.save' ...138c138
    < 0.1865 11.5850 20.0580 27.8150 45.5780 85.2320
    ---
    > 0.18647 11.58500 20.05800 27.81500 45.57800 85.23200
    262c262
    < 0.4846 12.3230 26.4990 32.2130 52.3910 77.1750
    ---
    > 0.48462 12.32300 26.49900 32.21300 52.39100 77.17500
    845c845
    < 0.6968 19.3160 34.0920 33.0700 46.2540 92.2530
    ---
    > 0.69682 19.31600 34.09200 33.07000 46.25400 92.25300
     Running 'clusplot-out.R' [1s]
     Comparing 'clusplot-out.Rout' to 'clusplot-out.Rout.save' ... OK
     Running 'daisy-ex.R' [1s]
     Comparing 'daisy-ex.Rout' to 'daisy-ex.Rout.save' ... OK
     Running 'diana-boots.R' [1s]
    Running the tests in 'tests/diana-boots.R' failed.
    Last 13 lines of output:
     [37] 8.062 13.153 22.204 2.828 9.849 15.297 45.967
    
     $dc
     [1] 0.9414
    
     > cat('Time elapsed: ', (.p1 <- proc.time()) - .p0,'\n')
     Time elapsed: 0.81 0.19 0.99 NA NA
     >
     > data(agriculture)
     Error in gzfile(file, "rb") : cannot open the connection
     Calls: data -> readRDS -> gzfile
     In addition: Warning message:
     In gzfile(file, "rb") :
     cannot open compressed file 'D:\temp\Rtmp2VUfiE\RLIBS_2e68562322d1\cluster/data/Rdata.rds', probable reason 'Permission denied'
     Execution halted
Flavor: r-devel-windows-ix86+x86_64

Version: 2.0.5
Check: DESCRIPTION meta-information
Result: NOTE
    Malformed Title field: should not end in a period.
Flavor: r-oldrel-windows-ix86+x86_64