CRAN Package Check Results for Package cluster

Last updated on 2016-07-23 23:47:57.

Flavor Version Tinstall Tcheck Ttotal Status Flags
r-devel-linux-x86_64-debian-clang 2.0.4 6.28 68.57 74.84 OK
r-devel-linux-x86_64-debian-gcc 2.0.4 5.47 62.22 67.69 OK
r-devel-linux-x86_64-fedora-clang 2.0.4 117.87 OK
r-devel-linux-x86_64-fedora-gcc 2.0.4 112.89 OK
r-devel-osx-x86_64-clang 2.0.4 93.79 OK
r-devel-windows-ix86+x86_64 2.0.4 67.00 199.00 266.00 OK
r-patched-linux-x86_64 2.0.4 6.22 63.57 69.79 OK
r-patched-solaris-sparc 2.0.4 OK
r-patched-solaris-x86 2.0.4 OK
r-release-linux-x86_64 2.0.4 8.32 64.77 73.10 OK
r-release-osx-x86_64-mavericks 2.0.4 OK
r-release-windows-ix86+x86_64 2.0.4 61.00 209.00 270.00 OK
r-oldrel-windows-ix86+x86_64 2.0.4 38.00 165.00 203.00 NOTE

Check Details

Version: 2.0.4
Check: DESCRIPTION meta-information
Result: NOTE
    Malformed Title field: should not end in a period.
Flavor: r-oldrel-windows-ix86+x86_64