CRAN Package Check Results for Package cluster

Last updated on 2016-09-29 23:47:26.

Flavor Version Tinstall Tcheck Ttotal Status Flags
r-devel-linux-x86_64-debian-clang 2.0.4 16.21 60.57 76.79 OK
r-devel-linux-x86_64-debian-gcc 2.0.4 14.32 60.26 74.58 OK
r-devel-linux-x86_64-fedora-clang 2.0.4 123.19 OK
r-devel-linux-x86_64-fedora-gcc 2.0.4 113.49 OK
r-devel-macos-x86_64-clang 2.0.4 92.68 OK
r-devel-windows-ix86+x86_64 2.0.4 43.00 205.00 248.00 OK
r-patched-linux-x86_64 2.0.4 5.94 58.63 64.56 OK
r-patched-solaris-sparc 2.0.4 OK
r-patched-solaris-x86 2.0.4 OK
r-release-linux-x86_64 2.0.4 6.05 59.44 65.49 OK
r-release-osx-x86_64-mavericks 2.0.4 OK
r-release-windows-ix86+x86_64 2.0.4 21.00 218.00 239.00 OK
r-oldrel-windows-ix86+x86_64 2.0.4 39.00 193.00 232.00 NOTE

Check Details

Version: 2.0.4
Check: DESCRIPTION meta-information
Result: NOTE
    Malformed Title field: should not end in a period.
Flavor: r-oldrel-windows-ix86+x86_64