CRAN Package Check Results for Package clusterCrit

Last updated on 2015-03-31 19:51:00.

Flavor Version Tinstall Tcheck Ttotal Status Flags
r-devel-linux-x86_64-debian-clang 1.2.4 3.50 13.04 16.55 WARN
r-devel-linux-x86_64-debian-gcc 1.2.4 3.43 12.58 16.01 WARN
r-devel-linux-x86_64-fedora-clang 1.2.4 31.71 WARN
r-devel-linux-x86_64-fedora-gcc 1.2.4 30.46 WARN
r-devel-osx-x86_64-clang 1.2.4 44.40 WARN
r-prerel-windows-ix86+x86_64 1.2.4 23.00 26.00 49.00 WARN
r-prerel-linux-x86_64 1.2.4 3.43 13.44 16.86 WARN
r-prerel-solaris-sparc 1.2.4 204.40 WARN
r-prerel-solaris-x86 1.2.4 43.40 WARN
r-release-linux-x86_64 1.2.4 3.46 13.91 17.38 WARN
r-release-osx-x86_64-mavericks 1.2.4 WARN
r-release-osx-x86_64-snowleopard 1.2.4 OK
r-release-windows-ix86+x86_64 1.2.4 23.00 27.00 50.00 WARN
r-oldrel-windows-ix86+x86_64 1.2.4 18.00 28.00 46.00 OK

Check Details

Version: 1.2.4
Check: DESCRIPTION meta-information
Result: NOTE
    Malformed Description field: should contain one or more complete sentences.
Flavors: r-devel-linux-x86_64-debian-clang, r-devel-linux-x86_64-debian-gcc, r-devel-linux-x86_64-fedora-clang, r-devel-linux-x86_64-fedora-gcc, r-devel-osx-x86_64-clang, r-prerel-windows-ix86+x86_64, r-prerel-linux-x86_64, r-prerel-solaris-sparc, r-prerel-solaris-x86

Version: 1.2.4
Check: for GNU extensions in Makefiles
Result: WARN
    Found the following file(s) containing GNU extensions:
     inst/benchmark/Makefile
     inst/unitTests/Makefile
    Portable Makefiles do not use GNU extensions such as +=, :=, $(shell),
    $(wildcard), ifeq ... endif. See section ‘Writing portable packages’ in
    the ‘Writing R Extensions’ manual.
Flavors: r-devel-linux-x86_64-debian-clang, r-devel-linux-x86_64-debian-gcc, r-devel-linux-x86_64-fedora-clang, r-devel-linux-x86_64-fedora-gcc, r-devel-osx-x86_64-clang, r-prerel-windows-ix86+x86_64, r-prerel-linux-x86_64, r-prerel-solaris-sparc, r-prerel-solaris-x86, r-release-linux-x86_64, r-release-osx-x86_64-mavericks, r-release-windows-ix86+x86_64