CRAN Package Check Results for Package clusterCrit

Last updated on 2017-03-28 23:50:14.

Flavor Version Tinstall Tcheck Ttotal Status Flags
r-devel-linux-x86_64-debian-clang 1.2.7 4.02 15.71 19.73 NOTE
r-devel-linux-x86_64-debian-gcc 1.2.7 4.38 15.39 19.76 NOTE
r-devel-linux-x86_64-fedora-clang 1.2.7 32.93 NOTE --no-stop-on-test-error
r-devel-linux-x86_64-fedora-gcc 1.2.7 31.73 NOTE --no-stop-on-test-error
r-devel-macos-x86_64-clang 1.2.7 28.88 NOTE --no-stop-on-test-error
r-devel-windows-ix86+x86_64 1.2.7 16.00 38.00 54.00 OK
r-patched-linux-x86_64 1.2.7 3.71 15.47 19.19 NOTE
r-patched-solaris-sparc 1.2.7 180.30 OK
r-patched-solaris-x86 1.2.7 44.40 OK
r-release-linux-x86_64 1.2.7 3.56 13.71 17.27 OK
r-release-osx-x86_64-mavericks 1.2.7 OK
r-release-windows-ix86+x86_64 1.2.7 27.00 63.00 90.00 OK
r-oldrel-windows-ix86+x86_64 1.2.7 30.00 41.00 71.00 OK

Check Details

Version: 1.2.7
Check: compiled code
Result: NOTE
    File ‘clusterCrit/libs/clusterCrit.so’:
     Found no calls to: ‘R_registerRoutines’, ‘R_useDynamicSymbols’
    
    It is good practice to register native routines and to disable symbol
    search.
    
    See ‘Writing portable packages’ in the ‘Writing R Extensions’ manual.
Flavors: r-devel-linux-x86_64-debian-clang, r-devel-linux-x86_64-debian-gcc, r-patched-linux-x86_64

Version: 1.2.7
Flags: --no-stop-on-test-error
Check: compiled code
Result: NOTE
    File ‘clusterCrit/libs/clusterCrit.so’:
     Found no calls to: ‘R_registerRoutines’, ‘R_useDynamicSymbols’
    
    It is good practice to register native routines and to disable symbol
    search.
    
    See ‘Writing portable packages’ in the ‘Writing R Extensions’ manual.
Flavors: r-devel-linux-x86_64-fedora-clang, r-devel-linux-x86_64-fedora-gcc, r-devel-macos-x86_64-clang