CRAN Package Check Results for Package clusterCrit

Last updated on 2014-07-22 22:48:08.

Flavor Version Tinstall Tcheck Ttotal Status Flags
r-devel-linux-x86_64-debian-clang 1.2.3 3.37 10.92 14.29 OK
r-devel-linux-x86_64-debian-gcc 1.2.3 3.36 10.90 14.27 OK
r-devel-linux-x86_64-fedora-clang 1.2.3 35.12 OK
r-devel-linux-x86_64-fedora-gcc 1.2.3 34.02 OK
r-devel-osx-x86_64-clang 1.2.3 36.44 OK
r-devel-windows-ix86+x86_64 1.2.3 16.00 27.00 43.00 OK
r-patched-linux-x86_64 1.2.3 3.39 11.03 14.42 OK
r-patched-solaris-sparc 1.2.3 164.90 OK
r-patched-solaris-x86 1.2.3 50.30 OK
r-release-linux-ix86 1.2.3 5.48 19.19 24.67 OK
r-release-linux-x86_64 1.2.3 3.58 11.22 14.80 OK
r-release-osx-x86_64-mavericks 1.2.3 WARN
r-release-osx-x86_64-snowleopard 1.2.3 WARN
r-release-windows-ix86+x86_64 1.2.3 20.00 27.00 47.00 OK
r-oldrel-windows-ix86+x86_64 1.2.3 15.00 27.00 42.00 OK

Check Details

Version: 1.2.3
Check: whether package can be installed
Result: WARNING
    Found the following significant warnings:
     Warning: Dummy argument 'e' at (1) was declared INTENT(OUT) but was not set
     Warning: Possible change of value in conversion from INTEGER(8) to REAL(4) at (1)
    See ‘/Builds/CRAN-QA-Simon/packages/mavericks-x86_64/results/3.1/clusterCrit.Rcheck/00install.out’ for details.
Flavor: r-release-osx-x86_64-mavericks

Version: 1.2.3
Check: examples
Result: WARNING
    checking a package with encoding 'latin1' in an ASCII locale
    
     OK
Flavor: r-release-osx-x86_64-snowleopard