CRAN Package Check Results for Package clusterCrit

Last updated on 2015-02-01 19:49:58.

Flavor Version Tinstall Tcheck Ttotal Status Flags
r-devel-linux-x86_64-debian-clang 1.2.4 3.56 14.06 17.62 WARN
r-devel-linux-x86_64-debian-gcc 1.2.4 3.98 13.01 16.98 WARN
r-devel-linux-x86_64-fedora-clang 1.2.4 31.13 WARN
r-devel-linux-x86_64-fedora-gcc 1.2.4 29.63 WARN
r-devel-osx-x86_64-clang 1.2.4 47.76 WARN
r-devel-windows-ix86+x86_64 1.2.4 18.00 28.00 46.00 WARN
r-patched-linux-x86_64 1.2.4 3.53 13.83 17.36 WARN
r-patched-solaris-sparc 1.2.4 218.60 WARN
r-patched-solaris-x86 1.2.4 46.30 WARN
r-release-linux-ix86 1.2.4 5.31 22.30 27.60 OK
r-release-linux-x86_64 1.2.4 3.66 13.61 17.26 OK
r-release-osx-x86_64-mavericks 1.2.4 WARN
r-release-osx-x86_64-snowleopard 1.2.4 OK
r-release-windows-ix86+x86_64 1.2.4 19.00 27.00 46.00 OK
r-oldrel-windows-ix86+x86_64 1.2.4 18.00 28.00 46.00 OK

Check Details

Version: 1.2.4
Check: for GNU extensions in Makefiles
Result: WARN
    Found the following file(s) containing GNU extensions:
     inst/benchmark/Makefile
     inst/unitTests/Makefile
    Portable Makefiles do not use GNU extensions such as +=, :=, $(shell),
    $(wildcard), ifeq ... endif. See section ‘Writing portable packages’ in
    the ‘Writing R Extensions’ manual.
Flavors: r-devel-linux-x86_64-debian-clang, r-devel-linux-x86_64-debian-gcc, r-devel-linux-x86_64-fedora-clang, r-devel-linux-x86_64-fedora-gcc, r-devel-osx-x86_64-clang, r-devel-windows-ix86+x86_64, r-patched-linux-x86_64, r-patched-solaris-sparc, r-patched-solaris-x86, r-release-osx-x86_64-mavericks