CRAN Package Check Results for Package clusterCrit

Last updated on 2017-05-25 06:47:37.

Flavor Version Tinstall Tcheck Ttotal Status Flags
r-devel-linux-x86_64-debian-clang 1.2.7 4.03 15.72 19.75 NOTE
r-devel-linux-x86_64-debian-gcc 1.2.7 3.66 15.28 18.94 NOTE
r-devel-linux-x86_64-fedora-clang 1.2.7 32.46 NOTE --no-stop-on-test-error
r-devel-linux-x86_64-fedora-gcc 1.2.7 31.13 NOTE --no-stop-on-test-error
r-devel-windows-ix86+x86_64 1.2.7 23.00 48.00 71.00 OK
r-patched-linux-x86_64 1.2.7 3.58 15.36 18.94 NOTE
r-patched-solaris-sparc 1.2.7 180.30 OK
r-patched-solaris-x86 1.2.7 43.20 OK
r-release-linux-x86_64 1.2.7 3.49 15.45 18.93 NOTE
r-release-windows-ix86+x86_64 1.2.7 21.00 50.00 71.00 OK
r-release-osx-x86_64 1.2.7 OK
r-oldrel-windows-ix86+x86_64 1.2.7 19.00 46.00 65.00 OK
r-oldrel-osx-x86_64 1.2.7 OK

Check Details

Version: 1.2.7
Check: compiled code
Result: NOTE
    File ‘clusterCrit/libs/clusterCrit.so’:
     Found no calls to: ‘R_registerRoutines’, ‘R_useDynamicSymbols’
    
    It is good practice to register native routines and to disable symbol
    search.
    
    See ‘Writing portable packages’ in the ‘Writing R Extensions’ manual.
Flavors: r-devel-linux-x86_64-debian-clang, r-devel-linux-x86_64-debian-gcc, r-patched-linux-x86_64, r-release-linux-x86_64

Version: 1.2.7
Flags: --no-stop-on-test-error
Check: compiled code
Result: NOTE
    File ‘clusterCrit/libs/clusterCrit.so’:
     Found no calls to: ‘R_registerRoutines’, ‘R_useDynamicSymbols’
    
    It is good practice to register native routines and to disable symbol
    search.
    
    See ‘Writing portable packages’ in the ‘Writing R Extensions’ manual.
Flavors: r-devel-linux-x86_64-fedora-clang, r-devel-linux-x86_64-fedora-gcc