CRAN Package Check Results for Package clusterCrit

Last updated on 2017-06-23 01:46:59.

Flavor Version Tinstall Tcheck Ttotal Status Flags
r-devel-linux-x86_64-debian-clang 1.2.7 4.46 15.90 20.36 NOTE
r-devel-linux-x86_64-debian-gcc 1.2.7 3.68 15.13 18.82 NOTE
r-devel-linux-x86_64-fedora-clang 1.2.7 32.56 NOTE
r-devel-linux-x86_64-fedora-gcc 1.2.7 31.14 NOTE
r-devel-windows-ix86+x86_64 1.2.7 20.00 40.00 60.00 OK
r-patched-linux-x86_64 1.2.7 3.90 15.39 19.28 NOTE
r-patched-solaris-sparc 1.2.7 180.30 OK
r-patched-solaris-x86 1.2.7 43.40 OK
r-release-linux-x86_64 1.2.7 3.78 15.53 19.30 NOTE
r-release-windows-ix86+x86_64 1.2.7 24.00 39.00 63.00 OK
r-release-osx-x86_64 1.2.7 OK
r-oldrel-windows-ix86+x86_64 1.2.7 20.00 48.00 68.00 OK
r-oldrel-osx-x86_64 1.2.7 OK

Check Details

Version: 1.2.7
Check: compiled code
Result: NOTE
    File ‘clusterCrit/libs/clusterCrit.so’:
     Found no calls to: ‘R_registerRoutines’, ‘R_useDynamicSymbols’
    
    It is good practice to register native routines and to disable symbol
    search.
    
    See ‘Writing portable packages’ in the ‘Writing R Extensions’ manual.
Flavors: r-devel-linux-x86_64-debian-clang, r-devel-linux-x86_64-debian-gcc, r-devel-linux-x86_64-fedora-clang, r-devel-linux-x86_64-fedora-gcc, r-patched-linux-x86_64, r-release-linux-x86_64