CRAN Package Check Results for Package clusterCrit

Last updated on 2014-04-24 03:47:41.

Flavor Version Tinstall Tcheck Ttotal Status Flags
r-devel-linux-x86_64-debian-clang 1.2.3 3.48 11.86 15.33 OK
r-devel-linux-x86_64-debian-gcc 1.2.3 3.40 11.67 15.07 OK
r-devel-linux-x86_64-fedora-clang 1.2.3 34.85 OK
r-devel-linux-x86_64-fedora-gcc 1.2.3 34.39 OK
r-devel-osx-x86_64-clang 1.2.3 32.73 OK
r-devel-osx-x86_64-gcc 1.2.3 OK
r-devel-windows-ix86+x86_64 1.2.3 15.00 24.00 39.00 OK
r-patched-linux-x86_64 1.2.3 3.38 11.90 15.28 OK
r-patched-solaris-sparc 1.2.3 164.90 OK
r-patched-solaris-x86 1.2.3 46.20 OK
r-release-linux-ix86 1.2.3 7.00 28.00 35.00 OK
r-release-linux-x86_64 1.2.3 3.38 12.21 15.60 OK
r-release-osx-x86_64-mavericks 1.2.3 WARN
r-release-osx-x86_64-snowleopard 1.2.3 WARN
r-release-windows-ix86+x86_64 1.2.3 26.00 33.00 59.00 OK
r-oldrel-windows-ix86+x86_64 1.2.3 15.00 27.00 42.00 OK

Check Details

Version: 1.2.3
Check: whether package can be installed
Result: WARNING
    Found the following significant warnings:
     Warning: Dummy argument 'e' at (1) was declared INTENT(OUT) but was not set
     Warning: Possible change of value in conversion from INTEGER(8) to REAL(4) at (1)
    See ‘/Builds/CRAN-QA-Simon/packages/mavericks-x86_64/results/3.1/clusterCrit.Rcheck/00install.out’ for details.
Flavor: r-release-osx-x86_64-mavericks

Version: 1.2.3
Check: PDF version of manual
Result: WARNING
    LaTeX errors when creating PDF version.
    This typically indicates Rd problems.
    LaTeX errors found:
    ! LaTeX Error: File `upquote.sty' not found.
    
    Type X to quit or <RETURN> to proceed,
    or enter new name. (Default extension: sty)
    
    674ba81/Rd2.tex:8: ==> Fatal error occurred, no output PDF file produced!
Flavor: r-release-osx-x86_64-mavericks

Version: 1.2.3
Check: examples
Result: WARNING
    checking a package with encoding 'latin1' in an ASCII locale
    
     OK
Flavor: r-release-osx-x86_64-snowleopard