CRAN Package Check Results for Package clusterCrit

Last updated on 2017-10-22 22:48:39.

Flavor Version Tinstall Tcheck Ttotal Status Flags
r-devel-linux-x86_64-debian-clang 1.2.7 3.40 15.23 18.63 NOTE
r-devel-linux-x86_64-debian-gcc 1.2.7 4.34 15.40 19.74 NOTE
r-devel-linux-x86_64-fedora-clang 1.2.7 33.58 NOTE
r-devel-linux-x86_64-fedora-gcc 1.2.7 36.40 NOTE
r-devel-windows-ix86+x86_64 1.2.7 24.00 38.00 62.00 OK
r-patched-linux-x86_64 1.2.7 3.20 15.42 18.62 NOTE
r-patched-solaris-x86 1.2.7 47.30 OK
r-release-linux-x86_64 1.2.7 3.21 15.39 18.60 NOTE
r-release-windows-ix86+x86_64 1.2.7 15.00 39.00 54.00 OK
r-release-osx-x86_64 1.2.7 OK
r-oldrel-windows-ix86+x86_64 1.2.7 28.00 48.00 76.00 OK
r-oldrel-osx-x86_64 1.2.7 OK

Check Details

Version: 1.2.7
Check: compiled code
Result: NOTE
    File ‘clusterCrit/libs/clusterCrit.so’:
     Found no calls to: ‘R_registerRoutines’, ‘R_useDynamicSymbols’
    
    It is good practice to register native routines and to disable symbol
    search.
    
    See ‘Writing portable packages’ in the ‘Writing R Extensions’ manual.
Flavors: r-devel-linux-x86_64-debian-clang, r-devel-linux-x86_64-debian-gcc, r-devel-linux-x86_64-fedora-clang, r-devel-linux-x86_64-fedora-gcc, r-patched-linux-x86_64, r-release-linux-x86_64