CRAN Package Check Results for Package clusterCrit

Last updated on 2018-05-25 00:46:27 CEST.

Flavor Version Tinstall Tcheck Ttotal Status Flags
r-devel-linux-x86_64-debian-clang 1.2.7 5.18 22.27 27.45 NOTE
r-devel-linux-x86_64-debian-gcc 1.2.7 3.84 19.69 23.53 NOTE
r-devel-linux-x86_64-fedora-clang 1.2.7 36.40 NOTE
r-devel-linux-x86_64-fedora-gcc 1.2.7 35.41 NOTE
r-devel-windows-ix86+x86_64 1.2.7 26.00 42.00 68.00 OK
r-patched-linux-x86_64 1.2.7 4.46 23.57 28.03 NOTE
r-patched-solaris-x86 1.2.7 54.70 OK
r-release-linux-x86_64 1.2.7 4.65 23.35 28.00 NOTE
r-release-windows-ix86+x86_64 1.2.7 21.00 42.00 63.00 OK
r-release-osx-x86_64 1.2.7 OK
r-oldrel-windows-ix86+x86_64 1.2.7 18.00 50.00 68.00 OK
r-oldrel-osx-x86_64 1.2.7 OK

Check Details

Version: 1.2.7
Check: compiled code
Result: NOTE
    File ‘clusterCrit/libs/clusterCrit.so’:
     Found no calls to: ‘R_registerRoutines’, ‘R_useDynamicSymbols’
    
    It is good practice to register native routines and to disable symbol
    search.
    
    See ‘Writing portable packages’ in the ‘Writing R Extensions’ manual.
Flavors: r-devel-linux-x86_64-debian-clang, r-devel-linux-x86_64-debian-gcc, r-devel-linux-x86_64-fedora-clang, r-devel-linux-x86_64-fedora-gcc, r-patched-linux-x86_64, r-release-linux-x86_64