CRAN Package Check Results for Package clusterCrit

Last updated on 2017-08-16 20:47:53.

Flavor Version Tinstall Tcheck Ttotal Status Flags
r-devel-linux-x86_64-debian-clang 1.2.7 3.50 15.75 19.25 NOTE
r-devel-linux-x86_64-debian-gcc 1.2.7 3.32 15.42 18.74 NOTE
r-devel-linux-x86_64-fedora-clang 1.2.7 32.41 NOTE
r-devel-linux-x86_64-fedora-gcc 1.2.7 33.91 NOTE
r-devel-windows-ix86+x86_64 1.2.7 21.00 50.00 71.00 OK
r-patched-linux-x86_64 1.2.7 3.36 15.58 18.93 NOTE
r-patched-solaris-x86 1.2.7 53.40 OK
r-release-linux-x86_64 1.2.7 3.24 16.03 19.27 NOTE
r-release-windows-ix86+x86_64 1.2.7 17.00 39.00 56.00 OK
r-release-osx-x86_64 1.2.7 OK
r-oldrel-windows-ix86+x86_64 1.2.7 28.00 48.00 76.00 OK
r-oldrel-osx-x86_64 1.2.7 OK

Check Details

Version: 1.2.7
Check: compiled code
Result: NOTE
    File ‘clusterCrit/libs/clusterCrit.so’:
     Found no calls to: ‘R_registerRoutines’, ‘R_useDynamicSymbols’
    
    It is good practice to register native routines and to disable symbol
    search.
    
    See ‘Writing portable packages’ in the ‘Writing R Extensions’ manual.
Flavors: r-devel-linux-x86_64-debian-clang, r-devel-linux-x86_64-debian-gcc, r-devel-linux-x86_64-fedora-clang, r-devel-linux-x86_64-fedora-gcc, r-patched-linux-x86_64, r-release-linux-x86_64