CRAN Package Check Results for Package clusterCrit

Last updated on 2014-09-02 11:48:34.

Flavor Version Tinstall Tcheck Ttotal Status Flags
r-devel-linux-x86_64-debian-clang 1.2.3 3.43 10.87 14.30 OK
r-devel-linux-x86_64-debian-gcc 1.2.3 3.41 10.60 14.01 OK
r-devel-linux-x86_64-fedora-clang 1.2.3 34.84 OK
r-devel-linux-x86_64-fedora-gcc 1.2.3 32.43 OK
r-devel-osx-x86_64-clang 1.2.3 34.83 OK
r-devel-windows-ix86+x86_64 1.2.3 16.00 27.00 43.00 OK
r-patched-linux-x86_64 1.2.3 3.40 11.44 14.84 OK
r-patched-solaris-sparc 1.2.3 174.70 OK
r-patched-solaris-x86 1.2.3 50.00 OK
r-release-linux-ix86 1.2.3 5.47 18.97 24.44 OK
r-release-linux-x86_64 1.2.3 3.52 11.30 14.82 OK
r-release-osx-x86_64-mavericks 1.2.3 WARN
r-release-osx-x86_64-snowleopard 1.2.3 WARN
r-release-windows-ix86+x86_64 1.2.3 20.00 27.00 47.00 OK
r-oldrel-windows-ix86+x86_64 1.2.3 15.00 27.00 42.00 OK

Check Details

Version: 1.2.3
Check: whether package can be installed
Result: WARN
    Found the following significant warnings:
     Warning: Dummy argument 'e' at (1) was declared INTENT(OUT) but was not set
     Warning: Possible change of value in conversion from INTEGER(8) to REAL(4) at (1)
Flavor: r-release-osx-x86_64-mavericks

Version: 1.2.3
Check: examples
Result: WARN
    checking a package with encoding 'latin1' in an ASCII locale
    
     OK
Flavor: r-release-osx-x86_64-snowleopard