CRAN Package Check Results for Package clusterCrit

Last updated on 2015-04-25 22:46:47.

Flavor Version Tinstall Tcheck Ttotal Status Flags
r-devel-linux-x86_64-debian-clang 1.2.4 3.54 13.52 17.06 WARN
r-devel-linux-x86_64-debian-gcc 1.2.4 3.36 13.28 16.64 WARN
r-devel-linux-x86_64-fedora-clang 1.2.4 31.60 WARN
r-devel-linux-x86_64-fedora-gcc 1.2.4 30.79 WARN
r-devel-osx-x86_64-clang 1.2.4 38.87 WARN
r-devel-windows-ix86+x86_64 1.2.4 16.00 29.00 45.00 WARN
r-patched-linux-x86_64 1.2.4 3.62 13.46 17.08 WARN
r-patched-solaris-sparc 1.2.4 204.40 WARN
r-patched-solaris-x86 1.2.4 41.70 WARN
r-release-linux-x86_64 1.2.4 3.49 12.76 16.25 WARN
r-release-osx-x86_64-mavericks 1.2.4 WARN
r-release-osx-x86_64-snowleopard 1.2.4 WARN
r-release-windows-ix86+x86_64 1.2.4 14.00 29.00 43.00 WARN
r-oldrel-windows-ix86+x86_64 1.2.4 23.00 27.00 50.00 WARN

Check Details

Version: 1.2.4
Check: DESCRIPTION meta-information
Result: NOTE
    Malformed Description field: should contain one or more complete sentences.
Flavors: r-devel-windows-ix86+x86_64, r-release-windows-ix86+x86_64

Version: 1.2.4
Check: for GNU extensions in Makefiles
Result: WARN
    Found the following file(s) containing GNU extensions:
     inst/benchmark/Makefile
     inst/unitTests/Makefile
    Portable Makefiles do not use GNU extensions such as +=, :=, $(shell),
    $(wildcard), ifeq ... endif. See section 'Writing portable packages' in
    the 'Writing R Extensions' manual.
Flavors: r-devel-windows-ix86+x86_64, r-release-windows-ix86+x86_64, r-oldrel-windows-ix86+x86_64