CRAN Package Check Results for Package clusterCrit

Last updated on 2018-01-16 23:48:41 CET.

Flavor Version Tinstall Tcheck Ttotal Status Flags
r-devel-linux-x86_64-debian-clang 1.2.7 4.88 24.03 28.91 NOTE
r-devel-linux-x86_64-debian-gcc 1.2.7 3.64 18.97 22.61 NOTE
r-devel-linux-x86_64-fedora-clang 1.2.7 34.72 NOTE
r-devel-linux-x86_64-fedora-gcc 1.2.7 34.19 NOTE
r-devel-windows-ix86+x86_64 1.2.7 18.00 42.00 60.00 OK
r-patched-linux-x86_64 1.2.7 4.61 22.11 26.72 NOTE
r-patched-solaris-x86 1.2.7 51.80 OK
r-release-linux-x86_64 1.2.7 4.52 22.13 26.65 NOTE
r-release-windows-ix86+x86_64 1.2.7 16.00 51.00 67.00 OK
r-release-osx-x86_64 1.2.7 OK
r-oldrel-windows-ix86+x86_64 1.2.7 28.00 48.00 76.00 OK
r-oldrel-osx-x86_64 1.2.7 OK

Check Details

Version: 1.2.7
Check: compiled code
Result: NOTE
    File ‘clusterCrit/libs/clusterCrit.so’:
     Found no calls to: ‘R_registerRoutines’, ‘R_useDynamicSymbols’
    
    It is good practice to register native routines and to disable symbol
    search.
    
    See ‘Writing portable packages’ in the ‘Writing R Extensions’ manual.
Flavors: r-devel-linux-x86_64-debian-clang, r-devel-linux-x86_64-debian-gcc, r-devel-linux-x86_64-fedora-clang, r-devel-linux-x86_64-fedora-gcc, r-patched-linux-x86_64, r-release-linux-x86_64