CRAN Package Check Results for Package clusterCrit

Last updated on 2014-08-20 21:47:23.

Flavor Version Tinstall Tcheck Ttotal Status Flags
r-devel-linux-x86_64-debian-clang 1.2.3 3.41 11.37 14.78 OK
r-devel-linux-x86_64-debian-gcc 1.2.3 3.35 11.43 14.78 OK
r-devel-linux-x86_64-fedora-clang 1.2.3 35.06 OK
r-devel-linux-x86_64-fedora-gcc 1.2.3 33.16 OK
r-devel-osx-x86_64-clang 1.2.3 35.82 OK
r-devel-windows-ix86+x86_64 1.2.3 15.00 24.00 39.00 OK
r-patched-linux-x86_64 1.2.3 3.45 10.98 14.43 OK
r-patched-solaris-sparc 1.2.3 174.70 OK
r-patched-solaris-x86 1.2.3 51.00 OK
r-release-linux-ix86 1.2.3 5.40 20.13 25.53 OK
r-release-linux-x86_64 1.2.3 3.44 11.71 15.14 OK
r-release-osx-x86_64-mavericks 1.2.3 WARN
r-release-osx-x86_64-snowleopard 1.2.3 WARN
r-release-windows-ix86+x86_64 1.2.3 20.00 27.00 47.00 OK
r-oldrel-windows-ix86+x86_64 1.2.3 15.00 27.00 42.00 OK

Check Details

Version: 1.2.3
Check: whether package can be installed
Result: WARNING
    Found the following significant warnings:
     Warning: Dummy argument 'e' at (1) was declared INTENT(OUT) but was not set
     Warning: Possible change of value in conversion from INTEGER(8) to REAL(4) at (1)
Flavor: r-release-osx-x86_64-mavericks

Version: 1.2.3
Check: examples
Result: WARNING
    checking a package with encoding 'latin1' in an ASCII locale
    
     OK
Flavor: r-release-osx-x86_64-snowleopard