CRAN Package Check Results for Package clusterCrit

Last updated on 2015-05-28 09:47:20.

Flavor Version Tinstall Tcheck Ttotal Status Flags
r-devel-linux-x86_64-debian-clang 1.2.4 3.67 13.44 17.11 WARN
r-devel-linux-x86_64-debian-gcc 1.2.4 3.40 12.58 15.98 WARN
r-devel-linux-x86_64-fedora-clang 1.2.4 30.81 WARN
r-devel-linux-x86_64-fedora-gcc 1.2.4 28.99 WARN
r-devel-osx-x86_64-clang 1.2.4 39.07 WARN
r-devel-windows-ix86+x86_64 1.2.4 19.00 26.00 45.00 WARN
r-patched-linux-x86_64 1.2.4 3.46 12.98 16.45 WARN
r-patched-solaris-sparc 1.2.4 186.00 WARN
r-patched-solaris-x86 1.2.4 42.00 WARN
r-release-linux-x86_64 1.2.4 3.53 13.01 16.54 WARN
r-release-osx-x86_64-mavericks 1.2.4 WARN
r-release-osx-x86_64-snowleopard 1.2.4 WARN
r-release-windows-ix86+x86_64 1.2.4 14.00 29.00 43.00 WARN
r-oldrel-windows-ix86+x86_64 1.2.4 23.00 27.00 50.00 WARN

Check Details

Version: 1.2.4
Check: DESCRIPTION meta-information
Result: NOTE
    Malformed Description field: should contain one or more complete sentences.
Flavors: r-devel-linux-x86_64-debian-clang, r-devel-linux-x86_64-debian-gcc, r-devel-linux-x86_64-fedora-clang, r-devel-linux-x86_64-fedora-gcc, r-devel-osx-x86_64-clang, r-devel-windows-ix86+x86_64, r-patched-linux-x86_64, r-patched-solaris-sparc, r-patched-solaris-x86, r-release-linux-x86_64, r-release-osx-x86_64-mavericks, r-release-osx-x86_64-snowleopard, r-release-windows-ix86+x86_64

Version: 1.2.4
Check: for GNU extensions in Makefiles
Result: WARN
    Found the following file(s) containing GNU extensions:
     inst/benchmark/Makefile
     inst/unitTests/Makefile
    Portable Makefiles do not use GNU extensions such as +=, :=, $(shell),
    $(wildcard), ifeq ... endif. See section ‘Writing portable packages’ in
    the ‘Writing R Extensions’ manual.
Flavors: r-devel-linux-x86_64-debian-clang, r-devel-linux-x86_64-debian-gcc, r-devel-linux-x86_64-fedora-clang, r-devel-linux-x86_64-fedora-gcc, r-devel-osx-x86_64-clang, r-devel-windows-ix86+x86_64, r-patched-linux-x86_64, r-patched-solaris-sparc, r-patched-solaris-x86, r-release-linux-x86_64, r-release-osx-x86_64-mavericks, r-release-osx-x86_64-snowleopard, r-release-windows-ix86+x86_64, r-oldrel-windows-ix86+x86_64