CRAN Package Check Results for Package clusterGeneration

Last updated on 2014-04-24 07:52:24.

Flavor Version Tinstall Tcheck Ttotal Status Flags
r-devel-linux-x86_64-debian-clang 1.3.1 0.82 18.68 19.50 OK
r-devel-linux-x86_64-debian-gcc 1.3.1 0.80 18.55 19.34 OK
r-devel-linux-x86_64-fedora-clang 1.3.1 35.94 OK
r-devel-linux-x86_64-fedora-gcc 1.3.1 34.00 OK
r-devel-osx-x86_64-clang 1.3.1 32.21 OK
r-devel-osx-x86_64-gcc 1.3.1 OK
r-devel-windows-ix86+x86_64 1.3.1 2.00 27.00 29.00 OK
r-patched-linux-x86_64 1.3.1 0.79 17.98 18.77 OK
r-patched-solaris-sparc 1.3.1 204.20 OK
r-patched-solaris-x86 1.3.1 46.10 OK
r-release-linux-ix86 1.3.1 1.00 34.00 35.00 OK
r-release-linux-x86_64 1.3.1 0.86 18.33 19.19 OK
r-release-osx-x86_64-mavericks 1.3.1 WARN
r-release-windows-ix86+x86_64 1.3.1 3.00 29.00 32.00 OK
r-oldrel-windows-ix86+x86_64 1.3.1 3.00 27.00 30.00 OK

Check Details

Version: 1.3.1
Check: PDF version of manual
Result: WARNING
    LaTeX errors when creating PDF version.
    This typically indicates Rd problems.
    LaTeX errors found:
    ! LaTeX Error: File `upquote.sty' not found.
    
    Type X to quit or <RETURN> to proceed,
    or enter new name. (Default extension: sty)
    
    4ae0ea5/Rd2.tex:8: ==> Fatal error occurred, no output PDF file produced!
Flavor: r-release-osx-x86_64-mavericks