CRAN Package Check Results for Package clusterGeneration

Last updated on 2015-07-04 23:47:08.

Flavor Version Tinstall Tcheck Ttotal Status Flags
r-devel-linux-x86_64-debian-clang 1.3.4 0.72 16.71 17.43 NOTE
r-devel-linux-x86_64-debian-gcc 1.3.4 0.91 16.24 17.14 NOTE
r-devel-linux-x86_64-fedora-clang 1.3.4 31.58 NOTE
r-devel-linux-x86_64-fedora-gcc 1.3.4 28.34 NOTE
r-devel-osx-x86_64-clang 1.3.4 30.20 OK
r-devel-windows-ix86+x86_64 1.3.4 5.00 25.00 30.00 NOTE
r-patched-linux-x86_64 1.3.4 0.72 16.89 17.62 OK
r-patched-solaris-sparc 1.3.4 212.20 OK
r-patched-solaris-x86 1.3.4 42.50 OK
r-release-linux-x86_64 1.3.4 0.75 16.70 17.46 OK
r-release-osx-x86_64-mavericks 1.3.4 OK
r-release-windows-ix86+x86_64 1.3.4 4.00 27.00 31.00 OK
r-oldrel-windows-ix86+x86_64 1.3.4 5.00 28.00 33.00 OK

Check Details

Version: 1.3.4
Check: R code for possible problems
Result: NOTE
    eigenProj: no visible global function definition for ‘cov’
    genMeanCov: no visible global function definition for ‘qnorm’
    genMeanCov: no visible global function definition for ‘dist’
    genNoisyMeanCov: no visible global function definition for ‘runif’
    genOrthogonal: no visible global function definition for ‘runif’
    genOutliers: no visible binding for global variable ‘sd’
    genOutliers: no visible global function definition for ‘runif’
    genPositiveDefMat: no visible global function definition for ‘runif’
    genRandomClust: no visible global function definition for ‘write.table’
    getA: no visible global function definition for ‘uniroot’
    getA2: no visible global function definition for ‘dist’
    getIniProjDirData: no visible global function definition for ‘cov’
    getSepProjData: no visible global function definition for ‘cov’
    nearestNeighbor: no visible global function definition for ‘median’
    nearestNeighborSepVal: no visible global function definition for
     ‘median’
    neighborsMaxMin: no visible global function definition for ‘dist’
    outputData: no visible global function definition for ‘write.table’
    outputLog: no visible global function definition for ‘write.table’
    outputLogMeanCov: no visible global function definition for
     ‘write.table’
    outputLogPar: no visible global function definition for ‘write.table’
    outputLogQ: no visible global function definition for ‘write.table’
    outputLogSepProj: no visible global function definition for
     ‘write.table’
    outputLogSepProjData: no visible global function definition for
     ‘write.table’
    plot1DProjection: no visible global function definition for ‘quantile’
    plot1DProjection: no visible global function definition for ‘qnorm’
    plot1DProjection: no visible global function definition for ‘sd’
    plot1DProjection: no visible global function definition for ‘density’
    plot2DProjection: no visible global function definition for ‘quantile’
    plot2DProjection: no visible global function definition for ‘qnorm’
    plot2DProjection: no visible global function definition for ‘sd’
    plotCluster: no visible global function definition for ‘plot’
    plotCluster: no visible global function definition for ‘points’
    plotTickLabel: no visible global function definition for ‘par’
    projDirData: no visible global function definition for ‘cov’
    qqbeta: no visible global function definition for ‘qbeta’
    qqbeta: no visible global function definition for ‘plot’
    qqbeta: no visible global function definition for ‘title’
    rcorcvine: no visible global function definition for ‘rbeta’
    rcoronion: no visible global function definition for ‘rbeta’
    rcoronion: no visible global function definition for ‘rnorm’
    rcorrmatrix: no visible global function definition for ‘runif’
    rcorrmatrix: no visible global function definition for ‘rbeta’
    refineCov: no visible global function definition for ‘uniroot’
    rjm: no visible global function definition for ‘rbeta’
    sepIndex: no visible global function definition for ‘qnorm’
    sepIndexData: no visible global function definition for ‘cov’
    sepIndexTheory: no visible global function definition for ‘qnorm’
    simClustDesign: no visible global function definition for ‘write.table’
    viewClusters: no visible global function definition for ‘plot’
    viewClusters: no visible global function definition for ‘points’
    Undefined global functions or variables:
     cov density dist median par plot points qbeta qnorm quantile rbeta
     rnorm runif sd title uniroot write.table
Flavors: r-devel-linux-x86_64-debian-clang, r-devel-linux-x86_64-debian-gcc, r-devel-linux-x86_64-fedora-clang, r-devel-linux-x86_64-fedora-gcc, r-devel-windows-ix86+x86_64