CRAN Package Check Results for Package clusterPower

Last updated on 2015-04-27 14:46:41.

Flavor Version Tinstall Tcheck Ttotal Status Flags
r-devel-linux-x86_64-debian-clang 0.5 3.41 35.61 39.02 OK
r-devel-linux-x86_64-debian-gcc 0.5 3.39 34.78 38.17 OK
r-devel-linux-x86_64-fedora-clang 0.5 82.64 OK
r-devel-linux-x86_64-fedora-gcc 0.5 74.98 OK
r-devel-osx-x86_64-clang 0.5 66.04 OK
r-devel-windows-ix86+x86_64 0.5 9.00 54.00 63.00 OK
r-patched-linux-x86_64 0.5 3.36 35.51 38.88 OK
r-patched-solaris-sparc 0.5 463.40 OK
r-patched-solaris-x86 0.5 108.70 OK
r-release-linux-x86_64 0.5 3.29 34.54 37.83 OK
r-release-osx-x86_64-mavericks 0.5 OK
r-release-osx-x86_64-snowleopard 0.5 ERROR
r-release-windows-ix86+x86_64 0.5 12.00 68.00 80.00 OK
r-oldrel-windows-ix86+x86_64 0.5 12.00 61.00 73.00 OK

Check Details

Version: 0.5
Check: examples
Result: ERROR
    Running examples in ‘clusterPower-Ex.R’ failed
    The error most likely occurred in:
    
    > ### Name: power.sim.normal
    > ### Title: Power simulations for cluster-randomized crossover study
    > ### designs.
    > ### Aliases: power.sim.normal power.sim.binomial power.sim.poisson
    > ### make.base.data
    > ### Keywords: permutation power simulation
    >
    > ### ** Examples
    >
    >
    > ## Not run:
    > ##D a <- power.sim.normal(n.sim=10, effect.size=5, alpha=.05, n.clusters=2, n.periods=2,
    > ##D cluster.size=20, btw.clust.var=5, ICC=1/20, period.effect=2,
    > ##D estimation.function=fixed.effect, verbose=TRUE, period.var=0)
    > ##D
    > ##D b <- power.sim.binomial(n.sim=10, effect.size=log(.75), alpha=.05, n.clusters=20, n.periods=2,
    > ##D cluster.size=50, btw.clust.var=.2, period.effect=logit(.2),
    > ##D estimation.function=random.effect, verbose=TRUE, period.var=0)
    > ##D
    > ##D c <- power.sim.poisson(n.sim=10, effect.size=log(.75), alpha=.05, n.clusters=100, n.periods=2,
    > ##D cluster.size=10, btw.clust.var=.4, period.effect=log(.2),
    > ##D estimation.function=random.effect, verbose=TRUE, period.var=0, at.risk.params=10)
    > ## End(Not run)
    >
    >
    >
    >
    > ### * <FOOTER>
    > ###
    > options(digits = 7L)
    > base::cat("Time elapsed: ", proc.time() - base::get("ptime", pos = 'CheckExEnv'),"\n")
    Time elapsed: 3.006 0.154 6.506 0 0
    > grDevices::dev.off()
    Error in grDevices::dev.off() : failed to load sRGB colorspace file
    Execution halted
Flavor: r-release-osx-x86_64-snowleopard

Version: 0.5
Check: PDF version of manual
Result: WARN
    LaTeX errors when creating PDF version.
    This typically indicates Rd problems.
Flavor: r-release-osx-x86_64-snowleopard

Version: 0.5
Check: PDF version of manual without hyperrefs or index
Result: ERROR
    Re-running with no redirection of stdout/stderr.
    * DONE
Flavor: r-release-osx-x86_64-snowleopard