CRAN Package Check Results for Package clusterPower

Last updated on 2015-08-31 23:49:27.

Flavor Version Tinstall Tcheck Ttotal Status Flags
r-devel-linux-x86_64-debian-clang 0.5 3.20 34.52 37.71 NOTE
r-devel-linux-x86_64-debian-gcc 0.5 3.17 32.08 35.25 NOTE
r-devel-linux-x86_64-fedora-clang 0.5 75.38 NOTE
r-devel-linux-x86_64-fedora-gcc 0.5 71.66 NOTE
r-devel-osx-x86_64-clang 0.5 63.23 OK
r-devel-windows-ix86+x86_64 0.5 12.00 59.00 71.00 NOTE
r-patched-linux-x86_64 0.5 3.74 34.78 38.52 OK
r-patched-solaris-sparc 0.5 489.20 OK
r-patched-solaris-x86 0.5 110.70 OK
r-release-linux-x86_64 0.5 3.54 37.51 41.04 OK
r-release-osx-x86_64-mavericks 0.5 OK
r-release-windows-ix86+x86_64 0.5 11.00 59.00 70.00 OK
r-oldrel-windows-ix86+x86_64 0.5 18.00 86.00 104.00 OK

Check Details

Version: 0.5
Check: R code for possible problems
Result: NOTE
    fixed.effect: no visible global function definition for ‘glm’
    fixed.effect: no visible global function definition for ‘qnorm’
    fixed.effect.cluster.level: no visible global function definition for
     ‘aggregate’
    fixed.effect.cluster.level: no visible global function definition for
     ‘formula’
    fixed.effect.cluster.level: no visible global function definition for
     ‘glm’
    fixed.effect.cluster.level: no visible global function definition for
     ‘qnorm’
    hayes.power.poisson: no visible global function definition for ‘qnorm’
    hayes.power.poisson: no visible global function definition for ‘pnorm’
    power.sim.binomial: no visible global function definition for ‘rnorm’
    power.sim.binomial: no visible global function definition for ‘rbinom’
    power.sim.normal: no visible global function definition for ‘rnorm’
    power.sim.poisson: no visible global function definition for ‘rnorm’
    power.sim.poisson: no visible global function definition for ‘rnbinom’
    power.sim.poisson: no visible global function definition for ‘rpois’
    random.effect: no visible global function definition for ‘qt’
    random.effect: no visible global function definition for ‘coef’
    weighted.crossover.cluster.level: no visible global function definition
     for ‘aggregate’
    weighted.crossover.cluster.level: no visible global function definition
     for ‘reshape’
    weighted.crossover.cluster.level: no visible global function definition
     for ‘lm’
    Undefined global functions or variables:
     aggregate coef formula glm lm pnorm qnorm qt rbinom reshape rnbinom
     rnorm rpois
    Consider adding
     importFrom("stats", "aggregate", "coef", "formula", "glm", "lm",
     "pnorm", "qnorm", "qt", "rbinom", "reshape", "rnbinom",
     "rnorm", "rpois")
    to your NAMESPACE.
Flavors: r-devel-linux-x86_64-debian-clang, r-devel-linux-x86_64-debian-gcc, r-devel-linux-x86_64-fedora-clang, r-devel-linux-x86_64-fedora-gcc, r-devel-windows-ix86+x86_64