CRAN Package Check Results for Package clusterPower

Last updated on 2015-05-30 19:47:09.

Flavor Version Tinstall Tcheck Ttotal Status Flags
r-devel-linux-x86_64-debian-clang 0.5 3.40 34.48 37.88 OK
r-devel-linux-x86_64-debian-gcc 0.5 3.30 34.18 37.48 OK
r-devel-linux-x86_64-fedora-clang 0.5 85.11 OK
r-devel-linux-x86_64-fedora-gcc 0.5 75.20 OK
r-devel-osx-x86_64-clang 0.5 67.42 OK
r-devel-windows-ix86+x86_64 0.5 8.00 52.00 60.00 OK
r-patched-linux-x86_64 0.5 3.28 34.26 37.54 OK
r-patched-solaris-sparc 0.5 486.40 OK
r-patched-solaris-x86 0.5 109.00 OK
r-release-linux-x86_64 0.5 3.32 34.46 37.78 OK
r-release-osx-x86_64-mavericks 0.5 OK
r-release-osx-x86_64-snowleopard 0.5 ERROR
r-release-windows-ix86+x86_64 0.5 8.00 50.00 58.00 OK
r-oldrel-windows-ix86+x86_64 0.5 10.00 61.00 71.00 OK

Check Details

Version: 0.5
Check: examples
Result: ERROR
    Running examples in ‘clusterPower-Ex.R’ failed
    The error most likely occurred in:
    
    > ### Name: power.sim.normal
    > ### Title: Power simulations for cluster-randomized crossover study
    > ### designs.
    > ### Aliases: power.sim.normal power.sim.binomial power.sim.poisson
    > ### make.base.data
    > ### Keywords: permutation power simulation
    >
    > ### ** Examples
    >
    >
    > ## Not run:
    > ##D a <- power.sim.normal(n.sim=10, effect.size=5, alpha=.05, n.clusters=2, n.periods=2,
    > ##D cluster.size=20, btw.clust.var=5, ICC=1/20, period.effect=2,
    > ##D estimation.function=fixed.effect, verbose=TRUE, period.var=0)
    > ##D
    > ##D b <- power.sim.binomial(n.sim=10, effect.size=log(.75), alpha=.05, n.clusters=20, n.periods=2,
    > ##D cluster.size=50, btw.clust.var=.2, period.effect=logit(.2),
    > ##D estimation.function=random.effect, verbose=TRUE, period.var=0)
    > ##D
    > ##D c <- power.sim.poisson(n.sim=10, effect.size=log(.75), alpha=.05, n.clusters=100, n.periods=2,
    > ##D cluster.size=10, btw.clust.var=.4, period.effect=log(.2),
    > ##D estimation.function=random.effect, verbose=TRUE, period.var=0, at.risk.params=10)
    > ## End(Not run)
    >
    >
    >
    >
    > ### * <FOOTER>
    > ###
    > options(digits = 7L)
    > base::cat("Time elapsed: ", proc.time() - base::get("ptime", pos = 'CheckExEnv'),"\n")
    Time elapsed: 3.006 0.154 6.506 0 0
    > grDevices::dev.off()
    Error in grDevices::dev.off() : failed to load sRGB colorspace file
    Execution halted
Flavor: r-release-osx-x86_64-snowleopard

Version: 0.5
Check: PDF version of manual
Result: WARN
    LaTeX errors when creating PDF version.
    This typically indicates Rd problems.
Flavor: r-release-osx-x86_64-snowleopard

Version: 0.5
Check: PDF version of manual without hyperrefs or index
Result: ERROR
    Re-running with no redirection of stdout/stderr.
Flavor: r-release-osx-x86_64-snowleopard