CRAN Package Check Results for Package clusterRepro

Last updated on 2015-05-23 11:51:16.

Flavor Version Tinstall Tcheck Ttotal Status Flags
r-devel-linux-x86_64-debian-clang 0.5-1.1 0.48 9.71 10.19 NOTE
r-devel-linux-x86_64-debian-gcc 0.5-1.1 0.47 9.74 10.21 NOTE
r-devel-linux-x86_64-fedora-clang 0.5-1.1 19.13 NOTE
r-devel-linux-x86_64-fedora-gcc 0.5-1.1 17.88 NOTE
r-devel-osx-x86_64-clang 0.5-1.1 21.95 NOTE
r-devel-windows-ix86+x86_64 0.5-1.1 3.00 16.00 19.00 NOTE
r-patched-linux-x86_64 0.5-1.1 0.57 9.32 9.89 NOTE
r-patched-solaris-sparc 0.5-1.1 130.00 NOTE
r-patched-solaris-x86 0.5-1.1 27.40 NOTE
r-release-linux-x86_64 0.5-1.1 0.56 9.40 9.97 NOTE
r-release-osx-x86_64-mavericks 0.5-1.1 NOTE
r-release-osx-x86_64-snowleopard 0.5-1.1 NOTE
r-release-windows-ix86+x86_64 0.5-1.1 1.00 18.00 19.00 NOTE
r-oldrel-windows-ix86+x86_64 0.5-1.1 3.00 17.00 20.00 OK

Check Details

Version: 0.5-1.1
Check: DESCRIPTION meta-information
Result: NOTE
    Malformed Description field: should contain one or more complete sentences.
Flavors: r-devel-linux-x86_64-debian-clang, r-devel-linux-x86_64-debian-gcc, r-devel-linux-x86_64-fedora-clang, r-devel-linux-x86_64-fedora-gcc, r-devel-osx-x86_64-clang, r-devel-windows-ix86+x86_64, r-patched-linux-x86_64, r-patched-solaris-sparc, r-patched-solaris-x86, r-release-linux-x86_64, r-release-osx-x86_64-mavericks, r-release-osx-x86_64-snowleopard, r-release-windows-ix86+x86_64