CRAN Package Check Results for Package clusterRepro

Last updated on 2017-01-16 17:49:03.

Flavor Version Tinstall Tcheck Ttotal Status Flags
r-devel-linux-x86_64-debian-clang 0.5-1.1 0.56 11.11 11.67 NOTE
r-devel-linux-x86_64-debian-gcc 0.5-1.1 0.57 10.78 11.35 NOTE
r-devel-linux-x86_64-fedora-clang 0.5-1.1 18.45 NOTE --no-stop-on-test-error
r-devel-linux-x86_64-fedora-gcc 0.5-1.1 17.93 NOTE --no-stop-on-test-error
r-devel-macos-x86_64-clang 0.5-1.1 16.81 NOTE --no-stop-on-test-error
r-devel-windows-ix86+x86_64 0.5-1.1 3.00 25.00 28.00 NOTE
r-patched-linux-x86_64 0.5-1.1 0.62 9.37 9.99 NOTE
r-patched-solaris-sparc 0.5-1.1 105.90 NOTE
r-patched-solaris-x86 0.5-1.1 23.10 NOTE
r-release-linux-x86_64 0.5-1.1 0.64 9.53 10.17 NOTE
r-release-osx-x86_64-mavericks 0.5-1.1 NOTE
r-release-windows-ix86+x86_64 0.5-1.1 2.00 25.00 27.00 NOTE
r-oldrel-windows-ix86+x86_64 0.5-1.1 2.00 22.00 24.00 NOTE

Check Details

Version: 0.5-1.1
Check: DESCRIPTION meta-information
Result: NOTE
    Malformed Description field: should contain one or more complete sentences.
Flavors: r-devel-linux-x86_64-debian-clang, r-devel-linux-x86_64-debian-gcc, r-devel-windows-ix86+x86_64, r-patched-linux-x86_64, r-patched-solaris-sparc, r-patched-solaris-x86, r-release-linux-x86_64, r-release-osx-x86_64-mavericks, r-release-windows-ix86+x86_64, r-oldrel-windows-ix86+x86_64

Version: 0.5-1.1
Check: R code for possible problems
Result: NOTE
    IGP.clusterRepro: no visible global function definition for ‘cor’
    permuteCol: no visible global function definition for ‘runif’
    Undefined global functions or variables:
     cor runif
    Consider adding
     importFrom("stats", "cor", "runif")
    to your NAMESPACE file.
Flavors: r-devel-linux-x86_64-debian-clang, r-devel-linux-x86_64-debian-gcc, r-devel-windows-ix86+x86_64, r-patched-linux-x86_64, r-patched-solaris-sparc, r-patched-solaris-x86, r-release-linux-x86_64, r-release-osx-x86_64-mavericks, r-release-windows-ix86+x86_64

Version: 0.5-1.1
Flags: --no-stop-on-test-error
Check: DESCRIPTION meta-information
Result: NOTE
    Malformed Description field: should contain one or more complete sentences.
Flavors: r-devel-linux-x86_64-fedora-clang, r-devel-linux-x86_64-fedora-gcc, r-devel-macos-x86_64-clang

Version: 0.5-1.1
Flags: --no-stop-on-test-error
Check: R code for possible problems
Result: NOTE
    IGP.clusterRepro: no visible global function definition for ‘cor’
    permuteCol: no visible global function definition for ‘runif’
    Undefined global functions or variables:
     cor runif
    Consider adding
     importFrom("stats", "cor", "runif")
    to your NAMESPACE file.
Flavors: r-devel-linux-x86_64-fedora-clang, r-devel-linux-x86_64-fedora-gcc, r-devel-macos-x86_64-clang