CRAN Package Check Results for Package clusterRepro

Last updated on 2017-05-25 07:48:16.

Flavor Version Tinstall Tcheck Ttotal Status Flags
r-devel-linux-x86_64-debian-clang 0.5-1.1 0.56 11.37 11.94 NOTE
r-devel-linux-x86_64-debian-gcc 0.5-1.1 0.58 11.05 11.63 NOTE
r-devel-linux-x86_64-fedora-clang 0.5-1.1 19.82 NOTE --no-stop-on-test-error
r-devel-linux-x86_64-fedora-gcc 0.5-1.1 17.98 NOTE --no-stop-on-test-error
r-devel-windows-ix86+x86_64 0.5-1.1 4.00 31.00 35.00 NOTE
r-patched-linux-x86_64 0.5-1.1 0.57 10.81 11.38 NOTE
r-patched-solaris-sparc 0.5-1.1 116.30 NOTE
r-patched-solaris-x86 0.5-1.1 28.00 NOTE
r-release-linux-x86_64 0.5-1.1 0.58 10.95 11.53 NOTE
r-release-windows-ix86+x86_64 0.5-1.1 2.00 24.00 26.00 NOTE
r-release-osx-x86_64 0.5-1.1 NOTE
r-oldrel-windows-ix86+x86_64 0.5-1.1 2.00 25.00 27.00 NOTE
r-oldrel-osx-x86_64 0.5-1.1 NOTE

Check Details

Version: 0.5-1.1
Check: DESCRIPTION meta-information
Result: NOTE
    Malformed Description field: should contain one or more complete sentences.
Flavors: r-devel-linux-x86_64-debian-clang, r-devel-linux-x86_64-debian-gcc, r-devel-windows-ix86+x86_64, r-patched-linux-x86_64, r-patched-solaris-sparc, r-patched-solaris-x86, r-release-linux-x86_64, r-release-windows-ix86+x86_64, r-release-osx-x86_64, r-oldrel-windows-ix86+x86_64, r-oldrel-osx-x86_64

Version: 0.5-1.1
Check: R code for possible problems
Result: NOTE
    IGP.clusterRepro: no visible global function definition for ‘cor’
    permuteCol: no visible global function definition for ‘runif’
    Undefined global functions or variables:
     cor runif
    Consider adding
     importFrom("stats", "cor", "runif")
    to your NAMESPACE file.
Flavors: r-devel-linux-x86_64-debian-clang, r-devel-linux-x86_64-debian-gcc, r-devel-windows-ix86+x86_64, r-patched-linux-x86_64, r-patched-solaris-sparc, r-patched-solaris-x86, r-release-linux-x86_64, r-release-windows-ix86+x86_64, r-release-osx-x86_64, r-oldrel-windows-ix86+x86_64, r-oldrel-osx-x86_64

Version: 0.5-1.1
Flags: --no-stop-on-test-error
Check: DESCRIPTION meta-information
Result: NOTE
    Malformed Description field: should contain one or more complete sentences.
Flavors: r-devel-linux-x86_64-fedora-clang, r-devel-linux-x86_64-fedora-gcc

Version: 0.5-1.1
Flags: --no-stop-on-test-error
Check: R code for possible problems
Result: NOTE
    IGP.clusterRepro: no visible global function definition for ‘cor’
    permuteCol: no visible global function definition for ‘runif’
    Undefined global functions or variables:
     cor runif
    Consider adding
     importFrom("stats", "cor", "runif")
    to your NAMESPACE file.
Flavors: r-devel-linux-x86_64-fedora-clang, r-devel-linux-x86_64-fedora-gcc