CRAN Package Check Results for Package clusterRepro

Last updated on 2017-07-24 05:50:05.

Flavor Version Tinstall Tcheck Ttotal Status Flags
r-devel-linux-x86_64-debian-clang 0.5-1.1 0.55 17.51 18.06 NOTE
r-devel-linux-x86_64-debian-gcc 0.5-1.1 0.57 17.29 17.86 NOTE
r-devel-linux-x86_64-fedora-clang 0.5-1.1 19.97 NOTE
r-devel-linux-x86_64-fedora-gcc 0.5-1.1 18.25 NOTE
r-devel-windows-ix86+x86_64 0.5-1.1 2.00 32.00 34.00 NOTE
r-patched-linux-x86_64 0.5-1.1 0.63 17.38 18.01 NOTE
r-patched-solaris-x86 0.5-1.1 29.30 NOTE
r-release-linux-x86_64 0.5-1.1 0.52 17.25 17.77 NOTE
r-release-windows-ix86+x86_64 0.5-1.1 2.00 24.00 26.00 NOTE
r-release-osx-x86_64 0.5-1.1 NOTE
r-oldrel-windows-ix86+x86_64 0.5-1.1 2.00 25.00 27.00 NOTE
r-oldrel-osx-x86_64 0.5-1.1 NOTE

Check Details

Version: 0.5-1.1
Check: DESCRIPTION meta-information
Result: NOTE
    Malformed Description field: should contain one or more complete sentences.
Flavors: r-devel-linux-x86_64-debian-clang, r-devel-linux-x86_64-debian-gcc, r-devel-linux-x86_64-fedora-clang, r-devel-linux-x86_64-fedora-gcc, r-devel-windows-ix86+x86_64, r-patched-linux-x86_64, r-patched-solaris-x86, r-release-linux-x86_64, r-release-windows-ix86+x86_64, r-release-osx-x86_64, r-oldrel-windows-ix86+x86_64, r-oldrel-osx-x86_64

Version: 0.5-1.1
Check: R code for possible problems
Result: NOTE
    IGP.clusterRepro: no visible global function definition for ‘cor’
    permuteCol: no visible global function definition for ‘runif’
    Undefined global functions or variables:
     cor runif
    Consider adding
     importFrom("stats", "cor", "runif")
    to your NAMESPACE file.
Flavors: r-devel-linux-x86_64-debian-clang, r-devel-linux-x86_64-debian-gcc, r-devel-linux-x86_64-fedora-clang, r-devel-linux-x86_64-fedora-gcc, r-devel-windows-ix86+x86_64, r-patched-linux-x86_64, r-patched-solaris-x86, r-release-linux-x86_64, r-release-windows-ix86+x86_64, r-release-osx-x86_64, r-oldrel-windows-ix86+x86_64, r-oldrel-osx-x86_64