CRAN Package Check Results for Package clusterRepro

Last updated on 2016-04-29 06:47:19.

Flavor Version Tinstall Tcheck Ttotal Status Flags
r-devel-linux-x86_64-debian-gcc 0.5-1.1 0.48 9.73 10.21 NOTE
r-devel-linux-x86_64-fedora-clang 0.5-1.1 16.85 NOTE
r-devel-linux-x86_64-fedora-gcc 0.5-1.1 15.62 NOTE
r-devel-osx-x86_64-clang 0.5-1.1 19.57 NOTE
r-devel-windows-ix86+x86_64 0.5-1.1 2.00 24.00 26.00 NOTE
r-patched-linux-x86_64 0.5-1.1 0.48 9.63 10.11 NOTE
r-patched-solaris-sparc 0.5-1.1 102.00 NOTE
r-patched-solaris-x86 0.5-1.1 23.40 NOTE
r-release-linux-x86_64 0.5-1.1 0.54 9.97 10.50 NOTE
r-release-osx-x86_64-mavericks 0.5-1.1 NOTE
r-release-windows-ix86+x86_64 0.5-1.1 2.00 15.00 17.00 NOTE
r-oldrel-windows-ix86+x86_64 0.5-1.1 3.00 17.00 20.00 OK

Check Details

Version: 0.5-1.1
Check: DESCRIPTION meta-information
Result: NOTE
    Malformed Description field: should contain one or more complete sentences.
Flavors: r-devel-linux-x86_64-debian-gcc, r-devel-linux-x86_64-fedora-clang, r-devel-linux-x86_64-fedora-gcc, r-devel-osx-x86_64-clang, r-devel-windows-ix86+x86_64, r-patched-linux-x86_64, r-patched-solaris-sparc, r-patched-solaris-x86, r-release-linux-x86_64, r-release-osx-x86_64-mavericks, r-release-windows-ix86+x86_64

Version: 0.5-1.1
Check: R code for possible problems
Result: NOTE
    IGP.clusterRepro: no visible global function definition for ‘cor’
    permuteCol: no visible global function definition for ‘runif’
    Undefined global functions or variables:
     cor runif
    Consider adding
     importFrom("stats", "cor", "runif")
    to your NAMESPACE file.
Flavors: r-devel-linux-x86_64-debian-gcc, r-devel-linux-x86_64-fedora-clang, r-devel-linux-x86_64-fedora-gcc, r-devel-osx-x86_64-clang, r-devel-windows-ix86+x86_64, r-patched-linux-x86_64, r-patched-solaris-sparc, r-patched-solaris-x86