CRAN Package Check Results for Package clusterRepro

Last updated on 2015-02-27 22:49:13.

Flavor Version Tinstall Tcheck Ttotal Status Flags
r-devel-linux-x86_64-debian-clang 0.5-1.1 0.48 10.80 11.28 NOTE
r-devel-linux-x86_64-debian-gcc 0.5-1.1 0.50 9.87 10.37 NOTE
r-devel-linux-x86_64-fedora-clang 0.5-1.1 19.19 NOTE
r-devel-linux-x86_64-fedora-gcc 0.5-1.1 18.60 NOTE
r-devel-osx-x86_64-clang 0.5-1.1 22.37 NOTE
r-devel-windows-ix86+x86_64 0.5-1.1 2.00 16.00 18.00 NOTE
r-patched-linux-x86_64 0.5-1.1 0.54 9.96 10.50 OK
r-patched-solaris-sparc 0.5-1.1 133.60 OK
r-release-linux-ix86 0.5-1.1 0.78 15.94 16.72 OK
r-release-linux-x86_64 0.5-1.1 0.53 10.50 11.03 OK
r-release-osx-x86_64-mavericks 0.5-1.1 OK
r-release-windows-ix86+x86_64 0.5-1.1 2.00 15.00 17.00 OK
r-oldrel-windows-ix86+x86_64 0.5-1.1 2.00 17.00 19.00 OK

Check Details

Version: 0.5-1.1
Check: DESCRIPTION meta-information
Result: NOTE
    Malformed Description field: should contain one or more complete sentences.
Flavors: r-devel-linux-x86_64-debian-clang, r-devel-linux-x86_64-debian-gcc, r-devel-linux-x86_64-fedora-clang, r-devel-linux-x86_64-fedora-gcc, r-devel-osx-x86_64-clang, r-devel-windows-ix86+x86_64