CRAN Package Check Results for Package clusterRepro

Last updated on 2017-11-22 05:48:45 CET.

Flavor Version Tinstall Tcheck Ttotal Status Flags
r-devel-linux-x86_64-debian-clang 0.5-1.1 0.52 10.88 11.40 NOTE
r-devel-linux-x86_64-debian-gcc 0.5-1.1 0.63 26.79 27.42 NOTE
r-devel-linux-x86_64-fedora-clang 0.5-1.1 18.49 NOTE
r-devel-linux-x86_64-fedora-gcc 0.5-1.1 19.00 NOTE
r-devel-windows-ix86+x86_64 0.5-1.1 3.00 26.00 29.00 NOTE
r-patched-linux-x86_64 0.5-1.1 0.62 11.05 11.67 NOTE
r-patched-solaris-x86 0.5-1.1 29.70 NOTE
r-release-linux-x86_64 0.5-1.1 0.60 11.07 11.66 NOTE
r-release-windows-ix86+x86_64 0.5-1.1 2.00 24.00 26.00 NOTE
r-release-osx-x86_64 0.5-1.1 NOTE
r-oldrel-windows-ix86+x86_64 0.5-1.1 2.00 25.00 27.00 NOTE
r-oldrel-osx-x86_64 0.5-1.1 NOTE

Check Details

Version: 0.5-1.1
Check: DESCRIPTION meta-information
Result: NOTE
    Malformed Description field: should contain one or more complete sentences.
Flavors: r-devel-linux-x86_64-debian-clang, r-devel-linux-x86_64-debian-gcc, r-devel-linux-x86_64-fedora-clang, r-devel-linux-x86_64-fedora-gcc, r-devel-windows-ix86+x86_64, r-patched-linux-x86_64, r-patched-solaris-x86, r-release-linux-x86_64, r-release-windows-ix86+x86_64, r-release-osx-x86_64, r-oldrel-windows-ix86+x86_64, r-oldrel-osx-x86_64

Version: 0.5-1.1
Check: R code for possible problems
Result: NOTE
    IGP.clusterRepro: no visible global function definition for ‘cor’
    permuteCol: no visible global function definition for ‘runif’
    Undefined global functions or variables:
     cor runif
    Consider adding
     importFrom("stats", "cor", "runif")
    to your NAMESPACE file.
Flavors: r-devel-linux-x86_64-debian-clang, r-devel-linux-x86_64-debian-gcc, r-devel-linux-x86_64-fedora-clang, r-devel-linux-x86_64-fedora-gcc, r-devel-windows-ix86+x86_64, r-patched-linux-x86_64, r-patched-solaris-x86, r-release-linux-x86_64, r-release-windows-ix86+x86_64, r-release-osx-x86_64, r-oldrel-windows-ix86+x86_64, r-oldrel-osx-x86_64