CRAN Package Check Results for Package clusterRepro

Last updated on 2015-07-31 18:48:11.

Flavor Version Tinstall Tcheck Ttotal Status Flags
r-devel-linux-x86_64-debian-clang 0.5-1.1 0.46 9.42 9.88 NOTE
r-devel-linux-x86_64-debian-gcc 0.5-1.1 0.52 9.16 9.68 NOTE
r-devel-linux-x86_64-fedora-clang 0.5-1.1 18.41 NOTE
r-devel-linux-x86_64-fedora-gcc 0.5-1.1 17.32 NOTE
r-devel-osx-x86_64-clang 0.5-1.1 18.49 NOTE
r-devel-windows-ix86+x86_64 0.5-1.1 2.00 16.00 18.00 NOTE
r-patched-linux-x86_64 0.5-1.1 0.56 9.28 9.84 NOTE
r-patched-solaris-sparc 0.5-1.1 129.20 NOTE
r-patched-solaris-x86 0.5-1.1 27.40 NOTE
r-release-linux-x86_64 0.5-1.1 0.46 9.26 9.72 NOTE
r-release-osx-x86_64-mavericks 0.5-1.1 NOTE
r-release-windows-ix86+x86_64 0.5-1.1 2.00 16.00 18.00 NOTE
r-oldrel-windows-ix86+x86_64 0.5-1.1 3.00 17.00 20.00 OK

Check Details

Version: 0.5-1.1
Check: DESCRIPTION meta-information
Result: NOTE
    Malformed Description field: should contain one or more complete sentences.
Flavors: r-devel-linux-x86_64-debian-clang, r-devel-linux-x86_64-debian-gcc, r-devel-linux-x86_64-fedora-clang, r-devel-linux-x86_64-fedora-gcc, r-devel-osx-x86_64-clang, r-devel-windows-ix86+x86_64, r-patched-linux-x86_64, r-patched-solaris-sparc, r-patched-solaris-x86, r-release-linux-x86_64, r-release-osx-x86_64-mavericks, r-release-windows-ix86+x86_64

Version: 0.5-1.1
Check: R code for possible problems
Result: NOTE
    IGP.clusterRepro: no visible global function definition for ‘cor’
    permuteCol: no visible global function definition for ‘runif’
    Undefined global functions or variables:
     cor runif
    Consider adding
     importFrom("stats", "cor", "runif")
    to your NAMESPACE.
Flavors: r-devel-linux-x86_64-debian-clang, r-devel-linux-x86_64-debian-gcc, r-devel-linux-x86_64-fedora-clang, r-devel-linux-x86_64-fedora-gcc, r-devel-windows-ix86+x86_64