CRAN Package Check Results for Package clusterRepro

Last updated on 2016-12-04 22:47:02.

Flavor Version Tinstall Tcheck Ttotal Status Flags
r-devel-linux-x86_64-debian-clang 0.5-1.1 0.58 10.93 11.51 NOTE
r-devel-linux-x86_64-debian-gcc 0.5-1.1 0.56 10.47 11.03 NOTE
r-devel-linux-x86_64-fedora-clang 0.5-1.1 20.01 NOTE --no-stop-on-test-error
r-devel-linux-x86_64-fedora-gcc 0.5-1.1 18.08 NOTE --no-stop-on-test-error
r-devel-macos-x86_64-clang 0.5-1.1 17.15 NOTE
r-devel-windows-ix86+x86_64 0.5-1.1 4.00 32.00 36.00 NOTE
r-patched-linux-x86_64 0.5-1.1 0.56 9.38 9.95 NOTE
r-patched-solaris-sparc 0.5-1.1 103.30 NOTE
r-patched-solaris-x86 0.5-1.1 23.00 NOTE
r-release-linux-x86_64 0.5-1.1 0.56 9.46 10.02 NOTE
r-release-osx-x86_64-mavericks 0.5-1.1 NOTE
r-release-windows-ix86+x86_64 0.5-1.1 2.00 25.00 27.00 NOTE
r-oldrel-windows-ix86+x86_64 0.5-1.1 2.00 22.00 24.00 NOTE

Check Details

Version: 0.5-1.1
Check: DESCRIPTION meta-information
Result: NOTE
    Malformed Description field: should contain one or more complete sentences.
Flavors: r-devel-linux-x86_64-debian-clang, r-devel-linux-x86_64-debian-gcc, r-devel-macos-x86_64-clang, r-devel-windows-ix86+x86_64, r-patched-linux-x86_64, r-patched-solaris-sparc, r-patched-solaris-x86, r-release-linux-x86_64, r-release-osx-x86_64-mavericks, r-release-windows-ix86+x86_64, r-oldrel-windows-ix86+x86_64

Version: 0.5-1.1
Check: R code for possible problems
Result: NOTE
    IGP.clusterRepro: no visible global function definition for ‘cor’
    permuteCol: no visible global function definition for ‘runif’
    Undefined global functions or variables:
     cor runif
    Consider adding
     importFrom("stats", "cor", "runif")
    to your NAMESPACE file.
Flavors: r-devel-linux-x86_64-debian-clang, r-devel-linux-x86_64-debian-gcc, r-devel-macos-x86_64-clang, r-devel-windows-ix86+x86_64, r-patched-linux-x86_64, r-patched-solaris-sparc, r-patched-solaris-x86, r-release-linux-x86_64, r-release-osx-x86_64-mavericks, r-release-windows-ix86+x86_64

Version: 0.5-1.1
Flags: --no-stop-on-test-error
Check: DESCRIPTION meta-information
Result: NOTE
    Malformed Description field: should contain one or more complete sentences.
Flavors: r-devel-linux-x86_64-fedora-clang, r-devel-linux-x86_64-fedora-gcc

Version: 0.5-1.1
Flags: --no-stop-on-test-error
Check: R code for possible problems
Result: NOTE
    IGP.clusterRepro: no visible global function definition for ‘cor’
    permuteCol: no visible global function definition for ‘runif’
    Undefined global functions or variables:
     cor runif
    Consider adding
     importFrom("stats", "cor", "runif")
    to your NAMESPACE file.
Flavors: r-devel-linux-x86_64-fedora-clang, r-devel-linux-x86_64-fedora-gcc