Last updated on 2018-04-25 01:46:29 CEST.
Flavor | Version | Tinstall | Tcheck | Ttotal | Status | Flags |
---|---|---|---|---|---|---|
r-devel-linux-x86_64-debian-clang | 0.5-1.1 | 0.76 | 17.63 | 18.39 | NOTE | |
r-devel-linux-x86_64-debian-gcc | 0.5-1.1 | 0.60 | 13.94 | 14.54 | NOTE | |
r-devel-linux-x86_64-fedora-clang | 0.5-1.1 | 21.77 | NOTE | |||
r-devel-linux-x86_64-fedora-gcc | 0.5-1.1 | 20.28 | NOTE | |||
r-devel-windows-ix86+x86_64 | 0.5-1.1 | 3.00 | 28.00 | 31.00 | NOTE | |
r-patched-linux-x86_64 | 0.5-1.1 | 0.88 | 16.78 | 17.66 | NOTE | |
r-patched-solaris-x86 | 0.5-1.1 | 33.80 | NOTE | |||
r-release-linux-x86_64 | 0.5-1.1 | 0.72 | 16.76 | 17.48 | NOTE | |
r-release-windows-ix86+x86_64 | 0.5-1.1 | 3.00 | 28.00 | 31.00 | NOTE | |
r-release-osx-x86_64 | 0.5-1.1 | NOTE | ||||
r-oldrel-windows-ix86+x86_64 | 0.5-1.1 | 2.00 | 24.00 | 26.00 | NOTE | |
r-oldrel-osx-x86_64 | 0.5-1.1 | NOTE |
Version: 0.5-1.1
Check: DESCRIPTION meta-information
Result: NOTE
Malformed Description field: should contain one or more complete sentences.
Flavors: r-devel-linux-x86_64-debian-clang, r-devel-linux-x86_64-debian-gcc, r-devel-linux-x86_64-fedora-clang, r-devel-linux-x86_64-fedora-gcc, r-devel-windows-ix86+x86_64, r-patched-linux-x86_64, r-patched-solaris-x86, r-release-linux-x86_64, r-release-windows-ix86+x86_64, r-release-osx-x86_64, r-oldrel-windows-ix86+x86_64, r-oldrel-osx-x86_64
Version: 0.5-1.1
Check: R code for possible problems
Result: NOTE
IGP.clusterRepro: no visible global function definition for ‘cor’
permuteCol: no visible global function definition for ‘runif’
Undefined global functions or variables:
cor runif
Consider adding
importFrom("stats", "cor", "runif")
to your NAMESPACE file.
Flavors: r-devel-linux-x86_64-debian-clang, r-devel-linux-x86_64-debian-gcc, r-devel-linux-x86_64-fedora-clang, r-devel-linux-x86_64-fedora-gcc, r-devel-windows-ix86+x86_64, r-patched-linux-x86_64, r-patched-solaris-x86, r-release-linux-x86_64, r-release-windows-ix86+x86_64, r-release-osx-x86_64, r-oldrel-windows-ix86+x86_64, r-oldrel-osx-x86_64