CRAN Package Check Results for Package clusterRepro

Last updated on 2016-06-29 05:48:28.

Flavor Version Tinstall Tcheck Ttotal Status Flags
r-devel-linux-x86_64-debian-gcc 0.5-1.1 0.56 10.73 11.29 NOTE
r-devel-linux-x86_64-fedora-clang 0.5-1.1 17.11 NOTE
r-devel-linux-x86_64-fedora-gcc 0.5-1.1 15.58 NOTE
r-devel-osx-x86_64-clang 0.5-1.1 15.14 NOTE
r-devel-windows-ix86+x86_64 0.5-1.1 2.00 24.00 26.00 NOTE
r-patched-linux-x86_64 0.5-1.1 0.65 10.37 11.02 NOTE
r-patched-solaris-sparc 0.5-1.1 103.30 NOTE
r-patched-solaris-x86 0.5-1.1 23.20 NOTE
r-release-linux-x86_64 0.5-1.1 2.50 9.51 12.01 NOTE
r-release-osx-x86_64-mavericks 0.5-1.1 NOTE
r-release-windows-ix86+x86_64 0.5-1.1 2.00 31.00 33.00 NOTE
r-oldrel-windows-ix86+x86_64 0.5-1.1 2.00 15.00 17.00 NOTE

Check Details

Version: 0.5-1.1
Check: DESCRIPTION meta-information
Result: NOTE
    Malformed Description field: should contain one or more complete sentences.
Flavors: r-devel-linux-x86_64-debian-gcc, r-devel-linux-x86_64-fedora-clang, r-devel-linux-x86_64-fedora-gcc, r-devel-osx-x86_64-clang, r-devel-windows-ix86+x86_64, r-patched-linux-x86_64, r-patched-solaris-sparc, r-patched-solaris-x86, r-release-linux-x86_64, r-release-osx-x86_64-mavericks, r-release-windows-ix86+x86_64, r-oldrel-windows-ix86+x86_64

Version: 0.5-1.1
Check: R code for possible problems
Result: NOTE
    IGP.clusterRepro: no visible global function definition for ‘cor’
    permuteCol: no visible global function definition for ‘runif’
    Undefined global functions or variables:
     cor runif
    Consider adding
     importFrom("stats", "cor", "runif")
    to your NAMESPACE file.
Flavors: r-devel-linux-x86_64-debian-gcc, r-devel-linux-x86_64-fedora-clang, r-devel-linux-x86_64-fedora-gcc, r-devel-osx-x86_64-clang, r-devel-windows-ix86+x86_64, r-patched-linux-x86_64, r-patched-solaris-sparc, r-patched-solaris-x86, r-release-linux-x86_64, r-release-osx-x86_64-mavericks, r-release-windows-ix86+x86_64