CRAN Package Check Results for Package clusterRepro

Last updated on 2015-03-28 11:49:10.

Flavor Version Tinstall Tcheck Ttotal Status Flags
r-devel-linux-x86_64-debian-clang 0.5-1.1 0.48 9.44 9.92 NOTE
r-devel-linux-x86_64-debian-gcc 0.5-1.1 0.48 10.00 10.48 NOTE
r-devel-linux-x86_64-fedora-clang 0.5-1.1 19.63 NOTE
r-devel-linux-x86_64-fedora-gcc 0.5-1.1 17.95 NOTE
r-devel-osx-x86_64-clang 0.5-1.1 24.40 NOTE
r-prerel-windows-ix86+x86_64 0.5-1.1 2.00 16.00 18.00 NOTE
r-prerel-linux-x86_64 0.5-1.1 0.50 9.40 9.90 NOTE
r-prerel-solaris-sparc 0.5-1.1 130.30 NOTE
r-prerel-solaris-x86 0.5-1.1 26.40 NOTE
r-release-linux-x86_64 0.5-1.1 0.55 10.47 11.02 OK
r-release-osx-x86_64-mavericks 0.5-1.1 OK
r-release-windows-ix86+x86_64 0.5-1.1 3.00 17.00 20.00 OK
r-oldrel-windows-ix86+x86_64 0.5-1.1 2.00 17.00 19.00 OK

Check Details

Version: 0.5-1.1
Check: DESCRIPTION meta-information
Result: NOTE
    Malformed Description field: should contain one or more complete sentences.
Flavors: r-devel-linux-x86_64-debian-clang, r-devel-linux-x86_64-debian-gcc, r-devel-linux-x86_64-fedora-clang, r-devel-linux-x86_64-fedora-gcc, r-devel-osx-x86_64-clang, r-prerel-windows-ix86+x86_64, r-prerel-linux-x86_64, r-prerel-solaris-sparc, r-prerel-solaris-x86