CRAN Package Check Results for Package clusterRepro

Last updated on 2016-09-24 23:48:02.

Flavor Version Tinstall Tcheck Ttotal Status Flags
r-devel-linux-x86_64-debian-clang 0.5-1.1 0.44 9.76 10.19 NOTE
r-devel-linux-x86_64-debian-gcc 0.5-1.1 0.50 9.50 10.00 NOTE
r-devel-linux-x86_64-fedora-clang 0.5-1.1 17.30 NOTE
r-devel-linux-x86_64-fedora-gcc 0.5-1.1 15.95 NOTE
r-devel-macos-x86_64-clang 0.5-1.1 15.40 NOTE
r-devel-windows-ix86+x86_64 0.5-1.1 3.00 23.00 26.00 NOTE
r-patched-linux-x86_64 0.5-1.1 0.49 9.46 9.95 NOTE
r-patched-solaris-sparc 0.5-1.1 103.30 NOTE
r-patched-solaris-x86 0.5-1.1 22.80 NOTE
r-release-linux-x86_64 0.5-1.1 0.54 9.55 10.09 NOTE
r-release-osx-x86_64-mavericks 0.5-1.1 NOTE
r-release-windows-ix86+x86_64 0.5-1.1 2.00 24.00 26.00 NOTE
r-oldrel-windows-ix86+x86_64 0.5-1.1 2.00 15.00 17.00 NOTE

Check Details

Version: 0.5-1.1
Check: DESCRIPTION meta-information
Result: NOTE
    Malformed Description field: should contain one or more complete sentences.
Flavors: r-devel-linux-x86_64-debian-clang, r-devel-linux-x86_64-debian-gcc, r-devel-linux-x86_64-fedora-clang, r-devel-linux-x86_64-fedora-gcc, r-devel-macos-x86_64-clang, r-devel-windows-ix86+x86_64, r-patched-linux-x86_64, r-patched-solaris-sparc, r-patched-solaris-x86, r-release-linux-x86_64, r-release-osx-x86_64-mavericks, r-release-windows-ix86+x86_64, r-oldrel-windows-ix86+x86_64

Version: 0.5-1.1
Check: R code for possible problems
Result: NOTE
    IGP.clusterRepro: no visible global function definition for ‘cor’
    permuteCol: no visible global function definition for ‘runif’
    Undefined global functions or variables:
     cor runif
    Consider adding
     importFrom("stats", "cor", "runif")
    to your NAMESPACE file.
Flavors: r-devel-linux-x86_64-debian-clang, r-devel-linux-x86_64-debian-gcc, r-devel-linux-x86_64-fedora-clang, r-devel-linux-x86_64-fedora-gcc, r-devel-macos-x86_64-clang, r-devel-windows-ix86+x86_64, r-patched-linux-x86_64, r-patched-solaris-sparc, r-patched-solaris-x86, r-release-linux-x86_64, r-release-osx-x86_64-mavericks, r-release-windows-ix86+x86_64