CRAN Package Check Results for Package clusterRepro

Last updated on 2016-08-28 23:48:04.

Flavor Version Tinstall Tcheck Ttotal Status Flags
r-devel-linux-x86_64-debian-clang 0.5-1.1 0.48 9.90 10.38 NOTE
r-devel-linux-x86_64-debian-gcc 0.5-1.1 0.53 9.56 10.09 NOTE
r-devel-linux-x86_64-fedora-clang 0.5-1.1 17.42 NOTE
r-devel-linux-x86_64-fedora-gcc 0.5-1.1 16.05 NOTE
r-devel-osx-x86_64-clang 0.5-1.1 14.84 NOTE
r-devel-windows-ix86+x86_64 0.5-1.1 3.00 35.00 38.00 NOTE
r-patched-linux-x86_64 0.5-1.1 0.52 9.34 9.86 NOTE
r-patched-solaris-sparc 0.5-1.1 103.30 NOTE
r-patched-solaris-x86 0.5-1.1 23.00 NOTE
r-release-linux-x86_64 0.5-1.1 0.57 9.53 10.10 NOTE
r-release-osx-x86_64-mavericks 0.5-1.1 NOTE
r-release-windows-ix86+x86_64 0.5-1.1 2.00 31.00 33.00 NOTE
r-oldrel-windows-ix86+x86_64 0.5-1.1 2.00 15.00 17.00 NOTE

Check Details

Version: 0.5-1.1
Check: DESCRIPTION meta-information
Result: NOTE
    Malformed Description field: should contain one or more complete sentences.
Flavors: r-devel-linux-x86_64-debian-clang, r-devel-linux-x86_64-debian-gcc, r-devel-linux-x86_64-fedora-clang, r-devel-linux-x86_64-fedora-gcc, r-devel-osx-x86_64-clang, r-devel-windows-ix86+x86_64, r-patched-linux-x86_64, r-patched-solaris-sparc, r-patched-solaris-x86, r-release-linux-x86_64, r-release-osx-x86_64-mavericks, r-release-windows-ix86+x86_64, r-oldrel-windows-ix86+x86_64

Version: 0.5-1.1
Check: R code for possible problems
Result: NOTE
    IGP.clusterRepro: no visible global function definition for ‘cor’
    permuteCol: no visible global function definition for ‘runif’
    Undefined global functions or variables:
     cor runif
    Consider adding
     importFrom("stats", "cor", "runif")
    to your NAMESPACE file.
Flavors: r-devel-linux-x86_64-debian-clang, r-devel-linux-x86_64-debian-gcc, r-devel-linux-x86_64-fedora-clang, r-devel-linux-x86_64-fedora-gcc, r-devel-osx-x86_64-clang, r-devel-windows-ix86+x86_64, r-patched-linux-x86_64, r-patched-solaris-sparc, r-patched-solaris-x86, r-release-linux-x86_64, r-release-osx-x86_64-mavericks, r-release-windows-ix86+x86_64