CRAN Package Check Results for Package clusterSim

Last updated on 2014-12-22 17:51:21.

Flavor Version Tinstall Tcheck Ttotal Status Flags
r-devel-linux-x86_64-debian-clang 0.44-1 2.03 45.09 47.12 OK
r-devel-linux-x86_64-debian-gcc 0.44-1 1.89 44.68 46.57 OK
r-devel-linux-x86_64-fedora-clang 0.44-1 92.78 OK
r-devel-linux-x86_64-fedora-gcc 0.44-1 87.44 OK
r-devel-osx-x86_64-clang 0.44-1 73.37 OK
r-devel-windows-ix86+x86_64 0.44-1 12.00 89.00 101.00 OK
r-patched-linux-x86_64 0.44-1 2.09 46.64 48.73 OK
r-patched-solaris-sparc 0.44-1 537.30 OK
r-patched-solaris-x86 0.44-1 109.70 OK
r-release-linux-ix86 0.44-1 2.67 54.37 57.04 OK
r-release-linux-x86_64 0.44-1 1.98 48.06 50.04 OK
r-release-osx-x86_64-mavericks 0.44-1 OK
r-release-osx-x86_64-snowleopard 0.44-1 ERROR
r-release-windows-ix86+x86_64 0.44-1 11.00 91.00 102.00 OK
r-oldrel-windows-ix86+x86_64 0.44-1 11.00 98.00 109.00 OK

Check Details

Version: 0.44-1
Check: examples
Result: ERROR
    Running examples in ‘clusterSim-Ex.R’ failed
    The error most likely occurred in:
    
    > ### Name: shapes.blocks3d
    > ### Title: Generation of data set containing two clusters with untypical
    > ### shapes (cube divided into two parts by main diagonal plane)
    > ### Aliases: shapes.blocks3d
    > ### Keywords: cluster,dataset
    >
    > ### ** Examples
    >
    > library(clusterSim)
    > library(rgl)
    > sb3d<-shapes.blocks3d(300,1,3,3,3)
    > plot3d(sb3d$data,col=rainbow(2)[sb3d$clusters])
    Sun Dec 21 08:39:59 hagal.research.att.com R[37489] <Error>: unknown error code: invalid pixel format
    Sun Dec 21 08:39:59 hagal.research.att.com R[37489] <Error>: kCGErrorFailure: Set a breakpoint @ CGErrorBreakpoint() to catch errors as they are logged.
    X Error of failed request: GLXBadContext
     Major opcode of failed request: 0 ()
     Serial number of failed request: 27
     Current serial number in output stream: 27
Flavor: r-release-osx-x86_64-snowleopard