CRAN Package Check Results for Package clusterSim

Last updated on 2015-07-31 23:47:37.

Flavor Version Tinstall Tcheck Ttotal Status Flags
r-devel-linux-x86_64-debian-clang 0.44-2 1.95 43.84 45.79 NOTE
r-devel-linux-x86_64-debian-gcc 0.44-2 2.62 44.61 47.23 NOTE
r-devel-linux-x86_64-fedora-clang 0.44-2 90.56 NOTE
r-devel-linux-x86_64-fedora-gcc 0.44-2 86.09 NOTE
r-devel-osx-x86_64-clang 0.44-2 67.59 OK
r-devel-windows-ix86+x86_64 0.44-2 18.00 90.00 108.00 NOTE
r-patched-linux-x86_64 0.44-2 1.92 43.23 45.15 OK
r-patched-solaris-sparc 0.44-2 518.00 NOTE
r-patched-solaris-x86 0.44-2 101.00 NOTE
r-release-linux-x86_64 0.44-2 1.83 42.63 44.46 OK
r-release-osx-x86_64-mavericks 0.44-2 OK
r-release-windows-ix86+x86_64 0.44-2 12.00 98.00 110.00 NOTE
r-oldrel-windows-ix86+x86_64 0.44-2 11.00 109.00 120.00 NOTE

Check Details

Version: 0.44-2
Check: R code for possible problems
Result: NOTE
    .ALetter: no visible global function definition for ‘runif’
    .DLetter: no visible global function definition for ‘runif’
    .KLetter: no visible global function definition for ‘runif’
    .SLetter: no visible global function definition for ‘runif’
    .ddist: no visible global function definition for ‘dist’
    .toCsv: no visible global function definition for ‘write.table’
    HINoV.Mod: no visible global function definition for ‘dist’
    HINoV.Mod: no visible global function definition for ‘kmeans’
    HINoV.Mod: no visible global function definition for ‘cutree’
    HINoV.Mod: no visible global function definition for ‘as.hclust’
    HINoV.Mod: no visible global function definition for ‘hclust’
    HINoV.Symbolic : dist.Symbolic: no visible global function definition
     for ‘as.dist’
    HINoV.Symbolic : dist.Symbolic: no visible global function definition
     for ‘dist’
    HINoV.Symbolic: no visible global function definition for ‘cutree’
    HINoV.Symbolic: no visible global function definition for ‘hclust’
    cluster.Description: no visible global function definition for ‘sd’
    cluster.Description: no visible global function definition for ‘median’
    cluster.Description: no visible global function definition for ‘mad’
    cluster.Gen: no visible global function definition for ‘read.csv’
    cluster.Gen: no visible global function definition for ‘read.csv2’
    cluster.Gen: no visible global function definition for ‘rnorm’
    cluster.Gen: no visible global function definition for ‘runif’
    cluster.Gen: no visible global function definition for ‘write.table’
    cluster.Sim: no visible global function definition for ‘dist’
    cluster.Sim: no visible global function definition for ‘kmeans’
    cluster.Sim: no visible global function definition for ‘hclust’
    cluster.Sim: no visible global function definition for ‘cutree’
    cluster.Sim: no visible global function definition for ‘write.table’
    data.Normalization: no visible global function definition for ‘sd’
    data.Normalization: no visible global function definition for ‘median’
    data.Normalization: no visible global function definition for ‘mad’
    dist.BC: no visible global function definition for ‘as.dist’
    dist.GDM: no visible global function definition for ‘as.dist’
    dist.SM: no visible global function definition for ‘as.dist’
    dist.Symbolic: no visible global function definition for ‘as.dist’
    dist.Symbolic: no visible global function definition for ‘dist’
    index.DB: no visible global function definition for ‘dist’
    index.G2: no visible global function definition for ‘as.dist’
    index.G2: no visible global function definition for ‘median’
    index.Gap : GAP : simgap: no visible global function definition for
     ‘runif’
    index.Gap : GAP: no visible global function definition for ‘kmeans’
    index.Gap : GAP: no visible global function definition for ‘cutree’
    index.Gap : GAP: no visible global function definition for ‘as.hclust’
    index.Gap : GAP: no visible global function definition for ‘dist’
    index.Gap : GAP: no visible global function definition for ‘hclust’
    index.Gap : GAP: no visible global function definition for ‘var’
    initial.Centers: no visible global function definition for ‘dist’
    plotCategorial : pary: no visible binding for global variable ‘points’
    plotCategorial : pary : textPanel: no visible global function
     definition for ‘text’
    plotCategorial : pary : localAxis1: no visible global function
     definition for ‘Axis’
    plotCategorial : pary : localAxis: no visible global function
     definition for ‘Axis’
    plotCategorial : pary : localPlot: no visible global function
     definition for ‘plot’
    plotCategorial : pary: no visible global function definition for ‘par’
    plotCategorial : pary: no visible global function definition for ‘box’
    plotCategorial : pary: no visible global function definition for
     ‘strwidth’
    plotCategorial : pary: no visible global function definition for
     ‘points’
    plotCategorial : pary: no visible global function definition for
     ‘mtext’
    plotCategorial: no visible global function definition for ‘plot’
    plotCategorial: no visible global function definition for ‘rainbow’
    plotCategorial3d: no visible global function definition for ‘rainbow’
    plotInterval : paryPrzedzialy: no visible binding for global variable
     ‘points’
    plotInterval : paryPrzedzialy : textPanel: no visible global function
     definition for ‘text’
    plotInterval : paryPrzedzialy : localAxis: no visible global function
     definition for ‘Axis’
    plotInterval : paryPrzedzialy : localPlot: no visible global function
     definition for ‘plot’
    plotInterval : paryPrzedzialy: no visible global function definition
     for ‘par’
    plotInterval : paryPrzedzialy: no visible global function definition
     for ‘box’
    plotInterval : paryPrzedzialy: no visible global function definition
     for ‘strwidth’
    plotInterval : paryPrzedzialy: no visible global function definition
     for ‘lines’
    plotInterval : paryPrzedzialy: no visible global function definition
     for ‘text’
    plotInterval : paryPrzedzialy: no visible global function definition
     for ‘mtext’
    plotInterval: no visible global function definition for ‘plot’
    plotInterval: no visible global function definition for ‘rainbow’
    replication.Mod: no visible global function definition for ‘dist’
    replication.Mod: no visible global function definition for ‘kmeans’
    replication.Mod: no visible global function definition for ‘cutree’
    replication.Mod: no visible global function definition for ‘as.hclust’
    replication.Mod: no visible global function definition for ‘hclust’
    shapes.blocks3d: no visible global function definition for ‘runif’
    shapes.circles2: no visible global function definition for ‘runif’
    shapes.circles3: no visible global function definition for ‘runif’
    shapes.two.moon: no visible global function definition for ‘runif’
    shapes.worms : worm: no visible global function definition for ‘rnorm’
    speccl: no visible binding for global variable ‘na.omit’
    speccl: no visible global function definition for ‘dist’
    speccl: no visible global function definition for ‘kmeans’
    Undefined global functions or variables:
     Axis as.dist as.hclust box cutree dist hclust kmeans lines mad median
     mtext na.omit par plot points rainbow read.csv read.csv2 rnorm runif
     sd strwidth text var write.table
    Consider adding
     importFrom("grDevices", "rainbow")
     importFrom("graphics", "Axis", "box", "lines", "mtext", "par", "plot",
     "points", "strwidth", "text")
     importFrom("stats", "as.dist", "as.hclust", "cutree", "dist", "hclust",
     "kmeans", "mad", "median", "na.omit", "rnorm", "runif",
     "sd", "var")
     importFrom("utils", "read.csv", "read.csv2", "write.table")
    to your NAMESPACE.
Flavors: r-devel-linux-x86_64-debian-clang, r-devel-linux-x86_64-debian-gcc, r-devel-linux-x86_64-fedora-clang, r-devel-linux-x86_64-fedora-gcc, r-devel-windows-ix86+x86_64

Version: 0.44-2
Check: installed package size
Result: NOTE
     installed size is 5.0Mb
     sub-directories of 1Mb or more:
     doc 2.9Mb
     pdf 1.6Mb
Flavors: r-devel-windows-ix86+x86_64, r-patched-solaris-sparc, r-patched-solaris-x86, r-release-windows-ix86+x86_64, r-oldrel-windows-ix86+x86_64