CRAN Package Check Results for Package clusterSim

Last updated on 2017-08-21 02:48:47.

Flavor Version Tinstall Tcheck Ttotal Status Flags
r-devel-linux-x86_64-debian-clang 0.45-2 2.52 58.26 60.78 OK
r-devel-linux-x86_64-debian-gcc 0.45-2 2.56 57.42 59.98 OK
r-devel-linux-x86_64-fedora-clang 0.45-2 112.66 NOTE
r-devel-linux-x86_64-fedora-gcc 0.45-2 113.54 NOTE
r-devel-windows-ix86+x86_64 0.45-2 10.00 121.00 131.00 NOTE
r-patched-linux-x86_64 0.45-2 2.60 58.03 60.63 OK
r-patched-solaris-x86 0.45-2 123.80 NOTE
r-release-linux-x86_64 0.45-2 2.50 58.63 61.13 OK
r-release-windows-ix86+x86_64 0.45-2 18.00 116.00 134.00 NOTE
r-release-osx-x86_64 0.45-2 NOTE
r-oldrel-windows-ix86+x86_64 0.45-2 12.00 104.00 116.00 NOTE
r-oldrel-osx-x86_64 0.45-2 NOTE

Check Details

Version: 0.45-2
Check: installed package size
Result: NOTE
     installed size is 5.5Mb
     sub-directories of 1Mb or more:
     doc 2.9Mb
     pdf 2.2Mb
Flavors: r-devel-linux-x86_64-fedora-clang, r-devel-linux-x86_64-fedora-gcc, r-devel-windows-ix86+x86_64, r-patched-solaris-x86, r-release-windows-ix86+x86_64, r-release-osx-x86_64, r-oldrel-windows-ix86+x86_64, r-oldrel-osx-x86_64