CRAN Package Check Results for Package clusterSim

Last updated on 2019-02-20 21:53:31 CET.

Flavor Version Tinstall Tcheck Ttotal Status Flags
r-devel-linux-x86_64-debian-clang 0.47-3 25.46 230.03 255.49 OK
r-devel-linux-x86_64-debian-gcc 0.47-3 16.73 180.03 196.76 OK
r-devel-linux-x86_64-fedora-clang 0.47-3 306.30 NOTE
r-devel-linux-x86_64-fedora-gcc 0.47-3 282.77 OK
r-devel-windows-ix86+x86_64 0.47-3 57.00 405.00 462.00 NOTE
r-patched-linux-x86_64 0.47-3 OK
r-patched-solaris-x86 0.47-3 388.60 NOTE
r-release-linux-x86_64 0.47-3 OK
r-release-windows-ix86+x86_64 0.47-3 36.00 373.00 409.00 NOTE
r-release-osx-x86_64 0.47-3 NOTE
r-oldrel-windows-ix86+x86_64 0.47-1 13.00 136.00 149.00 NOTE
r-oldrel-osx-x86_64 0.47-3 ERROR

Check Details

Version: 0.47-3
Check: installed package size
Result: NOTE
     installed size is 5.7Mb
     sub-directories of 1Mb or more:
     doc 2.9Mb
     pdf 2.2Mb
Flavors: r-devel-linux-x86_64-fedora-clang, r-devel-windows-ix86+x86_64, r-patched-solaris-x86, r-release-windows-ix86+x86_64, r-release-osx-x86_64

Version: 0.47-1
Check: installed package size
Result: NOTE
     installed size is 5.8Mb
     sub-directories of 1Mb or more:
     doc 2.9Mb
     pdf 2.2Mb
Flavor: r-oldrel-windows-ix86+x86_64

Version: 0.47-3
Check: whether package can be installed
Result: ERROR
    Installation failed.
Flavor: r-oldrel-osx-x86_64