CRAN Package Check Results for Package clusterSim

Last updated on 2017-04-28 06:48:33.

Flavor Version Tinstall Tcheck Ttotal Status Flags
r-devel-linux-x86_64-debian-clang 0.45-2 2.97 57.02 59.98 OK
r-devel-linux-x86_64-debian-gcc 0.45-2 2.62 56.11 58.73 OK
r-devel-linux-x86_64-fedora-clang 0.45-2 110.55 NOTE --no-stop-on-test-error
r-devel-linux-x86_64-fedora-gcc 0.45-2 107.28 NOTE --no-stop-on-test-error
r-devel-windows-ix86+x86_64 0.45-2 14.00 192.00 206.00 NOTE
r-patched-linux-x86_64 0.45-2 2.60 56.17 58.77 OK
r-patched-solaris-sparc 0.45-2 583.20 NOTE
r-patched-solaris-x86 0.45-2 118.90 NOTE
r-release-linux-x86_64 0.45-2 2.62 56.96 59.58 OK
r-release-windows-ix86+x86_64 0.45-2 12.00 129.00 141.00 NOTE
r-release-osx-x86_64 0.45-2 NOTE
r-oldrel-windows-ix86+x86_64 0.45-2 18.00 146.00 164.00 NOTE
r-oldrel-osx-x86_64 0.45-2 NOTE

Check Details

Version: 0.45-2
Flags: --no-stop-on-test-error
Check: installed package size
Result: NOTE
     installed size is 5.5Mb
     sub-directories of 1Mb or more:
     doc 2.9Mb
     pdf 2.2Mb
Flavors: r-devel-linux-x86_64-fedora-clang, r-devel-linux-x86_64-fedora-gcc

Version: 0.45-2
Check: installed package size
Result: NOTE
     installed size is 5.8Mb
     sub-directories of 1Mb or more:
     doc 2.9Mb
     pdf 2.2Mb
Flavors: r-devel-windows-ix86+x86_64, r-patched-solaris-sparc, r-patched-solaris-x86, r-release-windows-ix86+x86_64, r-release-osx-x86_64, r-oldrel-windows-ix86+x86_64, r-oldrel-osx-x86_64