CRAN Package Check Results for Package clusterSim

Last updated on 2017-06-27 16:46:40.

Flavor Version Tinstall Tcheck Ttotal Status Flags
r-devel-linux-x86_64-debian-clang 0.45-2 2.53 58.34 60.87 OK
r-devel-linux-x86_64-debian-gcc 0.45-2 2.65 56.94 59.59 OK
r-devel-linux-x86_64-fedora-clang 0.45-2 109.54 NOTE
r-devel-linux-x86_64-fedora-gcc 0.45-2 106.78 NOTE
r-devel-windows-ix86+x86_64 0.45-2 17.00 123.00 140.00 NOTE
r-patched-linux-x86_64 0.45-2 2.61 57.04 59.65 OK
r-patched-solaris-sparc 0.45-2 583.20 NOTE
r-patched-solaris-x86 0.45-2 123.80 NOTE
r-release-linux-x86_64 0.45-2 2.84 56.89 59.73 OK
r-release-windows-ix86+x86_64 0.45-2 11.00 166.00 177.00 NOTE
r-release-osx-x86_64 0.45-2 NOTE
r-oldrel-windows-ix86+x86_64 0.45-2 14.00 147.00 161.00 NOTE
r-oldrel-osx-x86_64 0.45-2 NOTE

Check Details

Version: 0.45-2
Check: installed package size
Result: NOTE
     installed size is 5.5Mb
     sub-directories of 1Mb or more:
     doc 2.9Mb
     pdf 2.2Mb
Flavors: r-devel-linux-x86_64-fedora-clang, r-devel-linux-x86_64-fedora-gcc, r-devel-windows-ix86+x86_64, r-patched-solaris-sparc, r-patched-solaris-x86, r-release-windows-ix86+x86_64, r-release-osx-x86_64, r-oldrel-windows-ix86+x86_64, r-oldrel-osx-x86_64