CRAN Package Check Results for Package clusterSim

Last updated on 2016-08-31 17:47:34.

Flavor Version Tinstall Tcheck Ttotal Status Flags
r-devel-linux-x86_64-debian-clang 0.44-5 2.51 53.15 55.66 NOTE
r-devel-linux-x86_64-debian-gcc 0.44-5 2.46 53.20 55.67 NOTE
r-devel-linux-x86_64-fedora-clang 0.44-5 91.15 NOTE
r-devel-linux-x86_64-fedora-gcc 0.44-5 83.94 NOTE
r-devel-osx-x86_64-clang 0.44-5 61.20 NOTE
r-devel-windows-ix86+x86_64 0.44-5 19.00 141.00 160.00 NOTE
r-patched-linux-x86_64 0.44-5 2.48 51.03 53.51 NOTE
r-patched-solaris-sparc 0.44-5 498.30 NOTE
r-patched-solaris-x86 0.44-5 107.10 NOTE
r-release-linux-x86_64 0.44-5 2.32 50.34 52.66 NOTE
r-release-osx-x86_64-mavericks 0.44-5 NOTE
r-release-windows-ix86+x86_64 0.44-5 20.00 147.00 167.00 NOTE
r-oldrel-windows-ix86+x86_64 0.44-5 21.00 146.00 167.00 NOTE

Check Details

Version: 0.44-5
Check: installed package size
Result: NOTE
     installed size is 5.5Mb
     sub-directories of 1Mb or more:
     doc 2.9Mb
     pdf 2.2Mb
Flavors: r-devel-linux-x86_64-debian-clang, r-devel-linux-x86_64-debian-gcc, r-devel-linux-x86_64-fedora-clang, r-devel-linux-x86_64-fedora-gcc, r-devel-osx-x86_64-clang, r-devel-windows-ix86+x86_64, r-patched-linux-x86_64, r-patched-solaris-sparc, r-patched-solaris-x86, r-release-linux-x86_64, r-release-osx-x86_64-mavericks, r-release-windows-ix86+x86_64, r-oldrel-windows-ix86+x86_64