CRAN Package Check Results for Package clusterSim

Last updated on 2015-05-05 17:47:15.

Flavor Version Tinstall Tcheck Ttotal Status Flags
r-devel-linux-x86_64-debian-clang 0.44-2 2.02 42.64 44.66 OK
r-devel-linux-x86_64-debian-gcc 0.44-2 1.79 41.88 43.66 OK
r-devel-linux-x86_64-fedora-clang 0.44-2 91.85 OK
r-devel-linux-x86_64-fedora-gcc 0.44-2 85.84 OK
r-devel-osx-x86_64-clang 0.44-2 67.90 OK
r-devel-windows-ix86+x86_64 0.44-2 12.00 82.00 94.00 NOTE
r-patched-linux-x86_64 0.44-2 1.93 43.60 45.54 OK
r-patched-solaris-sparc 0.44-2 442.50 NOTE
r-patched-solaris-x86 0.44-2 105.60 NOTE
r-release-linux-x86_64 0.44-2 1.82 42.36 44.18 OK
r-release-osx-x86_64-mavericks 0.44-2 OK
r-release-osx-x86_64-snowleopard 0.44-2 ERROR
r-release-windows-ix86+x86_64 0.44-2 10.00 114.00 124.00 NOTE
r-oldrel-windows-ix86+x86_64 0.44-2 13.00 134.00 147.00 NOTE

Check Details

Version: 0.44-2
Check: installed package size
Result: NOTE
     installed size is 5.0Mb
     sub-directories of 1Mb or more:
     doc 2.9Mb
     pdf 1.6Mb
Flavors: r-devel-windows-ix86+x86_64, r-patched-solaris-sparc, r-patched-solaris-x86, r-release-windows-ix86+x86_64, r-oldrel-windows-ix86+x86_64

Version: 0.44-2
Check: examples
Result: ERROR
    Running examples in ‘clusterSim-Ex.R’ failed
    The error most likely occurred in:
    
    > ### Name: shapes.blocks3d
    > ### Title: Generation of data set containing two clusters with untypical
    > ### shapes (cube divided into two parts by main diagonal plane)
    > ### Aliases: shapes.blocks3d
    > ### Keywords: cluster,dataset
    >
    > ### ** Examples
    >
    > library(clusterSim)
    > library(rgl)
    > sb3d<-shapes.blocks3d(300,1,3,3,3)
    > plot3d(sb3d$data,col=rainbow(2)[sb3d$clusters])
    Wed Apr 29 08:29:38 hagal.research.att.com R[86806] <Error>: unknown error code: invalid pixel format
    Wed Apr 29 08:29:38 hagal.research.att.com R[86806] <Error>: kCGErrorFailure: Set a breakpoint @ CGErrorBreakpoint() to catch errors as they are logged.
    X Error of failed request: GLXBadContext
     Major opcode of failed request: 0 ()
     Serial number of failed request: 27
     Current serial number in output stream: 27
Flavor: r-release-osx-x86_64-snowleopard