CRAN Package Check Results for Package clusterSim

Last updated on 2015-01-25 17:47:58.

Flavor Version Tinstall Tcheck Ttotal Status Flags
r-devel-linux-x86_64-debian-clang 0.44-1 1.98 45.64 47.62 OK
r-devel-linux-x86_64-debian-gcc 0.44-1 1.97 44.72 46.69 OK
r-devel-linux-x86_64-fedora-clang 0.44-1 93.11 OK
r-devel-linux-x86_64-fedora-gcc 0.44-1 90.09 OK
r-devel-osx-x86_64-clang 0.44-1 73.85 OK
r-devel-windows-ix86+x86_64 0.44-1 12.00 88.00 100.00 OK
r-patched-linux-x86_64 0.44-1 2.04 47.45 49.49 OK
r-patched-solaris-sparc 0.44-1 537.20 OK
r-patched-solaris-x86 0.44-1 110.00 OK
r-release-linux-ix86 0.44-1 2.76 54.75 57.50 OK
r-release-linux-x86_64 0.44-1 2.01 46.29 48.30 OK
r-release-osx-x86_64-mavericks 0.44-1 OK
r-release-osx-x86_64-snowleopard 0.44-1 ERROR
r-release-windows-ix86+x86_64 0.44-1 11.00 95.00 106.00 OK
r-oldrel-windows-ix86+x86_64 0.44-1 10.00 101.00 111.00 OK

Check Details

Version: 0.44-1
Check: examples
Result: ERROR
    Running examples in ‘clusterSim-Ex.R’ failed
    The error most likely occurred in:
    
    > ### Name: shapes.blocks3d
    > ### Title: Generation of data set containing two clusters with untypical
    > ### shapes (cube divided into two parts by main diagonal plane)
    > ### Aliases: shapes.blocks3d
    > ### Keywords: cluster,dataset
    >
    > ### ** Examples
    >
    > library(clusterSim)
    > library(rgl)
    > sb3d<-shapes.blocks3d(300,1,3,3,3)
    > plot3d(sb3d$data,col=rainbow(2)[sb3d$clusters])
    Sat Jan 24 08:52:28 hagal.research.att.com R[19244] <Error>: unknown error code: invalid pixel format
    Sat Jan 24 08:52:28 hagal.research.att.com R[19244] <Error>: kCGErrorFailure: Set a breakpoint @ CGErrorBreakpoint() to catch errors as they are logged.
    X Error of failed request: GLXBadContext
     Major opcode of failed request: 0 ()
     Serial number of failed request: 27
     Current serial number in output stream: 27
Flavor: r-release-osx-x86_64-snowleopard