CRAN Package Check Results for Package clusterSim

Last updated on 2017-10-21 22:46:32.

Flavor Version Tinstall Tcheck Ttotal Status Flags
r-devel-linux-x86_64-debian-clang 0.46-2 2.58 60.14 62.72 OK
r-devel-linux-x86_64-debian-gcc 0.46-2 2.74 64.63 67.37 OK
r-devel-linux-x86_64-fedora-clang 0.46-2 116.90 NOTE
r-devel-linux-x86_64-fedora-gcc 0.46-2 125.63 NOTE
r-devel-windows-ix86+x86_64 0.46-2 14.00 123.00 137.00 NOTE
r-patched-linux-x86_64 0.46-2 2.62 57.99 60.61 OK
r-patched-solaris-x86 0.46-2 129.60 NOTE
r-release-linux-x86_64 0.46-2 2.68 58.74 61.41 OK
r-release-windows-ix86+x86_64 0.46-2 19.00 119.00 138.00 NOTE
r-release-osx-x86_64 0.46-2 NOTE
r-oldrel-windows-ix86+x86_64 0.46-2 9.00 143.00 152.00 NOTE
r-oldrel-osx-x86_64 0.46-2 NOTE

Check Details

Version: 0.46-2
Check: installed package size
Result: NOTE
     installed size is 5.5Mb
     sub-directories of 1Mb or more:
     doc 2.9Mb
     pdf 2.2Mb
Flavors: r-devel-linux-x86_64-fedora-clang, r-devel-linux-x86_64-fedora-gcc, r-devel-windows-ix86+x86_64, r-patched-solaris-x86, r-release-windows-ix86+x86_64, r-release-osx-x86_64, r-oldrel-windows-ix86+x86_64, r-oldrel-osx-x86_64