CRAN Package Check Results for Package clusterSim

Last updated on 2018-05-28 08:48:31 CEST.

Flavor Version Tinstall Tcheck Ttotal Status Flags
r-devel-linux-x86_64-debian-clang 0.47-1 10.97 85.59 96.56 OK
r-devel-linux-x86_64-debian-gcc 0.47-1 8.80 71.07 79.87 OK
r-devel-linux-x86_64-fedora-clang 0.47-1 121.71 NOTE
r-devel-linux-x86_64-fedora-gcc 0.47-1 117.98 NOTE
r-devel-windows-ix86+x86_64 0.47-1 18.00 139.00 157.00 NOTE
r-patched-linux-x86_64 0.47-1 9.37 90.14 99.51 OK
r-patched-solaris-x86 0.47-1 146.50 NOTE
r-release-linux-x86_64 0.47-1 8.73 92.45 101.18 OK
r-release-windows-ix86+x86_64 0.47-1 25.00 176.00 201.00 NOTE
r-release-osx-x86_64 0.47-1 NOTE
r-oldrel-windows-ix86+x86_64 0.47-1 20.00 129.00 149.00 NOTE
r-oldrel-osx-x86_64 0.47-1 NOTE

Check Details

Version: 0.47-1
Check: installed package size
Result: NOTE
     installed size is 5.7Mb
     sub-directories of 1Mb or more:
     doc 2.9Mb
     pdf 2.2Mb
Flavors: r-devel-linux-x86_64-fedora-clang, r-devel-linux-x86_64-fedora-gcc, r-devel-windows-ix86+x86_64, r-patched-solaris-x86, r-release-windows-ix86+x86_64, r-release-osx-x86_64, r-oldrel-windows-ix86+x86_64, r-oldrel-osx-x86_64