CRAN Package Check Results for Package clusterSim

Last updated on 2017-02-20 13:50:41.

Flavor Version Tinstall Tcheck Ttotal Status Flags
r-devel-linux-x86_64-debian-clang 0.45-1 2.56 57.77 60.33 NOTE
r-devel-linux-x86_64-debian-gcc 0.45-1 2.49 56.85 59.34 NOTE
r-devel-linux-x86_64-fedora-clang 0.45-1 108.67 NOTE --no-stop-on-test-error
r-devel-linux-x86_64-fedora-gcc 0.45-1 106.58 NOTE --no-stop-on-test-error
r-devel-macos-x86_64-clang 0.45-1 75.58 NOTE --no-stop-on-test-error
r-devel-windows-ix86+x86_64 0.45-1 24.00 166.00 190.00 NOTE
r-patched-linux-x86_64 0.45-1 2.95 53.40 56.35 OK
r-patched-solaris-sparc 0.45-1 583.90 NOTE
r-patched-solaris-x86 0.45-1 108.90 NOTE
r-release-linux-x86_64 0.45-1 2.78 53.90 56.68 OK
r-release-osx-x86_64-mavericks 0.45-1 NOTE
r-release-windows-ix86+x86_64 0.45-1 11.00 106.00 117.00 NOTE
r-oldrel-windows-ix86+x86_64 0.45-1 13.00 112.00 125.00 NOTE

Check Details

Version: 0.45-1
Check: compiled code
Result: NOTE
    File ‘clusterSim/libs/clusterSim.so’:
     Found no calls to: ‘R_registerRoutines’, ‘R_useDynamicSymbols’
    
    It is good practice to register native routines and to disable symbol
    search.
    
    See ‘Writing portable packages’ in the ‘Writing R Extensions’ manual.
Flavors: r-devel-linux-x86_64-debian-clang, r-devel-linux-x86_64-debian-gcc

Version: 0.45-1
Flags: --no-stop-on-test-error
Check: installed package size
Result: NOTE
     installed size is 5.5Mb
     sub-directories of 1Mb or more:
     doc 2.9Mb
     pdf 2.2Mb
Flavors: r-devel-linux-x86_64-fedora-clang, r-devel-linux-x86_64-fedora-gcc, r-devel-macos-x86_64-clang

Version: 0.45-1
Flags: --no-stop-on-test-error
Check: compiled code
Result: NOTE
    File ‘clusterSim/libs/clusterSim.so’:
     Found no calls to: ‘R_registerRoutines’, ‘R_useDynamicSymbols’
    
    It is good practice to register native routines and to disable symbol
    search.
    
    See ‘Writing portable packages’ in the ‘Writing R Extensions’ manual.
Flavors: r-devel-linux-x86_64-fedora-clang, r-devel-linux-x86_64-fedora-gcc, r-devel-macos-x86_64-clang

Version: 0.45-1
Check: installed package size
Result: NOTE
     installed size is 5.8Mb
     sub-directories of 1Mb or more:
     doc 2.9Mb
     pdf 2.2Mb
Flavors: r-devel-windows-ix86+x86_64, r-patched-solaris-sparc, r-patched-solaris-x86, r-release-osx-x86_64-mavericks, r-release-windows-ix86+x86_64, r-oldrel-windows-ix86+x86_64