CRAN Package Check Results for Package clusterSim

Last updated on 2019-04-22 18:47:01 CEST.

Flavor Version Tinstall Tcheck Ttotal Status Flags
r-devel-linux-x86_64-debian-clang 0.47-3 27.41 226.72 254.13 OK
r-devel-linux-x86_64-debian-gcc 0.47-3 22.70 177.76 200.46 OK
r-devel-linux-x86_64-fedora-clang 0.47-3 297.94 NOTE
r-devel-linux-x86_64-fedora-gcc 0.47-3 288.56 OK
r-devel-windows-ix86+x86_64 0.47-3 75.00 322.00 397.00 NOTE
r-patched-linux-x86_64 0.47-3 26.19 227.76 253.95 OK
r-patched-solaris-x86 0.47-3 417.40 NOTE
r-release-linux-x86_64 0.47-3 17.28 219.47 236.75 OK
r-release-windows-ix86+x86_64 0.47-3 39.00 416.00 455.00 NOTE
r-release-osx-x86_64 0.47-3 NOTE
r-oldrel-windows-ix86+x86_64 0.47-1 13.00 136.00 149.00 NOTE
r-oldrel-osx-x86_64 0.47-3 ERROR

Check Details

Version: 0.47-3
Check: installed package size
Result: NOTE
     installed size is 5.7Mb
     sub-directories of 1Mb or more:
     doc 2.9Mb
     pdf 2.2Mb
Flavors: r-devel-linux-x86_64-fedora-clang, r-devel-windows-ix86+x86_64, r-patched-solaris-x86, r-release-windows-ix86+x86_64, r-release-osx-x86_64

Version: 0.47-1
Check: installed package size
Result: NOTE
     installed size is 5.8Mb
     sub-directories of 1Mb or more:
     doc 2.9Mb
     pdf 2.2Mb
Flavor: r-oldrel-windows-ix86+x86_64

Version: 0.47-3
Check: whether package can be installed
Result: ERROR
    Installation failed.
Flavor: r-oldrel-osx-x86_64