CRAN Package Check Results for Package clusterSim

Last updated on 2017-03-23 23:50:35.

Flavor Version Tinstall Tcheck Ttotal Status Flags
r-devel-linux-x86_64-debian-clang 0.45-1 2.86 58.41 61.26 NOTE
r-devel-linux-x86_64-debian-gcc 0.45-1 2.48 56.57 59.05 NOTE
r-devel-linux-x86_64-fedora-clang 0.45-1 110.94 NOTE --no-stop-on-test-error
r-devel-linux-x86_64-fedora-gcc 0.45-1 107.47 NOTE --no-stop-on-test-error
r-devel-macos-x86_64-clang 0.45-1 74.66 NOTE --no-stop-on-test-error
r-devel-windows-ix86+x86_64 0.45-1 12.00 107.00 119.00 NOTE
r-patched-linux-x86_64 0.45-1 2.46 53.77 56.22 OK
r-patched-solaris-sparc 0.45-1 609.80 NOTE
r-patched-solaris-x86 0.45-1 121.70 NOTE
r-release-linux-x86_64 0.45-1 2.64 52.26 54.90 OK
r-release-osx-x86_64-mavericks 0.45-1 NOTE
r-release-windows-ix86+x86_64 0.45-1 19.00 99.00 118.00 NOTE
r-oldrel-windows-ix86+x86_64 0.45-1 15.00 164.00 179.00 NOTE

Check Details

Version: 0.45-1
Check: compiled code
Result: NOTE
    File ‘clusterSim/libs/clusterSim.so’:
     Found no calls to: ‘R_registerRoutines’, ‘R_useDynamicSymbols’
    
    It is good practice to register native routines and to disable symbol
    search.
    
    See ‘Writing portable packages’ in the ‘Writing R Extensions’ manual.
Flavors: r-devel-linux-x86_64-debian-clang, r-devel-linux-x86_64-debian-gcc

Version: 0.45-1
Flags: --no-stop-on-test-error
Check: installed package size
Result: NOTE
     installed size is 5.5Mb
     sub-directories of 1Mb or more:
     doc 2.9Mb
     pdf 2.2Mb
Flavors: r-devel-linux-x86_64-fedora-clang, r-devel-linux-x86_64-fedora-gcc, r-devel-macos-x86_64-clang

Version: 0.45-1
Flags: --no-stop-on-test-error
Check: compiled code
Result: NOTE
    File ‘clusterSim/libs/clusterSim.so’:
     Found no calls to: ‘R_registerRoutines’, ‘R_useDynamicSymbols’
    
    It is good practice to register native routines and to disable symbol
    search.
    
    See ‘Writing portable packages’ in the ‘Writing R Extensions’ manual.
Flavors: r-devel-linux-x86_64-fedora-clang, r-devel-linux-x86_64-fedora-gcc, r-devel-macos-x86_64-clang

Version: 0.45-1
Check: installed package size
Result: NOTE
     installed size is 5.8Mb
     sub-directories of 1Mb or more:
     doc 2.9Mb
     pdf 2.2Mb
Flavors: r-devel-windows-ix86+x86_64, r-patched-solaris-sparc, r-patched-solaris-x86, r-release-osx-x86_64-mavericks, r-release-windows-ix86+x86_64, r-oldrel-windows-ix86+x86_64