CRAN Package Check Results for Package clusterSim

Last updated on 2019-08-24 22:46:22 CEST.

Flavor Version Tinstall Tcheck Ttotal Status Flags
r-devel-linux-x86_64-debian-clang 0.47-4 11.87 95.69 107.56 NOTE
r-devel-linux-x86_64-debian-gcc 0.47-4 9.93 73.92 83.85 NOTE
r-devel-linux-x86_64-fedora-clang 0.47-4 125.26 NOTE
r-devel-linux-x86_64-fedora-gcc 0.47-4 123.32 NOTE
r-devel-windows-ix86+x86_64 0.47-4 21.00 196.00 217.00 NOTE
r-patched-linux-x86_64 0.47-4 10.62 94.20 104.82 OK
r-patched-solaris-x86 0.47-4 151.80 NOTE
r-release-linux-x86_64 0.47-4 12.21 95.12 107.33 OK
r-release-windows-ix86+x86_64 0.47-4 25.00 192.00 217.00 NOTE
r-release-osx-x86_64 0.47-4 NOTE
r-oldrel-windows-ix86+x86_64 0.47-4 33.00 169.00 202.00 NOTE
r-oldrel-osx-x86_64 0.47-4 NOTE

Check Details

Version: 0.47-4
Check: for non-standard things in the check directory
Result: NOTE
    Found the following files/directories:
     'DB_res.csv' 'G1_res.csv' 'G2_res.csv' 'G3_res.csv' 'H_res.csv'
     'KL_res.csv' 'S_res.csv' 'data14.csv'
Flavors: r-devel-linux-x86_64-debian-clang, r-devel-linux-x86_64-debian-gcc, r-devel-linux-x86_64-fedora-clang, r-devel-linux-x86_64-fedora-gcc

Version: 0.47-4
Check: installed package size
Result: NOTE
     installed size is 5.7Mb
     sub-directories of 1Mb or more:
     doc 2.9Mb
     pdf 2.2Mb
Flavors: r-devel-linux-x86_64-fedora-clang, r-devel-windows-ix86+x86_64, r-patched-solaris-x86, r-release-windows-ix86+x86_64, r-release-osx-x86_64, r-oldrel-windows-ix86+x86_64, r-oldrel-osx-x86_64