CRAN Package Check Results for Package clusterSim

Last updated on 2016-12-10 02:47:53.

Flavor Version Tinstall Tcheck Ttotal Status Flags
r-devel-linux-x86_64-debian-clang 0.45-1 2.62 58.40 61.01 OK
r-devel-linux-x86_64-debian-gcc 0.45-1 2.78 58.47 61.26 OK
r-devel-linux-x86_64-fedora-clang 0.45-1 119.56 NOTE --no-stop-on-test-error
r-devel-linux-x86_64-fedora-gcc 0.45-1 111.73 NOTE --no-stop-on-test-error
r-devel-macos-x86_64-clang 0.45-1 75.41 NOTE --no-stop-on-test-error
r-devel-windows-ix86+x86_64 0.45-1 12.00 156.00 168.00 NOTE
r-patched-linux-x86_64 0.45-1 2.51 51.72 54.23 OK
r-patched-solaris-sparc 0.45-1 551.50 NOTE
r-patched-solaris-x86 0.45-1 109.20 NOTE
r-release-linux-x86_64 0.45-1 2.46 52.64 55.10 OK
r-release-osx-x86_64-mavericks 0.45-1 NOTE
r-release-windows-ix86+x86_64 0.45-1 11.00 114.00 125.00 NOTE
r-oldrel-windows-ix86+x86_64 0.45-1 19.00 116.00 135.00 NOTE

Check Details

Version: 0.45-1
Flags: --no-stop-on-test-error
Check: installed package size
Result: NOTE
     installed size is 5.5Mb
     sub-directories of 1Mb or more:
     doc 2.9Mb
     pdf 2.2Mb
Flavors: r-devel-linux-x86_64-fedora-clang, r-devel-linux-x86_64-fedora-gcc, r-devel-macos-x86_64-clang

Version: 0.45-1
Check: installed package size
Result: NOTE
     installed size is 5.8Mb
     sub-directories of 1Mb or more:
     doc 2.9Mb
     pdf 2.2Mb
Flavors: r-devel-windows-ix86+x86_64, r-patched-solaris-sparc, r-patched-solaris-x86, r-release-osx-x86_64-mavericks, r-release-windows-ix86+x86_64, r-oldrel-windows-ix86+x86_64