CRAN Package Check Results for Package clusterSim

Last updated on 2017-01-20 19:46:51.

Flavor Version Tinstall Tcheck Ttotal Status Flags
r-devel-linux-x86_64-debian-clang 0.45-1 2.74 57.36 60.10 OK
r-devel-linux-x86_64-debian-gcc 0.45-1 3.19 57.30 60.49 OK
r-devel-linux-x86_64-fedora-clang 0.45-1 107.65 NOTE --no-stop-on-test-error
r-devel-linux-x86_64-fedora-gcc 0.45-1 106.69 NOTE --no-stop-on-test-error
r-devel-macos-x86_64-clang 0.45-1 75.56 NOTE --no-stop-on-test-error
r-devel-windows-ix86+x86_64 0.45-1 16.00 136.00 152.00 NOTE
r-patched-linux-x86_64 0.45-1 2.59 51.30 53.90 OK
r-patched-solaris-sparc 0.45-1 583.90 NOTE
r-patched-solaris-x86 0.45-1 107.80 NOTE
r-release-linux-x86_64 0.45-1 2.55 52.22 54.78 OK
r-release-osx-x86_64-mavericks 0.45-1 NOTE
r-release-windows-ix86+x86_64 0.45-1 13.00 111.00 124.00 NOTE
r-oldrel-windows-ix86+x86_64 0.45-1 22.00 250.00 272.00 NOTE

Check Details

Version: 0.45-1
Flags: --no-stop-on-test-error
Check: installed package size
Result: NOTE
     installed size is 5.5Mb
     sub-directories of 1Mb or more:
     doc 2.9Mb
     pdf 2.2Mb
Flavors: r-devel-linux-x86_64-fedora-clang, r-devel-linux-x86_64-fedora-gcc, r-devel-macos-x86_64-clang

Version: 0.45-1
Check: installed package size
Result: NOTE
     installed size is 5.8Mb
     sub-directories of 1Mb or more:
     doc 2.9Mb
     pdf 2.2Mb
Flavors: r-devel-windows-ix86+x86_64, r-patched-solaris-sparc, r-patched-solaris-x86, r-release-osx-x86_64-mavericks, r-release-windows-ix86+x86_64, r-oldrel-windows-ix86+x86_64