CRAN Package Check Results for Package clusterSim

Last updated on 2015-03-29 17:51:30.

Flavor Version Tinstall Tcheck Ttotal Status Flags
r-devel-linux-x86_64-debian-clang 0.44-2 1.94 42.63 44.56 OK
r-devel-linux-x86_64-debian-gcc 0.44-2 1.74 40.68 42.42 OK
r-devel-linux-x86_64-fedora-clang 0.44-2 86.60 OK
r-devel-linux-x86_64-fedora-gcc 0.44-2 83.18 OK
r-devel-osx-x86_64-clang 0.44-2 72.91 OK
r-prerel-windows-ix86+x86_64 0.44-2 14.00 86.00 100.00 NOTE
r-prerel-linux-x86_64 0.44-2 1.85 40.85 42.70 OK
r-prerel-solaris-sparc 0.44-2 442.50 NOTE
r-prerel-solaris-x86 0.44-2 97.90 NOTE
r-release-linux-x86_64 0.44-2 2.16 47.38 49.53 OK
r-release-osx-x86_64-mavericks 0.44-2 OK
r-release-osx-x86_64-snowleopard 0.44-2 ERROR
r-release-windows-ix86+x86_64 0.44-2 12.00 100.00 112.00 NOTE
r-oldrel-windows-ix86+x86_64 0.44-2 11.00 101.00 112.00 NOTE

Check Details

Version: 0.44-2
Check: installed package size
Result: NOTE
     installed size is 5.0Mb
     sub-directories of 1Mb or more:
     doc 2.9Mb
     pdf 1.6Mb
Flavors: r-prerel-windows-ix86+x86_64, r-prerel-solaris-sparc, r-prerel-solaris-x86, r-release-windows-ix86+x86_64, r-oldrel-windows-ix86+x86_64

Version: 0.44-2
Check: examples
Result: ERROR
    Running examples in ‘clusterSim-Ex.R’ failed
    The error most likely occurred in:
    
    > ### Name: shapes.blocks3d
    > ### Title: Generation of data set containing two clusters with untypical
    > ### shapes (cube divided into two parts by main diagonal plane)
    > ### Aliases: shapes.blocks3d
    > ### Keywords: cluster,dataset
    >
    > ### ** Examples
    >
    > library(clusterSim)
    > library(rgl)
    > sb3d<-shapes.blocks3d(300,1,3,3,3)
    > plot3d(sb3d$data,col=rainbow(2)[sb3d$clusters])
    Sun Mar 29 02:56:23 hagal.research.att.com R[58667] <Error>: unknown error code: invalid pixel format
    Sun Mar 29 02:56:23 hagal.research.att.com R[58667] <Error>: kCGErrorFailure: Set a breakpoint @ CGErrorBreakpoint() to catch errors as they are logged.
    X Error of failed request: GLXBadContext
     Major opcode of failed request: 0 ()
     Serial number of failed request: 27
     Current serial number in output stream: 27
Flavor: r-release-osx-x86_64-snowleopard