CRAN Package Check Results for Package clustergas

Last updated on 2014-11-21 19:47:57.

Flavor Version Tinstall Tcheck Ttotal Status Flags
r-devel-linux-x86_64-debian-clang 1.0 1.00 25.04 26.04 NOTE
r-devel-linux-x86_64-debian-gcc 1.0 0.91 23.96 24.87 NOTE
r-devel-linux-x86_64-fedora-clang 1.0 51.21 NOTE
r-devel-linux-x86_64-fedora-gcc 1.0 48.34 NOTE
r-devel-osx-x86_64-clang 1.0 48.87 NOTE
r-devel-windows-ix86+x86_64 1.0 3.00 42.00 45.00 NOTE
r-patched-linux-x86_64 1.0 1.01 24.31 25.32 NOTE
r-patched-solaris-sparc 1.0 307.30 NOTE
r-patched-solaris-x86 1.0 62.70 NOTE
r-release-linux-ix86 1.0 1.22 31.01 32.23 NOTE
r-release-linux-x86_64 1.0 0.93 24.68 25.60 NOTE
r-release-osx-x86_64-mavericks 1.0 NOTE
r-release-windows-ix86+x86_64 1.0 4.00 38.00 42.00 NOTE
r-oldrel-windows-ix86+x86_64 1.0 3.00 40.00 43.00 NOTE

Check Details

Version: 1.0
Check: dependencies in R code
Result: NOTE
    Package in Depends field not imported from: ‘cluster’
     These packages need to be imported from (in the NAMESPACE file)
     for when this namespace is loaded but not attached.
    See the information on DESCRIPTION files in the chapter ‘Creating R
    packages’ of the ‘Writing R Extensions’ manual.
Flavors: r-devel-linux-x86_64-debian-clang, r-devel-linux-x86_64-debian-gcc, r-devel-linux-x86_64-fedora-clang, r-devel-linux-x86_64-fedora-gcc, r-devel-osx-x86_64-clang, r-devel-windows-ix86+x86_64, r-patched-linux-x86_64, r-patched-solaris-sparc, r-patched-solaris-x86, r-release-linux-ix86, r-release-linux-x86_64, r-release-osx-x86_64-mavericks, r-release-windows-ix86+x86_64, r-oldrel-windows-ix86+x86_64