CRAN Package Check Results for Package clustergas

Last updated on 2014-12-19 09:50:52.

Flavor Version Tinstall Tcheck Ttotal Status Flags
r-devel-linux-x86_64-debian-clang 1.0 0.94 25.07 26.01 NOTE
r-devel-linux-x86_64-debian-gcc 1.0 0.90 23.53 24.43 NOTE
r-devel-linux-x86_64-fedora-clang 1.0 52.28 NOTE
r-devel-linux-x86_64-fedora-gcc 1.0 44.32 NOTE
r-devel-osx-x86_64-clang 1.0 48.16 NOTE
r-devel-windows-ix86+x86_64 1.0 4.00 41.00 45.00 NOTE
r-patched-linux-x86_64 1.0 1.01 24.98 26.00 NOTE
r-patched-solaris-sparc 1.0 307.30 NOTE
r-patched-solaris-x86 1.0 62.10 NOTE
r-release-linux-ix86 1.0 1.22 31.34 32.57 NOTE
r-release-linux-x86_64 1.0 0.96 24.67 25.63 NOTE
r-release-osx-x86_64-mavericks 1.0 NOTE
r-release-windows-ix86+x86_64 1.0 4.00 42.00 46.00 NOTE
r-oldrel-windows-ix86+x86_64 1.0 3.00 43.00 46.00 NOTE

Check Details

Version: 1.0
Check: dependencies in R code
Result: NOTE
    Package in Depends field not imported from: ‘cluster’
     These packages need to be imported from (in the NAMESPACE file)
     for when this namespace is loaded but not attached.
    See the information on DESCRIPTION files in the chapter ‘Creating R
    packages’ of the ‘Writing R Extensions’ manual.
Flavors: r-devel-linux-x86_64-debian-clang, r-devel-linux-x86_64-debian-gcc, r-devel-linux-x86_64-fedora-clang, r-devel-linux-x86_64-fedora-gcc, r-devel-osx-x86_64-clang, r-devel-windows-ix86+x86_64, r-patched-linux-x86_64, r-patched-solaris-sparc, r-patched-solaris-x86, r-release-linux-ix86, r-release-linux-x86_64, r-release-osx-x86_64-mavericks, r-release-windows-ix86+x86_64, r-oldrel-windows-ix86+x86_64