CRAN Package Check Results for Package clustergas

Last updated on 2015-04-26 10:48:06.

Flavor Version Tinstall Tcheck Ttotal Status Flags
r-devel-linux-x86_64-debian-clang 1.0 0.87 24.08 24.95 NOTE
r-devel-linux-x86_64-debian-gcc 1.0 0.92 24.00 24.92 NOTE
r-devel-linux-x86_64-fedora-clang 1.0 48.52 NOTE
r-devel-linux-x86_64-fedora-gcc 1.0 45.73 NOTE
r-devel-osx-x86_64-clang 1.0 44.07 NOTE
r-devel-windows-ix86+x86_64 1.0 5.00 37.00 42.00 NOTE
r-patched-linux-x86_64 1.0 0.87 23.39 24.26 NOTE
r-patched-solaris-sparc 1.0 308.10 NOTE
r-patched-solaris-x86 1.0 58.80 NOTE
r-release-linux-x86_64 1.0 0.85 23.00 23.85 NOTE
r-release-osx-x86_64-mavericks 1.0 NOTE
r-release-osx-x86_64-snowleopard 1.0 NOTE
r-release-windows-ix86+x86_64 1.0 4.00 37.00 41.00 NOTE
r-oldrel-windows-ix86+x86_64 1.0 3.00 37.00 40.00 NOTE

Check Details

Version: 1.0
Check: dependencies in R code
Result: NOTE
    Package in Depends field not imported from: ‘cluster’
     These packages need to be imported from (in the NAMESPACE file)
     for when this namespace is loaded but not attached.
Flavors: r-devel-linux-x86_64-fedora-clang, r-devel-linux-x86_64-fedora-gcc, r-devel-osx-x86_64-clang, r-devel-windows-ix86+x86_64, r-release-osx-x86_64-mavericks, r-release-windows-ix86+x86_64, r-oldrel-windows-ix86+x86_64

Version: 1.0
Check: S3 generic/method consistency
Result: NOTE
    Found the following apparent S3 methods exported but not registered:
     silhouette.clust silhouette.mean
    See section ‘Registering S3 methods’ in the ‘Writing R Extensions’
    manual.
Flavors: r-devel-linux-x86_64-fedora-clang, r-devel-linux-x86_64-fedora-gcc, r-devel-osx-x86_64-clang