CRAN Package Check Results for Package clustergas

Last updated on 2015-01-31 11:51:41.

Flavor Version Tinstall Tcheck Ttotal Status Flags
r-devel-linux-x86_64-debian-clang 1.0 0.92 22.79 23.71 NOTE
r-devel-linux-x86_64-debian-gcc 1.0 0.84 23.48 24.32 NOTE
r-devel-linux-x86_64-fedora-clang 1.0 50.18 NOTE
r-devel-linux-x86_64-fedora-gcc 1.0 48.28 NOTE
r-devel-osx-x86_64-clang 1.0 46.98 NOTE
r-devel-windows-ix86+x86_64 1.0 6.00 38.00 44.00 NOTE
r-patched-linux-x86_64 1.0 1.34 25.51 26.86 NOTE
r-patched-solaris-sparc 1.0 313.20 NOTE
r-patched-solaris-x86 1.0 62.20 NOTE
r-release-linux-ix86 1.0 1.23 31.66 32.90 NOTE
r-release-linux-x86_64 1.0 0.93 24.52 25.45 NOTE
r-release-osx-x86_64-mavericks 1.0 NOTE
r-release-windows-ix86+x86_64 1.0 4.00 44.00 48.00 NOTE
r-oldrel-windows-ix86+x86_64 1.0 4.00 43.00 47.00 NOTE

Check Details

Version: 1.0
Check: dependencies in R code
Result: NOTE
    Package in Depends field not imported from: ‘cluster’
     These packages need to be imported from (in the NAMESPACE file)
     for when this namespace is loaded but not attached.
Flavors: r-devel-linux-x86_64-debian-clang, r-devel-linux-x86_64-debian-gcc, r-devel-linux-x86_64-fedora-clang, r-devel-linux-x86_64-fedora-gcc, r-devel-osx-x86_64-clang, r-devel-windows-ix86+x86_64

Version: 1.0
Check: S3 generic/method consistency
Result: NOTE
    Found the following apparent S3 methods exported but not registered:
     silhouette.clust silhouette.mean
    See section ‘Registering S3 methods’ in the ‘Writing R Extensions’
    manual.
Flavors: r-devel-linux-x86_64-debian-clang, r-devel-linux-x86_64-debian-gcc, r-devel-linux-x86_64-fedora-clang, r-devel-linux-x86_64-fedora-gcc, r-devel-osx-x86_64-clang

Version: 1.0
Check: dependencies in R code
Result: NOTE
    Package in Depends field not imported from: ‘cluster’
     These packages need to be imported from (in the NAMESPACE file)
     for when this namespace is loaded but not attached.
    See the information on DESCRIPTION files in the chapter ‘Creating R
    packages’ of the ‘Writing R Extensions’ manual.
Flavors: r-patched-linux-x86_64, r-patched-solaris-sparc, r-patched-solaris-x86, r-release-linux-ix86, r-release-linux-x86_64, r-release-osx-x86_64-mavericks, r-release-windows-ix86+x86_64, r-oldrel-windows-ix86+x86_64