CRAN Package Check Results for Package clustergas

Last updated on 2014-07-25 17:47:58.

Flavor Version Tinstall Tcheck Ttotal Status Flags
r-devel-linux-x86_64-debian-clang 1.0 0.96 24.78 25.74 NOTE
r-devel-linux-x86_64-debian-gcc 1.0 0.89 23.71 24.60 NOTE
r-devel-linux-x86_64-fedora-clang 1.0 51.13 NOTE
r-devel-linux-x86_64-fedora-gcc 1.0 47.81 NOTE
r-devel-osx-x86_64-clang 1.0 45.82 NOTE
r-devel-windows-ix86+x86_64 1.0 3.00 41.00 44.00 NOTE
r-patched-linux-x86_64 1.0 0.87 23.61 24.48 NOTE
r-patched-solaris-sparc 1.0 302.50 NOTE
r-patched-solaris-x86 1.0 61.30 NOTE
r-release-linux-ix86 1.0 1.27 32.14 33.42 NOTE
r-release-linux-x86_64 1.0 0.89 24.30 25.18 NOTE
r-release-osx-x86_64-mavericks 1.0 NOTE
r-release-windows-ix86+x86_64 1.0 4.00 40.00 44.00 NOTE
r-oldrel-windows-ix86+x86_64 1.0 4.00 39.00 43.00 NOTE

Check Details

Version: 1.0
Check: dependencies in R code
Result: NOTE
    Package in Depends field not imported from: ‘cluster’
     These packages need to be imported from (in the NAMESPACE file)
     for when this namespace is loaded but not attached.
    See the information on DESCRIPTION files in the chapter ‘Creating R
    packages’ of the ‘Writing R Extensions’ manual.
Flavors: r-devel-linux-x86_64-debian-clang, r-devel-linux-x86_64-debian-gcc, r-devel-linux-x86_64-fedora-clang, r-devel-linux-x86_64-fedora-gcc, r-devel-osx-x86_64-clang, r-devel-windows-ix86+x86_64, r-patched-linux-x86_64, r-patched-solaris-sparc, r-patched-solaris-x86, r-release-linux-ix86, r-release-linux-x86_64, r-release-osx-x86_64-mavericks, r-release-windows-ix86+x86_64, r-oldrel-windows-ix86+x86_64