CRAN Package Check Results for Package clustergas

Last updated on 2014-04-23 12:48:15.

Flavor Version Tinstall Tcheck Ttotal Status Flags
r-devel-linux-x86_64-debian-clang 1.0 0.99 24.90 25.89 NOTE
r-devel-linux-x86_64-debian-gcc 1.0 0.92 25.12 26.03 NOTE
r-devel-linux-x86_64-fedora-clang 1.0 51.04 NOTE
r-devel-linux-x86_64-fedora-gcc 1.0 48.51 NOTE
r-devel-osx-x86_64-clang 1.0 41.93 NOTE
r-devel-osx-x86_64-gcc 1.0 NOTE
r-devel-windows-ix86+x86_64 1.0 3.00 38.00 41.00 NOTE
r-patched-linux-x86_64 1.0 0.91 26.12 27.02 NOTE
r-patched-solaris-sparc 1.0 302.50 NOTE
r-patched-solaris-x86 1.0 61.10 NOTE
r-release-linux-ix86 1.0 2.00 42.00 44.00 NOTE
r-release-linux-x86_64 1.0 0.92 25.12 26.04 NOTE
r-release-osx-x86_64-mavericks 1.0 WARN
r-release-windows-ix86+x86_64 1.0 3.00 40.00 43.00 NOTE
r-oldrel-windows-ix86+x86_64 1.0 3.00 43.00 46.00 NOTE

Check Details

Version: 1.0
Check: dependencies in R code
Result: NOTE
    Package in Depends field not imported from: ‘cluster’
     These packages need to be imported from (in the NAMESPACE file)
     for when this namespace is loaded but not attached.
    See the information on DESCRIPTION files in the chapter ‘Creating R
    packages’ of the ‘Writing R Extensions’ manual.
Flavors: r-devel-linux-x86_64-debian-clang, r-devel-linux-x86_64-debian-gcc, r-devel-linux-x86_64-fedora-clang, r-devel-linux-x86_64-fedora-gcc, r-devel-osx-x86_64-clang, r-devel-osx-x86_64-gcc, r-devel-windows-ix86+x86_64, r-patched-linux-x86_64, r-patched-solaris-sparc, r-patched-solaris-x86, r-release-linux-ix86, r-release-linux-x86_64, r-release-osx-x86_64-mavericks, r-release-windows-ix86+x86_64, r-oldrel-windows-ix86+x86_64

Version: 1.0
Check: PDF version of manual
Result: WARNING
    LaTeX errors when creating PDF version.
    This typically indicates Rd problems.
    LaTeX errors found:
    ! LaTeX Error: File `upquote.sty' not found.
    
    Type X to quit or <RETURN> to proceed,
    or enter new name. (Default extension: sty)
    
    6abb83b/Rd2.tex:8: ==> Fatal error occurred, no output PDF file produced!
Flavor: r-release-osx-x86_64-mavericks