CRAN Package Check Results for Package clustergas

Last updated on 2015-05-27 11:49:17.

Flavor Version Tinstall Tcheck Ttotal Status Flags
r-devel-linux-x86_64-debian-clang 1.0 0.86 23.88 24.74 NOTE
r-devel-linux-x86_64-debian-gcc 1.0 0.85 22.98 23.83 NOTE
r-devel-linux-x86_64-fedora-clang 1.0 47.56 NOTE
r-devel-linux-x86_64-fedora-gcc 1.0 45.18 NOTE
r-devel-osx-x86_64-clang 1.0 44.21 NOTE
r-devel-windows-ix86+x86_64 1.0 5.00 39.00 44.00 NOTE
r-patched-linux-x86_64 1.0 0.84 22.82 23.66 NOTE
r-patched-solaris-sparc 1.0 301.00 NOTE
r-patched-solaris-x86 1.0 59.50 NOTE
r-release-linux-x86_64 1.0 0.86 23.16 24.02 NOTE
r-release-osx-x86_64-mavericks 1.0 NOTE
r-release-osx-x86_64-snowleopard 1.0 NOTE
r-release-windows-ix86+x86_64 1.0 5.00 39.00 44.00 NOTE
r-oldrel-windows-ix86+x86_64 1.0 4.00 60.00 64.00 NOTE

Check Details

Version: 1.0
Check: dependencies in R code
Result: NOTE
    Package in Depends field not imported from: ‘cluster’
     These packages need to be imported from (in the NAMESPACE file)
     for when this namespace is loaded but not attached.
Flavors: r-devel-linux-x86_64-debian-clang, r-devel-linux-x86_64-debian-gcc, r-devel-linux-x86_64-fedora-clang, r-devel-linux-x86_64-fedora-gcc, r-devel-osx-x86_64-clang, r-devel-windows-ix86+x86_64, r-patched-linux-x86_64, r-patched-solaris-sparc, r-patched-solaris-x86, r-release-linux-x86_64, r-release-osx-x86_64-mavericks, r-release-osx-x86_64-snowleopard, r-release-windows-ix86+x86_64, r-oldrel-windows-ix86+x86_64

Version: 1.0
Check: S3 generic/method consistency
Result: NOTE
    Found the following apparent S3 methods exported but not registered:
     silhouette.clust silhouette.mean
    See section ‘Registering S3 methods’ in the ‘Writing R Extensions’
    manual.
Flavors: r-devel-linux-x86_64-debian-clang, r-devel-linux-x86_64-debian-gcc, r-devel-linux-x86_64-fedora-clang, r-devel-linux-x86_64-fedora-gcc, r-devel-osx-x86_64-clang, r-patched-linux-x86_64, r-patched-solaris-sparc, r-patched-solaris-x86, r-release-linux-x86_64