CRAN Package Check Results for Package clustering.sc.dp

Last updated on 2022-01-21 11:51:55 CET.

Flavor Version Tinstall Tcheck Ttotal Status Flags
r-devel-linux-x86_64-debian-clang 1.0 4.46 28.21 32.67 OK
r-devel-linux-x86_64-debian-gcc 1.0 3.79 22.58 26.37 OK
r-devel-linux-x86_64-fedora-clang 1.0 44.37 NOTE
r-devel-linux-x86_64-fedora-gcc 1.0 31.19 NOTE
r-devel-windows-x86_64-new-UL 1.0 62.00 61.00 123.00 OK
r-devel-windows-x86_64-new-TK 1.0 OK
r-patched-linux-x86_64 1.0 4.16 27.51 31.67 OK
r-release-linux-x86_64 1.0 4.39 27.72 32.11 OK
r-release-macos-arm64 1.0 OK
r-release-macos-x86_64 1.0 OK
r-release-windows-ix86+x86_64 1.0 13.00 37.00 50.00 OK
r-oldrel-macos-x86_64 1.0 OK
r-oldrel-windows-ix86+x86_64 1.0 11.00 39.00 50.00 OK

Check Details

Version: 1.0
Check: compiled code
Result: NOTE
    File ‘clustering.sc.dp/libs/clustering.sc.dp.so’:
     Found no calls to: ‘R_registerRoutines’, ‘R_useDynamicSymbols’
    
    It is good practice to register native routines and to disable symbol
    search.
    
    See ‘Writing portable packages’ in the ‘Writing R Extensions’ manual.
Flavors: r-devel-linux-x86_64-fedora-clang, r-devel-linux-x86_64-fedora-gcc