CRAN Package Check Results for Package clusternomics

Last updated on 2020-07-12 14:47:32 CEST.

Flavor Version Tinstall Tcheck Ttotal Status Flags
r-devel-linux-x86_64-debian-clang 0.1.1 3.80 858.75 862.55 ERROR
r-devel-linux-x86_64-debian-gcc 0.1.1 3.21 562.92 566.13 OK
r-devel-linux-x86_64-fedora-clang 0.1.1 997.49 OK
r-devel-linux-x86_64-fedora-gcc 0.1.1 963.10 OK
r-devel-windows-ix86+x86_64 0.1.1 11.00 64.00 75.00 OK --no-examples --no-tests --no-vignettes
r-patched-linux-x86_64 0.1.1 3.53 691.59 695.12 OK
r-patched-solaris-x86 0.1.1 944.00 OK
r-release-linux-x86_64 0.1.1 3.74 848.39 852.13 ERROR
r-release-macos-x86_64 0.1.1 OK
r-release-windows-ix86+x86_64 0.1.1 10.00 47.00 57.00 OK --no-examples --no-tests --no-vignettes
r-oldrel-macos-x86_64 0.1.1 OK
r-oldrel-windows-ix86+x86_64 0.1.1 9.00 64.00 73.00 OK --no-examples --no-tests --no-vignettes

Check Details

Version: 0.1.1
Check: tests
Result: ERROR
     Running 'testthat.R' [10m/11m]
    Running the tests in 'tests/testthat.R' failed.
    Complete output:
     > library(testthat)
     > library(clusternomics)
     >
     > test_check("clusternomics")
     Killed
Flavors: r-devel-linux-x86_64-debian-clang, r-release-linux-x86_64