Last updated on 2023-01-29 15:51:42 CET.
Flavor | Version | Tinstall | Tcheck | Ttotal | Status | Flags |
---|---|---|---|---|---|---|
r-devel-linux-x86_64-debian-clang | 0.1.1 | 4.41 | 799.45 | 803.86 | NOTE | |
r-devel-linux-x86_64-debian-gcc | 0.1.1 | 3.03 | 508.21 | 511.24 | NOTE | |
r-devel-linux-x86_64-fedora-clang | 0.1.1 | 815.69 | NOTE | |||
r-devel-linux-x86_64-fedora-gcc | 0.1.1 | 892.97 | NOTE | |||
r-devel-windows-x86_64 | 0.1.1 | 37.00 | 47.00 | 84.00 | NOTE | --no-examples --no-tests --no-vignettes |
r-patched-linux-x86_64 | 0.1.1 | 4.62 | 771.63 | 776.25 | NOTE | |
r-release-linux-x86_64 | 0.1.1 | 4.30 | 744.20 | 748.50 | NOTE | |
r-release-macos-arm64 | 0.1.1 | 136.00 | NOTE | |||
r-release-macos-x86_64 | 0.1.1 | 229.00 | NOTE | |||
r-release-windows-x86_64 | 0.1.1 | 42.00 | 49.00 | 91.00 | NOTE | --no-examples --no-tests --no-vignettes |
r-oldrel-macos-arm64 | 0.1.1 | 179.00 | NOTE | |||
r-oldrel-macos-x86_64 | 0.1.1 | 418.00 | NOTE | |||
r-oldrel-windows-ix86+x86_64 | 0.1.1 | 8.00 | 54.00 | 62.00 | NOTE | --no-examples --no-tests --no-vignettes |
Version: 0.1.1
Check: LazyData
Result: NOTE
'LazyData' is specified without a 'data' directory
Flavors: r-devel-linux-x86_64-debian-clang, r-devel-linux-x86_64-debian-gcc, r-devel-linux-x86_64-fedora-clang, r-devel-linux-x86_64-fedora-gcc, r-patched-linux-x86_64, r-release-linux-x86_64, r-release-macos-arm64, r-release-macos-x86_64, r-oldrel-macos-arm64, r-oldrel-macos-x86_64
Version: 0.1.1
Flags: --no-examples --no-tests --no-vignettes
Check: LazyData
Result: NOTE
'LazyData' is specified without a 'data' directory
Flavors: r-devel-windows-x86_64, r-release-windows-x86_64, r-oldrel-windows-ix86+x86_64