CRAN Package Check Results for Package clusteval

Last updated on 2016-12-05 16:47:10.

Flavor Version Tinstall Tcheck Ttotal Status Flags
r-devel-linux-x86_64-debian-clang 0.1 7.79 19.85 27.65 NOTE
r-devel-linux-x86_64-debian-gcc 0.1 7.26 19.51 26.77 NOTE
r-devel-linux-x86_64-fedora-clang 0.1 55.24 NOTE --no-stop-on-test-error
r-devel-linux-x86_64-fedora-gcc 0.1 50.44 NOTE --no-stop-on-test-error
r-devel-macos-x86_64-clang 0.1 41.39 NOTE
r-devel-windows-ix86+x86_64 0.1 29.00 74.00 103.00 NOTE
r-patched-linux-x86_64 0.1 6.27 17.91 24.18 NOTE
r-patched-solaris-sparc 0.1 276.00 NOTE
r-patched-solaris-x86 0.1 55.30 NOTE
r-release-linux-x86_64 0.1 6.21 18.25 24.46 NOTE
r-release-osx-x86_64-mavericks 0.1 NOTE
r-release-windows-ix86+x86_64 0.1 38.00 52.00 90.00 NOTE
r-oldrel-windows-ix86+x86_64 0.1 37.00 68.00 105.00 OK

Check Details

Version: 0.1
Check: DESCRIPTION meta-information
Result: NOTE
    License components which are templates and need '+ file LICENSE':
     MIT
Flavors: r-devel-linux-x86_64-debian-clang, r-devel-linux-x86_64-debian-gcc, r-devel-macos-x86_64-clang, r-patched-linux-x86_64, r-patched-solaris-sparc, r-patched-solaris-x86, r-release-linux-x86_64, r-release-osx-x86_64-mavericks

Version: 0.1
Check: R code for possible problems
Result: NOTE
    clustomit: no visible binding for global variable ‘weighted.mean’
    sim_unif : multivariate_unif: no visible global function definition for
     ‘runif’
    Undefined global functions or variables:
     runif weighted.mean
    Consider adding
     importFrom("stats", "runif", "weighted.mean")
    to your NAMESPACE file.
Flavors: r-devel-linux-x86_64-debian-clang, r-devel-linux-x86_64-debian-gcc, r-devel-macos-x86_64-clang, r-devel-windows-ix86+x86_64, r-patched-linux-x86_64, r-patched-solaris-sparc, r-patched-solaris-x86, r-release-linux-x86_64, r-release-osx-x86_64-mavericks, r-release-windows-ix86+x86_64

Version: 0.1
Flags: --no-stop-on-test-error
Check: DESCRIPTION meta-information
Result: NOTE
    License components which are templates and need '+ file LICENSE':
     MIT
Flavors: r-devel-linux-x86_64-fedora-clang, r-devel-linux-x86_64-fedora-gcc

Version: 0.1
Flags: --no-stop-on-test-error
Check: R code for possible problems
Result: NOTE
    clustomit: no visible binding for global variable ‘weighted.mean’
    sim_unif : multivariate_unif: no visible global function definition for
     ‘runif’
    Undefined global functions or variables:
     runif weighted.mean
    Consider adding
     importFrom("stats", "runif", "weighted.mean")
    to your NAMESPACE file.
Flavors: r-devel-linux-x86_64-fedora-clang, r-devel-linux-x86_64-fedora-gcc