CRAN Package Check Results for Package clusteval

Last updated on 2016-09-25 21:49:55.

Flavor Version Tinstall Tcheck Ttotal Status Flags
r-devel-linux-x86_64-debian-clang 0.1 7.47 17.96 25.43 NOTE
r-devel-linux-x86_64-debian-gcc 0.1 6.74 17.57 24.30 NOTE
r-devel-linux-x86_64-fedora-clang 0.1 48.71 NOTE
r-devel-linux-x86_64-fedora-gcc 0.1 43.91 NOTE
r-devel-macos-x86_64-clang 0.1 37.33 NOTE
r-devel-windows-ix86+x86_64 0.1 42.00 74.00 116.00 NOTE
r-patched-linux-x86_64 0.1 6.16 17.63 23.79 NOTE
r-patched-solaris-sparc 0.1 276.00 NOTE
r-patched-solaris-x86 0.1 55.50 NOTE
r-release-linux-x86_64 0.1 6.33 17.69 24.02 NOTE
r-release-osx-x86_64-mavericks 0.1 NOTE
r-release-windows-ix86+x86_64 0.1 58.00 103.00 161.00 NOTE
r-oldrel-windows-ix86+x86_64 0.1 39.00 74.00 113.00 OK

Check Details

Version: 0.1
Check: DESCRIPTION meta-information
Result: NOTE
    License components which are templates and need '+ file LICENSE':
     MIT
Flavors: r-devel-linux-x86_64-debian-clang, r-devel-linux-x86_64-debian-gcc, r-devel-linux-x86_64-fedora-clang, r-devel-linux-x86_64-fedora-gcc, r-devel-macos-x86_64-clang, r-patched-linux-x86_64, r-patched-solaris-sparc, r-patched-solaris-x86, r-release-linux-x86_64, r-release-osx-x86_64-mavericks

Version: 0.1
Check: R code for possible problems
Result: NOTE
    clustomit: no visible binding for global variable ‘weighted.mean’
    sim_unif : multivariate_unif: no visible global function definition for
     ‘runif’
    Undefined global functions or variables:
     runif weighted.mean
    Consider adding
     importFrom("stats", "runif", "weighted.mean")
    to your NAMESPACE file.
Flavors: r-devel-linux-x86_64-debian-clang, r-devel-linux-x86_64-debian-gcc, r-devel-linux-x86_64-fedora-clang, r-devel-linux-x86_64-fedora-gcc, r-devel-macos-x86_64-clang, r-devel-windows-ix86+x86_64, r-patched-linux-x86_64, r-patched-solaris-sparc, r-patched-solaris-x86, r-release-linux-x86_64, r-release-osx-x86_64-mavericks, r-release-windows-ix86+x86_64