CRAN Package Check Results for Package clusteval

Last updated on 2014-08-27 22:47:08.

Flavor Version Tinstall Tcheck Ttotal Status Flags
r-devel-linux-x86_64-debian-clang 0.1 6.10 19.26 25.36 NOTE
r-devel-linux-x86_64-debian-gcc 0.1 6.73 19.12 25.85 NOTE
r-devel-linux-x86_64-fedora-clang 0.1 53.33 NOTE
r-devel-linux-x86_64-fedora-gcc 0.1 49.28 NOTE
r-devel-osx-x86_64-clang 0.1 47.86 NOTE
r-devel-windows-ix86+x86_64 0.1 28.00 50.00 78.00 OK
r-patched-linux-x86_64 0.1 6.58 19.33 25.91 NOTE
r-patched-solaris-sparc 0.1 307.80 NOTE
r-patched-solaris-x86 0.1 66.60 NOTE
r-release-linux-ix86 0.1 8.43 27.54 35.97 NOTE
r-release-linux-x86_64 0.1 6.80 19.34 26.14 NOTE
r-release-osx-x86_64-mavericks 0.1 NOTE
r-release-windows-ix86+x86_64 0.1 39.00 50.00 89.00 OK
r-oldrel-windows-ix86+x86_64 0.1 27.00 56.00 83.00 OK

Check Details

Version: 0.1
Check: DESCRIPTION meta-information
Result: NOTE
    License components which are templates and need '+ file LICENSE':
     MIT
Flavors: r-devel-linux-x86_64-debian-clang, r-devel-linux-x86_64-debian-gcc, r-devel-linux-x86_64-fedora-clang, r-devel-linux-x86_64-fedora-gcc, r-devel-osx-x86_64-clang, r-patched-linux-x86_64, r-patched-solaris-sparc, r-patched-solaris-x86, r-release-linux-ix86, r-release-linux-x86_64, r-release-osx-x86_64-mavericks