CRAN Package Check Results for Package clusteval

Last updated on 2014-12-21 09:51:23.

Flavor Version Tinstall Tcheck Ttotal Status Flags
r-devel-linux-x86_64-debian-clang 0.1 6.41 20.40 26.81 NOTE
r-devel-linux-x86_64-debian-gcc 0.1 6.69 18.94 25.63 NOTE
r-devel-linux-x86_64-fedora-clang 0.1 57.31 NOTE
r-devel-linux-x86_64-fedora-gcc 0.1 50.27 NOTE
r-devel-osx-x86_64-clang 0.1 48.86 NOTE
r-devel-windows-ix86+x86_64 0.1 28.00 53.00 81.00 OK
r-patched-linux-x86_64 0.1 6.74 19.66 26.40 NOTE
r-patched-solaris-sparc 0.1 307.80 NOTE
r-patched-solaris-x86 0.1 68.80 NOTE
r-release-linux-ix86 0.1 8.13 26.48 34.62 NOTE
r-release-linux-x86_64 0.1 6.89 19.67 26.56 NOTE
r-release-osx-x86_64-mavericks 0.1 NOTE
r-release-windows-ix86+x86_64 0.1 29.00 55.00 84.00 OK
r-oldrel-windows-ix86+x86_64 0.1 29.00 55.00 84.00 OK

Check Details

Version: 0.1
Check: DESCRIPTION meta-information
Result: NOTE
    License components which are templates and need '+ file LICENSE':
     MIT
Flavors: r-devel-linux-x86_64-debian-clang, r-devel-linux-x86_64-debian-gcc, r-devel-linux-x86_64-fedora-clang, r-devel-linux-x86_64-fedora-gcc, r-devel-osx-x86_64-clang, r-patched-linux-x86_64, r-patched-solaris-sparc, r-patched-solaris-x86, r-release-linux-ix86, r-release-linux-x86_64, r-release-osx-x86_64-mavericks