CRAN Package Check Results for Package clusteval

Last updated on 2015-01-25 21:48:14.

Flavor Version Tinstall Tcheck Ttotal Status Flags
r-devel-linux-x86_64-debian-clang 0.1 6.58 18.36 24.95 NOTE
r-devel-linux-x86_64-debian-gcc 0.1 6.72 19.36 26.08 NOTE
r-devel-linux-x86_64-fedora-clang 0.1 56.02 NOTE
r-devel-linux-x86_64-fedora-gcc 0.1 51.32 NOTE
r-devel-osx-x86_64-clang 0.1 48.60 NOTE
r-devel-windows-ix86+x86_64 0.1 28.00 54.00 82.00 OK
r-patched-linux-x86_64 0.1 6.76 20.26 27.02 NOTE
r-patched-solaris-sparc 0.1 318.30 NOTE
r-patched-solaris-x86 0.1 69.20 NOTE
r-release-linux-ix86 0.1 8.20 26.84 35.04 NOTE
r-release-linux-x86_64 0.1 6.72 19.84 26.56 NOTE
r-release-osx-x86_64-mavericks 0.1 NOTE
r-release-windows-ix86+x86_64 0.1 23.00 61.00 84.00 OK
r-oldrel-windows-ix86+x86_64 0.1 26.00 59.00 85.00 OK

Check Details

Version: 0.1
Check: DESCRIPTION meta-information
Result: NOTE
    License components which are templates and need '+ file LICENSE':
     MIT
Flavors: r-devel-linux-x86_64-debian-clang, r-devel-linux-x86_64-debian-gcc, r-devel-linux-x86_64-fedora-clang, r-devel-linux-x86_64-fedora-gcc, r-devel-osx-x86_64-clang, r-patched-linux-x86_64, r-patched-solaris-sparc, r-patched-solaris-x86, r-release-linux-ix86, r-release-linux-x86_64, r-release-osx-x86_64-mavericks