CRAN Package Check Results for Package clusteval

Last updated on 2016-08-31 21:46:56.

Flavor Version Tinstall Tcheck Ttotal Status Flags
r-devel-linux-x86_64-debian-clang 0.1 7.52 17.97 25.50 NOTE
r-devel-linux-x86_64-debian-gcc 0.1 6.90 17.21 24.12 NOTE
r-devel-linux-x86_64-fedora-clang 0.1 50.15 NOTE
r-devel-linux-x86_64-fedora-gcc 0.1 44.94 NOTE
r-devel-osx-x86_64-clang 0.1 36.94 NOTE
r-devel-windows-ix86+x86_64 0.1 38.00 72.00 110.00 NOTE
r-patched-linux-x86_64 0.1 6.22 17.87 24.09 NOTE
r-patched-solaris-sparc 0.1 276.00 NOTE
r-patched-solaris-x86 0.1 55.70 NOTE
r-release-linux-x86_64 0.1 6.15 17.36 23.51 NOTE
r-release-osx-x86_64-mavericks 0.1 NOTE
r-release-windows-ix86+x86_64 0.1 40.00 68.00 108.00 NOTE
r-oldrel-windows-ix86+x86_64 0.1 36.00 76.00 112.00 OK

Check Details

Version: 0.1
Check: DESCRIPTION meta-information
Result: NOTE
    License components which are templates and need '+ file LICENSE':
     MIT
Flavors: r-devel-linux-x86_64-debian-clang, r-devel-linux-x86_64-debian-gcc, r-devel-linux-x86_64-fedora-clang, r-devel-linux-x86_64-fedora-gcc, r-devel-osx-x86_64-clang, r-patched-linux-x86_64, r-patched-solaris-sparc, r-patched-solaris-x86, r-release-linux-x86_64, r-release-osx-x86_64-mavericks

Version: 0.1
Check: R code for possible problems
Result: NOTE
    clustomit: no visible binding for global variable ‘weighted.mean’
    sim_unif : multivariate_unif: no visible global function definition for
     ‘runif’
    Undefined global functions or variables:
     runif weighted.mean
    Consider adding
     importFrom("stats", "runif", "weighted.mean")
    to your NAMESPACE file.
Flavors: r-devel-linux-x86_64-debian-clang, r-devel-linux-x86_64-debian-gcc, r-devel-linux-x86_64-fedora-clang, r-devel-linux-x86_64-fedora-gcc, r-devel-osx-x86_64-clang, r-devel-windows-ix86+x86_64, r-patched-linux-x86_64, r-patched-solaris-sparc, r-patched-solaris-x86, r-release-linux-x86_64, r-release-osx-x86_64-mavericks, r-release-windows-ix86+x86_64