CRAN Package Check Results for Package clusteval

Last updated on 2015-05-30 13:47:11.

Flavor Version Tinstall Tcheck Ttotal Status Flags
r-devel-linux-x86_64-debian-clang 0.1 6.70 17.42 24.13 NOTE
r-devel-linux-x86_64-debian-gcc 0.1 6.64 17.21 23.85 NOTE
r-devel-linux-x86_64-fedora-clang 0.1 51.81 NOTE
r-devel-linux-x86_64-fedora-gcc 0.1 46.24 NOTE
r-devel-osx-x86_64-clang 0.1 45.34 NOTE
r-devel-windows-ix86+x86_64 0.1 30.00 51.00 81.00 OK
r-patched-linux-x86_64 0.1 6.67 17.37 24.04 NOTE
r-patched-solaris-sparc 0.1 304.90 NOTE
r-patched-solaris-x86 0.1 61.40 NOTE
r-release-linux-x86_64 0.1 7.76 17.94 25.70 NOTE
r-release-osx-x86_64-mavericks 0.1 NOTE
r-release-osx-x86_64-snowleopard 0.1 NOTE
r-release-windows-ix86+x86_64 0.1 26.00 53.00 79.00 OK
r-oldrel-windows-ix86+x86_64 0.1 23.00 57.00 80.00 OK

Check Details

Version: 0.1
Check: DESCRIPTION meta-information
Result: NOTE
    License components which are templates and need '+ file LICENSE':
     MIT
Flavors: r-devel-linux-x86_64-debian-clang, r-devel-linux-x86_64-debian-gcc, r-devel-linux-x86_64-fedora-clang, r-devel-linux-x86_64-fedora-gcc, r-devel-osx-x86_64-clang, r-patched-linux-x86_64, r-patched-solaris-sparc, r-patched-solaris-x86, r-release-linux-x86_64, r-release-osx-x86_64-mavericks, r-release-osx-x86_64-snowleopard