CRAN Package Check Results for Package clusteval

Last updated on 2016-05-24 07:47:07.

Flavor Version Tinstall Tcheck Ttotal Status Flags
r-devel-linux-x86_64-debian-gcc 0.1 8.77 18.00 26.77 NOTE
r-devel-linux-x86_64-fedora-clang 0.1 49.66 NOTE
r-devel-linux-x86_64-fedora-gcc 0.1 44.08 NOTE
r-devel-osx-x86_64-clang 0.1 47.62 NOTE
r-devel-windows-ix86+x86_64 0.1 25.00 70.00 95.00 NOTE
r-patched-linux-x86_64 0.1 6.46 17.21 23.66 NOTE
r-patched-solaris-sparc 0.1 271.90 NOTE
r-patched-solaris-x86 0.1 56.50 NOTE
r-release-linux-x86_64 0.1 6.29 17.45 23.74 NOTE
r-release-osx-x86_64-mavericks 0.1 NOTE
r-release-windows-ix86+x86_64 0.1 25.00 70.00 95.00 NOTE
r-oldrel-windows-ix86+x86_64 0.1 35.00 61.00 96.00 OK

Check Details

Version: 0.1
Check: DESCRIPTION meta-information
Result: NOTE
    License components which are templates and need '+ file LICENSE':
     MIT
Flavors: r-devel-linux-x86_64-debian-gcc, r-devel-linux-x86_64-fedora-clang, r-devel-linux-x86_64-fedora-gcc, r-devel-osx-x86_64-clang, r-patched-linux-x86_64, r-patched-solaris-sparc, r-patched-solaris-x86, r-release-linux-x86_64, r-release-osx-x86_64-mavericks

Version: 0.1
Check: R code for possible problems
Result: NOTE
    clustomit: no visible binding for global variable ‘weighted.mean’
    sim_unif : multivariate_unif: no visible global function definition for
     ‘runif’
    Undefined global functions or variables:
     runif weighted.mean
    Consider adding
     importFrom("stats", "runif", "weighted.mean")
    to your NAMESPACE file.
Flavors: r-devel-linux-x86_64-debian-gcc, r-devel-linux-x86_64-fedora-clang, r-devel-linux-x86_64-fedora-gcc, r-devel-osx-x86_64-clang, r-devel-windows-ix86+x86_64, r-patched-linux-x86_64, r-patched-solaris-sparc, r-patched-solaris-x86, r-release-linux-x86_64, r-release-osx-x86_64-mavericks, r-release-windows-ix86+x86_64