CRAN Package Check Results for Package clusteval

Last updated on 2015-03-05 12:47:55.

Flavor Version Tinstall Tcheck Ttotal Status Flags
r-devel-linux-x86_64-debian-clang 0.1 6.50 17.76 24.26 NOTE
r-devel-linux-x86_64-debian-gcc 0.1 7.50 17.47 24.97 NOTE
r-devel-linux-x86_64-fedora-clang 0.1 52.15 NOTE
r-devel-linux-x86_64-fedora-gcc 0.1 44.89 NOTE
r-devel-osx-x86_64-clang 0.1 46.19 NOTE
r-devel-windows-ix86+x86_64 0.1 28.00 50.00 78.00 OK
r-patched-linux-x86_64 0.1 6.78 20.13 26.90 NOTE
r-patched-solaris-sparc 0.1 339.40 NOTE
r-patched-solaris-x86 0.1 70.00 NOTE
r-release-linux-ix86 0.1 8.32 27.44 35.76 NOTE
r-release-linux-x86_64 0.1 6.80 19.81 26.61 NOTE
r-release-osx-x86_64-mavericks 0.1 NOTE
r-release-windows-ix86+x86_64 0.1 23.00 61.00 84.00 OK
r-oldrel-windows-ix86+x86_64 0.1 26.00 54.00 80.00 OK

Check Details

Version: 0.1
Check: DESCRIPTION meta-information
Result: NOTE
    License components which are templates and need '+ file LICENSE':
     MIT
Flavors: r-devel-linux-x86_64-debian-clang, r-devel-linux-x86_64-debian-gcc, r-devel-linux-x86_64-fedora-clang, r-devel-linux-x86_64-fedora-gcc, r-devel-osx-x86_64-clang, r-patched-linux-x86_64, r-patched-solaris-sparc, r-patched-solaris-x86, r-release-linux-ix86, r-release-linux-x86_64, r-release-osx-x86_64-mavericks