CRAN Package Check Results for Package clusteval

Last updated on 2015-07-28 09:46:55.

Flavor Version Tinstall Tcheck Ttotal Status Flags
r-devel-linux-x86_64-debian-clang 0.1 6.74 17.67 24.40 NOTE
r-devel-linux-x86_64-debian-gcc 0.1 6.81 17.27 24.08 NOTE
r-devel-linux-x86_64-fedora-clang 0.1 49.71 NOTE
r-devel-linux-x86_64-fedora-gcc 0.1 45.54 NOTE
r-devel-osx-x86_64-clang 0.1 38.97 NOTE
r-devel-windows-ix86+x86_64 0.1 24.00 78.00 102.00 NOTE
r-patched-linux-x86_64 0.1 7.24 17.17 24.41 NOTE
r-patched-solaris-sparc 0.1 296.70 NOTE
r-patched-solaris-x86 0.1 60.40 NOTE
r-release-linux-x86_64 0.1 7.94 17.79 25.74 NOTE
r-release-osx-x86_64-mavericks 0.1 NOTE
r-release-windows-ix86+x86_64 0.1 37.00 58.00 95.00 OK
r-oldrel-windows-ix86+x86_64 0.1 27.00 70.00 97.00 OK

Check Details

Version: 0.1
Check: DESCRIPTION meta-information
Result: NOTE
    License components which are templates and need '+ file LICENSE':
     MIT
Flavors: r-devel-linux-x86_64-debian-clang, r-devel-linux-x86_64-debian-gcc, r-devel-linux-x86_64-fedora-clang, r-devel-linux-x86_64-fedora-gcc, r-devel-osx-x86_64-clang, r-patched-linux-x86_64, r-patched-solaris-sparc, r-patched-solaris-x86, r-release-linux-x86_64, r-release-osx-x86_64-mavericks

Version: 0.1
Check: R code for possible problems
Result: NOTE
    clustomit: no visible binding for global variable ‘weighted.mean’
    sim_unif : multivariate_unif: no visible global function definition for
     ‘runif’
    Undefined global functions or variables:
     runif weighted.mean
    Consider adding
     importFrom("stats", "runif", "weighted.mean")
    to your NAMESPACE.
Flavors: r-devel-linux-x86_64-debian-clang, r-devel-linux-x86_64-debian-gcc, r-devel-linux-x86_64-fedora-clang, r-devel-linux-x86_64-fedora-gcc, r-devel-windows-ix86+x86_64