CRAN Package Check Results for Package clusteval

Last updated on 2016-02-07 03:50:30.

Flavor Version Tinstall Tcheck Ttotal Status Flags
r-devel-linux-x86_64-debian-gcc 0.1 6.02 16.98 23.00 NOTE
r-devel-linux-x86_64-fedora-clang 0.1 48.00 NOTE
r-devel-linux-x86_64-fedora-gcc 0.1 43.56 NOTE
r-devel-osx-x86_64-clang 0.1 45.47 NOTE
r-devel-windows-ix86+x86_64 0.1 40.00 76.00 116.00 NOTE
r-patched-linux-x86_64 0.1 6.28 17.90 24.18 NOTE
r-patched-solaris-sparc 0.1 274.90 NOTE
r-patched-solaris-x86 0.1 55.70 NOTE
r-release-linux-x86_64 0.1 6.27 17.55 23.82 NOTE
r-release-osx-x86_64-mavericks 0.1 NOTE
r-release-windows-ix86+x86_64 0.1 28.00 83.00 111.00 OK
r-oldrel-windows-ix86+x86_64 0.1 38.00 68.00 106.00 OK

Check Details

Version: 0.1
Check: DESCRIPTION meta-information
Result: NOTE
    License components which are templates and need '+ file LICENSE':
     MIT
Flavors: r-devel-linux-x86_64-debian-gcc, r-devel-linux-x86_64-fedora-clang, r-devel-linux-x86_64-fedora-gcc, r-devel-osx-x86_64-clang, r-patched-linux-x86_64, r-patched-solaris-sparc, r-patched-solaris-x86, r-release-linux-x86_64, r-release-osx-x86_64-mavericks

Version: 0.1
Check: R code for possible problems
Result: NOTE
    clustomit: no visible binding for global variable ‘weighted.mean’
    sim_unif : multivariate_unif: no visible global function definition for
     ‘runif’
    Undefined global functions or variables:
     runif weighted.mean
    Consider adding
     importFrom("stats", "runif", "weighted.mean")
    to your NAMESPACE file.
Flavors: r-devel-linux-x86_64-debian-gcc, r-devel-linux-x86_64-fedora-clang, r-devel-linux-x86_64-fedora-gcc, r-devel-osx-x86_64-clang, r-devel-windows-ix86+x86_64