CRAN Package Check Results for Package clusteval

Last updated on 2016-07-27 15:47:37.

Flavor Version Tinstall Tcheck Ttotal Status Flags
r-devel-linux-x86_64-debian-clang 0.1 10.01 20.87 30.89 NOTE
r-devel-linux-x86_64-debian-gcc 0.1 8.95 20.57 29.52 NOTE
r-devel-linux-x86_64-fedora-clang 0.1 48.63 NOTE
r-devel-linux-x86_64-fedora-gcc 0.1 42.33 NOTE
r-devel-osx-x86_64-clang 0.1 37.67 NOTE
r-devel-windows-ix86+x86_64 0.1 35.00 66.00 101.00 NOTE
r-patched-linux-x86_64 0.1 8.21 21.22 29.44 NOTE
r-patched-solaris-sparc 0.1 276.00 NOTE
r-patched-solaris-x86 0.1 55.90 NOTE
r-release-linux-x86_64 0.1 7.25 20.50 27.75 NOTE
r-release-osx-x86_64-mavericks 0.1 NOTE
r-release-windows-ix86+x86_64 0.1 39.00 66.00 105.00 NOTE
r-oldrel-windows-ix86+x86_64 0.1 38.00 75.00 113.00 OK

Check Details

Version: 0.1
Check: DESCRIPTION meta-information
Result: NOTE
    License components which are templates and need '+ file LICENSE':
     MIT
Flavors: r-devel-linux-x86_64-debian-clang, r-devel-linux-x86_64-debian-gcc, r-devel-linux-x86_64-fedora-clang, r-devel-linux-x86_64-fedora-gcc, r-devel-osx-x86_64-clang, r-patched-linux-x86_64, r-patched-solaris-sparc, r-patched-solaris-x86, r-release-linux-x86_64, r-release-osx-x86_64-mavericks

Version: 0.1
Check: R code for possible problems
Result: NOTE
    clustomit: no visible binding for global variable ‘weighted.mean’
    sim_unif : multivariate_unif: no visible global function definition for
     ‘runif’
    Undefined global functions or variables:
     runif weighted.mean
    Consider adding
     importFrom("stats", "runif", "weighted.mean")
    to your NAMESPACE file.
Flavors: r-devel-linux-x86_64-debian-clang, r-devel-linux-x86_64-debian-gcc, r-devel-linux-x86_64-fedora-clang, r-devel-linux-x86_64-fedora-gcc, r-devel-osx-x86_64-clang, r-devel-windows-ix86+x86_64, r-patched-linux-x86_64, r-patched-solaris-sparc, r-patched-solaris-x86, r-release-linux-x86_64, r-release-osx-x86_64-mavericks, r-release-windows-ix86+x86_64