CRAN Package Check Results for Package clusteval

Last updated on 2014-09-02 17:46:45.

Flavor Version Tinstall Tcheck Ttotal Status Flags
r-devel-linux-x86_64-debian-clang 0.1 7.22 18.95 26.17 NOTE
r-devel-linux-x86_64-debian-gcc 0.1 6.68 18.83 25.50 NOTE
r-devel-linux-x86_64-fedora-clang 0.1 54.12 NOTE
r-devel-linux-x86_64-fedora-gcc 0.1 49.33 NOTE
r-devel-osx-x86_64-clang 0.1 48.11 NOTE
r-devel-windows-ix86+x86_64 0.1 27.00 54.00 81.00 OK
r-patched-linux-x86_64 0.1 6.69 19.88 26.58 NOTE
r-patched-solaris-sparc 0.1 307.80 NOTE
r-patched-solaris-x86 0.1 67.10 NOTE
r-release-linux-ix86 0.1 8.48 27.26 35.74 NOTE
r-release-linux-x86_64 0.1 6.74 19.36 26.10 NOTE
r-release-osx-x86_64-mavericks 0.1 NOTE
r-release-windows-ix86+x86_64 0.1 39.00 50.00 89.00 OK
r-oldrel-windows-ix86+x86_64 0.1 27.00 56.00 83.00 OK

Check Details

Version: 0.1
Check: DESCRIPTION meta-information
Result: NOTE
    License components which are templates and need '+ file LICENSE':
     MIT
Flavors: r-devel-linux-x86_64-debian-clang, r-devel-linux-x86_64-debian-gcc, r-devel-linux-x86_64-fedora-clang, r-devel-linux-x86_64-fedora-gcc, r-devel-osx-x86_64-clang, r-patched-linux-x86_64, r-patched-solaris-sparc, r-patched-solaris-x86, r-release-linux-ix86, r-release-linux-x86_64, r-release-osx-x86_64-mavericks