CRAN Package Check Results for Package clusteval

Last updated on 2017-01-18 12:54:28.

Flavor Version Tinstall Tcheck Ttotal Status Flags
r-devel-linux-x86_64-debian-clang 0.1 7.93 20.00 27.92 NOTE
r-devel-linux-x86_64-debian-gcc 0.1 7.30 19.95 27.25 NOTE
r-devel-linux-x86_64-fedora-clang 0.1 53.59 NOTE --no-stop-on-test-error
r-devel-linux-x86_64-fedora-gcc 0.1 48.36 NOTE --no-stop-on-test-error
r-devel-macos-x86_64-clang 0.1 40.49 NOTE --no-stop-on-test-error
r-devel-windows-ix86+x86_64 0.1 43.00 57.00 100.00 NOTE
r-patched-linux-x86_64 0.1 6.23 17.95 24.18 NOTE
r-patched-solaris-sparc 0.1 279.30 NOTE
r-patched-solaris-x86 0.1 55.50 NOTE
r-release-linux-x86_64 0.1 6.36 17.33 23.69 NOTE
r-release-osx-x86_64-mavericks 0.1 NOTE
r-release-windows-ix86+x86_64 0.1 26.00 68.00 94.00 NOTE
r-oldrel-windows-ix86+x86_64 0.1 28.00 67.00 95.00 OK

Check Details

Version: 0.1
Check: DESCRIPTION meta-information
Result: NOTE
    License components which are templates and need '+ file LICENSE':
     MIT
Flavors: r-devel-linux-x86_64-debian-clang, r-devel-linux-x86_64-debian-gcc, r-patched-linux-x86_64, r-patched-solaris-sparc, r-patched-solaris-x86, r-release-linux-x86_64, r-release-osx-x86_64-mavericks

Version: 0.1
Check: R code for possible problems
Result: NOTE
    clustomit: no visible binding for global variable ‘weighted.mean’
    sim_unif : multivariate_unif: no visible global function definition for
     ‘runif’
    Undefined global functions or variables:
     runif weighted.mean
    Consider adding
     importFrom("stats", "runif", "weighted.mean")
    to your NAMESPACE file.
Flavors: r-devel-linux-x86_64-debian-clang, r-devel-linux-x86_64-debian-gcc, r-devel-windows-ix86+x86_64, r-patched-linux-x86_64, r-patched-solaris-sparc, r-patched-solaris-x86, r-release-linux-x86_64, r-release-osx-x86_64-mavericks, r-release-windows-ix86+x86_64

Version: 0.1
Flags: --no-stop-on-test-error
Check: DESCRIPTION meta-information
Result: NOTE
    License components which are templates and need '+ file LICENSE':
     MIT
Flavors: r-devel-linux-x86_64-fedora-clang, r-devel-linux-x86_64-fedora-gcc, r-devel-macos-x86_64-clang

Version: 0.1
Flags: --no-stop-on-test-error
Check: R code for possible problems
Result: NOTE
    clustomit: no visible binding for global variable ‘weighted.mean’
    sim_unif : multivariate_unif: no visible global function definition for
     ‘runif’
    Undefined global functions or variables:
     runif weighted.mean
    Consider adding
     importFrom("stats", "runif", "weighted.mean")
    to your NAMESPACE file.
Flavors: r-devel-linux-x86_64-fedora-clang, r-devel-linux-x86_64-fedora-gcc, r-devel-macos-x86_64-clang