CRAN Package Check Results for Package clusteval

Last updated on 2014-10-25 05:48:34.

Flavor Version Tinstall Tcheck Ttotal Status Flags
r-devel-linux-x86_64-debian-clang 0.1 6.41 19.76 26.17 NOTE
r-devel-linux-x86_64-debian-gcc 0.1 6.80 19.48 26.28 NOTE
r-devel-linux-x86_64-fedora-clang 0.1 55.11 NOTE
r-devel-linux-x86_64-fedora-gcc 0.1 54.47 NOTE
r-devel-osx-x86_64-clang 0.1 48.75 NOTE
r-devel-windows-ix86+x86_64 0.1 27.00 49.00 76.00 OK
r-patched-linux-x86_64 0.1 6.79 20.54 27.33 NOTE
r-patched-solaris-sparc 0.1 307.80 NOTE
r-patched-solaris-x86 0.1 68.00 NOTE
r-release-linux-ix86 0.1 8.58 27.78 36.36 NOTE
r-release-linux-x86_64 0.1 6.89 20.60 27.49 NOTE
r-release-osx-x86_64-mavericks 0.1 NOTE
r-release-windows-ix86+x86_64 0.1 27.00 55.00 82.00 OK
r-oldrel-windows-ix86+x86_64 0.1 24.00 57.00 81.00 OK

Check Details

Version: 0.1
Check: DESCRIPTION meta-information
Result: NOTE
    License components which are templates and need '+ file LICENSE':
     MIT
Flavors: r-devel-linux-x86_64-debian-clang, r-devel-linux-x86_64-debian-gcc, r-devel-linux-x86_64-fedora-clang, r-devel-linux-x86_64-fedora-gcc, r-devel-osx-x86_64-clang, r-patched-linux-x86_64, r-patched-solaris-sparc, r-patched-solaris-x86, r-release-linux-ix86, r-release-linux-x86_64, r-release-osx-x86_64-mavericks