CRAN Package Check Results for Package clusteval

Last updated on 2014-07-31 03:48:30.

Flavor Version Tinstall Tcheck Ttotal Status Flags
r-devel-linux-x86_64-debian-clang 0.1 6.25 19.18 25.43 NOTE
r-devel-linux-x86_64-debian-gcc 0.1 6.74 19.30 26.04 NOTE
r-devel-linux-x86_64-fedora-clang 0.1 53.51 NOTE
r-devel-linux-x86_64-fedora-gcc 0.1 49.26 NOTE
r-devel-osx-x86_64-clang 0.1 49.36 NOTE
r-devel-windows-ix86+x86_64 0.1 29.00 52.00 81.00 OK
r-patched-linux-x86_64 0.1 6.82 19.30 26.12 NOTE
r-patched-solaris-sparc 0.1 307.80 NOTE
r-patched-solaris-x86 0.1 67.30 NOTE
r-release-linux-ix86 0.1 8.35 29.16 37.51 NOTE
r-release-linux-x86_64 0.1 6.92 19.72 26.64 NOTE
r-release-osx-x86_64-mavericks 0.1 NOTE
r-release-windows-ix86+x86_64 0.1 39.00 50.00 89.00 OK
r-oldrel-windows-ix86+x86_64 0.1 27.00 56.00 83.00 OK

Check Details

Version: 0.1
Check: DESCRIPTION meta-information
Result: NOTE
    License components which are templates and need '+ file LICENSE':
     MIT
Flavors: r-devel-linux-x86_64-debian-clang, r-devel-linux-x86_64-debian-gcc, r-devel-linux-x86_64-fedora-clang, r-devel-linux-x86_64-fedora-gcc, r-devel-osx-x86_64-clang, r-patched-linux-x86_64, r-patched-solaris-sparc, r-patched-solaris-x86, r-release-linux-ix86, r-release-linux-x86_64, r-release-osx-x86_64-mavericks