CRAN Package Check Results for Package clusteval

Last updated on 2015-08-31 08:46:43.

Flavor Version Tinstall Tcheck Ttotal Status Flags
r-devel-linux-x86_64-debian-clang 0.1 6.60 16.86 23.46 NOTE
r-devel-linux-x86_64-debian-gcc 0.1 6.78 16.22 23.00 NOTE
r-devel-linux-x86_64-fedora-clang 0.1 49.36 NOTE
r-devel-linux-x86_64-fedora-gcc 0.1 44.20 NOTE
r-devel-osx-x86_64-clang 0.1 42.56 NOTE
r-devel-windows-ix86+x86_64 0.1 39.00 61.00 100.00 NOTE
r-patched-linux-x86_64 0.1 7.06 17.26 24.32 NOTE
r-patched-solaris-sparc 0.1 296.70 NOTE
r-patched-solaris-x86 0.1 62.90 NOTE
r-release-linux-x86_64 0.1 6.84 17.56 24.39 NOTE
r-release-osx-x86_64-mavericks 0.1 NOTE
r-release-windows-ix86+x86_64 0.1 33.00 59.00 92.00 OK
r-oldrel-windows-ix86+x86_64 0.1 37.00 64.00 101.00 OK

Check Details

Version: 0.1
Check: DESCRIPTION meta-information
Result: NOTE
    License components which are templates and need '+ file LICENSE':
     MIT
Flavors: r-devel-linux-x86_64-debian-clang, r-devel-linux-x86_64-debian-gcc, r-devel-linux-x86_64-fedora-clang, r-devel-linux-x86_64-fedora-gcc, r-devel-osx-x86_64-clang, r-patched-linux-x86_64, r-patched-solaris-sparc, r-patched-solaris-x86, r-release-linux-x86_64, r-release-osx-x86_64-mavericks

Version: 0.1
Check: R code for possible problems
Result: NOTE
    clustomit: no visible binding for global variable ‘weighted.mean’
    sim_unif : multivariate_unif: no visible global function definition for
     ‘runif’
    Undefined global functions or variables:
     runif weighted.mean
    Consider adding
     importFrom("stats", "runif", "weighted.mean")
    to your NAMESPACE.
Flavors: r-devel-linux-x86_64-debian-clang, r-devel-linux-x86_64-debian-gcc, r-devel-linux-x86_64-fedora-clang, r-devel-linux-x86_64-fedora-gcc, r-devel-windows-ix86+x86_64