CRAN Package Check Results for Package clusteval

Last updated on 2017-02-22 07:48:06.

Flavor Version Tinstall Tcheck Ttotal Status Flags
r-devel-linux-x86_64-debian-clang 0.1 7.84 20.25 28.09 NOTE
r-devel-linux-x86_64-debian-gcc 0.1 7.19 19.56 26.74 NOTE
r-devel-linux-x86_64-fedora-clang 0.1 53.18 NOTE --no-stop-on-test-error
r-devel-linux-x86_64-fedora-gcc 0.1 47.49 NOTE --no-stop-on-test-error
r-devel-macos-x86_64-clang 0.1 41.12 NOTE --no-stop-on-test-error
r-devel-windows-ix86+x86_64 0.1 40.00 122.00 162.00 NOTE
r-patched-linux-x86_64 0.1 6.70 17.62 24.32 NOTE
r-patched-solaris-sparc 0.1 279.30 NOTE
r-patched-solaris-x86 0.1 57.00 NOTE
r-release-linux-x86_64 0.1 6.38 17.34 23.71 NOTE
r-release-osx-x86_64-mavericks 0.1 NOTE
r-release-windows-ix86+x86_64 0.1 62.00 83.00 145.00 NOTE
r-oldrel-windows-ix86+x86_64 0.1 57.00 73.00 130.00 OK

Check Details

Version: 0.1
Check: DESCRIPTION meta-information
Result: NOTE
    License components which are templates and need '+ file LICENSE':
     MIT
Flavors: r-devel-linux-x86_64-debian-clang, r-devel-linux-x86_64-debian-gcc, r-patched-linux-x86_64, r-patched-solaris-sparc, r-patched-solaris-x86, r-release-linux-x86_64, r-release-osx-x86_64-mavericks

Version: 0.1
Check: R code for possible problems
Result: NOTE
    clustomit: no visible binding for global variable ‘weighted.mean’
    sim_unif : multivariate_unif: no visible global function definition for
     ‘runif’
    Undefined global functions or variables:
     runif weighted.mean
    Consider adding
     importFrom("stats", "runif", "weighted.mean")
    to your NAMESPACE file.
Flavors: r-devel-linux-x86_64-debian-clang, r-devel-linux-x86_64-debian-gcc, r-devel-windows-ix86+x86_64, r-patched-linux-x86_64, r-patched-solaris-sparc, r-patched-solaris-x86, r-release-linux-x86_64, r-release-osx-x86_64-mavericks, r-release-windows-ix86+x86_64

Version: 0.1
Check: compiled code
Result: NOTE
    File ‘clusteval/libs/clusteval.so’:
     Found no calls to: ‘R_registerRoutines’, ‘R_useDynamicSymbols’
    
    It is good practice to register native routines and to disable symbol
    search.
    
    See ‘Writing portable packages’ in the ‘Writing R Extensions’ manual.
Flavors: r-devel-linux-x86_64-debian-clang, r-devel-linux-x86_64-debian-gcc

Version: 0.1
Flags: --no-stop-on-test-error
Check: DESCRIPTION meta-information
Result: NOTE
    License components which are templates and need '+ file LICENSE':
     MIT
Flavors: r-devel-linux-x86_64-fedora-clang, r-devel-linux-x86_64-fedora-gcc, r-devel-macos-x86_64-clang

Version: 0.1
Flags: --no-stop-on-test-error
Check: R code for possible problems
Result: NOTE
    clustomit: no visible binding for global variable ‘weighted.mean’
    sim_unif : multivariate_unif: no visible global function definition for
     ‘runif’
    Undefined global functions or variables:
     runif weighted.mean
    Consider adding
     importFrom("stats", "runif", "weighted.mean")
    to your NAMESPACE file.
Flavors: r-devel-linux-x86_64-fedora-clang, r-devel-linux-x86_64-fedora-gcc, r-devel-macos-x86_64-clang

Version: 0.1
Flags: --no-stop-on-test-error
Check: compiled code
Result: NOTE
    File ‘clusteval/libs/clusteval.so’:
     Found no calls to: ‘R_registerRoutines’, ‘R_useDynamicSymbols’
    
    It is good practice to register native routines and to disable symbol
    search.
    
    See ‘Writing portable packages’ in the ‘Writing R Extensions’ manual.
Flavors: r-devel-linux-x86_64-fedora-clang, r-devel-linux-x86_64-fedora-gcc, r-devel-macos-x86_64-clang