CRAN Package Check Results for Package clusteval

Last updated on 2015-04-01 21:47:34.

Flavor Version Tinstall Tcheck Ttotal Status Flags
r-devel-linux-x86_64-debian-clang 0.1 6.70 17.39 24.09 NOTE
r-devel-linux-x86_64-debian-gcc 0.1 7.67 17.27 24.94 NOTE
r-devel-linux-x86_64-fedora-clang 0.1 50.83 NOTE
r-devel-linux-x86_64-fedora-gcc 0.1 46.10 NOTE
r-devel-osx-x86_64-clang 0.1 48.56 NOTE
r-prerel-windows-ix86+x86_64 0.1 39.00 58.00 97.00 OK
r-prerel-linux-x86_64 0.1 6.63 17.36 23.98 NOTE
r-prerel-solaris-sparc 0.1 300.30 NOTE
r-prerel-solaris-x86 0.1 61.50 NOTE
r-release-linux-x86_64 0.1 6.93 19.62 26.55 NOTE
r-release-osx-x86_64-mavericks 0.1 NOTE
r-release-windows-ix86+x86_64 0.1 38.00 57.00 95.00 OK
r-oldrel-windows-ix86+x86_64 0.1 31.00 62.00 93.00 OK

Check Details

Version: 0.1
Check: DESCRIPTION meta-information
Result: NOTE
    License components which are templates and need '+ file LICENSE':
     MIT
Flavors: r-devel-linux-x86_64-debian-clang, r-devel-linux-x86_64-debian-gcc, r-devel-linux-x86_64-fedora-clang, r-devel-linux-x86_64-fedora-gcc, r-devel-osx-x86_64-clang, r-prerel-linux-x86_64, r-prerel-solaris-sparc, r-prerel-solaris-x86, r-release-linux-x86_64, r-release-osx-x86_64-mavericks