CRAN Package Check Results for Package clusteval

Last updated on 2014-04-23 12:48:15.

Flavor Version Tinstall Tcheck Ttotal Status Flags
r-devel-linux-x86_64-debian-clang 0.1 6.46 20.13 26.59 NOTE
r-devel-linux-x86_64-debian-gcc 0.1 6.92 20.13 27.06 NOTE
r-devel-linux-x86_64-fedora-clang 0.1 52.89 NOTE
r-devel-linux-x86_64-fedora-gcc 0.1 50.11 NOTE
r-devel-osx-x86_64-clang 0.1 45.45 NOTE
r-devel-osx-x86_64-gcc 0.1 NOTE
r-devel-windows-ix86+x86_64 0.1 25.00 50.00 75.00 OK
r-patched-linux-x86_64 0.1 6.85 19.91 26.76 NOTE
r-patched-solaris-sparc 0.1 306.60 NOTE
r-patched-solaris-x86 0.1 67.70 NOTE
r-release-linux-ix86 0.1 12.00 37.00 49.00 NOTE
r-release-linux-x86_64 0.1 6.86 20.26 27.12 NOTE
r-release-osx-x86_64-mavericks 0.1 NOTE
r-release-windows-ix86+x86_64 0.1 36.00 60.00 96.00 OK
r-oldrel-windows-ix86+x86_64 0.1 29.00 54.00 83.00 OK

Check Details

Version: 0.1
Check: DESCRIPTION meta-information
Result: NOTE
    License components which are templates and need '+ file LICENSE':
     MIT
Flavors: r-devel-linux-x86_64-debian-clang, r-devel-linux-x86_64-debian-gcc, r-devel-linux-x86_64-fedora-clang, r-devel-linux-x86_64-fedora-gcc, r-devel-osx-x86_64-clang, r-devel-osx-x86_64-gcc, r-patched-linux-x86_64, r-patched-solaris-sparc, r-patched-solaris-x86, r-release-linux-ix86, r-release-linux-x86_64, r-release-osx-x86_64-mavericks