CRAN Package Check Results for Package clusthaplo

Last updated on 2014-07-29 17:47:48.

Flavor Version Tinstall Tcheck Ttotal Status Flags
r-devel-linux-x86_64-debian-clang 1.2 1.82 45.02 46.84 OK
r-devel-linux-x86_64-debian-gcc 1.2 1.76 43.72 45.48 OK
r-devel-linux-x86_64-fedora-clang 1.2 95.46 NOTE
r-devel-linux-x86_64-fedora-gcc 1.2 90.47 NOTE
r-devel-osx-x86_64-clang 1.2 77.87 OK
r-devel-windows-ix86+x86_64 1.2 7.00 65.00 72.00 OK
r-patched-linux-x86_64 1.2 1.73 43.80 45.52 OK
r-patched-solaris-sparc 1.2 529.30 OK
r-patched-solaris-x86 1.2 106.00 OK
r-release-linux-ix86 1.2 2.21 58.54 60.75 OK
r-release-linux-x86_64 1.2 1.82 44.31 46.14 OK
r-release-osx-x86_64-mavericks 1.2 OK
r-release-osx-x86_64-snowleopard 1.2 OK
r-release-windows-ix86+x86_64 1.2 6.00 72.00 78.00 OK
r-oldrel-windows-ix86+x86_64 1.2 8.00 72.00 80.00 OK

Check Details

Version: 1.2
Check: top-level files
Result: NOTE
    Non-standard file/directory found at top level:
     check
Flavors: r-devel-linux-x86_64-fedora-clang, r-devel-linux-x86_64-fedora-gcc