CRAN Package Check Results for Package clusthaplo

Last updated on 2014-09-23 05:47:47.

Flavor Version Tinstall Tcheck Ttotal Status Flags
r-devel-linux-x86_64-debian-clang 1.2 1.74 62.46 64.20 WARN
r-devel-linux-x86_64-debian-gcc 1.2 1.66 45.12 46.78 WARN
r-devel-linux-x86_64-fedora-clang 1.2 94.28 WARN
r-devel-linux-x86_64-fedora-gcc 1.2 90.74 WARN
r-devel-osx-x86_64-clang 1.2 80.57 WARN
r-devel-windows-ix86+x86_64 1.2 7.00 60.00 67.00 OK
r-patched-linux-x86_64 1.2 1.75 46.93 48.68 WARN
r-patched-solaris-sparc 1.2 502.50 WARN
r-patched-solaris-x86 1.2 111.00 WARN
r-release-linux-ix86 1.2 2.36 56.88 59.25 WARN
r-release-linux-x86_64 1.2 1.88 47.88 49.76 WARN
r-release-osx-x86_64-mavericks 1.2 OK
r-release-osx-x86_64-snowleopard 1.2 OK
r-release-windows-ix86+x86_64 1.2 8.00 72.00 80.00 OK
r-oldrel-windows-ix86+x86_64 1.2 8.00 70.00 78.00 OK

Check Details

Version: 1.2
Check: package dependencies
Result: NOTE
    Package suggested but not available for checking: ‘RHmm’
Flavors: r-devel-linux-x86_64-debian-clang, r-devel-linux-x86_64-debian-gcc, r-devel-linux-x86_64-fedora-clang, r-devel-linux-x86_64-fedora-gcc, r-devel-osx-x86_64-clang, r-patched-linux-x86_64, r-patched-solaris-sparc, r-patched-solaris-x86, r-release-linux-ix86, r-release-linux-x86_64

Version: 1.2
Check: top-level files
Result: NOTE
    Non-standard file/directory found at top level:
     ‘check’
Flavors: r-devel-linux-x86_64-debian-clang, r-devel-linux-x86_64-debian-gcc, r-devel-linux-x86_64-fedora-clang, r-devel-linux-x86_64-fedora-gcc, r-patched-linux-x86_64, r-release-linux-x86_64

Version: 1.2
Check: Rd cross-references
Result: WARN
    Unknown package ‘RHmm’ in Rd xrefs
Flavors: r-devel-linux-x86_64-debian-clang, r-devel-linux-x86_64-debian-gcc, r-devel-linux-x86_64-fedora-clang, r-devel-linux-x86_64-fedora-gcc, r-devel-osx-x86_64-clang, r-patched-linux-x86_64, r-patched-solaris-sparc, r-patched-solaris-x86, r-release-linux-ix86, r-release-linux-x86_64