CRAN Package Check Results for Package clusthaplo

Last updated on 2014-10-21 12:49:03.

Flavor Version Tinstall Tcheck Ttotal Status Flags
r-devel-linux-x86_64-debian-clang 1.2 1.70 47.92 49.62 WARN
r-devel-linux-x86_64-debian-gcc 1.2 1.71 45.94 47.65 WARN
r-devel-linux-x86_64-fedora-clang 1.2 95.89 WARN
r-devel-linux-x86_64-fedora-gcc 1.2 92.23 WARN
r-devel-osx-x86_64-clang 1.2 83.95 WARN
r-devel-windows-ix86+x86_64 1.2 7.00 59.00 66.00 OK
r-patched-linux-x86_64 1.2 1.74 47.70 49.43 WARN
r-patched-solaris-sparc 1.2 502.50 WARN
r-patched-solaris-x86 1.2 111.10 WARN
r-release-linux-ix86 1.2 2.25 56.97 59.22 WARN
r-release-linux-x86_64 1.2 1.79 48.26 50.05 WARN
r-release-osx-x86_64-mavericks 1.2 OK
r-release-osx-x86_64-snowleopard 1.2 OK
r-release-windows-ix86+x86_64 1.2 6.00 70.00 76.00 OK
r-oldrel-windows-ix86+x86_64 1.2 7.00 65.00 72.00 OK

Check Details

Version: 1.2
Check: package dependencies
Result: NOTE
    Package suggested but not available for checking: ‘RHmm’
Flavors: r-devel-linux-x86_64-debian-clang, r-devel-linux-x86_64-debian-gcc, r-devel-linux-x86_64-fedora-clang, r-devel-linux-x86_64-fedora-gcc, r-devel-osx-x86_64-clang, r-patched-linux-x86_64, r-patched-solaris-sparc, r-patched-solaris-x86, r-release-linux-ix86, r-release-linux-x86_64

Version: 1.2
Check: top-level files
Result: NOTE
    Non-standard file/directory found at top level:
     ‘check’
Flavors: r-devel-linux-x86_64-debian-clang, r-devel-linux-x86_64-debian-gcc, r-devel-linux-x86_64-fedora-clang, r-devel-linux-x86_64-fedora-gcc, r-patched-linux-x86_64, r-release-linux-x86_64

Version: 1.2
Check: Rd cross-references
Result: WARN
    Unknown package ‘RHmm’ in Rd xrefs
Flavors: r-devel-linux-x86_64-debian-clang, r-devel-linux-x86_64-debian-gcc, r-devel-linux-x86_64-fedora-clang, r-devel-linux-x86_64-fedora-gcc, r-devel-osx-x86_64-clang, r-patched-linux-x86_64, r-patched-solaris-sparc, r-patched-solaris-x86, r-release-linux-ix86, r-release-linux-x86_64