CRAN Package Check Results for Package clusthaplo

Last updated on 2015-02-01 23:48:49.

Flavor Version Tinstall Tcheck Ttotal Status Flags
r-devel-linux-x86_64-debian-clang 1.2 1.41 43.04 44.44 WARN
r-devel-linux-x86_64-debian-gcc 1.2 1.36 40.02 41.38 WARN
r-devel-linux-x86_64-fedora-clang 1.2 79.87 WARN
r-devel-linux-x86_64-fedora-gcc 1.2 76.64 WARN
r-devel-osx-x86_64-clang 1.2 76.77 WARN
r-devel-windows-ix86+x86_64 1.2 6.00 58.00 64.00 NOTE
r-patched-linux-x86_64 1.2 1.76 49.76 51.52 WARN
r-patched-solaris-sparc 1.2 551.90 WARN
r-patched-solaris-x86 1.2 115.10 WARN
r-release-linux-ix86 1.2 2.12 57.40 59.52 WARN
r-release-linux-x86_64 1.2 1.72 48.44 50.16 WARN
r-release-osx-x86_64-mavericks 1.2 OK
r-release-osx-x86_64-snowleopard 1.2 OK
r-release-windows-ix86+x86_64 1.2 8.00 71.00 79.00 OK
r-oldrel-windows-ix86+x86_64 1.2 8.00 77.00 85.00 OK

Check Details

Version: 1.2
Check: package dependencies
Result: NOTE
    Package suggested but not available for checking: ‘RHmm’
Flavors: r-devel-linux-x86_64-debian-clang, r-devel-linux-x86_64-debian-gcc, r-devel-linux-x86_64-fedora-clang, r-devel-linux-x86_64-fedora-gcc, r-devel-osx-x86_64-clang, r-patched-linux-x86_64, r-patched-solaris-sparc, r-patched-solaris-x86, r-release-linux-ix86, r-release-linux-x86_64

Version: 1.2
Check: top-level files
Result: NOTE
    Non-standard file/directory found at top level:
     ‘check’
Flavors: r-devel-linux-x86_64-debian-clang, r-devel-linux-x86_64-debian-gcc, r-devel-linux-x86_64-fedora-clang, r-devel-linux-x86_64-fedora-gcc, r-patched-linux-x86_64, r-release-linux-ix86, r-release-linux-x86_64

Version: 1.2
Check: dependencies in R code
Result: NOTE
    'library' or 'require' call to ‘RHmm’ in package code.
     Please use :: or requireNamespace() instead.
     See section 'Suggested packages' in the 'Writing R Extensions' manual.
Flavors: r-devel-linux-x86_64-debian-clang, r-devel-linux-x86_64-debian-gcc, r-devel-linux-x86_64-fedora-clang, r-devel-linux-x86_64-fedora-gcc, r-devel-osx-x86_64-clang, r-devel-windows-ix86+x86_64

Version: 1.2
Check: S3 generic/method consistency
Result: NOTE
    Found the following apparent S3 methods exported but not registered:
     plot.clusthaplo.alleles plot.clusthaplo.density
     plot.clusthaplo.haplotypes plot.clusthaplo.pair.similarity
    See section ‘Registering S3 methods’ in the ‘Writing R Extensions’
    manual.
Flavors: r-devel-linux-x86_64-debian-clang, r-devel-linux-x86_64-debian-gcc, r-devel-linux-x86_64-fedora-clang, r-devel-linux-x86_64-fedora-gcc, r-devel-osx-x86_64-clang

Version: 1.2
Check: Rd cross-references
Result: WARN
    Unknown package ‘RHmm’ in Rd xrefs
Flavors: r-devel-linux-x86_64-debian-clang, r-devel-linux-x86_64-debian-gcc, r-devel-linux-x86_64-fedora-clang, r-devel-linux-x86_64-fedora-gcc, r-devel-osx-x86_64-clang, r-patched-linux-x86_64, r-patched-solaris-sparc, r-patched-solaris-x86, r-release-linux-ix86, r-release-linux-x86_64