CRAN Package Check Results for Package clusthaplo

Last updated on 2014-08-29 09:47:53.

Flavor Version Tinstall Tcheck Ttotal Status Flags
r-devel-linux-x86_64-debian-clang 1.2 1.71 42.02 43.73 OK
r-devel-linux-x86_64-debian-gcc 1.2 1.66 42.52 44.18 OK
r-devel-linux-x86_64-fedora-clang 1.2 92.73 NOTE
r-devel-linux-x86_64-fedora-gcc 1.2 88.03 NOTE
r-devel-osx-x86_64-clang 1.2 75.27 OK
r-devel-windows-ix86+x86_64 1.2 7.00 62.00 69.00 OK
r-patched-linux-x86_64 1.2 1.76 44.20 45.96 OK
r-patched-solaris-sparc 1.2 528.40 OK
r-patched-solaris-x86 1.2 105.40 OK
r-release-linux-ix86 1.2 2.30 55.25 57.55 OK
r-release-linux-x86_64 1.2 1.78 44.55 46.33 OK
r-release-osx-x86_64-mavericks 1.2 OK
r-release-osx-x86_64-snowleopard 1.2 OK
r-release-windows-ix86+x86_64 1.2 8.00 69.00 77.00 OK
r-oldrel-windows-ix86+x86_64 1.2 8.00 67.00 75.00 OK

Check Details

Version: 1.2
Check: top-level files
Result: NOTE
    Non-standard file/directory found at top level:
     ‘check’
Flavors: r-devel-linux-x86_64-fedora-clang, r-devel-linux-x86_64-fedora-gcc