CRAN Package Check Results for Package clusthaplo

Last updated on 2014-04-23 12:48:15.

Flavor Version Tinstall Tcheck Ttotal Status Flags
r-devel-linux-x86_64-debian-clang 1.2 1.88 46.42 48.30 OK
r-devel-linux-x86_64-debian-gcc 1.2 1.84 47.95 49.79 OK
r-devel-linux-x86_64-fedora-clang 1.2 96.04 NOTE
r-devel-linux-x86_64-fedora-gcc 1.2 95.27 NOTE
r-devel-osx-x86_64-clang 1.2 79.66 OK
r-devel-osx-x86_64-gcc 1.2 ERROR
r-devel-windows-ix86+x86_64 1.2 6.00 71.00 77.00 OK
r-patched-linux-x86_64 1.2 1.93 46.70 48.63 OK
r-patched-solaris-sparc 1.2 529.30 OK
r-patched-solaris-x86 1.2 109.50 OK
r-release-linux-ix86 1.2 3.00 75.00 78.00 OK
r-release-linux-x86_64 1.2 1.97 46.68 48.65 OK
r-release-osx-x86_64-mavericks 1.2 WARN
r-release-osx-x86_64-snowleopard 1.2 OK
r-release-windows-ix86+x86_64 1.2 7.00 75.00 82.00 OK
r-oldrel-windows-ix86+x86_64 1.2 8.00 73.00 81.00 OK

Check Details

Version: 1.2
Check: top-level files
Result: NOTE
    Non-standard file/directory found at top level:
     ‘check’
Flavors: r-devel-linux-x86_64-fedora-clang, r-devel-linux-x86_64-fedora-gcc

Version: 1.2
Check: package dependencies
Result: ERROR
    Package required but not available: ‘ggplot2’
    
    See the information on DESCRIPTION files in the chapter ‘Creating R
    packages’ of the ‘Writing R Extensions’ manual.
Flavor: r-devel-osx-x86_64-gcc

Version: 1.2
Check: PDF version of manual
Result: WARNING
    LaTeX errors when creating PDF version.
    This typically indicates Rd problems.
    LaTeX errors found:
    ! LaTeX Error: File `upquote.sty' not found.
    
    Type X to quit or <RETURN> to proceed,
    or enter new name. (Default extension: sty)
    
    054d4a1/Rd2.tex:8: ==> Fatal error occurred, no output PDF file produced!
Flavor: r-release-osx-x86_64-mavericks