CRAN Package Check Results for Package clustrd

Last updated on 2016-02-11 09:50:15.

Flavor Version Tinstall Tcheck Ttotal Status Flags
r-devel-linux-x86_64-debian-gcc 0.1.2 2.92 39.37 42.28 NOTE
r-devel-linux-x86_64-fedora-clang 0.1.2 84.26 NOTE
r-devel-linux-x86_64-fedora-gcc 0.1.2 83.56 NOTE
r-devel-osx-x86_64-clang 0.1.2 92.80 NOTE
r-devel-windows-ix86+x86_64 0.1.2 13.00 65.00 78.00 NOTE
r-patched-linux-x86_64 0.1.2 3.20 42.12 45.32 NOTE
r-patched-solaris-sparc 0.1.2 545.50 NOTE
r-patched-solaris-x86 0.1.2 116.10 NOTE
r-release-linux-x86_64 0.1.2 3.07 41.84 44.91 NOTE
r-release-osx-x86_64-mavericks 0.1.2 NOTE
r-release-windows-ix86+x86_64 0.1.2 11.00 67.00 78.00 NOTE
r-oldrel-windows-ix86+x86_64 0.1.2 19.00 100.00 119.00 OK

Check Details

Version: 0.1.2
Check: DESCRIPTION meta-information
Result: NOTE
    Malformed Description field: should contain one or more complete sentences.
Flavors: r-devel-linux-x86_64-debian-gcc, r-devel-linux-x86_64-fedora-clang, r-devel-linux-x86_64-fedora-gcc, r-devel-osx-x86_64-clang, r-devel-windows-ix86+x86_64, r-patched-linux-x86_64, r-patched-solaris-sparc, r-patched-solaris-x86, r-release-linux-x86_64, r-release-osx-x86_64-mavericks, r-release-windows-ix86+x86_64

Version: 0.1.2
Check: R code for possible problems
Result: NOTE
    FactorialKM: no visible global function definition for ‘kmeans’
    FactorialKM: no visible global function definition for ‘runif’
    FactorialKM: no visible global function definition for ‘rnorm’
    MCAk: no visible global function definition for ‘runif’
    MCAk: no visible global function definition for ‘kmeans’
    ReducedKM: no visible global function definition for ‘kmeans’
    ReducedKM: no visible global function definition for ‘runif’
    ReducedKM: no visible global function definition for ‘rnorm’
    groupals: no visible global function definition for ‘runif’
    groupals: no visible global function definition for ‘kmeans’
    iFCB: no visible global function definition for ‘runif’
    iFCB: no visible global function definition for ‘kmeans’
    Undefined global functions or variables:
     kmeans rnorm runif
    Consider adding
     importFrom("stats", "kmeans", "rnorm", "runif")
    to your NAMESPACE file.
Flavors: r-devel-linux-x86_64-debian-gcc, r-devel-linux-x86_64-fedora-clang, r-devel-linux-x86_64-fedora-gcc, r-devel-osx-x86_64-clang, r-devel-windows-ix86+x86_64