CRAN Package Check Results for Package clustrd

Last updated on 2016-06-28 21:46:41.

Flavor Version Tinstall Tcheck Ttotal Status Flags
r-devel-linux-x86_64-debian-gcc 0.1.2 2.92 42.32 45.24 NOTE
r-devel-linux-x86_64-fedora-clang 0.1.2 85.27 NOTE
r-devel-linux-x86_64-fedora-gcc 0.1.2 84.05 NOTE
r-devel-osx-x86_64-clang 0.1.2 66.94 NOTE
r-devel-windows-ix86+x86_64 0.1.2 11.00 94.00 105.00 NOTE
r-patched-linux-x86_64 0.1.2 3.42 41.33 44.75 NOTE
r-patched-solaris-sparc 0.1.2 518.80 NOTE
r-patched-solaris-x86 0.1.2 112.50 NOTE
r-release-linux-x86_64 0.1.2 3.00 40.85 43.85 NOTE
r-release-osx-x86_64-mavericks 0.1.2 NOTE
r-release-windows-ix86+x86_64 0.1.2 11.00 118.00 129.00 NOTE
r-oldrel-windows-ix86+x86_64 0.1.2 12.00 91.00 103.00 NOTE

Check Details

Version: 0.1.2
Check: DESCRIPTION meta-information
Result: NOTE
    Malformed Description field: should contain one or more complete sentences.
Flavors: r-devel-linux-x86_64-debian-gcc, r-devel-linux-x86_64-fedora-clang, r-devel-linux-x86_64-fedora-gcc, r-devel-osx-x86_64-clang, r-devel-windows-ix86+x86_64, r-patched-linux-x86_64, r-patched-solaris-sparc, r-patched-solaris-x86, r-release-linux-x86_64, r-release-osx-x86_64-mavericks, r-release-windows-ix86+x86_64, r-oldrel-windows-ix86+x86_64

Version: 0.1.2
Check: R code for possible problems
Result: NOTE
    FactorialKM: no visible global function definition for ‘kmeans’
    FactorialKM: no visible global function definition for ‘runif’
    FactorialKM: no visible global function definition for ‘rnorm’
    MCAk: no visible global function definition for ‘runif’
    MCAk: no visible global function definition for ‘kmeans’
    ReducedKM: no visible global function definition for ‘kmeans’
    ReducedKM: no visible global function definition for ‘runif’
    ReducedKM: no visible global function definition for ‘rnorm’
    groupals: no visible global function definition for ‘runif’
    groupals: no visible global function definition for ‘kmeans’
    iFCB: no visible global function definition for ‘runif’
    iFCB: no visible global function definition for ‘kmeans’
    Undefined global functions or variables:
     kmeans rnorm runif
    Consider adding
     importFrom("stats", "kmeans", "rnorm", "runif")
    to your NAMESPACE file.
Flavors: r-devel-linux-x86_64-debian-gcc, r-devel-linux-x86_64-fedora-clang, r-devel-linux-x86_64-fedora-gcc, r-devel-osx-x86_64-clang, r-devel-windows-ix86+x86_64, r-patched-linux-x86_64, r-patched-solaris-sparc, r-patched-solaris-x86, r-release-linux-x86_64, r-release-osx-x86_64-mavericks, r-release-windows-ix86+x86_64