CRAN Package Check Results for Package clustrd

Last updated on 2016-07-31 06:47:19.

Flavor Version Tinstall Tcheck Ttotal Status Flags
r-devel-linux-x86_64-debian-clang 0.1.2 2.90 42.38 45.27 NOTE
r-devel-linux-x86_64-debian-gcc 0.1.2 2.81 41.35 44.17 NOTE
r-devel-linux-x86_64-fedora-clang 0.1.2 85.26 NOTE
r-devel-linux-x86_64-fedora-gcc 0.1.2 81.66 NOTE
r-devel-osx-x86_64-clang 0.1.2 68.90 NOTE
r-devel-windows-ix86+x86_64 0.1.2 8.00 70.00 78.00 NOTE
r-patched-linux-x86_64 0.1.2 3.03 40.17 43.19 NOTE
r-patched-solaris-sparc 0.1.2 518.80 NOTE
r-patched-solaris-x86 0.1.2 111.60 NOTE
r-release-linux-x86_64 0.1.2 3.58 45.88 49.46 NOTE
r-release-osx-x86_64-mavericks 0.1.2 NOTE
r-release-windows-ix86+x86_64 0.1.2 11.00 92.00 103.00 NOTE
r-oldrel-windows-ix86+x86_64 0.1.2 13.00 74.00 87.00 NOTE

Check Details

Version: 0.1.2
Check: DESCRIPTION meta-information
Result: NOTE
    Malformed Description field: should contain one or more complete sentences.
Flavors: r-devel-linux-x86_64-debian-clang, r-devel-linux-x86_64-debian-gcc, r-devel-linux-x86_64-fedora-clang, r-devel-linux-x86_64-fedora-gcc, r-devel-osx-x86_64-clang, r-devel-windows-ix86+x86_64, r-patched-linux-x86_64, r-patched-solaris-sparc, r-patched-solaris-x86, r-release-linux-x86_64, r-release-osx-x86_64-mavericks, r-release-windows-ix86+x86_64, r-oldrel-windows-ix86+x86_64

Version: 0.1.2
Check: R code for possible problems
Result: NOTE
    FactorialKM: no visible global function definition for ‘kmeans’
    FactorialKM: no visible global function definition for ‘runif’
    FactorialKM: no visible global function definition for ‘rnorm’
    MCAk: no visible global function definition for ‘runif’
    MCAk: no visible global function definition for ‘kmeans’
    ReducedKM: no visible global function definition for ‘kmeans’
    ReducedKM: no visible global function definition for ‘runif’
    ReducedKM: no visible global function definition for ‘rnorm’
    groupals: no visible global function definition for ‘runif’
    groupals: no visible global function definition for ‘kmeans’
    iFCB: no visible global function definition for ‘runif’
    iFCB: no visible global function definition for ‘kmeans’
    Undefined global functions or variables:
     kmeans rnorm runif
    Consider adding
     importFrom("stats", "kmeans", "rnorm", "runif")
    to your NAMESPACE file.
Flavors: r-devel-linux-x86_64-debian-clang, r-devel-linux-x86_64-debian-gcc, r-devel-linux-x86_64-fedora-clang, r-devel-linux-x86_64-fedora-gcc, r-devel-osx-x86_64-clang, r-devel-windows-ix86+x86_64, r-patched-linux-x86_64, r-patched-solaris-sparc, r-patched-solaris-x86, r-release-linux-x86_64, r-release-osx-x86_64-mavericks, r-release-windows-ix86+x86_64