CRAN Package Check Results for Package clustrd

Last updated on 2015-08-31 08:46:43.

Flavor Version Tinstall Tcheck Ttotal Status Flags
r-devel-linux-x86_64-debian-clang 0.1.2 2.99 41.56 44.55 NOTE
r-devel-linux-x86_64-debian-gcc 0.1.2 3.13 40.17 43.30 NOTE
r-devel-linux-x86_64-fedora-clang 0.1.2 92.68 NOTE
r-devel-linux-x86_64-fedora-gcc 0.1.2 86.20 NOTE
r-devel-osx-x86_64-clang 0.1.2 78.55 NOTE
r-devel-windows-ix86+x86_64 0.1.2 15.00 75.00 90.00 NOTE
r-patched-linux-x86_64 0.1.2 3.02 42.36 45.38 NOTE
r-patched-solaris-sparc 0.1.2 592.50 NOTE
r-patched-solaris-x86 0.1.2 132.50 NOTE
r-release-linux-x86_64 0.1.2 3.30 42.77 46.07 NOTE
r-release-osx-x86_64-mavericks 0.1.2 NOTE
r-release-windows-ix86+x86_64 0.1.2 12.00 72.00 84.00 NOTE
r-oldrel-windows-ix86+x86_64 0.1.2 24.00 102.00 126.00 OK

Check Details

Version: 0.1.2
Check: DESCRIPTION meta-information
Result: NOTE
    Malformed Description field: should contain one or more complete sentences.
Flavors: r-devel-linux-x86_64-debian-clang, r-devel-linux-x86_64-debian-gcc, r-devel-linux-x86_64-fedora-clang, r-devel-linux-x86_64-fedora-gcc, r-devel-osx-x86_64-clang, r-devel-windows-ix86+x86_64, r-patched-linux-x86_64, r-patched-solaris-sparc, r-patched-solaris-x86, r-release-linux-x86_64, r-release-osx-x86_64-mavericks, r-release-windows-ix86+x86_64

Version: 0.1.2
Check: R code for possible problems
Result: NOTE
    FactorialKM: no visible global function definition for ‘kmeans’
    FactorialKM: no visible global function definition for ‘runif’
    FactorialKM: no visible global function definition for ‘rnorm’
    MCAk: no visible global function definition for ‘runif’
    MCAk: no visible global function definition for ‘kmeans’
    ReducedKM: no visible global function definition for ‘kmeans’
    ReducedKM: no visible global function definition for ‘runif’
    ReducedKM: no visible global function definition for ‘rnorm’
    groupals: no visible global function definition for ‘runif’
    groupals: no visible global function definition for ‘kmeans’
    iFCB: no visible global function definition for ‘runif’
    iFCB: no visible global function definition for ‘kmeans’
    Undefined global functions or variables:
     kmeans rnorm runif
    Consider adding
     importFrom("stats", "kmeans", "rnorm", "runif")
    to your NAMESPACE.
Flavors: r-devel-linux-x86_64-debian-clang, r-devel-linux-x86_64-debian-gcc, r-devel-linux-x86_64-fedora-clang, r-devel-linux-x86_64-fedora-gcc, r-devel-windows-ix86+x86_64