CRAN Package Check Results for Package clustrd

Last updated on 2015-04-18 21:48:57.

Flavor Version Tinstall Tcheck Ttotal Status Flags
r-devel-linux-x86_64-debian-clang 0.1.2 3.01 43.80 46.81 NOTE
r-devel-linux-x86_64-debian-gcc 0.1.2 3.35 42.04 45.40 NOTE
r-devel-linux-x86_64-fedora-clang 0.1.2 92.29 NOTE
r-devel-linux-x86_64-fedora-gcc 0.1.2 88.80 NOTE
r-devel-osx-x86_64-clang 0.1.2 81.92 NOTE
r-patched-linux-x86_64 0.1.2 2.98 42.02 45.00 NOTE
r-patched-solaris-sparc 0.1.2 732.70 NOTE
r-patched-solaris-x86 0.1.2 121.90 NOTE
r-release-linux-x86_64 0.1.2 3.01 42.38 45.39 NOTE
r-release-osx-x86_64-mavericks 0.1.2 NOTE
r-release-osx-x86_64-snowleopard 0.1.2 ERROR
r-release-windows-ix86+x86_64 0.1.2 9.00 80.00 89.00 NOTE
r-oldrel-windows-ix86+x86_64 0.1.2 18.00 121.00 139.00 OK

Check Details

Version: 0.1.2
Check: DESCRIPTION meta-information
Result: NOTE
    Malformed Description field: should contain one or more complete sentences.
Flavors: r-devel-linux-x86_64-debian-clang, r-devel-linux-x86_64-debian-gcc, r-devel-linux-x86_64-fedora-clang, r-devel-linux-x86_64-fedora-gcc, r-devel-osx-x86_64-clang, r-patched-linux-x86_64, r-patched-solaris-sparc, r-patched-solaris-x86, r-release-linux-x86_64, r-release-osx-x86_64-mavericks, r-release-windows-ix86+x86_64

Version: 0.1.2
Check: package dependencies
Result: ERROR
    Package required but not available: ‘ggplot2’
    
    See section ‘The DESCRIPTION file’ in the ‘Writing R Extensions’
    manual.
Flavor: r-release-osx-x86_64-snowleopard