CRAN Package Check Results for Package clustrd

Last updated on 2015-02-27 05:47:57.

Flavor Version Tinstall Tcheck Ttotal Status Flags
r-devel-linux-x86_64-debian-clang 0.1.2 3.04 43.33 46.37 NOTE
r-devel-linux-x86_64-debian-gcc 0.1.2 2.90 41.23 44.14 NOTE
r-devel-linux-x86_64-fedora-clang 0.1.2 95.61 NOTE
r-devel-linux-x86_64-fedora-gcc 0.1.2 88.06 NOTE
r-devel-osx-x86_64-clang 0.1.2 83.89 NOTE
r-devel-windows-ix86+x86_64 0.1.2 13.00 60.00 73.00 NOTE
r-patched-linux-x86_64 0.1.2 4.91 57.08 61.99 OK
r-patched-solaris-sparc 0.1.2 754.80 OK
r-patched-solaris-x86 0.1.2 172.70 OK
r-release-linux-ix86 0.1.2 4.82 67.10 71.92 OK
r-release-linux-x86_64 0.1.2 4.91 0.26 5.16 OK
r-release-osx-x86_64-mavericks 0.1.2 OK
r-release-osx-x86_64-snowleopard 0.1.2 OK
r-release-windows-ix86+x86_64 0.1.2 15.00 98.00 113.00 OK
r-oldrel-windows-ix86+x86_64 0.1.2 15.00 88.00 103.00 OK

Check Details

Version: 0.1.2
Check: DESCRIPTION meta-information
Result: NOTE
    Malformed Description field: should contain one or more complete sentences.
Flavors: r-devel-linux-x86_64-debian-clang, r-devel-linux-x86_64-debian-gcc, r-devel-linux-x86_64-fedora-clang, r-devel-linux-x86_64-fedora-gcc, r-devel-osx-x86_64-clang, r-devel-windows-ix86+x86_64