CRAN Package Check Results for Package clustrd

Last updated on 2016-09-25 06:53:06.

Flavor Version Tinstall Tcheck Ttotal Status Flags
r-devel-linux-x86_64-debian-clang 0.1.2 2.30 36.55 38.85 NOTE
r-devel-linux-x86_64-debian-gcc 0.1.2 2.56 35.95 38.51 NOTE
r-devel-linux-x86_64-fedora-clang 0.1.2 82.61 NOTE
r-devel-linux-x86_64-fedora-gcc 0.1.2 80.59 NOTE
r-devel-macos-x86_64-clang 0.1.2 62.19 NOTE
r-devel-windows-ix86+x86_64 0.1.2 10.00 94.00 104.00 NOTE
r-patched-linux-x86_64 0.1.2 2.57 36.65 39.23 NOTE
r-patched-solaris-sparc 0.1.2 518.80 NOTE
r-patched-solaris-x86 0.1.2 111.40 NOTE
r-release-linux-x86_64 0.1.2 2.55 36.75 39.30 NOTE
r-release-osx-x86_64-mavericks 0.1.2 NOTE
r-release-windows-ix86+x86_64 0.1.2 6.00 61.00 67.00 NOTE
r-oldrel-windows-ix86+x86_64 0.1.2 12.00 88.00 100.00 NOTE

Check Details

Version: 0.1.2
Check: DESCRIPTION meta-information
Result: NOTE
    Malformed Description field: should contain one or more complete sentences.
Flavors: r-devel-linux-x86_64-debian-clang, r-devel-linux-x86_64-debian-gcc, r-devel-linux-x86_64-fedora-clang, r-devel-linux-x86_64-fedora-gcc, r-devel-macos-x86_64-clang, r-devel-windows-ix86+x86_64, r-patched-linux-x86_64, r-patched-solaris-sparc, r-patched-solaris-x86, r-release-linux-x86_64, r-release-osx-x86_64-mavericks, r-release-windows-ix86+x86_64, r-oldrel-windows-ix86+x86_64

Version: 0.1.2
Check: R code for possible problems
Result: NOTE
    FactorialKM: no visible global function definition for ‘kmeans’
    FactorialKM: no visible global function definition for ‘runif’
    FactorialKM: no visible global function definition for ‘rnorm’
    MCAk: no visible global function definition for ‘runif’
    MCAk: no visible global function definition for ‘kmeans’
    ReducedKM: no visible global function definition for ‘kmeans’
    ReducedKM: no visible global function definition for ‘runif’
    ReducedKM: no visible global function definition for ‘rnorm’
    groupals: no visible global function definition for ‘runif’
    groupals: no visible global function definition for ‘kmeans’
    iFCB: no visible global function definition for ‘runif’
    iFCB: no visible global function definition for ‘kmeans’
    Undefined global functions or variables:
     kmeans rnorm runif
    Consider adding
     importFrom("stats", "kmeans", "rnorm", "runif")
    to your NAMESPACE file.
Flavors: r-devel-linux-x86_64-debian-clang, r-devel-linux-x86_64-debian-gcc, r-devel-linux-x86_64-fedora-clang, r-devel-linux-x86_64-fedora-gcc, r-devel-macos-x86_64-clang, r-devel-windows-ix86+x86_64, r-patched-linux-x86_64, r-patched-solaris-sparc, r-patched-solaris-x86, r-release-linux-x86_64, r-release-osx-x86_64-mavericks, r-release-windows-ix86+x86_64