CRAN Package Check Results for Package clustrd

Last updated on 2015-07-03 07:47:50.

Flavor Version Tinstall Tcheck Ttotal Status Flags
r-devel-linux-x86_64-debian-clang 0.1.2 3.02 43.30 46.32 NOTE
r-devel-linux-x86_64-debian-gcc 0.1.2 3.11 41.64 44.75 NOTE
r-devel-linux-x86_64-fedora-clang 0.1.2 94.42 NOTE
r-devel-linux-x86_64-fedora-gcc 0.1.2 87.88 NOTE
r-devel-osx-x86_64-clang 0.1.2 83.77 NOTE
r-devel-windows-ix86+x86_64 0.1.2 8.00 69.00 77.00 NOTE
r-patched-linux-x86_64 0.1.2 2.96 42.68 45.64 NOTE
r-patched-solaris-sparc 0.1.2 586.20 NOTE
r-patched-solaris-x86 0.1.2 131.20 NOTE
r-release-linux-x86_64 0.1.2 2.99 43.57 46.56 NOTE
r-release-osx-x86_64-mavericks 0.1.2 NOTE
r-release-windows-ix86+x86_64 0.1.2 10.00 66.00 76.00 NOTE
r-oldrel-windows-ix86+x86_64 0.1.2 16.00 95.00 111.00 OK

Check Details

Version: 0.1.2
Check: DESCRIPTION meta-information
Result: NOTE
    Malformed Description field: should contain one or more complete sentences.
Flavors: r-devel-linux-x86_64-debian-clang, r-devel-linux-x86_64-debian-gcc, r-devel-linux-x86_64-fedora-clang, r-devel-linux-x86_64-fedora-gcc, r-devel-osx-x86_64-clang, r-devel-windows-ix86+x86_64, r-patched-linux-x86_64, r-patched-solaris-sparc, r-patched-solaris-x86, r-release-linux-x86_64, r-release-osx-x86_64-mavericks, r-release-windows-ix86+x86_64

Version: 0.1.2
Check: R code for possible problems
Result: NOTE
    FactorialKM: no visible global function definition for ‘kmeans’
    FactorialKM: no visible global function definition for ‘runif’
    FactorialKM: no visible global function definition for ‘rnorm’
    MCAk: no visible global function definition for ‘runif’
    MCAk: no visible global function definition for ‘kmeans’
    ReducedKM: no visible global function definition for ‘kmeans’
    ReducedKM: no visible global function definition for ‘runif’
    ReducedKM: no visible global function definition for ‘rnorm’
    groupals: no visible global function definition for ‘runif’
    groupals: no visible global function definition for ‘kmeans’
    iFCB: no visible global function definition for ‘runif’
    iFCB: no visible global function definition for ‘kmeans’
    Undefined global functions or variables:
     kmeans rnorm runif
Flavors: r-devel-linux-x86_64-debian-clang, r-devel-linux-x86_64-debian-gcc, r-devel-linux-x86_64-fedora-clang, r-devel-linux-x86_64-fedora-gcc, r-devel-windows-ix86+x86_64