CRAN Package Check Results for Package clustrd

Last updated on 2015-05-23 08:46:56.

Flavor Version Tinstall Tcheck Ttotal Status Flags
r-devel-linux-x86_64-debian-clang 0.1.2 2.96 42.66 45.62 NOTE
r-devel-linux-x86_64-debian-gcc 0.1.2 3.18 42.66 45.84 NOTE
r-devel-linux-x86_64-fedora-clang 0.1.2 94.66 NOTE
r-devel-linux-x86_64-fedora-gcc 0.1.2 91.44 NOTE
r-devel-osx-x86_64-clang 0.1.2 80.74 NOTE
r-devel-windows-ix86+x86_64 0.1.2 9.00 68.00 77.00 NOTE
r-patched-linux-x86_64 0.1.2 2.92 41.90 44.82 NOTE
r-patched-solaris-sparc 0.1.2 586.20 NOTE
r-patched-solaris-x86 0.1.2 130.80 NOTE
r-release-linux-x86_64 0.1.2 2.96 42.23 45.19 NOTE
r-release-osx-x86_64-mavericks 0.1.2 NOTE
r-release-osx-x86_64-snowleopard 0.1.2 ERROR
r-release-windows-ix86+x86_64 0.1.2 11.00 66.00 77.00 NOTE
r-oldrel-windows-ix86+x86_64 0.1.2 15.00 90.00 105.00 OK

Check Details

Version: 0.1.2
Check: DESCRIPTION meta-information
Result: NOTE
    Malformed Description field: should contain one or more complete sentences.
Flavors: r-devel-linux-x86_64-debian-clang, r-devel-linux-x86_64-debian-gcc, r-devel-linux-x86_64-fedora-clang, r-devel-linux-x86_64-fedora-gcc, r-devel-osx-x86_64-clang, r-devel-windows-ix86+x86_64, r-patched-linux-x86_64, r-patched-solaris-sparc, r-patched-solaris-x86, r-release-linux-x86_64, r-release-osx-x86_64-mavericks, r-release-windows-ix86+x86_64

Version: 0.1.2
Check: package dependencies
Result: ERROR
    Package required but not available: ‘ggplot2’
    
    See section ‘The DESCRIPTION file’ in the ‘Writing R Extensions’
    manual.
Flavor: r-release-osx-x86_64-snowleopard