Last updated on 2023-09-21 10:55:16 CEST.
Flavor | Version | Tinstall | Tcheck | Ttotal | Status | Flags |
---|---|---|---|---|---|---|
r-devel-linux-x86_64-debian-clang | 0.3-2.3 | 6.59 | 38.21 | 44.80 | OK | |
r-devel-linux-x86_64-debian-gcc | 0.3-2.3 | 6.19 | 29.22 | 35.41 | OK | |
r-devel-linux-x86_64-fedora-clang | 0.3-2.3 | 58.78 | NOTE | |||
r-devel-linux-x86_64-fedora-gcc | 0.3-2.3 | 54.85 | NOTE | |||
r-devel-windows-x86_64 | 0.3-2.3 | 11.00 | 56.00 | 67.00 | OK | |
r-patched-linux-x86_64 | 0.3-2.3 | 9.25 | 37.71 | 46.96 | OK | |
r-release-linux-x86_64 | 0.3-2.3 | 7.20 | 38.49 | 45.69 | OK | |
r-release-macos-arm64 | 0.3-2.3 | 24.00 | OK | |||
r-release-macos-x86_64 | 0.3-2.3 | 52.00 | OK | |||
r-release-windows-x86_64 | 0.3-2.3 | 10.00 | 58.00 | 68.00 | OK | |
r-oldrel-macos-arm64 | 0.3-2.3 | 34.00 | OK | |||
r-oldrel-macos-x86_64 | 0.3-2.3 | 50.00 | OK | |||
r-oldrel-windows-x86_64 | 0.3-2.3 | 12.00 | 59.00 | 71.00 | OK |
Version: 0.3-2.3
Check: compiled code
Result: NOTE
File ‘clv/libs/clv.so’:
Found no calls to: ‘R_registerRoutines’, ‘R_useDynamicSymbols’
It is good practice to register native routines and to disable symbol
search.
See ‘Writing portable packages’ in the ‘Writing R Extensions’ manual.
Flavors: r-devel-linux-x86_64-fedora-clang, r-devel-linux-x86_64-fedora-gcc