CRAN Package Check Results for Package clv

Last updated on 2017-04-29 08:48:41.

Flavor Version Tinstall Tcheck Ttotal Status Flags
r-devel-linux-x86_64-debian-clang 0.3-2.1 2.93 18.89 21.82 NOTE
r-devel-linux-x86_64-debian-gcc 0.3-2.1 2.47 18.34 20.81 NOTE
r-devel-linux-x86_64-fedora-clang 0.3-2.1 36.78 NOTE --no-stop-on-test-error
r-devel-linux-x86_64-fedora-gcc 0.3-2.1 34.96 NOTE --no-stop-on-test-error
r-devel-windows-ix86+x86_64 0.3-2.1 28.00 48.00 76.00 OK
r-patched-linux-x86_64 0.3-2.1 3.21 19.27 22.48 NOTE
r-patched-solaris-sparc 0.3-2.1 242.60 OK
r-patched-solaris-x86 0.3-2.1 50.60 OK
r-release-linux-x86_64 0.3-2.1 3.14 18.69 21.82 NOTE
r-release-windows-ix86+x86_64 0.3-2.1 30.00 60.00 90.00 OK
r-release-osx-x86_64 0.3-2.1 OK
r-oldrel-windows-ix86+x86_64 0.3-2.1 17.00 59.00 76.00 OK
r-oldrel-osx-x86_64 0.3-2.1 OK

Check Details

Version: 0.3-2.1
Check: compiled code
Result: NOTE
    File ‘clv/libs/clv.so’:
     Found no calls to: ‘R_registerRoutines’, ‘R_useDynamicSymbols’
    
    It is good practice to register native routines and to disable symbol
    search.
    
    See ‘Writing portable packages’ in the ‘Writing R Extensions’ manual.
Flavors: r-devel-linux-x86_64-debian-clang, r-devel-linux-x86_64-debian-gcc, r-patched-linux-x86_64, r-release-linux-x86_64

Version: 0.3-2.1
Flags: --no-stop-on-test-error
Check: compiled code
Result: NOTE
    File ‘clv/libs/clv.so’:
     Found no calls to: ‘R_registerRoutines’, ‘R_useDynamicSymbols’
    
    It is good practice to register native routines and to disable symbol
    search.
    
    See ‘Writing portable packages’ in the ‘Writing R Extensions’ manual.
Flavors: r-devel-linux-x86_64-fedora-clang, r-devel-linux-x86_64-fedora-gcc