CRAN Package Check Results for Package clv

Last updated on 2017-10-22 22:48:39.

Flavor Version Tinstall Tcheck Ttotal Status Flags
r-devel-linux-x86_64-debian-clang 0.3-2.1 2.40 19.22 21.62 NOTE
r-devel-linux-x86_64-debian-gcc 0.3-2.1 3.04 18.84 21.87 NOTE
r-devel-linux-x86_64-fedora-clang 0.3-2.1 38.56 NOTE
r-devel-linux-x86_64-fedora-gcc 0.3-2.1 41.57 NOTE
r-devel-windows-ix86+x86_64 0.3-2.1 15.00 61.00 76.00 OK
r-patched-linux-x86_64 0.3-2.1 2.37 18.73 21.10 NOTE
r-patched-solaris-x86 0.3-2.1 58.30 OK
r-release-linux-x86_64 0.3-2.1 2.36 18.74 21.10 NOTE
r-release-windows-ix86+x86_64 0.3-2.1 17.00 61.00 78.00 OK
r-release-osx-x86_64 0.3-2.1 OK
r-oldrel-windows-ix86+x86_64 0.3-2.1 13.00 57.00 70.00 OK
r-oldrel-osx-x86_64 0.3-2.1 OK

Check Details

Version: 0.3-2.1
Check: compiled code
Result: NOTE
    File ‘clv/libs/clv.so’:
     Found no calls to: ‘R_registerRoutines’, ‘R_useDynamicSymbols’
    
    It is good practice to register native routines and to disable symbol
    search.
    
    See ‘Writing portable packages’ in the ‘Writing R Extensions’ manual.
Flavors: r-devel-linux-x86_64-debian-clang, r-devel-linux-x86_64-debian-gcc, r-devel-linux-x86_64-fedora-clang, r-devel-linux-x86_64-fedora-gcc, r-patched-linux-x86_64, r-release-linux-x86_64