CRAN Package Check Results for Package clv

Last updated on 2017-08-17 12:53:46.

Flavor Version Tinstall Tcheck Ttotal Status Flags
r-devel-linux-x86_64-debian-clang 0.3-2.1 2.54 19.80 22.34 NOTE
r-devel-linux-x86_64-debian-gcc 0.3-2.1 2.58 18.56 21.14 NOTE
r-devel-linux-x86_64-fedora-clang 0.3-2.1 37.25 NOTE
r-devel-linux-x86_64-fedora-gcc 0.3-2.1 37.96 NOTE
r-devel-windows-ix86+x86_64 0.3-2.1 15.00 50.00 65.00 OK
r-patched-linux-x86_64 0.3-2.1 2.31 19.07 21.38 NOTE
r-patched-solaris-x86 0.3-2.1 62.40 OK
r-release-linux-x86_64 0.3-2.1 2.38 18.75 21.13 NOTE
r-release-windows-ix86+x86_64 0.3-2.1 14.00 48.00 62.00 OK
r-release-osx-x86_64 0.3-2.1 OK
r-oldrel-windows-ix86+x86_64 0.3-2.1 20.00 42.00 62.00 OK
r-oldrel-osx-x86_64 0.3-2.1 OK

Check Details

Version: 0.3-2.1
Check: compiled code
Result: NOTE
    File ‘clv/libs/clv.so’:
     Found no calls to: ‘R_registerRoutines’, ‘R_useDynamicSymbols’
    
    It is good practice to register native routines and to disable symbol
    search.
    
    See ‘Writing portable packages’ in the ‘Writing R Extensions’ manual.
Flavors: r-devel-linux-x86_64-debian-clang, r-devel-linux-x86_64-debian-gcc, r-devel-linux-x86_64-fedora-clang, r-devel-linux-x86_64-fedora-gcc, r-patched-linux-x86_64, r-release-linux-x86_64