CRAN Package Check Results for Package clv

Last updated on 2017-03-27 13:55:23.

Flavor Version Tinstall Tcheck Ttotal Status Flags
r-devel-linux-x86_64-debian-clang 0.3-2.1 2.65 18.91 21.56 NOTE
r-devel-linux-x86_64-debian-gcc 0.3-2.1 2.29 18.55 20.84 NOTE
r-devel-linux-x86_64-fedora-clang 0.3-2.1 38.45 NOTE --no-stop-on-test-error
r-devel-linux-x86_64-fedora-gcc 0.3-2.1 34.36 NOTE --no-stop-on-test-error
r-devel-macos-x86_64-clang 0.3-2.1 30.66 NOTE --no-stop-on-test-error
r-devel-windows-ix86+x86_64 0.3-2.1 50.00 44.00 94.00 OK
r-patched-linux-x86_64 0.3-2.1 2.26 18.83 21.09 NOTE
r-patched-solaris-sparc 0.3-2.1 242.60 OK
r-patched-solaris-x86 0.3-2.1 51.10 OK
r-release-linux-x86_64 0.3-2.1 2.21 16.88 19.09 OK
r-release-osx-x86_64-mavericks 0.3-2.1 OK
r-release-windows-ix86+x86_64 0.3-2.1 22.00 45.00 67.00 OK
r-oldrel-windows-ix86+x86_64 0.3-2.1 14.00 45.00 59.00 OK

Check Details

Version: 0.3-2.1
Check: compiled code
Result: NOTE
    File ‘clv/libs/clv.so’:
     Found no calls to: ‘R_registerRoutines’, ‘R_useDynamicSymbols’
    
    It is good practice to register native routines and to disable symbol
    search.
    
    See ‘Writing portable packages’ in the ‘Writing R Extensions’ manual.
Flavors: r-devel-linux-x86_64-debian-clang, r-devel-linux-x86_64-debian-gcc, r-patched-linux-x86_64

Version: 0.3-2.1
Flags: --no-stop-on-test-error
Check: compiled code
Result: NOTE
    File ‘clv/libs/clv.so’:
     Found no calls to: ‘R_registerRoutines’, ‘R_useDynamicSymbols’
    
    It is good practice to register native routines and to disable symbol
    search.
    
    See ‘Writing portable packages’ in the ‘Writing R Extensions’ manual.
Flavors: r-devel-linux-x86_64-fedora-clang, r-devel-linux-x86_64-fedora-gcc, r-devel-macos-x86_64-clang