CRAN Package Check Results for Package clv

Last updated on 2014-04-24 03:47:41.

Flavor Version Tinstall Tcheck Ttotal Status Flags
r-devel-linux-x86_64-debian-clang 0.3-2.1 1.89 18.23 20.12 OK
r-devel-linux-x86_64-debian-gcc 0.3-2.1 2.14 18.20 20.34 OK
r-devel-linux-x86_64-fedora-clang 0.3-2.1 37.30 OK
r-devel-linux-x86_64-fedora-gcc 0.3-2.1 35.61 OK
r-devel-osx-x86_64-clang 0.3-2.1 34.61 OK
r-devel-osx-x86_64-gcc 0.3-2.1 OK
r-devel-windows-ix86+x86_64 0.3-2.1 14.00 37.00 51.00 OK
r-patched-linux-x86_64 0.3-2.1 2.17 17.94 20.11 OK
r-patched-solaris-sparc 0.3-2.1 239.50 OK
r-patched-solaris-x86 0.3-2.1 54.20 OK
r-release-linux-ix86 0.3-2.1 4.00 35.00 39.00 OK
r-release-linux-x86_64 0.3-2.1 2.14 18.03 20.17 OK
r-release-osx-x86_64-mavericks 0.3-2.1 WARN
r-release-osx-x86_64-snowleopard 0.3-2.1 OK
r-release-windows-ix86+x86_64 0.3-2.1 14.00 37.00 51.00 OK
r-oldrel-windows-ix86+x86_64 0.3-2.1 14.00 40.00 54.00 OK

Check Details

Version: 0.3-2.1
Check: PDF version of manual
Result: WARNING
    LaTeX errors when creating PDF version.
    This typically indicates Rd problems.
    LaTeX errors found:
    ! LaTeX Error: File `upquote.sty' not found.
    
    Type X to quit or <RETURN> to proceed,
    or enter new name. (Default extension: sty)
    
    2ca2cd0/Rd2.tex:8: ==> Fatal error occurred, no output PDF file produced!
Flavor: r-release-osx-x86_64-mavericks