CRAN Package Check Results for Package clv

Last updated on 2018-01-17 03:49:02 CET.

Flavor Version Tinstall Tcheck Ttotal Status Flags
r-devel-linux-x86_64-debian-clang 0.3-2.1 3.48 31.06 34.54 NOTE
r-devel-linux-x86_64-debian-gcc 0.3-2.1 2.64 23.71 26.35 NOTE
r-devel-linux-x86_64-fedora-clang 0.3-2.1 37.66 NOTE
r-devel-linux-x86_64-fedora-gcc 0.3-2.1 37.95 NOTE
r-devel-windows-ix86+x86_64 0.3-2.1 21.00 52.00 73.00 OK
r-patched-linux-x86_64 0.3-2.1 3.01 28.78 31.79 NOTE
r-patched-solaris-x86 0.3-2.1 58.80 OK
r-release-linux-x86_64 0.3-2.1 3.14 28.54 31.68 NOTE
r-release-windows-ix86+x86_64 0.3-2.1 23.00 62.00 85.00 OK
r-release-osx-x86_64 0.3-2.1 OK
r-oldrel-windows-ix86+x86_64 0.3-2.1 19.00 60.00 79.00 OK
r-oldrel-osx-x86_64 0.3-2.1 OK

Check Details

Version: 0.3-2.1
Check: compiled code
Result: NOTE
    File ‘clv/libs/clv.so’:
     Found no calls to: ‘R_registerRoutines’, ‘R_useDynamicSymbols’
    
    It is good practice to register native routines and to disable symbol
    search.
    
    See ‘Writing portable packages’ in the ‘Writing R Extensions’ manual.
Flavors: r-devel-linux-x86_64-debian-clang, r-devel-linux-x86_64-debian-gcc, r-devel-linux-x86_64-fedora-clang, r-devel-linux-x86_64-fedora-gcc, r-patched-linux-x86_64, r-release-linux-x86_64