CRAN Package Check Results for Package clv

Last updated on 2017-02-21 23:50:33.

Flavor Version Tinstall Tcheck Ttotal Status Flags
r-devel-linux-x86_64-debian-clang 0.3-2.1 2.48 19.37 21.85 NOTE
r-devel-linux-x86_64-debian-gcc 0.3-2.1 2.32 18.31 20.63 NOTE
r-devel-linux-x86_64-fedora-clang 0.3-2.1 36.49 NOTE --no-stop-on-test-error
r-devel-linux-x86_64-fedora-gcc 0.3-2.1 34.59 NOTE --no-stop-on-test-error
r-devel-macos-x86_64-clang 0.3-2.1 31.35 NOTE --no-stop-on-test-error
r-devel-windows-ix86+x86_64 0.3-2.1 19.00 94.00 113.00 OK
r-patched-linux-x86_64 0.3-2.1 2.11 16.42 18.53 OK
r-patched-solaris-sparc 0.3-2.1 234.80 OK
r-patched-solaris-x86 0.3-2.1 45.70 OK
r-release-linux-x86_64 0.3-2.1 1.98 16.35 18.33 OK
r-release-osx-x86_64-mavericks 0.3-2.1 OK
r-release-windows-ix86+x86_64 0.3-2.1 42.00 70.00 112.00 OK
r-oldrel-windows-ix86+x86_64 0.3-2.1 24.00 60.00 84.00 OK

Check Details

Version: 0.3-2.1
Check: compiled code
Result: NOTE
    File ‘clv/libs/clv.so’:
     Found no calls to: ‘R_registerRoutines’, ‘R_useDynamicSymbols’
    
    It is good practice to register native routines and to disable symbol
    search.
    
    See ‘Writing portable packages’ in the ‘Writing R Extensions’ manual.
Flavors: r-devel-linux-x86_64-debian-clang, r-devel-linux-x86_64-debian-gcc

Version: 0.3-2.1
Flags: --no-stop-on-test-error
Check: compiled code
Result: NOTE
    File ‘clv/libs/clv.so’:
     Found no calls to: ‘R_registerRoutines’, ‘R_useDynamicSymbols’
    
    It is good practice to register native routines and to disable symbol
    search.
    
    See ‘Writing portable packages’ in the ‘Writing R Extensions’ manual.
Flavors: r-devel-linux-x86_64-fedora-clang, r-devel-linux-x86_64-fedora-gcc, r-devel-macos-x86_64-clang