CRAN Package Check Results for Package clv

Last updated on 2017-06-25 09:48:00.

Flavor Version Tinstall Tcheck Ttotal Status Flags
r-devel-linux-x86_64-debian-clang 0.3-2.1 2.67 19.37 22.04 NOTE
r-devel-linux-x86_64-debian-gcc 0.3-2.1 2.46 18.57 21.03 NOTE
r-devel-linux-x86_64-fedora-clang 0.3-2.1 37.05 NOTE
r-devel-linux-x86_64-fedora-gcc 0.3-2.1 35.14 NOTE
r-devel-windows-ix86+x86_64 0.3-2.1 16.00 60.00 76.00 OK
r-patched-linux-x86_64 0.3-2.1 2.32 18.56 20.88 NOTE
r-patched-solaris-sparc 0.3-2.1 242.60 OK
r-patched-solaris-x86 0.3-2.1 51.20 OK
r-release-linux-x86_64 0.3-2.1 2.42 18.56 20.99 NOTE
r-release-windows-ix86+x86_64 0.3-2.1 19.00 60.00 79.00 OK
r-release-osx-x86_64 0.3-2.1 OK
r-oldrel-windows-ix86+x86_64 0.3-2.1 25.00 56.00 81.00 OK
r-oldrel-osx-x86_64 0.3-2.1 OK

Check Details

Version: 0.3-2.1
Check: compiled code
Result: NOTE
    File ‘clv/libs/clv.so’:
     Found no calls to: ‘R_registerRoutines’, ‘R_useDynamicSymbols’
    
    It is good practice to register native routines and to disable symbol
    search.
    
    See ‘Writing portable packages’ in the ‘Writing R Extensions’ manual.
Flavors: r-devel-linux-x86_64-debian-clang, r-devel-linux-x86_64-debian-gcc, r-devel-linux-x86_64-fedora-clang, r-devel-linux-x86_64-fedora-gcc, r-patched-linux-x86_64, r-release-linux-x86_64