CRAN Package Check Results for Package cmaes

Last updated on 2017-01-19 17:51:36.

Flavor Version Tinstall Tcheck Ttotal Status Flags
r-devel-linux-x86_64-debian-clang 1.0-11 0.74 13.52 14.27 NOTE
r-devel-linux-x86_64-debian-gcc 1.0-11 0.64 13.03 13.67 NOTE
r-devel-linux-x86_64-fedora-clang 1.0-11 23.33 NOTE --no-stop-on-test-error
r-devel-linux-x86_64-fedora-gcc 1.0-11 22.24 NOTE --no-stop-on-test-error
r-devel-macos-x86_64-clang 1.0-11 20.17 NOTE --no-stop-on-test-error
r-devel-windows-ix86+x86_64 1.0-11 3.00 30.00 33.00 NOTE
r-patched-linux-x86_64 1.0-11 0.60 10.96 11.56 NOTE
r-patched-solaris-sparc 1.0-11 131.60 NOTE
r-patched-solaris-x86 1.0-11 27.20 NOTE
r-release-linux-x86_64 1.0-11 0.58 10.97 11.55 NOTE
r-release-osx-x86_64-mavericks 1.0-11 NOTE
r-release-windows-ix86+x86_64 1.0-11 6.00 49.00 55.00 NOTE
r-oldrel-windows-ix86+x86_64 1.0-11 5.00 30.00 35.00 OK

Check Details

Version: 1.0-11
Check: R code for possible problems
Result: NOTE
    cma_es: no visible global function definition for ‘rnorm’
    f_rand: no visible global function definition for ‘runif’
    Undefined global functions or variables:
     rnorm runif
    Consider adding
     importFrom("stats", "rnorm", "runif")
    to your NAMESPACE file.
Flavors: r-devel-linux-x86_64-debian-clang, r-devel-linux-x86_64-debian-gcc, r-devel-windows-ix86+x86_64, r-patched-linux-x86_64, r-patched-solaris-sparc, r-patched-solaris-x86, r-release-linux-x86_64, r-release-osx-x86_64-mavericks, r-release-windows-ix86+x86_64

Version: 1.0-11
Flags: --no-stop-on-test-error
Check: R code for possible problems
Result: NOTE
    cma_es: no visible global function definition for ‘rnorm’
    f_rand: no visible global function definition for ‘runif’
    Undefined global functions or variables:
     rnorm runif
    Consider adding
     importFrom("stats", "rnorm", "runif")
    to your NAMESPACE file.
Flavors: r-devel-linux-x86_64-fedora-clang, r-devel-linux-x86_64-fedora-gcc, r-devel-macos-x86_64-clang