CRAN Package Check Results for Package cmaes

Last updated on 2016-07-27 03:49:40.

Flavor Version Tinstall Tcheck Ttotal Status Flags
r-devel-linux-x86_64-debian-clang 1.0-11 0.80 13.90 14.70 NOTE
r-devel-linux-x86_64-debian-gcc 1.0-11 0.59 13.43 14.02 NOTE
r-devel-linux-x86_64-fedora-clang 1.0-11 20.01 NOTE
r-devel-linux-x86_64-fedora-gcc 1.0-11 18.29 NOTE
r-devel-osx-x86_64-clang 1.0-11 18.02 NOTE
r-devel-windows-ix86+x86_64 1.0-11 2.00 28.00 30.00 NOTE
r-patched-linux-x86_64 1.0-11 0.86 13.22 14.07 NOTE
r-patched-solaris-sparc 1.0-11 126.60 NOTE
r-patched-solaris-x86 1.0-11 27.00 NOTE
r-release-linux-x86_64 1.0-11 0.68 13.33 14.01 NOTE
r-release-osx-x86_64-mavericks 1.0-11 NOTE
r-release-windows-ix86+x86_64 1.0-11 3.00 37.00 40.00 NOTE
r-oldrel-windows-ix86+x86_64 1.0-11 2.00 24.00 26.00 OK

Check Details

Version: 1.0-11
Check: R code for possible problems
Result: NOTE
    cma_es: no visible global function definition for ‘rnorm’
    f_rand: no visible global function definition for ‘runif’
    Undefined global functions or variables:
     rnorm runif
    Consider adding
     importFrom("stats", "rnorm", "runif")
    to your NAMESPACE file.
Flavors: r-devel-linux-x86_64-debian-clang, r-devel-linux-x86_64-debian-gcc, r-devel-linux-x86_64-fedora-clang, r-devel-linux-x86_64-fedora-gcc, r-devel-osx-x86_64-clang, r-devel-windows-ix86+x86_64, r-patched-linux-x86_64, r-patched-solaris-sparc, r-patched-solaris-x86, r-release-linux-x86_64, r-release-osx-x86_64-mavericks, r-release-windows-ix86+x86_64