CRAN Package Check Results for Package cmaes

Last updated on 2017-06-23 21:47:53.

Flavor Version Tinstall Tcheck Ttotal Status Flags
r-devel-linux-x86_64-debian-clang 1.0-11 0.66 14.18 14.84 NOTE
r-devel-linux-x86_64-debian-gcc 1.0-11 0.66 13.47 14.13 NOTE
r-devel-linux-x86_64-fedora-clang 1.0-11 23.94 NOTE
r-devel-linux-x86_64-fedora-gcc 1.0-11 22.79 NOTE
r-devel-windows-ix86+x86_64 1.0-11 2.00 32.00 34.00 NOTE
r-patched-linux-x86_64 1.0-11 0.65 13.53 14.17 NOTE
r-patched-solaris-sparc 1.0-11 145.10 NOTE
r-patched-solaris-x86 1.0-11 32.10 NOTE
r-release-linux-x86_64 1.0-11 0.61 13.66 14.27 NOTE
r-release-windows-ix86+x86_64 1.0-11 2.00 31.00 33.00 NOTE
r-release-osx-x86_64 1.0-11 NOTE
r-oldrel-windows-ix86+x86_64 1.0-11 4.00 37.00 41.00 NOTE
r-oldrel-osx-x86_64 1.0-11 NOTE

Check Details

Version: 1.0-11
Check: R code for possible problems
Result: NOTE
    cma_es: no visible global function definition for ‘rnorm’
    f_rand: no visible global function definition for ‘runif’
    Undefined global functions or variables:
     rnorm runif
    Consider adding
     importFrom("stats", "rnorm", "runif")
    to your NAMESPACE file.
Flavors: r-devel-linux-x86_64-debian-clang, r-devel-linux-x86_64-debian-gcc, r-devel-linux-x86_64-fedora-clang, r-devel-linux-x86_64-fedora-gcc, r-devel-windows-ix86+x86_64, r-patched-linux-x86_64, r-patched-solaris-sparc, r-patched-solaris-x86, r-release-linux-x86_64, r-release-windows-ix86+x86_64, r-release-osx-x86_64, r-oldrel-windows-ix86+x86_64, r-oldrel-osx-x86_64