CRAN Package Check Results for Package cmaes

Last updated on 2015-08-29 00:48:05.

Flavor Version Tinstall Tcheck Ttotal Status Flags
r-devel-linux-x86_64-debian-clang 1.0-11 0.52 10.26 10.78 NOTE
r-devel-linux-x86_64-debian-gcc 1.0-11 0.57 10.05 10.62 NOTE
r-devel-linux-x86_64-fedora-clang 1.0-11 20.51 NOTE
r-devel-linux-x86_64-fedora-gcc 1.0-11 19.32 NOTE
r-devel-osx-x86_64-clang 1.0-11 20.70 OK
r-devel-windows-ix86+x86_64 1.0-11 4.00 32.00 36.00 NOTE
r-patched-linux-x86_64 1.0-11 0.55 10.96 11.51 OK
r-patched-solaris-sparc 1.0-11 141.60 OK
r-patched-solaris-x86 1.0-11 31.20 OK
r-release-linux-x86_64 1.0-11 0.62 11.43 12.05 OK
r-release-osx-x86_64-mavericks 1.0-11 OK
r-release-windows-ix86+x86_64 1.0-11 2.00 27.00 29.00 OK
r-oldrel-windows-ix86+x86_64 1.0-11 4.00 23.00 27.00 OK

Check Details

Version: 1.0-11
Check: R code for possible problems
Result: NOTE
    cma_es: no visible global function definition for ‘rnorm’
    f_rand: no visible global function definition for ‘runif’
    Undefined global functions or variables:
     rnorm runif
    Consider adding
     importFrom("stats", "rnorm", "runif")
    to your NAMESPACE.
Flavors: r-devel-linux-x86_64-debian-clang, r-devel-linux-x86_64-debian-gcc, r-devel-linux-x86_64-fedora-clang, r-devel-linux-x86_64-fedora-gcc, r-devel-windows-ix86+x86_64