CRAN Package Check Results for Package cmaes

Last updated on 2015-07-03 03:46:39.

Flavor Version Tinstall Tcheck Ttotal Status Flags
r-devel-linux-x86_64-debian-clang 1.0-11 0.53 10.80 11.33 NOTE
r-devel-linux-x86_64-debian-gcc 1.0-11 0.52 10.30 10.81 NOTE
r-devel-linux-x86_64-fedora-clang 1.0-11 21.05 NOTE
r-devel-linux-x86_64-fedora-gcc 1.0-11 18.79 NOTE
r-devel-osx-x86_64-clang 1.0-11 21.78 OK
r-devel-windows-ix86+x86_64 1.0-11 4.00 18.00 22.00 OK
r-patched-linux-x86_64 1.0-11 0.54 10.66 11.20 OK
r-patched-solaris-sparc 1.0-11 148.50 OK
r-patched-solaris-x86 1.0-11 30.90 OK
r-release-linux-x86_64 1.0-11 0.54 10.79 11.33 OK
r-release-osx-x86_64-mavericks 1.0-11 OK
r-release-windows-ix86+x86_64 1.0-11 3.00 19.00 22.00 OK
r-oldrel-windows-ix86+x86_64 1.0-11 3.00 22.00 25.00 OK

Check Details

Version: 1.0-11
Check: R code for possible problems
Result: NOTE
    cma_es: no visible global function definition for ‘rnorm’
    f_rand: no visible global function definition for ‘runif’
    Undefined global functions or variables:
     rnorm runif
Flavors: r-devel-linux-x86_64-debian-clang, r-devel-linux-x86_64-fedora-clang, r-devel-linux-x86_64-fedora-gcc

Version: 1.0-11
Check: R code for possible problems
Result: NOTE
    cma_es: no visible global function definition for ‘rnorm’
    f_rand: no visible global function definition for ‘runif’
Flavor: r-devel-linux-x86_64-debian-gcc