CRAN Package Check Results for Package cmaes

Last updated on 2017-04-30 23:51:21.

Flavor Version Tinstall Tcheck Ttotal Status Flags
r-devel-linux-x86_64-debian-clang 1.0-11 0.62 13.82 14.44 NOTE
r-devel-linux-x86_64-debian-gcc 1.0-11 0.63 13.49 14.11 NOTE
r-devel-linux-x86_64-fedora-clang 1.0-11 23.66 NOTE --no-stop-on-test-error
r-devel-linux-x86_64-fedora-gcc 1.0-11 22.94 NOTE --no-stop-on-test-error
r-devel-windows-ix86+x86_64 1.0-11 3.00 41.00 44.00 NOTE
r-patched-linux-x86_64 1.0-11 0.60 13.90 14.50 NOTE
r-patched-solaris-sparc 1.0-11 145.10 NOTE
r-patched-solaris-x86 1.0-11 31.20 NOTE
r-release-linux-x86_64 1.0-11 0.64 13.32 13.96 NOTE
r-release-windows-ix86+x86_64 1.0-11 3.00 28.00 31.00 NOTE
r-release-osx-x86_64 1.0-11 NOTE
r-oldrel-windows-ix86+x86_64 1.0-11 5.00 39.00 44.00 NOTE
r-oldrel-osx-x86_64 1.0-11 NOTE

Check Details

Version: 1.0-11
Check: R code for possible problems
Result: NOTE
    cma_es: no visible global function definition for ‘rnorm’
    f_rand: no visible global function definition for ‘runif’
    Undefined global functions or variables:
     rnorm runif
    Consider adding
     importFrom("stats", "rnorm", "runif")
    to your NAMESPACE file.
Flavors: r-devel-linux-x86_64-debian-clang, r-devel-linux-x86_64-debian-gcc, r-devel-windows-ix86+x86_64, r-patched-linux-x86_64, r-patched-solaris-sparc, r-patched-solaris-x86, r-release-linux-x86_64, r-release-windows-ix86+x86_64, r-release-osx-x86_64, r-oldrel-windows-ix86+x86_64, r-oldrel-osx-x86_64

Version: 1.0-11
Flags: --no-stop-on-test-error
Check: R code for possible problems
Result: NOTE
    cma_es: no visible global function definition for ‘rnorm’
    f_rand: no visible global function definition for ‘runif’
    Undefined global functions or variables:
     rnorm runif
    Consider adding
     importFrom("stats", "rnorm", "runif")
    to your NAMESPACE file.
Flavors: r-devel-linux-x86_64-fedora-clang, r-devel-linux-x86_64-fedora-gcc