CRAN Package Check Results for Package cmaes

Last updated on 2017-08-22 23:47:10.

Flavor Version Tinstall Tcheck Ttotal Status Flags
r-devel-linux-x86_64-debian-clang 1.0-11 0.60 14.10 14.71 NOTE
r-devel-linux-x86_64-debian-gcc 1.0-11 0.65 13.75 14.40 NOTE
r-devel-linux-x86_64-fedora-clang 1.0-11 25.51 NOTE
r-devel-linux-x86_64-fedora-gcc 1.0-11 26.21 NOTE
r-devel-windows-ix86+x86_64 1.0-11 2.00 29.00 31.00 NOTE
r-patched-linux-x86_64 1.0-11 0.68 13.64 14.32 NOTE
r-patched-solaris-x86 1.0-11 32.60 NOTE
r-release-linux-x86_64 1.0-11 0.65 13.79 14.44 NOTE
r-release-windows-ix86+x86_64 1.0-11 2.00 30.00 32.00 NOTE
r-release-osx-x86_64 1.0-11 NOTE
r-oldrel-windows-ix86+x86_64 1.0-11 4.00 37.00 41.00 NOTE
r-oldrel-osx-x86_64 1.0-11 NOTE

Check Details

Version: 1.0-11
Check: R code for possible problems
Result: NOTE
    cma_es: no visible global function definition for ‘rnorm’
    f_rand: no visible global function definition for ‘runif’
    Undefined global functions or variables:
     rnorm runif
    Consider adding
     importFrom("stats", "rnorm", "runif")
    to your NAMESPACE file.
Flavors: r-devel-linux-x86_64-debian-clang, r-devel-linux-x86_64-debian-gcc, r-devel-linux-x86_64-fedora-clang, r-devel-linux-x86_64-fedora-gcc, r-devel-windows-ix86+x86_64, r-patched-linux-x86_64, r-patched-solaris-x86, r-release-linux-x86_64, r-release-windows-ix86+x86_64, r-release-osx-x86_64, r-oldrel-windows-ix86+x86_64, r-oldrel-osx-x86_64