CRAN Package Check Results for Package cmaes

Last updated on 2016-09-30 12:50:14.

Flavor Version Tinstall Tcheck Ttotal Status Flags
r-devel-linux-x86_64-debian-clang 1.0-11 0.60 19.30 19.90 NOTE
r-devel-linux-x86_64-debian-gcc 1.0-11 0.66 12.15 12.82 NOTE
r-devel-linux-x86_64-fedora-clang 1.0-11 22.33 NOTE
r-devel-linux-x86_64-fedora-gcc 1.0-11 19.52 NOTE
r-devel-macos-x86_64-clang 1.0-11 18.01 NOTE
r-devel-windows-ix86+x86_64 1.0-11 4.00 40.00 44.00 NOTE
r-patched-linux-x86_64 1.0-11 0.55 11.43 11.99 NOTE
r-patched-solaris-sparc 1.0-11 126.60 NOTE
r-patched-solaris-x86 1.0-11 26.90 NOTE
r-release-linux-x86_64 1.0-11 0.56 11.09 11.65 NOTE
r-release-osx-x86_64-mavericks 1.0-11 NOTE
r-release-windows-ix86+x86_64 1.0-11 2.00 29.00 31.00 NOTE
r-oldrel-windows-ix86+x86_64 1.0-11 2.00 24.00 26.00 OK

Check Details

Version: 1.0-11
Check: R code for possible problems
Result: NOTE
    cma_es: no visible global function definition for ‘rnorm’
    f_rand: no visible global function definition for ‘runif’
    Undefined global functions or variables:
     rnorm runif
    Consider adding
     importFrom("stats", "rnorm", "runif")
    to your NAMESPACE file.
Flavors: r-devel-linux-x86_64-debian-clang, r-devel-linux-x86_64-debian-gcc, r-devel-linux-x86_64-fedora-clang, r-devel-linux-x86_64-fedora-gcc, r-devel-macos-x86_64-clang, r-devel-windows-ix86+x86_64, r-patched-linux-x86_64, r-patched-solaris-sparc, r-patched-solaris-x86, r-release-linux-x86_64, r-release-osx-x86_64-mavericks, r-release-windows-ix86+x86_64