CRAN Package Check Results for Package cmenet

Last updated on 2019-08-19 03:46:46 CEST.

Flavor Version Tinstall Tcheck Ttotal Status Flags
r-devel-linux-x86_64-debian-clang 0.1.0 34.54 55.96 90.50 OK
r-devel-linux-x86_64-debian-gcc 0.1.0 28.51 44.44 72.95 OK
r-devel-linux-x86_64-fedora-clang 0.1.0 124.51 NOTE
r-devel-linux-x86_64-fedora-gcc 0.1.0 118.72 NOTE
r-devel-windows-ix86+x86_64 0.1.0 108.00 144.00 252.00 OK
r-patched-linux-x86_64 0.1.0 28.36 54.88 83.24 OK
r-patched-solaris-x86 0.1.0 155.20 NOTE
r-release-linux-x86_64 0.1.0 32.91 54.51 87.42 OK
r-release-windows-ix86+x86_64 0.1.0 69.00 89.00 158.00 OK
r-release-osx-x86_64 0.1.0 NOTE
r-oldrel-windows-ix86+x86_64 0.1.0 90.00 121.00 211.00 OK
r-oldrel-osx-x86_64 0.1.0 NOTE

Check Details

Version: 0.1.0
Check: dependencies in R code
Result: NOTE
    Namespace in Imports field not imported from: ‘MASS’
     All declared Imports should be used.
Flavors: r-devel-linux-x86_64-fedora-clang, r-devel-linux-x86_64-fedora-gcc, r-patched-solaris-x86, r-release-osx-x86_64, r-oldrel-osx-x86_64