CRAN Package Check Results for Package cmenet

Last updated on 2023-09-26 10:07:36 CEST.

Flavor Version Tinstall Tcheck Ttotal Status Flags
r-devel-linux-x86_64-debian-clang 0.1.2 47.26 74.59 121.85 NOTE
r-devel-linux-x86_64-debian-gcc 0.1.2 32.40 57.92 90.32 NOTE
r-devel-linux-x86_64-fedora-clang 0.1.2 162.48 NOTE
r-devel-linux-x86_64-fedora-gcc 0.1.2 161.14 NOTE
r-devel-windows-x86_64 0.1.2 38.00 94.00 132.00 NOTE
r-patched-linux-x86_64 0.1.2 39.31 72.77 112.08 NOTE
r-release-linux-x86_64 0.1.2 44.03 71.47 115.50 NOTE
r-release-macos-arm64 0.1.2 48.00 NOTE
r-release-macos-x86_64 0.1.2 74.00 NOTE
r-release-windows-x86_64 0.1.2 44.00 108.00 152.00 NOTE
r-oldrel-macos-arm64 0.1.2 41.00 NOTE
r-oldrel-macos-x86_64 0.1.2 60.00 NOTE
r-oldrel-windows-x86_64 0.1.2 45.00 104.00 149.00 OK

Check Details

Version: 0.1.2
Check: C++ specification
Result: NOTE
     Specified C++11: please drop specification unless essential
Flavors: r-devel-linux-x86_64-debian-clang, r-devel-linux-x86_64-debian-gcc, r-devel-linux-x86_64-fedora-clang, r-devel-linux-x86_64-fedora-gcc, r-devel-windows-x86_64, r-patched-linux-x86_64, r-release-linux-x86_64, r-release-macos-arm64, r-release-macos-x86_64, r-release-windows-x86_64

Version: 0.1.2
Check: dependencies in R code
Result: NOTE
    Namespace in Imports field not imported from: ‘MASS’
     All declared Imports should be used.
Flavors: r-devel-linux-x86_64-fedora-clang, r-devel-linux-x86_64-fedora-gcc, r-oldrel-macos-arm64, r-oldrel-macos-x86_64