Last updated on 2022-05-20 17:50:20 CEST.
Flavor | Version | Tinstall | Tcheck | Ttotal | Status | Flags |
---|---|---|---|---|---|---|
r-devel-linux-x86_64-debian-clang | 0.1.2 | 2.48 | 32.17 | 34.65 | NOTE | |
r-devel-linux-x86_64-debian-gcc | 0.1.2 | 1.69 | 26.40 | 28.09 | NOTE | |
r-devel-linux-x86_64-fedora-clang | 0.1.2 | 42.47 | NOTE | |||
r-devel-linux-x86_64-fedora-gcc | 0.1.2 | 42.47 | NOTE | |||
r-devel-windows-x86_64 | 0.1.2 | 8.00 | 50.00 | 58.00 | NOTE | |
r-patched-linux-x86_64 | 0.1.2 | 2.17 | 31.00 | 33.17 | NOTE | |
r-release-linux-x86_64 | 0.1.2 | 1.91 | 32.62 | 34.53 | NOTE | |
r-release-macos-arm64 | 0.1.2 | 17.00 | NOTE | |||
r-release-macos-x86_64 | 0.1.2 | 25.00 | NOTE | |||
r-release-windows-x86_64 | 0.1.2 | 11.00 | 50.00 | 61.00 | NOTE | |
r-oldrel-macos-arm64 | 0.1.2 | 25.00 | NOTE | |||
r-oldrel-macos-x86_64 | 0.1.2 | 328.00 | NOTE | |||
r-oldrel-windows-ix86+x86_64 | 0.1.2 | 6.00 | 250.00 | 256.00 | NOTE |
Version: 0.1.2
Check: LazyData
Result: NOTE
'LazyData' is specified without a 'data' directory
Flavors: r-devel-linux-x86_64-debian-clang, r-devel-linux-x86_64-debian-gcc, r-devel-linux-x86_64-fedora-clang, r-devel-linux-x86_64-fedora-gcc, r-devel-windows-x86_64, r-patched-linux-x86_64, r-release-linux-x86_64, r-release-macos-arm64, r-release-macos-x86_64, r-release-windows-x86_64, r-oldrel-macos-arm64, r-oldrel-macos-x86_64, r-oldrel-windows-ix86+x86_64