CRAN Package Check Results for Package cmprsk

Last updated on 2016-06-27 21:46:58.

Flavor Version Tinstall Tcheck Ttotal Status Flags
r-devel-linux-x86_64-debian-gcc 2.2-7 3.98 31.00 34.98 NOTE
r-devel-linux-x86_64-fedora-clang 2.2-7 68.37 NOTE
r-devel-linux-x86_64-fedora-gcc 2.2-7 69.71 NOTE
r-devel-osx-x86_64-clang 2.2-7 54.51 NOTE
r-devel-windows-ix86+x86_64 2.2-7 13.00 98.00 111.00 NOTE
r-patched-linux-x86_64 2.2-7 4.61 32.58 37.19 NOTE
r-patched-solaris-sparc 2.2-7 413.20 NOTE
r-patched-solaris-x86 2.2-7 92.90 NOTE
r-release-linux-x86_64 2.2-7 3.96 31.90 35.86 NOTE
r-release-osx-x86_64-mavericks 2.2-7 NOTE
r-release-windows-ix86+x86_64 2.2-7 20.00 96.00 116.00 NOTE
r-oldrel-windows-ix86+x86_64 2.2-7 21.00 69.00 90.00 OK

Check Details

Version: 2.2-7
Check: R code for possible problems
Result: NOTE
    crr: no visible binding for global variable ‘na.omit’
    crr: no visible global function definition for ‘approx’
    cuminc: no visible binding for global variable ‘na.omit’
    cuminc: no visible global function definition for ‘pchisq’
    plot.cuminc: no visible global function definition for ‘par’
    plot.cuminc: no visible global function definition for ‘plot’
    plot.cuminc: no visible binding for global variable ‘legend’
    plot.cuminc: no visible global function definition for ‘lines’
    plot.predict.crr: no visible global function definition for ‘plot’
    plot.predict.crr: no visible global function definition for ‘lines’
    print.crr: no visible global function definition for ‘pnorm’
    summary.crr: no visible global function definition for ‘pnorm’
    summary.crr: no visible global function definition for ‘qnorm’
    Undefined global functions or variables:
     approx legend lines na.omit par pchisq plot pnorm qnorm
    Consider adding
     importFrom("graphics", "legend", "lines", "par", "plot")
     importFrom("stats", "approx", "na.omit", "pchisq", "pnorm", "qnorm")
    to your NAMESPACE file.
Flavors: r-devel-linux-x86_64-debian-gcc, r-devel-linux-x86_64-fedora-clang, r-devel-linux-x86_64-fedora-gcc, r-devel-osx-x86_64-clang, r-devel-windows-ix86+x86_64, r-patched-linux-x86_64, r-patched-solaris-sparc, r-patched-solaris-x86, r-release-linux-x86_64, r-release-osx-x86_64-mavericks, r-release-windows-ix86+x86_64