CRAN Package Check Results for Package cmprsk

Last updated on 2015-08-28 21:46:35.

Flavor Version Tinstall Tcheck Ttotal Status Flags
r-devel-linux-x86_64-debian-clang 2.2-7 1.98 11.66 13.64 NOTE
r-devel-linux-x86_64-debian-gcc 2.2-7 2.00 11.78 13.77 NOTE
r-devel-linux-x86_64-fedora-clang 2.2-7 25.57 NOTE
r-devel-linux-x86_64-fedora-gcc 2.2-7 24.20 NOTE
r-devel-osx-x86_64-clang 2.2-7 25.25 OK
r-devel-windows-ix86+x86_64 2.2-7 14.00 43.00 57.00 NOTE
r-patched-linux-x86_64 2.2-7 2.04 12.61 14.65 OK
r-patched-solaris-sparc 2.2-7 170.60 OK
r-patched-solaris-x86 2.2-7 42.20 OK
r-release-linux-x86_64 2.2-7 2.08 12.45 14.54 OK
r-release-osx-x86_64-mavericks 2.2-7 OK
r-release-windows-ix86+x86_64 2.2-7 9.00 38.00 47.00 OK
r-oldrel-windows-ix86+x86_64 2.2-7 11.00 29.00 40.00 OK

Check Details

Version: 2.2-7
Check: R code for possible problems
Result: NOTE
    crr: no visible binding for global variable ‘na.omit’
    crr: no visible global function definition for ‘approx’
    cuminc: no visible binding for global variable ‘na.omit’
    cuminc: no visible global function definition for ‘pchisq’
    plot.cuminc: no visible global function definition for ‘par’
    plot.cuminc: no visible global function definition for ‘plot’
    plot.cuminc: no visible binding for global variable ‘legend’
    plot.cuminc: no visible global function definition for ‘lines’
    plot.predict.crr: no visible global function definition for ‘plot’
    plot.predict.crr: no visible global function definition for ‘lines’
    print.crr: no visible global function definition for ‘pnorm’
    summary.crr: no visible global function definition for ‘pnorm’
    summary.crr: no visible global function definition for ‘qnorm’
    Undefined global functions or variables:
     approx legend lines na.omit par pchisq plot pnorm qnorm
    Consider adding
     importFrom("graphics", "legend", "lines", "par", "plot")
     importFrom("stats", "approx", "na.omit", "pchisq", "pnorm", "qnorm")
    to your NAMESPACE.
Flavors: r-devel-linux-x86_64-debian-clang, r-devel-linux-x86_64-debian-gcc, r-devel-linux-x86_64-fedora-clang, r-devel-linux-x86_64-fedora-gcc, r-devel-windows-ix86+x86_64