CRAN Package Check Results for Package cmprsk

Last updated on 2016-08-24 14:47:54.

Flavor Version Tinstall Tcheck Ttotal Status Flags
r-devel-linux-x86_64-debian-clang 2.2-7 4.02 32.48 36.49 NOTE
r-devel-linux-x86_64-debian-gcc 2.2-7 4.26 32.63 36.89 NOTE
r-devel-linux-x86_64-fedora-clang 2.2-7 71.15 NOTE
r-devel-linux-x86_64-fedora-gcc 2.2-7 71.94 NOTE
r-devel-osx-x86_64-clang 2.2-7 54.43 NOTE
r-devel-windows-ix86+x86_64 2.2-7 17.00 98.00 115.00 NOTE
r-patched-linux-x86_64 2.2-7 4.09 31.37 35.45 NOTE
r-patched-solaris-sparc 2.2-7 413.20 NOTE
r-patched-solaris-x86 2.2-7 92.70 NOTE
r-release-linux-x86_64 2.2-7 4.12 31.22 35.34 NOTE
r-release-osx-x86_64-mavericks 2.2-7 NOTE
r-release-windows-ix86+x86_64 2.2-7 16.00 92.00 108.00 NOTE
r-oldrel-windows-ix86+x86_64 2.2-7 16.00 69.00 85.00 OK

Check Details

Version: 2.2-7
Check: R code for possible problems
Result: NOTE
    crr: no visible binding for global variable ‘na.omit’
    crr: no visible global function definition for ‘approx’
    cuminc: no visible binding for global variable ‘na.omit’
    cuminc: no visible global function definition for ‘pchisq’
    plot.cuminc: no visible global function definition for ‘par’
    plot.cuminc: no visible global function definition for ‘plot’
    plot.cuminc: no visible binding for global variable ‘legend’
    plot.cuminc: no visible global function definition for ‘lines’
    plot.predict.crr: no visible global function definition for ‘plot’
    plot.predict.crr: no visible global function definition for ‘lines’
    print.crr: no visible global function definition for ‘pnorm’
    summary.crr: no visible global function definition for ‘pnorm’
    summary.crr: no visible global function definition for ‘qnorm’
    Undefined global functions or variables:
     approx legend lines na.omit par pchisq plot pnorm qnorm
    Consider adding
     importFrom("graphics", "legend", "lines", "par", "plot")
     importFrom("stats", "approx", "na.omit", "pchisq", "pnorm", "qnorm")
    to your NAMESPACE file.
Flavors: r-devel-linux-x86_64-debian-clang, r-devel-linux-x86_64-debian-gcc, r-devel-linux-x86_64-fedora-clang, r-devel-linux-x86_64-fedora-gcc, r-devel-osx-x86_64-clang, r-devel-windows-ix86+x86_64, r-patched-linux-x86_64, r-patched-solaris-sparc, r-patched-solaris-x86, r-release-linux-x86_64, r-release-osx-x86_64-mavericks, r-release-windows-ix86+x86_64