CRAN Package Check Results for Package cmprsk

Last updated on 2016-05-27 03:49:45.

Flavor Version Tinstall Tcheck Ttotal Status Flags
r-devel-linux-x86_64-debian-gcc 2.2-7 3.99 32.05 36.04 NOTE
r-devel-linux-x86_64-fedora-clang 2.2-7 73.76 NOTE
r-devel-linux-x86_64-fedora-gcc 2.2-7 65.94 NOTE
r-devel-osx-x86_64-clang 2.2-7 73.25 NOTE
r-devel-windows-ix86+x86_64 2.2-7 12.00 77.00 89.00 NOTE
r-patched-linux-x86_64 2.2-7 4.12 31.68 35.80 NOTE
r-patched-solaris-sparc 2.2-7 410.40 NOTE
r-patched-solaris-x86 2.2-7 93.70 NOTE
r-release-linux-x86_64 2.2-7 3.83 31.41 35.24 NOTE
r-release-osx-x86_64-mavericks 2.2-7 NOTE
r-release-windows-ix86+x86_64 2.2-7 16.00 68.00 84.00 NOTE
r-oldrel-windows-ix86+x86_64 2.2-7 13.00 100.00 113.00 OK

Check Details

Version: 2.2-7
Check: R code for possible problems
Result: NOTE
    crr: no visible binding for global variable ‘na.omit’
    crr: no visible global function definition for ‘approx’
    cuminc: no visible binding for global variable ‘na.omit’
    cuminc: no visible global function definition for ‘pchisq’
    plot.cuminc: no visible global function definition for ‘par’
    plot.cuminc: no visible global function definition for ‘plot’
    plot.cuminc: no visible binding for global variable ‘legend’
    plot.cuminc: no visible global function definition for ‘lines’
    plot.predict.crr: no visible global function definition for ‘plot’
    plot.predict.crr: no visible global function definition for ‘lines’
    print.crr: no visible global function definition for ‘pnorm’
    summary.crr: no visible global function definition for ‘pnorm’
    summary.crr: no visible global function definition for ‘qnorm’
    Undefined global functions or variables:
     approx legend lines na.omit par pchisq plot pnorm qnorm
    Consider adding
     importFrom("graphics", "legend", "lines", "par", "plot")
     importFrom("stats", "approx", "na.omit", "pchisq", "pnorm", "qnorm")
    to your NAMESPACE file.
Flavors: r-devel-linux-x86_64-debian-gcc, r-devel-linux-x86_64-fedora-clang, r-devel-linux-x86_64-fedora-gcc, r-devel-osx-x86_64-clang, r-devel-windows-ix86+x86_64, r-patched-linux-x86_64, r-patched-solaris-sparc, r-patched-solaris-x86, r-release-linux-x86_64, r-release-osx-x86_64-mavericks, r-release-windows-ix86+x86_64