CRAN Package Check Results for Package cmprsk

Last updated on 2016-07-30 14:49:35.

Flavor Version Tinstall Tcheck Ttotal Status Flags
r-devel-linux-x86_64-debian-clang 2.2-7 3.94 32.43 36.37 NOTE
r-devel-linux-x86_64-debian-gcc 2.2-7 3.91 32.02 35.93 NOTE
r-devel-linux-x86_64-fedora-clang 2.2-7 70.44 NOTE
r-devel-linux-x86_64-fedora-gcc 2.2-7 66.12 NOTE
r-devel-osx-x86_64-clang 2.2-7 56.16 NOTE
r-devel-windows-ix86+x86_64 2.2-7 11.00 78.00 89.00 NOTE
r-patched-linux-x86_64 2.2-7 4.00 31.37 35.38 NOTE
r-patched-solaris-sparc 2.2-7 413.20 NOTE
r-patched-solaris-x86 2.2-7 92.80 NOTE
r-release-linux-x86_64 2.2-7 5.14 36.92 42.06 NOTE
r-release-osx-x86_64-mavericks 2.2-7 NOTE
r-release-windows-ix86+x86_64 2.2-7 16.00 95.00 111.00 NOTE
r-oldrel-windows-ix86+x86_64 2.2-7 18.00 102.00 120.00 OK

Check Details

Version: 2.2-7
Check: R code for possible problems
Result: NOTE
    crr: no visible binding for global variable ‘na.omit’
    crr: no visible global function definition for ‘approx’
    cuminc: no visible binding for global variable ‘na.omit’
    cuminc: no visible global function definition for ‘pchisq’
    plot.cuminc: no visible global function definition for ‘par’
    plot.cuminc: no visible global function definition for ‘plot’
    plot.cuminc: no visible binding for global variable ‘legend’
    plot.cuminc: no visible global function definition for ‘lines’
    plot.predict.crr: no visible global function definition for ‘plot’
    plot.predict.crr: no visible global function definition for ‘lines’
    print.crr: no visible global function definition for ‘pnorm’
    summary.crr: no visible global function definition for ‘pnorm’
    summary.crr: no visible global function definition for ‘qnorm’
    Undefined global functions or variables:
     approx legend lines na.omit par pchisq plot pnorm qnorm
    Consider adding
     importFrom("graphics", "legend", "lines", "par", "plot")
     importFrom("stats", "approx", "na.omit", "pchisq", "pnorm", "qnorm")
    to your NAMESPACE file.
Flavors: r-devel-linux-x86_64-debian-clang, r-devel-linux-x86_64-debian-gcc, r-devel-linux-x86_64-fedora-clang, r-devel-linux-x86_64-fedora-gcc, r-devel-osx-x86_64-clang, r-devel-windows-ix86+x86_64, r-patched-linux-x86_64, r-patched-solaris-sparc, r-patched-solaris-x86, r-release-linux-x86_64, r-release-osx-x86_64-mavericks, r-release-windows-ix86+x86_64