CRAN Package Check Results for Package cmprsk

Last updated on 2017-10-22 22:48:39.

Flavor Version Tinstall Tcheck Ttotal Status Flags
r-devel-linux-x86_64-debian-clang 2.2-7 3.45 32.31 35.76 NOTE
r-devel-linux-x86_64-debian-gcc 2.2-7 3.92 35.52 39.44 NOTE
r-devel-linux-x86_64-fedora-clang 2.2-7 83.30 NOTE
r-devel-linux-x86_64-fedora-gcc 2.2-7 93.06 NOTE
r-devel-windows-ix86+x86_64 2.2-7 16.00 109.00 125.00 NOTE
r-patched-linux-x86_64 2.2-7 3.42 32.66 36.08 NOTE
r-patched-solaris-x86 2.2-7 120.40 NOTE
r-release-linux-x86_64 2.2-7 3.40 32.57 35.97 NOTE
r-release-windows-ix86+x86_64 2.2-7 20.00 98.00 118.00 NOTE
r-release-osx-x86_64 2.2-7 NOTE
r-oldrel-windows-ix86+x86_64 2.2-7 12.00 87.00 99.00 NOTE
r-oldrel-osx-x86_64 2.2-7 NOTE

Check Details

Version: 2.2-7
Check: R code for possible problems
Result: NOTE
    crr: no visible binding for global variable ‘na.omit’
    crr: no visible global function definition for ‘approx’
    cuminc: no visible binding for global variable ‘na.omit’
    cuminc: no visible global function definition for ‘pchisq’
    plot.cuminc: no visible global function definition for ‘par’
    plot.cuminc: no visible global function definition for ‘plot’
    plot.cuminc: no visible binding for global variable ‘legend’
    plot.cuminc: no visible global function definition for ‘lines’
    plot.predict.crr: no visible global function definition for ‘plot’
    plot.predict.crr: no visible global function definition for ‘lines’
    print.crr: no visible global function definition for ‘pnorm’
    summary.crr: no visible global function definition for ‘pnorm’
    summary.crr: no visible global function definition for ‘qnorm’
    Undefined global functions or variables:
     approx legend lines na.omit par pchisq plot pnorm qnorm
    Consider adding
     importFrom("graphics", "legend", "lines", "par", "plot")
     importFrom("stats", "approx", "na.omit", "pchisq", "pnorm", "qnorm")
    to your NAMESPACE file.
Flavors: r-devel-linux-x86_64-debian-clang, r-devel-linux-x86_64-debian-gcc, r-devel-linux-x86_64-fedora-clang, r-devel-linux-x86_64-fedora-gcc, r-devel-windows-ix86+x86_64, r-patched-linux-x86_64, r-patched-solaris-x86, r-release-linux-x86_64, r-release-windows-ix86+x86_64, r-release-osx-x86_64, r-oldrel-windows-ix86+x86_64, r-oldrel-osx-x86_64

Version: 2.2-7
Check: compiled code
Result: NOTE
    File ‘cmprsk/libs/cmprsk.so’:
     Found no calls to: ‘R_registerRoutines’, ‘R_useDynamicSymbols’
    
    It is good practice to register native routines and to disable symbol
    search.
    
    See ‘Writing portable packages’ in the ‘Writing R Extensions’ manual.
Flavors: r-devel-linux-x86_64-debian-clang, r-devel-linux-x86_64-debian-gcc, r-devel-linux-x86_64-fedora-clang, r-devel-linux-x86_64-fedora-gcc, r-patched-linux-x86_64, r-release-linux-x86_64