CRAN Package Check Results for Package cmprsk

Last updated on 2014-04-24 11:48:43.

Flavor Version Tinstall Tcheck Ttotal Status Flags
r-devel-linux-x86_64-debian-clang 2.2-6 2.04 12.70 14.74 OK
r-devel-linux-x86_64-debian-gcc 2.2-6 2.07 13.24 15.31 OK
r-devel-linux-x86_64-fedora-clang 2.2-6 27.15 OK
r-devel-linux-x86_64-fedora-gcc 2.2-6 25.95 OK
r-devel-osx-x86_64-clang 2.2-6 27.18 OK
r-devel-osx-x86_64-gcc 2.2-6 OK
r-devel-windows-ix86+x86_64 2.2-6 8.00 27.00 35.00 OK
r-patched-linux-x86_64 2.2-6 2.06 13.12 15.18 OK
r-patched-solaris-sparc 2.2-6 160.50 OK
r-patched-solaris-x86 2.2-6 40.60 OK
r-release-linux-ix86 2.2-6 4.00 27.00 31.00 OK
r-release-linux-x86_64 2.2-6 2.02 12.76 14.77 OK
r-release-osx-x86_64-mavericks 2.2-6 WARN
r-release-windows-ix86+x86_64 2.2-6 17.00 34.00 51.00 OK
r-oldrel-windows-ix86+x86_64 2.2-6 8.00 26.00 34.00 OK

Check Details

Version: 2.2-6
Check: PDF version of manual
Result: WARNING
    LaTeX errors when creating PDF version.
    This typically indicates Rd problems.
    LaTeX errors found:
    ! LaTeX Error: File `upquote.sty' not found.
    
    Type X to quit or <RETURN> to proceed,
    or enter new name. (Default extension: sty)
    
    e4906f7/Rd2.tex:8: ==> Fatal error occurred, no output PDF file produced!
Flavor: r-release-osx-x86_64-mavericks