CRAN Package Check Results for Package cmprsk

Last updated on 2017-04-28 05:48:19.

Flavor Version Tinstall Tcheck Ttotal Status Flags
r-devel-linux-x86_64-debian-clang 2.2-7 3.84 32.67 36.50 NOTE
r-devel-linux-x86_64-debian-gcc 2.2-7 3.98 32.23 36.21 NOTE
r-devel-linux-x86_64-fedora-clang 2.2-7 81.20 NOTE --no-stop-on-test-error
r-devel-linux-x86_64-fedora-gcc 2.2-7 80.21 NOTE --no-stop-on-test-error
r-devel-windows-ix86+x86_64 2.2-7 15.00 102.00 117.00 NOTE
r-patched-linux-x86_64 2.2-7 3.89 32.02 35.91 NOTE
r-patched-solaris-sparc 2.2-7 464.00 NOTE
r-patched-solaris-x86 2.2-7 113.00 NOTE
r-release-linux-x86_64 2.2-7 3.94 32.41 36.35 NOTE
r-release-windows-ix86+x86_64 2.2-7 15.00 86.00 101.00 NOTE
r-release-osx-x86_64 2.2-7 NOTE
r-oldrel-windows-ix86+x86_64 2.2-7 16.00 66.00 82.00 NOTE
r-oldrel-osx-x86_64 2.2-7 NOTE

Check Details

Version: 2.2-7
Check: R code for possible problems
Result: NOTE
    crr: no visible binding for global variable ‘na.omit’
    crr: no visible global function definition for ‘approx’
    cuminc: no visible binding for global variable ‘na.omit’
    cuminc: no visible global function definition for ‘pchisq’
    plot.cuminc: no visible global function definition for ‘par’
    plot.cuminc: no visible global function definition for ‘plot’
    plot.cuminc: no visible binding for global variable ‘legend’
    plot.cuminc: no visible global function definition for ‘lines’
    plot.predict.crr: no visible global function definition for ‘plot’
    plot.predict.crr: no visible global function definition for ‘lines’
    print.crr: no visible global function definition for ‘pnorm’
    summary.crr: no visible global function definition for ‘pnorm’
    summary.crr: no visible global function definition for ‘qnorm’
    Undefined global functions or variables:
     approx legend lines na.omit par pchisq plot pnorm qnorm
    Consider adding
     importFrom("graphics", "legend", "lines", "par", "plot")
     importFrom("stats", "approx", "na.omit", "pchisq", "pnorm", "qnorm")
    to your NAMESPACE file.
Flavors: r-devel-linux-x86_64-debian-clang, r-devel-linux-x86_64-debian-gcc, r-devel-windows-ix86+x86_64, r-patched-linux-x86_64, r-patched-solaris-sparc, r-patched-solaris-x86, r-release-linux-x86_64, r-release-windows-ix86+x86_64, r-release-osx-x86_64, r-oldrel-windows-ix86+x86_64, r-oldrel-osx-x86_64

Version: 2.2-7
Check: compiled code
Result: NOTE
    File ‘cmprsk/libs/cmprsk.so’:
     Found no calls to: ‘R_registerRoutines’, ‘R_useDynamicSymbols’
    
    It is good practice to register native routines and to disable symbol
    search.
    
    See ‘Writing portable packages’ in the ‘Writing R Extensions’ manual.
Flavors: r-devel-linux-x86_64-debian-clang, r-devel-linux-x86_64-debian-gcc, r-patched-linux-x86_64, r-release-linux-x86_64

Version: 2.2-7
Flags: --no-stop-on-test-error
Check: R code for possible problems
Result: NOTE
    crr: no visible binding for global variable ‘na.omit’
    crr: no visible global function definition for ‘approx’
    cuminc: no visible binding for global variable ‘na.omit’
    cuminc: no visible global function definition for ‘pchisq’
    plot.cuminc: no visible global function definition for ‘par’
    plot.cuminc: no visible global function definition for ‘plot’
    plot.cuminc: no visible binding for global variable ‘legend’
    plot.cuminc: no visible global function definition for ‘lines’
    plot.predict.crr: no visible global function definition for ‘plot’
    plot.predict.crr: no visible global function definition for ‘lines’
    print.crr: no visible global function definition for ‘pnorm’
    summary.crr: no visible global function definition for ‘pnorm’
    summary.crr: no visible global function definition for ‘qnorm’
    Undefined global functions or variables:
     approx legend lines na.omit par pchisq plot pnorm qnorm
    Consider adding
     importFrom("graphics", "legend", "lines", "par", "plot")
     importFrom("stats", "approx", "na.omit", "pchisq", "pnorm", "qnorm")
    to your NAMESPACE file.
Flavors: r-devel-linux-x86_64-fedora-clang, r-devel-linux-x86_64-fedora-gcc

Version: 2.2-7
Flags: --no-stop-on-test-error
Check: compiled code
Result: NOTE
    File ‘cmprsk/libs/cmprsk.so’:
     Found no calls to: ‘R_registerRoutines’, ‘R_useDynamicSymbols’
    
    It is good practice to register native routines and to disable symbol
    search.
    
    See ‘Writing portable packages’ in the ‘Writing R Extensions’ manual.
Flavors: r-devel-linux-x86_64-fedora-clang, r-devel-linux-x86_64-fedora-gcc