CRAN Package Check Results for Package cmrutils

Last updated on 2014-04-18 01:47:43.

Flavor Version Tinstall Tcheck Ttotal Status Flags
r-devel-linux-x86_64-debian-clang 1.2-2 0.78 10.76 11.54 WARN
r-devel-linux-x86_64-debian-gcc 1.2-2 0.76 10.90 11.66 WARN
r-devel-linux-x86_64-fedora-clang 1.2-2 22.63 WARN
r-devel-linux-x86_64-fedora-gcc 1.2-2 20.83 WARN
r-devel-macosx-x86_64-clang 1.2-2 27.49 WARN
r-devel-macosx-x86_64-gcc 1.2-2 NOTE
r-devel-windows-ix86+x86_64 1.2-2 3.00 19.00 22.00 WARN
r-patched-linux-x86_64 1.2-2 0.76 10.69 11.46 WARN
r-patched-solaris-sparc 1.2-2 134.90 NOTE
r-patched-solaris-x86 1.2-2 36.60 NOTE
r-release-linux-ix86 1.2-2 2.00 25.00 27.00 WARN
r-release-linux-x86_64 1.2-2 0.74 10.73 11.48 WARN
r-release-windows-ix86+x86_64 1.2-2 3.00 20.00 23.00 WARN
r-oldrel-windows-ix86+x86_64 1.2-2 3.00 21.00 24.00 NOTE

Check Details

Version: 1.2-2
Check: DESCRIPTION meta-information
Result: NOTE
    Package listed in more than one of Depends, Imports, Suggests, Enhances:
     ‘grDevices’
    A package should be listed in only one of these fields.
Flavors: r-devel-linux-x86_64-debian-clang, r-devel-linux-x86_64-debian-gcc, r-devel-linux-x86_64-fedora-clang, r-devel-linux-x86_64-fedora-gcc, r-devel-macosx-x86_64-clang, r-devel-macosx-x86_64-gcc, r-devel-windows-ix86+x86_64, r-patched-linux-x86_64, r-patched-solaris-sparc, r-patched-solaris-x86, r-release-linux-ix86, r-release-linux-x86_64, r-release-windows-ix86+x86_64, r-oldrel-windows-ix86+x86_64

Version: 1.2-2
Check: dependencies in R code
Result: NOTE
    Package in Depends field not imported from: ‘chron’
     These packages need to be imported from (in the NAMESPACE file)
     for when this namespace is loaded but not attached.
    See the information on DESCRIPTION files in the chapter ‘Creating R
    packages’ of the ‘Writing R Extensions’ manual.
Flavors: r-devel-linux-x86_64-debian-clang, r-devel-linux-x86_64-debian-gcc, r-devel-linux-x86_64-fedora-clang, r-devel-linux-x86_64-fedora-gcc, r-devel-macosx-x86_64-clang, r-devel-macosx-x86_64-gcc, r-devel-windows-ix86+x86_64, r-patched-linux-x86_64, r-patched-solaris-sparc, r-patched-solaris-x86, r-release-linux-ix86, r-release-linux-x86_64, r-release-windows-ix86+x86_64, r-oldrel-windows-ix86+x86_64

Version: 1.2-2
Check: R code for possible problems
Result: NOTE
    Found an obsolete/platform-specific call in the following function:
     ‘makefig’
    Found the platform-specific device:
     ‘x11’
    dev.new() is the preferred way to open a new device, in the unlikely
    event one is needed.
Flavors: r-devel-linux-x86_64-debian-clang, r-devel-linux-x86_64-debian-gcc, r-devel-linux-x86_64-fedora-clang, r-devel-linux-x86_64-fedora-gcc, r-devel-macosx-x86_64-clang, r-patched-linux-x86_64, r-patched-solaris-sparc, r-patched-solaris-x86, r-release-linux-ix86, r-release-linux-x86_64

Version: 1.2-2
Check: examples
Result: WARNING
    Found the following significant warnings:
     Warning in (function (display = "", width, height, pointsize, gamma, bg, : screen devices should not be used in examples etc
     Warning in (function (display = "", width, height, pointsize, gamma, bg, : screen devices should not be used in examples etc
    dev.new() is the preferred way to open a new device, in the unlikely
    event one is needed.
Flavors: r-devel-linux-x86_64-debian-clang, r-devel-linux-x86_64-debian-gcc, r-devel-linux-x86_64-fedora-clang, r-devel-linux-x86_64-fedora-gcc, r-devel-macosx-x86_64-clang, r-patched-linux-x86_64, r-release-linux-ix86, r-release-linux-x86_64

Version: 1.2-2
Check: examples
Result: WARNING
    Found the following significant warnings:
     Warning in windows(width = width, height = height, pointsize = pointsize, : screen devices should not be used in examples etc
     Warning in windows(width = width, height = height, pointsize = pointsize, : screen devices should not be used in examples etc
    dev.new() is the preferred way to open a new device, in the unlikely
    event one is needed.
Flavors: r-devel-windows-ix86+x86_64, r-release-windows-ix86+x86_64