CRAN Package Check Results for Package cmrutils

Last updated on 2014-10-23 09:52:42.

Flavor Version Tinstall Tcheck Ttotal Status Flags
r-devel-linux-x86_64-debian-clang 1.2-2 0.74 11.22 11.96 WARN
r-devel-linux-x86_64-debian-gcc 1.2-2 0.70 10.60 11.30 WARN
r-devel-linux-x86_64-fedora-clang 1.2-2 22.86 WARN
r-devel-linux-x86_64-fedora-gcc 1.2-2 22.88 WARN
r-devel-osx-x86_64-clang 1.2-2 26.81 WARN
r-devel-windows-ix86+x86_64 1.2-2 3.00 19.00 22.00 WARN
r-patched-linux-x86_64 1.2-2 0.75 10.61 11.36 WARN
r-patched-solaris-sparc 1.2-2 132.70 NOTE
r-patched-solaris-x86 1.2-2 35.70 NOTE
r-release-linux-ix86 1.2-2 1.11 17.35 18.46 WARN
r-release-linux-x86_64 1.2-2 0.87 10.78 11.65 WARN
r-release-osx-x86_64-mavericks 1.2-2 NOTE
r-release-windows-ix86+x86_64 1.2-2 3.00 21.00 24.00 WARN
r-oldrel-windows-ix86+x86_64 1.2-2 3.00 21.00 24.00 NOTE

Check Details

Version: 1.2-2
Check: DESCRIPTION meta-information
Result: NOTE
    Package listed in more than one of Depends, Imports, Suggests, Enhances:
     ‘grDevices’
    A package should be listed in only one of these fields.
Flavors: r-devel-linux-x86_64-debian-clang, r-devel-linux-x86_64-debian-gcc, r-devel-linux-x86_64-fedora-clang, r-devel-linux-x86_64-fedora-gcc, r-devel-osx-x86_64-clang, r-devel-windows-ix86+x86_64, r-patched-linux-x86_64, r-patched-solaris-sparc, r-patched-solaris-x86, r-release-linux-ix86, r-release-linux-x86_64, r-release-osx-x86_64-mavericks, r-release-windows-ix86+x86_64, r-oldrel-windows-ix86+x86_64

Version: 1.2-2
Check: dependencies in R code
Result: NOTE
    Package in Depends field not imported from: ‘chron’
     These packages need to be imported from (in the NAMESPACE file)
     for when this namespace is loaded but not attached.
    See the information on DESCRIPTION files in the chapter ‘Creating R
    packages’ of the ‘Writing R Extensions’ manual.
Flavors: r-devel-linux-x86_64-debian-clang, r-devel-linux-x86_64-debian-gcc, r-devel-linux-x86_64-fedora-clang, r-devel-linux-x86_64-fedora-gcc, r-devel-osx-x86_64-clang, r-devel-windows-ix86+x86_64, r-patched-linux-x86_64, r-patched-solaris-sparc, r-patched-solaris-x86, r-release-linux-ix86, r-release-linux-x86_64, r-release-osx-x86_64-mavericks, r-release-windows-ix86+x86_64, r-oldrel-windows-ix86+x86_64

Version: 1.2-2
Check: R code for possible problems
Result: NOTE
    Found an obsolete/platform-specific call in the following function:
     ‘makefig’
    Found the platform-specific device:
     ‘x11’
    dev.new() is the preferred way to open a new device, in the unlikely
    event one is needed.
    time365fromDate: no visible global function definition for
     ‘month.day.year’
Flavors: r-devel-linux-x86_64-debian-clang, r-devel-linux-x86_64-debian-gcc, r-devel-linux-x86_64-fedora-clang, r-devel-linux-x86_64-fedora-gcc, r-devel-osx-x86_64-clang, r-patched-linux-x86_64, r-patched-solaris-sparc, r-patched-solaris-x86

Version: 1.2-2
Check: examples
Result: WARN
    Found the following significant warnings:
     Warning in (function (display = "", width, height, pointsize, gamma, bg, : screen devices should not be used in examples etc
     Warning in (function (display = "", width, height, pointsize, gamma, bg, : screen devices should not be used in examples etc
    dev.new() is the preferred way to open a new device, in the unlikely
    event one is needed.
Flavors: r-devel-linux-x86_64-debian-clang, r-devel-linux-x86_64-debian-gcc, r-devel-linux-x86_64-fedora-clang, r-devel-linux-x86_64-fedora-gcc, r-devel-osx-x86_64-clang, r-patched-linux-x86_64, r-release-linux-ix86, r-release-linux-x86_64

Version: 1.2-2
Check: R code for possible problems
Result: NOTE
    time365fromDate: no visible global function definition for
     'month.day.year'
Flavor: r-devel-windows-ix86+x86_64

Version: 1.2-2
Check: examples
Result: WARN
    Found the following significant warnings:
     Warning in windows(width = width, height = height, pointsize = pointsize, : screen devices should not be used in examples etc
     Warning in windows(width = width, height = height, pointsize = pointsize, : screen devices should not be used in examples etc
    dev.new() is the preferred way to open a new device, in the unlikely
    event one is needed.
Flavors: r-devel-windows-ix86+x86_64, r-release-windows-ix86+x86_64

Version: 1.2-2
Check: R code for possible problems
Result: NOTE
    Found an obsolete/platform-specific call in the following function:
     ‘makefig’
    Found the platform-specific device:
     ‘x11’
    dev.new() is the preferred way to open a new device, in the unlikely
    event one is needed.
Flavors: r-release-linux-ix86, r-release-linux-x86_64