Last updated on 2023-02-06 06:51:51 CET.
Flavor | Version | Tinstall | Tcheck | Ttotal | Status | Flags |
---|---|---|---|---|---|---|
r-devel-linux-x86_64-debian-clang | 0.1-2 | 2.06 | 32.72 | 34.78 | NOTE | |
r-devel-linux-x86_64-debian-gcc | 0.1-2 | 1.60 | 24.70 | 26.30 | NOTE | |
r-devel-linux-x86_64-fedora-clang | 0.1-2 | 45.81 | NOTE | |||
r-devel-linux-x86_64-fedora-gcc | 0.1-2 | 55.63 | NOTE | |||
r-devel-windows-x86_64 | 0.1-2 | 10.00 | 61.00 | 71.00 | OK | |
r-patched-linux-x86_64 | 0.1-2 | 2.94 | 32.45 | 35.39 | NOTE | |
r-release-linux-x86_64 | 0.1-2 | 2.92 | 32.07 | 34.99 | NOTE | |
r-release-macos-arm64 | 0.1-2 | 18.00 | OK | |||
r-release-macos-x86_64 | 0.1-2 | 29.00 | OK | |||
r-release-windows-x86_64 | 0.1-2 | 14.00 | 68.00 | 82.00 | OK | |
r-oldrel-macos-arm64 | 0.1-2 | 16.00 | OK | |||
r-oldrel-macos-x86_64 | 0.1-2 | 24.00 | OK | |||
r-oldrel-windows-ix86+x86_64 | 0.1-2 | 6.00 | 64.00 | 70.00 | OK |
Version: 0.1-2
Check: package dependencies
Result: NOTE
Package suggested but not available for checking: ‘tobit1’
Flavors: r-devel-linux-x86_64-debian-clang, r-devel-linux-x86_64-debian-gcc, r-devel-linux-x86_64-fedora-clang, r-devel-linux-x86_64-fedora-gcc, r-patched-linux-x86_64, r-release-linux-x86_64