CRAN Package Check Results for Package cnum

Last updated on 2023-05-28 14:55:20 CEST.

Flavor Version Tinstall Tcheck Ttotal Status Flags
r-devel-linux-x86_64-debian-clang 0.1.3 48.28 35.41 83.69 NOTE
r-devel-linux-x86_64-debian-gcc 0.1.3 40.28 27.31 67.59 NOTE
r-devel-linux-x86_64-fedora-clang 0.1.3 108.22 NOTE
r-devel-linux-x86_64-fedora-gcc 0.1.3 119.10 NOTE
r-devel-windows-x86_64 0.1.3 38.00 66.00 104.00 NOTE
r-patched-linux-x86_64 0.1.3 43.88 33.88 77.76 NOTE
r-release-linux-x86_64 0.1.3 38.47 33.81 72.28 NOTE
r-release-macos-arm64 0.1.3 32.00 NOTE
r-release-macos-x86_64 0.1.3 45.00 NOTE
r-release-windows-x86_64 0.1.3 47.00 77.00 124.00 NOTE
r-oldrel-macos-arm64 0.1.3 28.00 NOTE
r-oldrel-macos-x86_64 0.1.3 38.00 NOTE
r-oldrel-windows-x86_64 0.1.3 44.00 81.00 125.00 NOTE

Check Details

Version: 0.1.3
Check: C++ specification
Result: NOTE
     Specified C++11: please drop specification unless essential
Flavors: r-devel-linux-x86_64-debian-clang, r-devel-linux-x86_64-debian-gcc, r-devel-linux-x86_64-fedora-clang, r-devel-linux-x86_64-fedora-gcc, r-devel-windows-x86_64, r-patched-linux-x86_64, r-release-linux-x86_64, r-release-macos-arm64, r-release-macos-x86_64, r-release-windows-x86_64

Version: 0.1.3
Check: LazyData
Result: NOTE
     'LazyData' is specified without a 'data' directory
Flavors: r-devel-linux-x86_64-debian-clang, r-devel-linux-x86_64-debian-gcc, r-devel-linux-x86_64-fedora-clang, r-devel-linux-x86_64-fedora-gcc, r-devel-windows-x86_64, r-patched-linux-x86_64, r-release-linux-x86_64, r-release-macos-arm64, r-release-macos-x86_64, r-release-windows-x86_64, r-oldrel-macos-arm64, r-oldrel-macos-x86_64, r-oldrel-windows-x86_64