Last updated on 2023-03-28 09:53:41 CEST.
Flavor | Version | Tinstall | Tcheck | Ttotal | Status | Flags |
---|---|---|---|---|---|---|
r-devel-linux-x86_64-debian-clang | 0.7.1 | 171.95 | 134.26 | 306.21 | NOTE | |
r-devel-linux-x86_64-debian-gcc | 0.7.1 | 144.52 | 102.58 | 247.10 | NOTE | |
r-devel-linux-x86_64-fedora-clang | 0.7.1 | 454.83 | NOTE | |||
r-devel-linux-x86_64-fedora-gcc | 0.7.1 | 427.30 | NOTE | |||
r-devel-windows-x86_64 | 0.7.1 | 193.00 | 205.00 | 398.00 | OK | |
r-patched-linux-x86_64 | 0.7.1 | 153.85 | 131.69 | 285.54 | NOTE | |
r-release-linux-x86_64 | 0.7.1 | 138.01 | 127.70 | 265.71 | NOTE | |
r-release-macos-arm64 | 0.7.1 | 106.00 | NOTE | |||
r-release-macos-x86_64 | 0.7.1 | 135.00 | NOTE | |||
r-release-windows-x86_64 | 0.7.1 | 270.00 | 206.00 | 476.00 | OK | |
r-oldrel-macos-arm64 | 0.7.1 | 104.00 | NOTE | |||
r-oldrel-macos-x86_64 | 0.7.1 | 143.00 | NOTE | |||
r-oldrel-windows-ix86+x86_64 | 0.7.1 | 396.00 | 208.00 | 604.00 | OK |
Version: 0.7.1
Check: package dependencies
Result: NOTE
Package suggested but not available for checking: ‘PopGenome’
Flavors: r-devel-linux-x86_64-debian-clang, r-devel-linux-x86_64-debian-gcc, r-devel-linux-x86_64-fedora-clang, r-devel-linux-x86_64-fedora-gcc, r-patched-linux-x86_64, r-release-linux-x86_64
Version: 0.7.1
Check: installed package size
Result: NOTE
installed size is 6.5Mb
sub-directories of 1Mb or more:
R 2.0Mb
libs 3.9Mb
Flavors: r-release-macos-arm64, r-release-macos-x86_64, r-oldrel-macos-arm64, r-oldrel-macos-x86_64