CRAN Package Check Results for Package coalescentMCMC

Last updated on 2017-01-20 01:47:23.

Flavor Version Tinstall Tcheck Ttotal Status Flags
r-devel-linux-x86_64-debian-clang 0.4-1 3.14 44.48 47.62 NOTE
r-devel-linux-x86_64-debian-gcc 0.4-1 3.12 44.27 47.39 NOTE
r-devel-linux-x86_64-fedora-clang 0.4-1 102.92 NOTE --no-stop-on-test-error
r-devel-linux-x86_64-fedora-gcc 0.4-1 106.54 NOTE --no-stop-on-test-error
r-devel-macos-x86_64-clang 0.4-1 79.48 NOTE --no-stop-on-test-error
r-devel-windows-ix86+x86_64 0.4-1 16.00 93.00 109.00 NOTE
r-patched-linux-x86_64 0.4-1 3.77 40.35 44.12 NOTE
r-patched-solaris-sparc 0.4-1 549.20 NOTE
r-patched-solaris-x86 0.4-1 117.80 NOTE
r-release-linux-x86_64 0.4-1 3.78 40.20 43.97 NOTE
r-release-osx-x86_64-mavericks 0.4-1 NOTE
r-release-windows-ix86+x86_64 0.4-1 10.00 93.00 103.00 NOTE
r-oldrel-windows-ix86+x86_64 0.4-1 11.00 108.00 119.00 OK

Check Details

Version: 0.4-1
Check: R code for possible problems
Result: NOTE
    coalescentMCMC: no visible global function definition for
     ‘packageVersion’
    coalescentMCMC : getparams: no visible global function definition for
     ‘nlminb’
    sim.coalescent: no visible global function definition for ‘plot’
    sim.coalescent: no visible global function definition for ‘segments’
    sim.coalescent: no visible global function definition for ‘points’
    Undefined global functions or variables:
     nlminb packageVersion plot points segments
    Consider adding
     importFrom("graphics", "plot", "points", "segments")
     importFrom("stats", "nlminb")
     importFrom("utils", "packageVersion")
    to your NAMESPACE file.
Flavors: r-devel-linux-x86_64-debian-clang, r-devel-linux-x86_64-debian-gcc, r-devel-windows-ix86+x86_64, r-patched-linux-x86_64, r-patched-solaris-sparc, r-patched-solaris-x86, r-release-linux-x86_64, r-release-osx-x86_64-mavericks, r-release-windows-ix86+x86_64

Version: 0.4-1
Flags: --no-stop-on-test-error
Check: R code for possible problems
Result: NOTE
    coalescentMCMC: no visible global function definition for
     ‘packageVersion’
    coalescentMCMC : getparams: no visible global function definition for
     ‘nlminb’
    sim.coalescent: no visible global function definition for ‘plot’
    sim.coalescent: no visible global function definition for ‘segments’
    sim.coalescent: no visible global function definition for ‘points’
    Undefined global functions or variables:
     nlminb packageVersion plot points segments
    Consider adding
     importFrom("graphics", "plot", "points", "segments")
     importFrom("stats", "nlminb")
     importFrom("utils", "packageVersion")
    to your NAMESPACE file.
Flavors: r-devel-linux-x86_64-fedora-clang, r-devel-linux-x86_64-fedora-gcc, r-devel-macos-x86_64-clang