CRAN Package Check Results for Package coalescentMCMC

Last updated on 2017-10-17 03:48:37.

Flavor Version Tinstall Tcheck Ttotal Status Flags
r-devel-linux-x86_64-debian-clang 0.4-1 3.21 47.53 50.74 NOTE
r-devel-linux-x86_64-debian-gcc 0.4-1 3.46 49.49 52.95 NOTE
r-devel-linux-x86_64-fedora-clang 0.4-1 108.95 NOTE
r-devel-linux-x86_64-fedora-gcc 0.4-1 111.47 NOTE
r-devel-windows-ix86+x86_64 0.4-1 11.00 98.00 109.00 NOTE
r-patched-linux-x86_64 0.4-1 3.32 46.49 49.80 NOTE
r-patched-solaris-x86 0.4-1 149.20 NOTE
r-release-linux-x86_64 0.4-1 3.10 46.54 49.64 NOTE
r-release-windows-ix86+x86_64 0.4-1 14.00 114.00 128.00 NOTE
r-release-osx-x86_64 0.4-1 NOTE
r-oldrel-windows-ix86+x86_64 0.4-1 20.00 139.00 159.00 NOTE
r-oldrel-osx-x86_64 0.4-1 NOTE

Check Details

Version: 0.4-1
Check: R code for possible problems
Result: NOTE
    coalescentMCMC: no visible global function definition for
     ‘packageVersion’
    coalescentMCMC : getparams: no visible global function definition for
     ‘nlminb’
    sim.coalescent: no visible global function definition for ‘plot’
    sim.coalescent: no visible global function definition for ‘segments’
    sim.coalescent: no visible global function definition for ‘points’
    Undefined global functions or variables:
     nlminb packageVersion plot points segments
    Consider adding
     importFrom("graphics", "plot", "points", "segments")
     importFrom("stats", "nlminb")
     importFrom("utils", "packageVersion")
    to your NAMESPACE file.
Flavors: r-devel-linux-x86_64-debian-clang, r-devel-linux-x86_64-debian-gcc, r-devel-linux-x86_64-fedora-clang, r-devel-linux-x86_64-fedora-gcc, r-devel-windows-ix86+x86_64, r-patched-linux-x86_64, r-patched-solaris-x86, r-release-linux-x86_64, r-release-windows-ix86+x86_64, r-release-osx-x86_64, r-oldrel-windows-ix86+x86_64, r-oldrel-osx-x86_64