CRAN Package Check Results for Package coalescentMCMC

Last updated on 2016-08-25 14:48:16.

Flavor Version Tinstall Tcheck Ttotal Status Flags
r-devel-linux-x86_64-debian-clang 0.4-1 3.20 44.57 47.77 NOTE
r-devel-linux-x86_64-debian-gcc 0.4-1 3.10 43.99 47.10 NOTE
r-devel-linux-x86_64-fedora-clang 0.4-1 90.82 NOTE
r-devel-linux-x86_64-fedora-gcc 0.4-1 91.27 NOTE
r-devel-osx-x86_64-clang 0.4-1 71.40 NOTE
r-devel-windows-ix86+x86_64 0.4-1 14.00 125.00 139.00 NOTE
r-patched-linux-x86_64 0.4-1 3.35 42.08 45.43 NOTE
r-patched-solaris-sparc 0.4-1 507.70 NOTE
r-patched-solaris-x86 0.4-1 111.90 NOTE
r-release-linux-x86_64 0.4-1 3.17 42.67 45.85 NOTE
r-release-osx-x86_64-mavericks 0.4-1 NOTE
r-release-windows-ix86+x86_64 0.4-1 13.00 126.00 139.00 NOTE
r-oldrel-windows-ix86+x86_64 0.4-1 10.00 104.00 114.00 OK

Check Details

Version: 0.4-1
Check: R code for possible problems
Result: NOTE
    coalescentMCMC: no visible global function definition for
     ‘packageVersion’
    coalescentMCMC : getparams: no visible global function definition for
     ‘nlminb’
    sim.coalescent: no visible global function definition for ‘plot’
    sim.coalescent: no visible global function definition for ‘segments’
    sim.coalescent: no visible global function definition for ‘points’
    Undefined global functions or variables:
     nlminb packageVersion plot points segments
    Consider adding
     importFrom("graphics", "plot", "points", "segments")
     importFrom("stats", "nlminb")
     importFrom("utils", "packageVersion")
    to your NAMESPACE file.
Flavors: r-devel-linux-x86_64-debian-clang, r-devel-linux-x86_64-debian-gcc, r-devel-linux-x86_64-fedora-clang, r-devel-linux-x86_64-fedora-gcc, r-devel-osx-x86_64-clang, r-devel-windows-ix86+x86_64, r-patched-linux-x86_64, r-patched-solaris-sparc, r-patched-solaris-x86, r-release-linux-x86_64, r-release-osx-x86_64-mavericks, r-release-windows-ix86+x86_64