CRAN Package Check Results for Package coalescentMCMC

Last updated on 2015-07-07 17:47:28.

Flavor Version Tinstall Tcheck Ttotal Status Flags
r-devel-linux-x86_64-debian-clang 0.4-1 3.01 50.55 53.56 NOTE
r-devel-linux-x86_64-debian-gcc 0.4-1 2.97 49.36 52.33 NOTE
r-devel-linux-x86_64-fedora-clang 0.4-1 109.03 NOTE
r-devel-linux-x86_64-fedora-gcc 0.4-1 100.84 NOTE
r-devel-osx-x86_64-clang 0.4-1 89.99 OK
r-devel-windows-ix86+x86_64 0.4-1 16.00 91.00 107.00 NOTE
r-patched-linux-x86_64 0.4-1 3.19 49.66 52.85 OK
r-patched-solaris-sparc 0.4-1 690.40 OK
r-patched-solaris-x86 0.4-1 153.50 OK
r-release-linux-x86_64 0.4-1 3.22 49.90 53.12 OK
r-release-osx-x86_64-mavericks 0.4-1 OK
r-release-windows-ix86+x86_64 0.4-1 12.00 97.00 109.00 OK
r-oldrel-windows-ix86+x86_64 0.4-1 14.00 127.00 141.00 OK

Check Details

Version: 0.4-1
Check: R code for possible problems
Result: NOTE
    coalescentMCMC: no visible global function definition for
     ‘packageVersion’
    coalescentMCMC : getparams: no visible global function definition for
     ‘nlminb’
    sim.coalescent: no visible global function definition for ‘plot’
    sim.coalescent: no visible global function definition for ‘segments’
    sim.coalescent: no visible global function definition for ‘points’
    Undefined global functions or variables:
     nlminb packageVersion plot points segments
Flavors: r-devel-linux-x86_64-debian-clang, r-devel-linux-x86_64-debian-gcc, r-devel-linux-x86_64-fedora-clang, r-devel-linux-x86_64-fedora-gcc, r-devel-windows-ix86+x86_64