CRAN Package Check Results for Package coalescentMCMC

Last updated on 2017-04-27 05:51:34.

Flavor Version Tinstall Tcheck Ttotal Status Flags
r-devel-linux-x86_64-debian-clang 0.4-1 3.30 45.97 49.27 NOTE
r-devel-linux-x86_64-debian-gcc 0.4-1 3.20 44.69 47.89 NOTE
r-devel-linux-x86_64-fedora-clang 0.4-1 106.40 NOTE --no-stop-on-test-error
r-devel-linux-x86_64-fedora-gcc 0.4-1 103.82 NOTE --no-stop-on-test-error
r-devel-windows-ix86+x86_64 0.4-1 10.00 163.00 173.00 NOTE
r-patched-linux-x86_64 0.4-1 3.24 45.34 48.57 NOTE
r-patched-solaris-sparc 0.4-1 603.50 NOTE
r-patched-solaris-x86 0.4-1 138.40 NOTE
r-release-linux-x86_64 0.4-1 3.30 44.96 48.26 NOTE
r-release-windows-ix86+x86_64 0.4-1 10.00 115.00 125.00 NOTE
r-release-osx-x86_64 0.4-1 NOTE
r-oldrel-windows-ix86+x86_64 0.4-1 10.00 136.00 146.00 NOTE
r-oldrel-osx-x86_64 0.4-1 NOTE

Check Details

Version: 0.4-1
Check: R code for possible problems
Result: NOTE
    coalescentMCMC: no visible global function definition for
     ‘packageVersion’
    coalescentMCMC : getparams: no visible global function definition for
     ‘nlminb’
    sim.coalescent: no visible global function definition for ‘plot’
    sim.coalescent: no visible global function definition for ‘segments’
    sim.coalescent: no visible global function definition for ‘points’
    Undefined global functions or variables:
     nlminb packageVersion plot points segments
    Consider adding
     importFrom("graphics", "plot", "points", "segments")
     importFrom("stats", "nlminb")
     importFrom("utils", "packageVersion")
    to your NAMESPACE file.
Flavors: r-devel-linux-x86_64-debian-clang, r-devel-linux-x86_64-debian-gcc, r-devel-windows-ix86+x86_64, r-patched-linux-x86_64, r-patched-solaris-sparc, r-patched-solaris-x86, r-release-linux-x86_64, r-release-windows-ix86+x86_64, r-release-osx-x86_64, r-oldrel-windows-ix86+x86_64, r-oldrel-osx-x86_64

Version: 0.4-1
Flags: --no-stop-on-test-error
Check: R code for possible problems
Result: NOTE
    coalescentMCMC: no visible global function definition for
     ‘packageVersion’
    coalescentMCMC : getparams: no visible global function definition for
     ‘nlminb’
    sim.coalescent: no visible global function definition for ‘plot’
    sim.coalescent: no visible global function definition for ‘segments’
    sim.coalescent: no visible global function definition for ‘points’
    Undefined global functions or variables:
     nlminb packageVersion plot points segments
    Consider adding
     importFrom("graphics", "plot", "points", "segments")
     importFrom("stats", "nlminb")
     importFrom("utils", "packageVersion")
    to your NAMESPACE file.
Flavors: r-devel-linux-x86_64-fedora-clang, r-devel-linux-x86_64-fedora-gcc