CRAN Package Check Results for Package coalescentMCMC

Last updated on 2016-09-26 05:47:24.

Flavor Version Tinstall Tcheck Ttotal Status Flags
r-devel-linux-x86_64-debian-clang 0.4-1 2.76 38.56 41.32 NOTE
r-devel-linux-x86_64-debian-gcc 0.4-1 4.17 37.86 42.03 NOTE
r-devel-linux-x86_64-fedora-clang 0.4-1 88.31 NOTE
r-devel-linux-x86_64-fedora-gcc 0.4-1 85.78 NOTE
r-devel-macos-x86_64-clang 0.4-1 68.71 NOTE
r-devel-windows-ix86+x86_64 0.4-1 14.00 115.00 129.00 NOTE
r-patched-linux-x86_64 0.4-1 2.85 38.45 41.29 NOTE
r-patched-solaris-sparc 0.4-1 507.70 NOTE
r-patched-solaris-x86 0.4-1 110.10 NOTE
r-release-linux-x86_64 0.4-1 2.60 38.29 40.89 NOTE
r-release-osx-x86_64-mavericks 0.4-1 NOTE
r-release-windows-ix86+x86_64 0.4-1 24.00 116.00 140.00 NOTE
r-oldrel-windows-ix86+x86_64 0.4-1 16.00 144.00 160.00 OK

Check Details

Version: 0.4-1
Check: R code for possible problems
Result: NOTE
    coalescentMCMC: no visible global function definition for
     ‘packageVersion’
    coalescentMCMC : getparams: no visible global function definition for
     ‘nlminb’
    sim.coalescent: no visible global function definition for ‘plot’
    sim.coalescent: no visible global function definition for ‘segments’
    sim.coalescent: no visible global function definition for ‘points’
    Undefined global functions or variables:
     nlminb packageVersion plot points segments
    Consider adding
     importFrom("graphics", "plot", "points", "segments")
     importFrom("stats", "nlminb")
     importFrom("utils", "packageVersion")
    to your NAMESPACE file.
Flavors: r-devel-linux-x86_64-debian-clang, r-devel-linux-x86_64-debian-gcc, r-devel-linux-x86_64-fedora-clang, r-devel-linux-x86_64-fedora-gcc, r-devel-macos-x86_64-clang, r-devel-windows-ix86+x86_64, r-patched-linux-x86_64, r-patched-solaris-sparc, r-patched-solaris-x86, r-release-linux-x86_64, r-release-osx-x86_64-mavericks, r-release-windows-ix86+x86_64