CRAN Package Check Results for Package coalescentMCMC

Last updated on 2015-08-30 23:47:35.

Flavor Version Tinstall Tcheck Ttotal Status Flags
r-devel-linux-x86_64-debian-clang 0.4-1 3.01 50.94 53.96 NOTE
r-devel-linux-x86_64-debian-gcc 0.4-1 2.92 50.36 53.28 NOTE
r-devel-linux-x86_64-fedora-clang 0.4-1 108.80 NOTE
r-devel-linux-x86_64-fedora-gcc 0.4-1 100.50 NOTE
r-devel-osx-x86_64-clang 0.4-1 91.54 OK
r-devel-windows-ix86+x86_64 0.4-1 16.00 103.00 119.00 NOTE
r-patched-linux-x86_64 0.4-1 3.12 50.43 53.55 OK
r-patched-solaris-sparc 0.4-1 686.30 OK
r-patched-solaris-x86 0.4-1 153.80 OK
r-release-linux-x86_64 0.4-1 3.16 50.62 53.79 OK
r-release-osx-x86_64-mavericks 0.4-1 OK
r-release-windows-ix86+x86_64 0.4-1 16.00 111.00 127.00 OK
r-oldrel-windows-ix86+x86_64 0.4-1 20.00 171.00 191.00 OK

Check Details

Version: 0.4-1
Check: R code for possible problems
Result: NOTE
    coalescentMCMC: no visible global function definition for
     ‘packageVersion’
    coalescentMCMC : getparams: no visible global function definition for
     ‘nlminb’
    sim.coalescent: no visible global function definition for ‘plot’
    sim.coalescent: no visible global function definition for ‘segments’
    sim.coalescent: no visible global function definition for ‘points’
    Undefined global functions or variables:
     nlminb packageVersion plot points segments
    Consider adding
     importFrom("graphics", "plot", "points", "segments")
     importFrom("stats", "nlminb")
     importFrom("utils", "packageVersion")
    to your NAMESPACE.
Flavors: r-devel-linux-x86_64-debian-clang, r-devel-linux-x86_64-debian-gcc, r-devel-linux-x86_64-fedora-clang, r-devel-linux-x86_64-fedora-gcc, r-devel-windows-ix86+x86_64