CRAN Package Check Results for Package coalescentMCMC

Last updated on 2014-07-26 05:50:37.

Flavor Version Tinstall Tcheck Ttotal Status Flags
r-devel-linux-x86_64-debian-clang 0.4 3.91 58.66 62.57 NOTE
r-devel-linux-x86_64-debian-gcc 0.4 4.07 57.04 61.11 NOTE
r-devel-linux-x86_64-fedora-clang 0.4 148.31 NOTE
r-devel-linux-x86_64-fedora-gcc 0.4 139.12 NOTE
r-devel-osx-x86_64-clang 0.4 119.43 NOTE
r-devel-windows-ix86+x86_64 0.4 12.00 104.00 116.00 NOTE
r-patched-linux-x86_64 0.4 4.20 57.77 61.97 NOTE
r-patched-solaris-sparc 0.4 772.80 NOTE
r-patched-solaris-x86 0.4 187.80 NOTE
r-release-linux-ix86 0.4 4.65 73.11 77.76 NOTE
r-release-linux-x86_64 0.4 4.49 58.60 63.09 NOTE
r-release-osx-x86_64-mavericks 0.4 NOTE
r-release-osx-x86_64-snowleopard 0.4 OK
r-release-windows-ix86+x86_64 0.4 13.00 114.00 127.00 NOTE
r-oldrel-windows-ix86+x86_64 0.4 12.00 100.00 112.00 OK

Check Details

Version: 0.4
Check: foreign function calls
Result: NOTE
    Calls with DUP = FALSE:
     .C(get_single_index_integer, as.integer(edge[, 2L]), as.integer(tip),
     integer(1L), NAOK = TRUE, DUP = FALSE)
     .C(get_two_index_integer, as.integer(edge[, 1L]), as.integer(node),
     integer(2L), NAOK = TRUE, DUP = FALSE)
    DUP = FALSE is deprecated and may be disabled in future versions of R.
Flavors: r-devel-linux-x86_64-debian-clang, r-devel-linux-x86_64-debian-gcc, r-devel-linux-x86_64-fedora-clang, r-devel-linux-x86_64-fedora-gcc, r-devel-osx-x86_64-clang, r-devel-windows-ix86+x86_64, r-patched-linux-x86_64, r-patched-solaris-sparc, r-patched-solaris-x86, r-release-linux-ix86, r-release-linux-x86_64, r-release-osx-x86_64-mavericks, r-release-windows-ix86+x86_64