CRAN Package Check Results for Package coalescentMCMC

Last updated on 2016-06-01 05:48:26.

Flavor Version Tinstall Tcheck Ttotal Status Flags
r-devel-linux-x86_64-debian-gcc 0.4-1 3.42 45.07 48.49 NOTE
r-devel-linux-x86_64-fedora-clang 0.4-1 96.62 NOTE
r-devel-linux-x86_64-fedora-gcc 0.4-1 85.02 NOTE
r-devel-osx-x86_64-clang 0.4-1 96.63 NOTE
r-devel-windows-ix86+x86_64 0.4-1 15.00 99.00 114.00 NOTE
r-patched-linux-x86_64 0.4-1 3.56 44.79 48.35 NOTE
r-patched-solaris-sparc 0.4-1 505.60 NOTE
r-patched-solaris-x86 0.4-1 113.40 NOTE
r-release-linux-x86_64 0.4-1 3.25 41.53 44.78 NOTE
r-release-osx-x86_64-mavericks 0.4-1 NOTE
r-release-windows-ix86+x86_64 0.4-1 15.00 97.00 112.00 NOTE
r-oldrel-windows-ix86+x86_64 0.4-1 11.00 111.00 122.00 OK

Check Details

Version: 0.4-1
Check: R code for possible problems
Result: NOTE
    coalescentMCMC: no visible global function definition for
     ‘packageVersion’
    coalescentMCMC : getparams: no visible global function definition for
     ‘nlminb’
    sim.coalescent: no visible global function definition for ‘plot’
    sim.coalescent: no visible global function definition for ‘segments’
    sim.coalescent: no visible global function definition for ‘points’
    Undefined global functions or variables:
     nlminb packageVersion plot points segments
    Consider adding
     importFrom("graphics", "plot", "points", "segments")
     importFrom("stats", "nlminb")
     importFrom("utils", "packageVersion")
    to your NAMESPACE file.
Flavors: r-devel-linux-x86_64-debian-gcc, r-devel-linux-x86_64-fedora-clang, r-devel-linux-x86_64-fedora-gcc, r-devel-osx-x86_64-clang, r-devel-windows-ix86+x86_64, r-patched-linux-x86_64, r-patched-solaris-sparc, r-patched-solaris-x86, r-release-linux-x86_64, r-release-osx-x86_64-mavericks, r-release-windows-ix86+x86_64