CRAN Package Check Results for Package coalescentMCMC

Last updated on 2014-11-22 10:52:57.

Flavor Version Tinstall Tcheck Ttotal Status Flags
r-devel-linux-x86_64-debian-clang 0.4 4.28 59.26 63.54 NOTE
r-devel-linux-x86_64-debian-gcc 0.4 3.83 57.23 61.06 NOTE
r-devel-linux-x86_64-fedora-clang 0.4 146.19 NOTE
r-devel-linux-x86_64-fedora-gcc 0.4 138.17 NOTE
r-devel-osx-x86_64-clang 0.4 128.91 NOTE
r-devel-windows-ix86+x86_64 0.4 14.00 149.00 163.00 NOTE
r-patched-linux-x86_64 0.4 4.00 60.51 64.52 NOTE
r-patched-solaris-sparc 0.4 825.30 NOTE
r-patched-solaris-x86 0.4 198.80 NOTE
r-release-linux-ix86 0.4 4.79 73.68 78.46 NOTE
r-release-linux-x86_64 0.4 4.07 61.33 65.40 NOTE
r-release-osx-x86_64-mavericks 0.4 NOTE
r-release-osx-x86_64-snowleopard 0.4 OK
r-release-windows-ix86+x86_64 0.4 19.00 116.00 135.00 NOTE
r-oldrel-windows-ix86+x86_64 0.4 13.00 111.00 124.00 OK

Check Details

Version: 0.4
Check: foreign function calls
Result: NOTE
    Calls with DUP:
     .C(get_single_index_integer, as.integer(edge[, 2L]), as.integer(tip),
     integer(1L), NAOK = TRUE, DUP = FALSE)
     .C(get_two_index_integer, as.integer(edge[, 1L]), as.integer(node),
     integer(2L), NAOK = TRUE, DUP = FALSE)
    DUP is no longer supported and will be ignored.
Flavors: r-devel-linux-x86_64-debian-clang, r-devel-linux-x86_64-debian-gcc, r-devel-linux-x86_64-fedora-clang, r-devel-linux-x86_64-fedora-gcc, r-devel-osx-x86_64-clang, r-devel-windows-ix86+x86_64

Version: 0.4
Check: foreign function calls
Result: NOTE
    Calls with DUP != TRUE:
     .C(get_single_index_integer, as.integer(edge[, 2L]), as.integer(tip),
     integer(1L), NAOK = TRUE, DUP = FALSE)
     .C(get_two_index_integer, as.integer(edge[, 1L]), as.integer(node),
     integer(2L), NAOK = TRUE, DUP = FALSE)
    DUP = FALSE is deprecated and will be disabled in future versions of R.
Flavors: r-patched-linux-x86_64, r-patched-solaris-sparc, r-patched-solaris-x86, r-release-linux-ix86, r-release-linux-x86_64, r-release-windows-ix86+x86_64

Version: 0.4
Check: foreign function calls
Result: NOTE
    Calls with DUP = FALSE:
     .C(get_single_index_integer, as.integer(edge[, 2L]), as.integer(tip),
     integer(1L), NAOK = TRUE, DUP = FALSE)
     .C(get_two_index_integer, as.integer(edge[, 1L]), as.integer(node),
     integer(2L), NAOK = TRUE, DUP = FALSE)
    DUP = FALSE is deprecated and may be disabled in future versions of R.
Flavor: r-release-osx-x86_64-mavericks