CRAN Package Check Results for Package coalescentMCMC

Last updated on 2014-04-24 07:52:24.

Flavor Version Tinstall Tcheck Ttotal Status Flags
r-devel-linux-x86_64-debian-clang 0.4 4.44 60.19 64.64 NOTE
r-devel-linux-x86_64-debian-gcc 0.4 4.18 60.21 64.39 NOTE
r-devel-linux-x86_64-fedora-clang 0.4 148.99 NOTE
r-devel-linux-x86_64-fedora-gcc 0.4 143.01 NOTE
r-devel-osx-x86_64-clang 0.4 114.38 NOTE
r-devel-osx-x86_64-gcc 0.4 ERROR
r-devel-windows-ix86+x86_64 0.4 14.00 113.00 127.00 NOTE
r-patched-linux-x86_64 0.4 4.42 58.93 63.36 NOTE
r-patched-solaris-sparc 0.4 772.80 NOTE
r-patched-solaris-x86 0.4 187.10 NOTE
r-release-linux-ix86 0.4 7.00 97.00 104.00 NOTE
r-release-linux-x86_64 0.4 4.24 61.13 65.36 NOTE
r-release-osx-x86_64-mavericks 0.4 WARN
r-release-osx-x86_64-snowleopard 0.4 OK
r-release-windows-ix86+x86_64 0.4 12.00 108.00 120.00 NOTE
r-oldrel-windows-ix86+x86_64 0.4 13.00 105.00 118.00 OK

Check Details

Version: 0.4
Check: foreign function calls
Result: NOTE
    Calls with DUP = FALSE:
     .C(get_single_index_integer, as.integer(edge[, 2L]), as.integer(tip),
     integer(1L), NAOK = TRUE, DUP = FALSE)
     .C(get_two_index_integer, as.integer(edge[, 1L]), as.integer(node),
     integer(2L), NAOK = TRUE, DUP = FALSE)
    DUP = FALSE is deprecated and may be disabled in future versions of R.
Flavors: r-devel-linux-x86_64-debian-clang, r-devel-linux-x86_64-debian-gcc, r-devel-linux-x86_64-fedora-clang, r-devel-linux-x86_64-fedora-gcc, r-devel-osx-x86_64-clang, r-devel-windows-ix86+x86_64, r-patched-linux-x86_64, r-patched-solaris-sparc, r-patched-solaris-x86, r-release-linux-ix86, r-release-linux-x86_64, r-release-osx-x86_64-mavericks, r-release-windows-ix86+x86_64

Version: 0.4
Check: package dependencies
Result: ERROR
    Package required but not available: ‘phangorn’
    
    See the information on DESCRIPTION files in the chapter ‘Creating R
    packages’ of the ‘Writing R Extensions’ manual.
Flavor: r-devel-osx-x86_64-gcc

Version: 0.4
Check: PDF version of manual
Result: WARNING
    LaTeX errors when creating PDF version.
    This typically indicates Rd problems.
    LaTeX errors found:
    ! LaTeX Error: File `upquote.sty' not found.
    
    Type X to quit or <RETURN> to proceed,
    or enter new name. (Default extension: sty)
    
    ed6ba26/Rd2.tex:8: ==> Fatal error occurred, no output PDF file produced!
Flavor: r-release-osx-x86_64-mavericks