CRAN Package Check Results for Package coalescentMCMC

Last updated on 2015-01-30 18:51:23.

Flavor Version Tinstall Tcheck Ttotal Status Flags
r-devel-linux-x86_64-debian-clang 0.4 3.16 49.25 52.41 NOTE
r-devel-linux-x86_64-debian-gcc 0.4 3.52 52.08 55.61 NOTE
r-devel-linux-x86_64-fedora-clang 0.4 140.56 NOTE
r-devel-linux-x86_64-fedora-gcc 0.4 133.98 NOTE
r-devel-osx-x86_64-clang 0.4 124.79 NOTE
r-devel-windows-ix86+x86_64 0.4 15.00 98.00 113.00 NOTE
r-patched-linux-x86_64 0.4 4.21 61.98 66.20 NOTE
r-patched-solaris-sparc 0.4 841.60 NOTE
r-patched-solaris-x86 0.4 199.60 NOTE
r-release-linux-ix86 0.4 4.88 74.88 79.76 NOTE
r-release-linux-x86_64 0.4 4.10 61.98 66.09 NOTE
r-release-osx-x86_64-mavericks 0.4 NOTE
r-release-osx-x86_64-snowleopard 0.4 OK
r-release-windows-ix86+x86_64 0.4 13.00 118.00 131.00 NOTE
r-oldrel-windows-ix86+x86_64 0.4 12.00 113.00 125.00 OK

Check Details

Version: 0.4
Check: foreign function calls
Result: NOTE
    Calls with DUP:
     .C(get_single_index_integer, as.integer(edge[, 2L]), as.integer(tip),
     integer(1L), NAOK = TRUE, DUP = FALSE)
     .C(get_two_index_integer, as.integer(edge[, 1L]), as.integer(node),
     integer(2L), NAOK = TRUE, DUP = FALSE)
    DUP is no longer supported and will be ignored.
Flavors: r-devel-linux-x86_64-debian-clang, r-devel-linux-x86_64-debian-gcc, r-devel-linux-x86_64-fedora-clang, r-devel-linux-x86_64-fedora-gcc, r-devel-osx-x86_64-clang, r-devel-windows-ix86+x86_64

Version: 0.4
Check: foreign function calls
Result: NOTE
    Calls with DUP != TRUE:
     .C(get_single_index_integer, as.integer(edge[, 2L]), as.integer(tip),
     integer(1L), NAOK = TRUE, DUP = FALSE)
     .C(get_two_index_integer, as.integer(edge[, 1L]), as.integer(node),
     integer(2L), NAOK = TRUE, DUP = FALSE)
    DUP = FALSE is deprecated and will be disabled in future versions of R.
Flavors: r-patched-linux-x86_64, r-patched-solaris-sparc, r-patched-solaris-x86, r-release-linux-ix86, r-release-linux-x86_64, r-release-osx-x86_64-mavericks, r-release-windows-ix86+x86_64