CRAN Package Check Results for Package coalescentMCMC

Last updated on 2016-02-07 03:50:30.

Flavor Version Tinstall Tcheck Ttotal Status Flags
r-devel-linux-x86_64-debian-gcc 0.4-1 3.04 41.17 44.21 NOTE
r-devel-linux-x86_64-fedora-clang 0.4-1 87.57 NOTE
r-devel-linux-x86_64-fedora-gcc 0.4-1 87.59 NOTE
r-devel-osx-x86_64-clang 0.4-1 94.49 NOTE
r-devel-windows-ix86+x86_64 0.4-1 10.00 112.00 122.00 NOTE
r-patched-linux-x86_64 0.4-1 3.70 50.82 54.52 OK
r-patched-solaris-sparc 0.4-1 1209.50 OK
r-patched-solaris-x86 0.4-1 132.30 OK
r-release-linux-x86_64 0.4-1 3.52 51.73 55.24 OK
r-release-osx-x86_64-mavericks 0.4-1 OK
r-release-windows-ix86+x86_64 0.4-1 11.00 95.00 106.00 OK
r-oldrel-windows-ix86+x86_64 0.4-1 22.00 192.00 214.00 OK

Check Details

Version: 0.4-1
Check: R code for possible problems
Result: NOTE
    coalescentMCMC: no visible global function definition for
     ‘packageVersion’
    coalescentMCMC : getparams: no visible global function definition for
     ‘nlminb’
    sim.coalescent: no visible global function definition for ‘plot’
    sim.coalescent: no visible global function definition for ‘segments’
    sim.coalescent: no visible global function definition for ‘points’
    Undefined global functions or variables:
     nlminb packageVersion plot points segments
    Consider adding
     importFrom("graphics", "plot", "points", "segments")
     importFrom("stats", "nlminb")
     importFrom("utils", "packageVersion")
    to your NAMESPACE file.
Flavors: r-devel-linux-x86_64-debian-gcc, r-devel-linux-x86_64-fedora-clang, r-devel-linux-x86_64-fedora-gcc, r-devel-osx-x86_64-clang, r-devel-windows-ix86+x86_64