CRAN Package Check Results for Package coalescentMCMC

Last updated on 2016-12-08 12:47:54.

Flavor Version Tinstall Tcheck Ttotal Status Flags
r-devel-linux-x86_64-debian-clang 0.4-1 2.95 45.35 48.30 NOTE
r-devel-linux-x86_64-debian-gcc 0.4-1 3.10 44.18 47.28 NOTE
r-devel-linux-x86_64-fedora-clang 0.4-1 110.08 NOTE --no-stop-on-test-error
r-devel-linux-x86_64-fedora-gcc 0.4-1 99.74 NOTE --no-stop-on-test-error
r-devel-macos-x86_64-clang 0.4-1 78.66 NOTE
r-devel-windows-ix86+x86_64 0.4-1 10.00 96.00 106.00 NOTE
r-patched-linux-x86_64 0.4-1 2.93 40.41 43.34 NOTE
r-patched-solaris-sparc 0.4-1 524.60 NOTE
r-patched-solaris-x86 0.4-1 111.70 NOTE
r-release-linux-x86_64 0.4-1 2.78 40.63 43.41 NOTE
r-release-osx-x86_64-mavericks 0.4-1 NOTE
r-release-windows-ix86+x86_64 0.4-1 10.00 93.00 103.00 NOTE
r-oldrel-windows-ix86+x86_64 0.4-1 20.00 112.00 132.00 OK

Check Details

Version: 0.4-1
Check: R code for possible problems
Result: NOTE
    coalescentMCMC: no visible global function definition for
     ‘packageVersion’
    coalescentMCMC : getparams: no visible global function definition for
     ‘nlminb’
    sim.coalescent: no visible global function definition for ‘plot’
    sim.coalescent: no visible global function definition for ‘segments’
    sim.coalescent: no visible global function definition for ‘points’
    Undefined global functions or variables:
     nlminb packageVersion plot points segments
    Consider adding
     importFrom("graphics", "plot", "points", "segments")
     importFrom("stats", "nlminb")
     importFrom("utils", "packageVersion")
    to your NAMESPACE file.
Flavors: r-devel-linux-x86_64-debian-clang, r-devel-linux-x86_64-debian-gcc, r-devel-macos-x86_64-clang, r-devel-windows-ix86+x86_64, r-patched-linux-x86_64, r-patched-solaris-sparc, r-patched-solaris-x86, r-release-linux-x86_64, r-release-osx-x86_64-mavericks, r-release-windows-ix86+x86_64

Version: 0.4-1
Flags: --no-stop-on-test-error
Check: R code for possible problems
Result: NOTE
    coalescentMCMC: no visible global function definition for
     ‘packageVersion’
    coalescentMCMC : getparams: no visible global function definition for
     ‘nlminb’
    sim.coalescent: no visible global function definition for ‘plot’
    sim.coalescent: no visible global function definition for ‘segments’
    sim.coalescent: no visible global function definition for ‘points’
    Undefined global functions or variables:
     nlminb packageVersion plot points segments
    Consider adding
     importFrom("graphics", "plot", "points", "segments")
     importFrom("stats", "nlminb")
     importFrom("utils", "packageVersion")
    to your NAMESPACE file.
Flavors: r-devel-linux-x86_64-fedora-clang, r-devel-linux-x86_64-fedora-gcc