CRAN Package Check Results for Package coalescentMCMC

Last updated on 2015-03-06 23:48:13.

Flavor Version Tinstall Tcheck Ttotal Status Flags
r-devel-linux-x86_64-debian-clang 0.4-1 3.07 50.47 53.54 OK
r-devel-linux-x86_64-debian-gcc 0.4-1 3.01 49.09 52.10 OK
r-devel-linux-x86_64-fedora-clang 0.4-1 108.01 OK
r-devel-linux-x86_64-fedora-gcc 0.4-1 103.10 OK
r-devel-osx-x86_64-clang 0.4-1 104.26 OK
r-devel-windows-ix86+x86_64 0.4-1 15.00 91.00 106.00 OK
r-patched-linux-x86_64 0.4-1 4.46 64.28 68.74 OK
r-patched-solaris-sparc 0.4-1 829.40 OK
r-patched-solaris-x86 0.4-1 165.20 OK
r-release-linux-ix86 0.4 4.68 75.27 79.95 NOTE
r-release-linux-x86_64 0.4-1 4.23 61.21 65.44 OK
r-release-osx-x86_64-mavericks 0.4-1 OK
r-release-osx-x86_64-snowleopard 0.4-1 OK
r-release-windows-ix86+x86_64 0.4-1 15.00 121.00 136.00 OK
r-oldrel-windows-ix86+x86_64 0.4-1 13.00 115.00 128.00 OK

Check Details

Version: 0.4
Check: foreign function calls
Result: NOTE
    Calls with DUP != TRUE:
     .C(get_single_index_integer, as.integer(edge[, 2L]), as.integer(tip),
     integer(1L), NAOK = TRUE, DUP = FALSE)
     .C(get_two_index_integer, as.integer(edge[, 1L]), as.integer(node),
     integer(2L), NAOK = TRUE, DUP = FALSE)
    DUP = FALSE is deprecated and will be disabled in future versions of R.
Flavor: r-release-linux-ix86