CRAN Package Check Results for Package coalescentMCMC

Last updated on 2017-08-17 03:48:45.

Flavor Version Tinstall Tcheck Ttotal Status Flags
r-devel-linux-x86_64-debian-clang 0.4-1 3.36 46.58 49.94 NOTE
r-devel-linux-x86_64-debian-gcc 0.4-1 3.24 45.24 48.48 NOTE
r-devel-linux-x86_64-fedora-clang 0.4-1 116.71 NOTE
r-devel-linux-x86_64-fedora-gcc 0.4-1 111.22 NOTE
r-devel-windows-ix86+x86_64 0.4-1 10.00 96.00 106.00 NOTE
r-patched-linux-x86_64 0.4-1 3.62 45.99 49.60 NOTE
r-patched-solaris-x86 0.4-1 145.30 NOTE
r-release-linux-x86_64 0.4-1 3.24 46.10 49.34 NOTE
r-release-windows-ix86+x86_64 0.4-1 10.00 105.00 115.00 NOTE
r-release-osx-x86_64 0.4-1 NOTE
r-oldrel-windows-ix86+x86_64 0.4-1 10.00 95.00 105.00 NOTE
r-oldrel-osx-x86_64 0.4-1 NOTE

Check Details

Version: 0.4-1
Check: R code for possible problems
Result: NOTE
    coalescentMCMC: no visible global function definition for
     ‘packageVersion’
    coalescentMCMC : getparams: no visible global function definition for
     ‘nlminb’
    sim.coalescent: no visible global function definition for ‘plot’
    sim.coalescent: no visible global function definition for ‘segments’
    sim.coalescent: no visible global function definition for ‘points’
    Undefined global functions or variables:
     nlminb packageVersion plot points segments
    Consider adding
     importFrom("graphics", "plot", "points", "segments")
     importFrom("stats", "nlminb")
     importFrom("utils", "packageVersion")
    to your NAMESPACE file.
Flavors: r-devel-linux-x86_64-debian-clang, r-devel-linux-x86_64-debian-gcc, r-devel-linux-x86_64-fedora-clang, r-devel-linux-x86_64-fedora-gcc, r-devel-windows-ix86+x86_64, r-patched-linux-x86_64, r-patched-solaris-x86, r-release-linux-x86_64, r-release-windows-ix86+x86_64, r-release-osx-x86_64, r-oldrel-windows-ix86+x86_64, r-oldrel-osx-x86_64