CRAN Package Check Results for Package coalescentMCMC

Last updated on 2015-05-25 08:48:21.

Flavor Version Tinstall Tcheck Ttotal Status Flags
r-devel-linux-x86_64-debian-clang 0.4-1 3.06 51.22 54.28 OK
r-devel-linux-x86_64-debian-gcc 0.4-1 3.10 49.71 52.80 OK
r-devel-linux-x86_64-fedora-clang 0.4-1 110.50 OK
r-devel-linux-x86_64-fedora-gcc 0.4-1 107.18 OK
r-devel-osx-x86_64-clang 0.4-1 100.02 OK
r-devel-windows-ix86+x86_64 0.4-1 12.00 94.00 106.00 OK
r-patched-linux-x86_64 0.4-1 3.08 49.34 52.42 OK
r-patched-solaris-sparc 0.4-1 690.40 OK
r-patched-solaris-x86 0.4-1 150.90 OK
r-release-linux-x86_64 0.4-1 3.19 49.48 52.68 OK
r-release-osx-x86_64-mavericks 0.4-1 OK
r-release-osx-x86_64-snowleopard 0.4-1 ERROR
r-release-windows-ix86+x86_64 0.4-1 11.00 95.00 106.00 OK
r-oldrel-windows-ix86+x86_64 0.4-1 12.00 109.00 121.00 OK

Check Details

Version: 0.4-1
Check: package dependencies
Result: ERROR
    Package required but not available: ‘phangorn’
    
    See section ‘The DESCRIPTION file’ in the ‘Writing R Extensions’
    manual.
Flavor: r-release-osx-x86_64-snowleopard