CRAN Package Check Results for Package coalescentMCMC

Last updated on 2017-06-23 23:50:35.

Flavor Version Tinstall Tcheck Ttotal Status Flags
r-devel-linux-x86_64-debian-clang 0.4-1 3.42 45.84 49.26 NOTE
r-devel-linux-x86_64-debian-gcc 0.4-1 3.17 45.88 49.05 NOTE
r-devel-linux-x86_64-fedora-clang 0.4-1 105.90 NOTE
r-devel-linux-x86_64-fedora-gcc 0.4-1 104.62 NOTE
r-devel-windows-ix86+x86_64 0.4-1 20.00 142.00 162.00 NOTE
r-patched-linux-x86_64 0.4-1 3.18 44.94 48.12 NOTE
r-patched-solaris-sparc 0.4-1 603.50 NOTE
r-patched-solaris-x86 0.4-1 142.90 NOTE
r-release-linux-x86_64 0.4-1 11.17 45.61 56.78 NOTE
r-release-windows-ix86+x86_64 0.4-1 12.00 141.00 153.00 NOTE
r-release-osx-x86_64 0.4-1 NOTE
r-oldrel-windows-ix86+x86_64 0.4-1 14.00 131.00 145.00 NOTE
r-oldrel-osx-x86_64 0.4-1 NOTE

Check Details

Version: 0.4-1
Check: R code for possible problems
Result: NOTE
    coalescentMCMC: no visible global function definition for
     ‘packageVersion’
    coalescentMCMC : getparams: no visible global function definition for
     ‘nlminb’
    sim.coalescent: no visible global function definition for ‘plot’
    sim.coalescent: no visible global function definition for ‘segments’
    sim.coalescent: no visible global function definition for ‘points’
    Undefined global functions or variables:
     nlminb packageVersion plot points segments
    Consider adding
     importFrom("graphics", "plot", "points", "segments")
     importFrom("stats", "nlminb")
     importFrom("utils", "packageVersion")
    to your NAMESPACE file.
Flavors: r-devel-linux-x86_64-debian-clang, r-devel-linux-x86_64-debian-gcc, r-devel-linux-x86_64-fedora-clang, r-devel-linux-x86_64-fedora-gcc, r-devel-windows-ix86+x86_64, r-patched-linux-x86_64, r-patched-solaris-sparc, r-patched-solaris-x86, r-release-linux-x86_64, r-release-windows-ix86+x86_64, r-release-osx-x86_64, r-oldrel-windows-ix86+x86_64, r-oldrel-osx-x86_64