CRAN Package Check Results for Package coalescentMCMC

Last updated on 2014-12-22 13:47:52.

Flavor Version Tinstall Tcheck Ttotal Status Flags
r-devel-linux-x86_64-debian-clang 0.4 4.89 59.34 64.23 NOTE
r-devel-linux-x86_64-debian-gcc 0.4 3.80 57.84 61.64 NOTE
r-devel-linux-x86_64-fedora-clang 0.4 146.64 NOTE
r-devel-linux-x86_64-fedora-gcc 0.4 142.08 NOTE
r-devel-osx-x86_64-clang 0.4 125.24 NOTE
r-devel-windows-ix86+x86_64 0.4 14.00 114.00 128.00 NOTE
r-patched-linux-x86_64 0.4 4.09 61.36 65.45 NOTE
r-patched-solaris-sparc 0.4 843.20 NOTE
r-patched-solaris-x86 0.4 198.40 NOTE
r-release-linux-ix86 0.4 4.76 73.71 78.46 NOTE
r-release-linux-x86_64 0.4 4.10 61.14 65.24 NOTE
r-release-osx-x86_64-mavericks 0.4 NOTE
r-release-osx-x86_64-snowleopard 0.4 OK
r-release-windows-ix86+x86_64 0.4 13.00 119.00 132.00 NOTE
r-oldrel-windows-ix86+x86_64 0.4 14.00 109.00 123.00 OK

Check Details

Version: 0.4
Check: foreign function calls
Result: NOTE
    Calls with DUP:
     .C(get_single_index_integer, as.integer(edge[, 2L]), as.integer(tip),
     integer(1L), NAOK = TRUE, DUP = FALSE)
     .C(get_two_index_integer, as.integer(edge[, 1L]), as.integer(node),
     integer(2L), NAOK = TRUE, DUP = FALSE)
    DUP is no longer supported and will be ignored.
Flavors: r-devel-linux-x86_64-debian-clang, r-devel-linux-x86_64-debian-gcc, r-devel-linux-x86_64-fedora-clang, r-devel-linux-x86_64-fedora-gcc, r-devel-osx-x86_64-clang, r-devel-windows-ix86+x86_64

Version: 0.4
Check: foreign function calls
Result: NOTE
    Calls with DUP != TRUE:
     .C(get_single_index_integer, as.integer(edge[, 2L]), as.integer(tip),
     integer(1L), NAOK = TRUE, DUP = FALSE)
     .C(get_two_index_integer, as.integer(edge[, 1L]), as.integer(node),
     integer(2L), NAOK = TRUE, DUP = FALSE)
    DUP = FALSE is deprecated and will be disabled in future versions of R.
Flavors: r-patched-linux-x86_64, r-patched-solaris-sparc, r-patched-solaris-x86, r-release-linux-ix86, r-release-linux-x86_64, r-release-windows-ix86+x86_64

Version: 0.4
Check: foreign function calls
Result: NOTE
    Calls with DUP = FALSE:
     .C(get_single_index_integer, as.integer(edge[, 2L]), as.integer(tip),
     integer(1L), NAOK = TRUE, DUP = FALSE)
     .C(get_two_index_integer, as.integer(edge[, 1L]), as.integer(node),
     integer(2L), NAOK = TRUE, DUP = FALSE)
    DUP = FALSE is deprecated and may be disabled in future versions of R.
Flavor: r-release-osx-x86_64-mavericks