CRAN Package Check Results for Package coalescentMCMC

Last updated on 2017-03-27 17:47:16.

Flavor Version Tinstall Tcheck Ttotal Status Flags
r-devel-linux-x86_64-debian-clang 0.4-1 3.20 46.52 49.72 NOTE
r-devel-linux-x86_64-debian-gcc 0.4-1 3.10 44.86 47.96 NOTE
r-devel-linux-x86_64-fedora-clang 0.4-1 113.16 NOTE --no-stop-on-test-error
r-devel-linux-x86_64-fedora-gcc 0.4-1 103.66 NOTE --no-stop-on-test-error
r-devel-macos-x86_64-clang 0.4-1 79.60 NOTE --no-stop-on-test-error
r-devel-windows-ix86+x86_64 0.4-1 12.00 109.00 121.00 NOTE
r-patched-linux-x86_64 0.4-1 3.19 45.25 48.44 NOTE
r-patched-solaris-sparc 0.4-1 603.50 NOTE
r-patched-solaris-x86 0.4-1 139.50 NOTE
r-release-linux-x86_64 0.4-1 2.92 40.91 43.83 NOTE
r-release-osx-x86_64-mavericks 0.4-1 NOTE
r-release-windows-ix86+x86_64 0.4-1 14.00 97.00 111.00 NOTE
r-oldrel-windows-ix86+x86_64 0.4-1 11.00 102.00 113.00 OK

Check Details

Version: 0.4-1
Check: R code for possible problems
Result: NOTE
    coalescentMCMC: no visible global function definition for
     ‘packageVersion’
    coalescentMCMC : getparams: no visible global function definition for
     ‘nlminb’
    sim.coalescent: no visible global function definition for ‘plot’
    sim.coalescent: no visible global function definition for ‘segments’
    sim.coalescent: no visible global function definition for ‘points’
    Undefined global functions or variables:
     nlminb packageVersion plot points segments
    Consider adding
     importFrom("graphics", "plot", "points", "segments")
     importFrom("stats", "nlminb")
     importFrom("utils", "packageVersion")
    to your NAMESPACE file.
Flavors: r-devel-linux-x86_64-debian-clang, r-devel-linux-x86_64-debian-gcc, r-devel-windows-ix86+x86_64, r-patched-linux-x86_64, r-patched-solaris-sparc, r-patched-solaris-x86, r-release-linux-x86_64, r-release-osx-x86_64-mavericks, r-release-windows-ix86+x86_64

Version: 0.4-1
Flags: --no-stop-on-test-error
Check: R code for possible problems
Result: NOTE
    coalescentMCMC: no visible global function definition for
     ‘packageVersion’
    coalescentMCMC : getparams: no visible global function definition for
     ‘nlminb’
    sim.coalescent: no visible global function definition for ‘plot’
    sim.coalescent: no visible global function definition for ‘segments’
    sim.coalescent: no visible global function definition for ‘points’
    Undefined global functions or variables:
     nlminb packageVersion plot points segments
    Consider adding
     importFrom("graphics", "plot", "points", "segments")
     importFrom("stats", "nlminb")
     importFrom("utils", "packageVersion")
    to your NAMESPACE file.
Flavors: r-devel-linux-x86_64-fedora-clang, r-devel-linux-x86_64-fedora-gcc, r-devel-macos-x86_64-clang