CRAN Package Check Results for Package coalescentMCMC

Last updated on 2014-09-21 00:46:39.

Flavor Version Tinstall Tcheck Ttotal Status Flags
r-devel-linux-x86_64-debian-clang 0.4 3.86 56.97 60.83 NOTE
r-devel-linux-x86_64-debian-gcc 0.4 3.98 56.15 60.12 NOTE
r-devel-linux-x86_64-fedora-clang 0.4 142.44 NOTE
r-devel-linux-x86_64-fedora-gcc 0.4 134.55 NOTE
r-devel-osx-x86_64-clang 0.4 117.34 NOTE
r-devel-windows-ix86+x86_64 0.4 13.00 95.00 108.00 NOTE
r-patched-linux-x86_64 0.4 4.04 58.58 62.61 NOTE
r-patched-solaris-sparc 0.4 825.30 NOTE
r-patched-solaris-x86 0.4 181.70 NOTE
r-release-linux-ix86 0.4 4.85 73.85 78.70 NOTE
r-release-linux-x86_64 0.4 4.22 60.46 64.68 NOTE
r-release-osx-x86_64-mavericks 0.4 NOTE
r-release-osx-x86_64-snowleopard 0.4 OK
r-release-windows-ix86+x86_64 0.4 12.00 102.00 114.00 NOTE
r-oldrel-windows-ix86+x86_64 0.4 14.00 102.00 116.00 OK

Check Details

Version: 0.4
Check: foreign function calls
Result: NOTE
    Calls with DUP:
     .C(get_single_index_integer, as.integer(edge[, 2L]), as.integer(tip),
     integer(1L), NAOK = TRUE, DUP = FALSE)
     .C(get_two_index_integer, as.integer(edge[, 1L]), as.integer(node),
     integer(2L), NAOK = TRUE, DUP = FALSE)
    DUP is no longer supported and will be ignored.
Flavors: r-devel-linux-x86_64-debian-clang, r-devel-linux-x86_64-debian-gcc, r-devel-linux-x86_64-fedora-clang, r-devel-linux-x86_64-fedora-gcc, r-devel-osx-x86_64-clang, r-devel-windows-ix86+x86_64

Version: 0.4
Check: foreign function calls
Result: NOTE
    Calls with DUP != TRUE:
     .C(get_single_index_integer, as.integer(edge[, 2L]), as.integer(tip),
     integer(1L), NAOK = TRUE, DUP = FALSE)
     .C(get_two_index_integer, as.integer(edge[, 1L]), as.integer(node),
     integer(2L), NAOK = TRUE, DUP = FALSE)
    DUP = FALSE is deprecated and will be disabled in future versions of R.
Flavors: r-patched-linux-x86_64, r-patched-solaris-sparc, r-patched-solaris-x86

Version: 0.4
Check: foreign function calls
Result: NOTE
    Calls with DUP = FALSE:
     .C(get_single_index_integer, as.integer(edge[, 2L]), as.integer(tip),
     integer(1L), NAOK = TRUE, DUP = FALSE)
     .C(get_two_index_integer, as.integer(edge[, 1L]), as.integer(node),
     integer(2L), NAOK = TRUE, DUP = FALSE)
    DUP = FALSE is deprecated and may be disabled in future versions of R.
Flavors: r-release-linux-ix86, r-release-linux-x86_64, r-release-osx-x86_64-mavericks, r-release-windows-ix86+x86_64