CRAN Package Check Results for Package coalescentMCMC

Last updated on 2020-01-20 00:48:05 CET.

Flavor Version Tinstall Tcheck Ttotal Status Flags
r-devel-linux-x86_64-debian-clang 0.4-1 8.42 83.29 91.71 NOTE
r-devel-linux-x86_64-debian-gcc 0.4-1 7.73 64.58 72.31 NOTE
r-devel-linux-x86_64-fedora-clang 0.4-1 113.89 NOTE
r-devel-linux-x86_64-fedora-gcc 0.4-1 108.20 NOTE
r-devel-windows-ix86+x86_64 0.4-1 27.00 118.00 145.00 NOTE
r-devel-windows-ix86+x86_64-gcc8 0.4-1 21.00 174.00 195.00 NOTE
r-patched-linux-x86_64 0.4-1 8.50 74.62 83.12 NOTE
r-patched-solaris-x86 0.4-1 151.40 NOTE
r-release-linux-x86_64 0.4-1 7.59 74.94 82.53 NOTE
r-release-windows-ix86+x86_64 0.4-1 26.00 111.00 137.00 NOTE
r-release-osx-x86_64 0.4-1 NOTE
r-oldrel-windows-ix86+x86_64 0.4-1 10.00 107.00 117.00 NOTE
r-oldrel-osx-x86_64 0.4-1 NOTE

Check Details

Version: 0.4-1
Check: R code for possible problems
Result: NOTE
    coalescentMCMC: no visible global function definition for
     'packageVersion'
    coalescentMCMC : getparams: no visible global function definition for
     'nlminb'
    sim.coalescent: no visible global function definition for 'plot'
    sim.coalescent: no visible global function definition for 'segments'
    sim.coalescent: no visible global function definition for 'points'
    Undefined global functions or variables:
     nlminb packageVersion plot points segments
    Consider adding
     importFrom("graphics", "plot", "points", "segments")
     importFrom("stats", "nlminb")
     importFrom("utils", "packageVersion")
    to your NAMESPACE file.
Flavors: r-devel-linux-x86_64-debian-clang, r-devel-linux-x86_64-debian-gcc, r-devel-linux-x86_64-fedora-clang, r-devel-linux-x86_64-fedora-gcc, r-devel-windows-ix86+x86_64, r-devel-windows-ix86+x86_64-gcc8, r-patched-linux-x86_64, r-patched-solaris-x86, r-release-linux-x86_64, r-release-windows-ix86+x86_64, r-release-osx-x86_64, r-oldrel-windows-ix86+x86_64, r-oldrel-osx-x86_64