CRAN Package Check Results for Package coarseDataTools

Last updated on 2014-08-01 13:46:56.

Flavor Version Tinstall Tcheck Ttotal Status Flags
r-devel-linux-x86_64-debian-clang 0.6-2 1.14 84.13 85.27 NOTE
r-devel-linux-x86_64-debian-gcc 0.6-2 1.11 79.07 80.18 NOTE
r-devel-linux-x86_64-fedora-clang 0.6-2 167.45 NOTE
r-devel-linux-x86_64-fedora-gcc 0.6-2 160.58 NOTE
r-devel-osx-x86_64-clang 0.6-2 136.44 NOTE
r-devel-windows-ix86+x86_64 0.6-2 4.00 125.00 129.00 NOTE
r-patched-linux-x86_64 0.6-2 1.24 81.34 82.59 NOTE
r-patched-solaris-sparc 0.6-2 1017.30 NOTE
r-patched-solaris-x86 0.6-2 190.20 NOTE
r-release-linux-ix86 0.6-2 1.50 104.55 106.05 NOTE
r-release-linux-x86_64 0.6-2 1.21 79.22 80.43 NOTE
r-release-osx-x86_64-mavericks 0.6-2 NOTE
r-release-osx-x86_64-snowleopard 0.6-2 NOTE
r-release-windows-ix86+x86_64 0.6-2 7.00 162.00 169.00 NOTE
r-oldrel-windows-ix86+x86_64 0.6-2 7.00 164.00 171.00 NOTE

Check Details

Version: 0.6-2
Check: dependencies in R code
Result: NOTE
    Namespace in Imports field not imported from: methods
     All declared Imports should be used.
    See the information on DESCRIPTION files in the chapter Creating R
    packages of the Writing R Extensions manual.
Flavors: r-devel-linux-x86_64-debian-clang, r-devel-linux-x86_64-debian-gcc, r-devel-linux-x86_64-fedora-clang, r-devel-linux-x86_64-fedora-gcc, r-devel-osx-x86_64-clang, r-devel-windows-ix86+x86_64, r-patched-linux-x86_64, r-patched-solaris-sparc, r-patched-solaris-x86, r-release-linux-ix86, r-release-linux-x86_64, r-release-osx-x86_64-mavericks, r-release-osx-x86_64-snowleopard, r-release-windows-ix86+x86_64, r-oldrel-windows-ix86+x86_64