CRAN Package Check Results for Package coarseDataTools

Last updated on 2015-05-28 17:47:43.

Flavor Version Tinstall Tcheck Ttotal Status Flags
r-devel-linux-x86_64-debian-clang 0.6-2 0.85 77.74 78.59 NOTE
r-devel-linux-x86_64-debian-gcc 0.6-2 0.85 73.21 74.06 NOTE
r-devel-linux-x86_64-fedora-clang 0.6-2 153.50 NOTE
r-devel-linux-x86_64-fedora-gcc 0.6-2 142.91 NOTE
r-devel-osx-x86_64-clang 0.6-2 125.90 NOTE
r-devel-windows-ix86+x86_64 0.6-2 4.00 110.00 114.00 NOTE
r-patched-linux-x86_64 0.6-2 1.23 75.74 76.98 NOTE
r-patched-solaris-sparc 0.6-2 979.00 NOTE
r-patched-solaris-x86 0.6-2 174.10 NOTE
r-release-linux-x86_64 0.6-2 0.91 72.99 73.90 NOTE
r-release-osx-x86_64-mavericks 0.6-2 NOTE
r-release-osx-x86_64-snowleopard 0.6-2 NOTE
r-release-windows-ix86+x86_64 0.6-2 4.00 117.00 121.00 NOTE
r-oldrel-windows-ix86+x86_64 0.6-2 5.00 162.00 167.00 NOTE

Check Details

Version: 0.6-2
Check: dependencies in R code
Result: NOTE
    Namespace in Imports field not imported from: ‘methods’
     All declared Imports should be used.
Flavors: r-devel-linux-x86_64-debian-clang, r-devel-linux-x86_64-debian-gcc, r-devel-linux-x86_64-fedora-clang, r-devel-linux-x86_64-fedora-gcc, r-devel-osx-x86_64-clang, r-devel-windows-ix86+x86_64, r-patched-linux-x86_64, r-patched-solaris-sparc, r-patched-solaris-x86, r-release-linux-x86_64, r-release-osx-x86_64-mavericks, r-release-osx-x86_64-snowleopard, r-release-windows-ix86+x86_64, r-oldrel-windows-ix86+x86_64