CRAN Package Check Results for Package coarseDataTools

Last updated on 2014-09-03 05:47:39.

Flavor Version Tinstall Tcheck Ttotal Status Flags
r-devel-linux-x86_64-debian-clang 0.6-2 1.15 81.46 82.61 NOTE
r-devel-linux-x86_64-debian-gcc 0.6-2 1.50 80.68 82.18 NOTE
r-devel-linux-x86_64-fedora-clang 0.6-2 164.44 NOTE
r-devel-linux-x86_64-fedora-gcc 0.6-2 156.45 NOTE
r-devel-osx-x86_64-clang 0.6-2 128.83 NOTE
r-devel-windows-ix86+x86_64 0.6-2 5.00 118.00 123.00 NOTE
r-patched-linux-x86_64 0.6-2 1.69 84.33 86.02 NOTE
r-patched-solaris-sparc 0.6-2 1017.30 NOTE
r-patched-solaris-x86 0.6-2 186.80 NOTE
r-release-linux-ix86 0.6-2 1.55 105.82 107.36 NOTE
r-release-linux-x86_64 0.6-2 1.17 79.81 80.98 NOTE
r-release-osx-x86_64-mavericks 0.6-2 NOTE
r-release-osx-x86_64-snowleopard 0.6-2 NOTE
r-release-windows-ix86+x86_64 0.6-2 4.00 124.00 128.00 NOTE
r-oldrel-windows-ix86+x86_64 0.6-2 4.00 122.00 126.00 NOTE

Check Details

Version: 0.6-2
Check: dependencies in R code
Result: NOTE
    Namespace in Imports field not imported from: ‘methods’
     All declared Imports should be used.
    See the information on DESCRIPTION files in the chapter ‘Creating R
    packages’ of the ‘Writing R Extensions’ manual.
Flavors: r-devel-linux-x86_64-debian-clang, r-devel-linux-x86_64-debian-gcc, r-devel-linux-x86_64-fedora-clang, r-devel-linux-x86_64-fedora-gcc, r-devel-osx-x86_64-clang, r-devel-windows-ix86+x86_64, r-patched-linux-x86_64, r-patched-solaris-sparc, r-patched-solaris-x86, r-release-linux-ix86, r-release-linux-x86_64, r-release-osx-x86_64-mavericks, r-release-osx-x86_64-snowleopard, r-release-windows-ix86+x86_64, r-oldrel-windows-ix86+x86_64