CRAN Package Check Results for Package coarseDataTools

Last updated on 2015-04-01 23:49:09.

Flavor Version Tinstall Tcheck Ttotal Status Flags
r-devel-linux-x86_64-debian-clang 0.6-2 0.93 73.94 74.87 NOTE
r-devel-linux-x86_64-debian-gcc 0.6-2 0.90 74.92 75.82 NOTE
r-devel-linux-x86_64-fedora-clang 0.6-2 145.45 NOTE
r-devel-linux-x86_64-fedora-gcc 0.6-2 141.11 NOTE
r-devel-osx-x86_64-clang 0.6-2 138.47 NOTE
r-prerel-windows-ix86+x86_64 0.6-2 4.00 115.00 119.00 NOTE
r-prerel-linux-x86_64 0.6-2 0.90 72.01 72.91 NOTE
r-prerel-solaris-sparc 0.6-2 980.90 NOTE
r-prerel-solaris-x86 0.6-2 173.70 NOTE
r-release-linux-x86_64 0.6-2 1.15 84.22 85.36 NOTE
r-release-osx-x86_64-mavericks 0.6-2 NOTE
r-release-osx-x86_64-snowleopard 0.6-2 NOTE
r-release-windows-ix86+x86_64 0.6-2 5.00 128.00 133.00 NOTE
r-oldrel-windows-ix86+x86_64 0.6-2 5.00 127.00 132.00 NOTE

Check Details

Version: 0.6-2
Check: dependencies in R code
Result: NOTE
    Namespace in Imports field not imported from: ‘methods’
     All declared Imports should be used.
Flavors: r-devel-linux-x86_64-debian-clang, r-devel-linux-x86_64-debian-gcc, r-devel-linux-x86_64-fedora-clang, r-devel-linux-x86_64-fedora-gcc, r-devel-osx-x86_64-clang, r-prerel-windows-ix86+x86_64, r-prerel-linux-x86_64, r-prerel-solaris-sparc, r-prerel-solaris-x86, r-release-linux-x86_64, r-release-windows-ix86+x86_64

Version: 0.6-2
Check: dependencies in R code
Result: NOTE
    Namespace in Imports field not imported from: ‘methods’
     All declared Imports should be used.
    See the information on DESCRIPTION files in the chapter ‘Creating R
    packages’ of the ‘Writing R Extensions’ manual.
Flavors: r-release-osx-x86_64-mavericks, r-release-osx-x86_64-snowleopard, r-oldrel-windows-ix86+x86_64