CRAN Package Check Results for Package coarseDataTools

Last updated on 2014-12-21 03:48:12.

Flavor Version Tinstall Tcheck Ttotal Status Flags
r-devel-linux-x86_64-debian-clang 0.6-2 1.14 78.88 80.02 NOTE
r-devel-linux-x86_64-debian-gcc 0.6-2 1.14 75.18 76.31 NOTE
r-devel-linux-x86_64-fedora-clang 0.6-2 159.20 NOTE
r-devel-linux-x86_64-fedora-gcc 0.6-2 145.37 NOTE
r-devel-osx-x86_64-clang 0.6-2 143.18 NOTE
r-devel-windows-ix86+x86_64 0.6-2 5.00 111.00 116.00 NOTE
r-patched-linux-x86_64 0.6-2 1.12 80.30 81.43 NOTE
r-patched-solaris-sparc 0.6-2 1017.30 NOTE
r-patched-solaris-x86 0.6-2 186.50 NOTE
r-release-linux-ix86 0.6-2 1.46 101.48 102.94 NOTE
r-release-linux-x86_64 0.6-2 1.12 84.23 85.35 NOTE
r-release-osx-x86_64-mavericks 0.6-2 NOTE
r-release-osx-x86_64-snowleopard 0.6-2 NOTE
r-release-windows-ix86+x86_64 0.6-2 6.00 125.00 131.00 NOTE
r-oldrel-windows-ix86+x86_64 0.6-2 5.00 133.00 138.00 NOTE

Check Details

Version: 0.6-2
Check: dependencies in R code
Result: NOTE
    Namespace in Imports field not imported from: ‘methods’
     All declared Imports should be used.
    See the information on DESCRIPTION files in the chapter ‘Creating R
    packages’ of the ‘Writing R Extensions’ manual.
Flavors: r-devel-linux-x86_64-debian-clang, r-devel-linux-x86_64-debian-gcc, r-devel-linux-x86_64-fedora-clang, r-devel-linux-x86_64-fedora-gcc, r-devel-osx-x86_64-clang, r-devel-windows-ix86+x86_64, r-patched-linux-x86_64, r-patched-solaris-sparc, r-patched-solaris-x86, r-release-linux-ix86, r-release-linux-x86_64, r-release-osx-x86_64-mavericks, r-release-osx-x86_64-snowleopard, r-release-windows-ix86+x86_64, r-oldrel-windows-ix86+x86_64