CRAN Package Check Results for Package coarseDataTools

Last updated on 2015-08-01 03:48:48.

Flavor Version Tinstall Tcheck Ttotal Status Flags
r-devel-linux-x86_64-debian-clang 0.6-2 0.92 79.13 80.06 NOTE
r-devel-linux-x86_64-debian-gcc 0.6-2 0.85 78.82 79.67 NOTE
r-devel-linux-x86_64-fedora-clang 0.6-2 143.32 NOTE
r-devel-linux-x86_64-fedora-gcc 0.6-2 133.10 NOTE
r-devel-osx-x86_64-clang 0.6-2 125.26 NOTE
r-devel-windows-ix86+x86_64 0.6-2 7.00 169.00 176.00 NOTE
r-patched-linux-x86_64 0.6-2 0.86 76.16 77.02 NOTE
r-patched-solaris-sparc 0.6-2 979.30 NOTE
r-patched-solaris-x86 0.6-2 170.80 NOTE
r-release-linux-x86_64 0.6-2 0.87 77.54 78.41 NOTE
r-release-osx-x86_64-mavericks 0.6-2 NOTE
r-release-windows-ix86+x86_64 0.6-2 4.00 167.00 171.00 NOTE
r-oldrel-windows-ix86+x86_64 0.6-2 5.00 142.00 147.00 NOTE

Check Details

Version: 0.6-2
Check: dependencies in R code
Result: NOTE
    Namespace in Imports field not imported from: ‘methods’
     All declared Imports should be used.
Flavors: r-devel-linux-x86_64-debian-clang, r-devel-linux-x86_64-debian-gcc, r-devel-linux-x86_64-fedora-clang, r-devel-linux-x86_64-fedora-gcc, r-devel-osx-x86_64-clang, r-devel-windows-ix86+x86_64, r-patched-linux-x86_64, r-patched-solaris-sparc, r-patched-solaris-x86, r-release-linux-x86_64, r-release-osx-x86_64-mavericks, r-release-windows-ix86+x86_64, r-oldrel-windows-ix86+x86_64

Version: 0.6-2
Check: R code for possible problems
Result: NOTE
    EMforCFR: no visible global function definition for ‘glm’
    EMforCFR: no visible binding for global variable ‘poisson’
    EMforCFR: no visible global function definition for ‘coef’
    dic.fit: no visible global function definition for ‘optimize’
    dic.fit: no visible global function definition for ‘optim’
    dic.fit: no visible global function definition for ‘qnorm’
    dic.fit: no visible global function definition for ‘qt’
    dic.fit : <anonymous>: no visible global function definition for
     ‘quantile’
    dic.fit : <anonymous>: no visible global function definition for
     ‘qlnorm’
    dic.fit: no visible global function definition for ‘qlnorm’
    dic.fit : <anonymous>: no visible global function definition for
     ‘qweibull’
    dic.fit: no visible global function definition for ‘qweibull’
    dic.fit : <anonymous>: no visible global function definition for
     ‘qgamma’
    dic.fit: no visible global function definition for ‘qgamma’
    dic.fit: no visible binding for global variable ‘sd’
    dic.fit: no visible global function definition for ‘new’
    dic.fit.mcmc : <anonymous>: no visible global function definition for
     ‘qlnorm’
    dic.fit.mcmc : <anonymous>: no visible global function definition for
     ‘qgamma’
    dic.fit.mcmc : <anonymous>: no visible global function definition for
     ‘qweibull’
    dic.fit.mcmc: no visible global function definition for ‘quantile’
    dic.fit.mcmc : <anonymous>: no visible global function definition for
     ‘quantile’
    dic.fit.mcmc: no visible global function definition for ‘new’
    dic.get.boots: no visible global function definition for
     ‘txtProgressBar’
    dic.get.boots: no visible global function definition for
     ‘setTxtProgressBar’
    dic.getSE: no visible global function definition for ‘qnorm’
    diclik: no visible global function definition for ‘integrate’
    diclik: no visible global function definition for ‘pweibull’
    diclik: no visible global function definition for ‘pgamma’
    diclik: no visible global function definition for ‘plnorm’
    diclik2: no visible global function definition for ‘integrate’
    diclik2.helper1: no visible global function definition for ‘pweibull’
    diclik2.helper1: no visible global function definition for ‘pgamma’
    diclik2.helper1: no visible global function definition for ‘plnorm’
    diclik2.helper2: no visible global function definition for ‘pweibull’
    diclik2.helper2: no visible global function definition for ‘pgamma’
    diclik2.helper2: no visible global function definition for ‘plnorm’
    exactlik: no visible global function definition for ‘dweibull’
    exactlik: no visible global function definition for ‘dgamma’
    exactlik: no visible global function definition for ‘dlnorm’
    fw1: no visible global function definition for ‘dweibull’
    fw1: no visible global function definition for ‘dgamma’
    fw1: no visible global function definition for ‘dlnorm’
    fw3: no visible global function definition for ‘dweibull’
    fw3: no visible global function definition for ‘dgamma’
    fw3: no visible global function definition for ‘dlnorm’
    generate.coarse.data: no visible global function definition for ‘runif’
    generate.coarse.data: no visible global function definition for
     ‘rlnorm’
    mcmc.erlang: no visible global function definition for ‘dnbinom’
    mcmc.erlang: no visible global function definition for ‘dnorm’
    mcmc.erlang: no visible global function definition for ‘rnorm’
    mcmc.erlang: no visible global function definition for ‘runif’
    mcmcpack.ll: no visible global function definition for ‘dnorm’
    mcmcpack.ll: no visible global function definition for ‘dgamma’
    precision.simulation: no visible global function definition for ‘data’
    precision.simulation: no visible binding for global variable
     ‘exp.win.lengths’
    precision.simulation: no visible global function definition for
     ‘qlnorm’
    precision.simulation.exact: no visible global function definition for
     ‘rlnorm’
    run.Mstep: no visible global function definition for ‘glm’
    run.Mstep: no visible binding for global variable ‘poisson’
    run.Mstep: no visible global function definition for ‘coef’
    run.Mstep: no visible global function definition for ‘vcov’
    siclik: no visible global function definition for ‘pweibull’
    siclik: no visible global function definition for ‘pgamma’
    siclik: no visible global function definition for ‘plnorm’
    single.boot: no visible global function definition for ‘optim’
    plot,cd.fit: no visible global function definition for ‘rgb’
    plot,cd.fit : <anonymous>: no visible global function definition for
     ‘lines’
    plot,cd.fit : <anonymous>: no visible global function definition for
     ‘plnorm’
    plot,cd.fit: no visible global function definition for ‘lines’
    plot,cd.fit: no visible global function definition for ‘plnorm’
    plot,cd.fit : <anonymous>: no visible global function definition for
     ‘pgamma’
    plot,cd.fit: no visible global function definition for ‘pgamma’
    plot,cd.fit : <anonymous>: no visible global function definition for
     ‘pweibull’
    plot,cd.fit: no visible global function definition for ‘pweibull’
    show,cd.fit: no visible global function definition for ‘qt’
    Undefined global functions or variables:
     coef data dgamma dlnorm dnbinom dnorm dweibull exp.win.lengths glm
     integrate lines new optim optimize pgamma plnorm poisson pweibull
     qgamma qlnorm qnorm qt quantile qweibull rgb rlnorm rnorm runif sd
     setTxtProgressBar txtProgressBar vcov
    Consider adding
     importFrom("grDevices", "rgb")
     importFrom("graphics", "lines")
     importFrom("methods", "new")
     importFrom("stats", "coef", "dgamma", "dlnorm", "dnbinom", "dnorm",
     "dweibull", "glm", "integrate", "optim", "optimize",
     "pgamma", "plnorm", "poisson", "pweibull", "qgamma",
     "qlnorm", "qnorm", "qt", "quantile", "qweibull", "rlnorm",
     "rnorm", "runif", "sd", "vcov")
     importFrom("utils", "data", "setTxtProgressBar", "txtProgressBar")
    to your NAMESPACE.
Flavors: r-devel-linux-x86_64-debian-clang, r-devel-linux-x86_64-debian-gcc, r-devel-linux-x86_64-fedora-clang, r-devel-linux-x86_64-fedora-gcc, r-devel-windows-ix86+x86_64