CRAN Package Check Results for Package coarseDataTools

Last updated on 2014-04-17 10:47:46.

Flavor Version Tinstall Tcheck Ttotal Status Flags
r-devel-linux-x86_64-debian-clang 0.6-2 1.27 84.50 85.77 NOTE
r-devel-linux-x86_64-debian-gcc 0.6-2 1.29 86.75 88.04 NOTE
r-devel-linux-x86_64-fedora-clang 0.6-2 171.64 NOTE
r-devel-linux-x86_64-fedora-gcc 0.6-2 163.95 NOTE
r-devel-macosx-x86_64-clang 0.6-2 136.69 NOTE
r-devel-macosx-x86_64-gcc 0.6-2 NOTE
r-devel-windows-ix86+x86_64 0.6-2 4.00 123.00 127.00 NOTE
r-patched-linux-x86_64 0.6-2 1.35 83.01 84.36 NOTE
r-patched-solaris-sparc 0.6-2 985.30 NOTE
r-patched-solaris-x86 0.6-2 189.30 NOTE
r-release-linux-ix86 0.6-2 4.00 128.00 132.00 NOTE
r-release-linux-x86_64 0.6-2 1.21 82.78 83.99 NOTE
r-release-macosx-x86_64 0.6-2 NOTE
r-release-windows-ix86+x86_64 0.6-2 4.00 118.00 122.00 NOTE
r-oldrel-windows-ix86+x86_64 0.6-2 5.00 122.00 127.00 NOTE

Check Details

Version: 0.6-2
Check: dependencies in R code
Result: NOTE
    Namespace in Imports field not imported from: ‘methods’
     All declared Imports should be used.
    See the information on DESCRIPTION files in the chapter ‘Creating R
    packages’ of the ‘Writing R Extensions’ manual.
Flavors: r-devel-linux-x86_64-debian-clang, r-devel-linux-x86_64-debian-gcc, r-devel-linux-x86_64-fedora-clang, r-devel-linux-x86_64-fedora-gcc, r-devel-macosx-x86_64-clang, r-devel-macosx-x86_64-gcc, r-devel-windows-ix86+x86_64, r-patched-linux-x86_64, r-patched-solaris-sparc, r-patched-solaris-x86, r-release-linux-ix86, r-release-linux-x86_64, r-release-macosx-x86_64, r-release-windows-ix86+x86_64, r-oldrel-windows-ix86+x86_64