CRAN Package Check Results for Package cobs

Last updated on 2015-01-31 20:46:43.

Flavor Version Tinstall Tcheck Ttotal Status Flags
r-devel-linux-x86_64-debian-clang 1.3-0 1.45 55.35 56.80 NOTE
r-devel-linux-x86_64-debian-gcc 1.3-0 1.53 52.23 53.76 NOTE
r-devel-linux-x86_64-fedora-clang 1.3-0 113.74 NOTE
r-devel-linux-x86_64-fedora-gcc 1.3-0 108.11 NOTE
r-devel-osx-x86_64-clang 1.3-0 97.31 NOTE
r-devel-windows-ix86+x86_64 1.3-0 10.00 126.00 136.00 OK
r-patched-linux-x86_64 1.3-0 1.58 62.96 64.54 OK
r-patched-solaris-sparc 1.3-0 762.80 OK
r-patched-solaris-x86 1.3-0 153.80 OK
r-release-linux-ix86 1.3-0 2.10 77.31 79.40 OK
r-release-linux-x86_64 1.3-0 1.67 65.84 67.51 OK
r-release-osx-x86_64-mavericks 1.3-0 OK
r-release-osx-x86_64-snowleopard 1.3-0 OK
r-release-windows-ix86+x86_64 1.3-0 7.00 149.00 156.00 OK
r-oldrel-windows-ix86+x86_64 1.3-0 7.00 161.00 168.00 OK

Check Details

Version: 1.3-0
Check: S3 generic/method consistency
Result: NOTE
    Found the following apparent S3 methods exported but not registered:
     plot.cobs plot.conreg
    See section ‘Registering S3 methods’ in the ‘Writing R Extensions’
    manual.
Flavors: r-devel-linux-x86_64-debian-clang, r-devel-linux-x86_64-debian-gcc, r-devel-linux-x86_64-fedora-clang, r-devel-linux-x86_64-fedora-gcc, r-devel-osx-x86_64-clang