CRAN Package Check Results for Package cobs

Last updated on 2015-05-28 23:47:22.

Flavor Version Tinstall Tcheck Ttotal Status Flags
r-devel-linux-x86_64-debian-clang 1.3-0 1.40 55.04 56.44 NOTE
r-devel-linux-x86_64-debian-gcc 1.3-0 1.46 52.75 54.21 NOTE
r-devel-linux-x86_64-fedora-clang 1.3-0 109.71 NOTE
r-devel-linux-x86_64-fedora-gcc 1.3-0 102.90 NOTE
r-devel-osx-x86_64-clang 1.3-0 85.55 NOTE
r-devel-windows-ix86+x86_64 1.3-0 6.00 130.00 136.00 OK
r-patched-linux-x86_64 1.3-0 1.55 53.94 55.49 NOTE
r-patched-solaris-sparc 1.3-0 757.90 NOTE
r-patched-solaris-x86 1.3-0 136.00 NOTE
r-release-linux-x86_64 1.3-0 1.37 53.94 55.32 NOTE
r-release-osx-x86_64-mavericks 1.3-0 OK
r-release-osx-x86_64-snowleopard 1.3-0 ERROR
r-release-windows-ix86+x86_64 1.3-0 7.00 132.00 139.00 OK
r-oldrel-windows-ix86+x86_64 1.3-0 7.00 143.00 150.00 OK

Check Details

Version: 1.3-0
Check: S3 generic/method consistency
Result: NOTE
    Found the following apparent S3 methods exported but not registered:
     plot.cobs plot.conreg
    See section ‘Registering S3 methods’ in the ‘Writing R Extensions’
    manual.
Flavors: r-devel-linux-x86_64-debian-clang, r-devel-linux-x86_64-debian-gcc, r-devel-linux-x86_64-fedora-clang, r-devel-linux-x86_64-fedora-gcc, r-devel-osx-x86_64-clang, r-patched-linux-x86_64, r-patched-solaris-sparc, r-patched-solaris-x86, r-release-linux-x86_64

Version: 1.3-0
Check: package dependencies
Result: ERROR
    Package required but not available: ‘quantreg’
    
    See section ‘The DESCRIPTION file’ in the ‘Writing R Extensions’
    manual.
Flavor: r-release-osx-x86_64-snowleopard