CRAN Package Check Results for Package cobs

Last updated on 2015-08-01 23:47:09.

Flavor Version Tinstall Tcheck Ttotal Status Flags
r-devel-linux-x86_64-debian-clang 1.3-0 1.43 52.62 54.04 NOTE
r-devel-linux-x86_64-debian-gcc 1.3-0 1.37 51.29 52.66 NOTE
r-devel-linux-x86_64-fedora-clang 1.3-0 101.58 NOTE
r-devel-linux-x86_64-fedora-gcc 1.3-0 89.32 NOTE
r-devel-osx-x86_64-clang 1.3-0 82.80 NOTE
r-devel-windows-ix86+x86_64 1.3-0 10.00 183.00 193.00 NOTE
r-patched-linux-x86_64 1.3-0 1.35 54.28 55.64 NOTE
r-patched-solaris-sparc 1.3-0 759.80 NOTE
r-patched-solaris-x86 1.3-0 134.90 NOTE
r-release-linux-x86_64 1.3-0 1.44 53.82 55.26 NOTE
r-release-osx-x86_64-mavericks 1.3-0 OK
r-release-windows-ix86+x86_64 1.3-0 8.00 149.00 157.00 OK
r-oldrel-windows-ix86+x86_64 1.3-0 10.00 157.00 167.00 OK

Check Details

Version: 1.3-0
Check: S3 generic/method consistency
Result: NOTE
    Found the following apparent S3 methods exported but not registered:
     plot.cobs plot.conreg
    See section ‘Registering S3 methods’ in the ‘Writing R Extensions’
    manual.
Flavors: r-devel-linux-x86_64-debian-clang, r-devel-linux-x86_64-debian-gcc, r-devel-linux-x86_64-fedora-clang, r-devel-linux-x86_64-fedora-gcc, r-devel-osx-x86_64-clang, r-patched-linux-x86_64, r-patched-solaris-sparc, r-patched-solaris-x86, r-release-linux-x86_64

Version: 1.3-0
Check: R code for possible problems
Result: NOTE
    .add.ispline: no visible global function definition for ‘coef’
    .add.ispline: no visible global function definition for ‘predict’
    cobs: no visible global function definition for ‘sd’
    conreg: no visible global function definition for ‘sd’
    dn: no visible global function definition for ‘qnorm’
    dn: no visible global function definition for ‘dnorm’
    drqssbc2: no visible global function definition for ‘median’
    drqssbc2: no visible global function definition for ‘capture.output’
    drqssbc2: no visible global function definition for ‘str’
    l1.design2: no visible global function definition for ‘new’
    lines.conreg: no visible global function definition for ‘points’
    loo.design2: no visible global function definition for ‘new’
    plot.cobs: no visible global function definition for ‘par’
    plot.cobs: no visible global function definition for ‘gray’
    plot.cobs: no visible global function definition for ‘mtext’
    plot.cobs: no visible global function definition for ‘points’
    plot.cobs: no visible global function definition for ‘legend’
    plot.cobs: no visible global function definition for ‘axis’
    plot.cobs: no visible global function definition for ‘predict’
    plot.conreg: no visible global function definition for ‘points’
    predict.cobs: no visible global function definition for ‘qchisq’
    predict.cobs: no visible global function definition for ‘qt’
    predict.conreg: no visible global function definition for ‘approx’
    print.conreg: no visible global function definition for ‘resid’
    summary.cobs: no visible global function definition for ‘resid’
    Undefined global functions or variables:
     approx axis capture.output coef dnorm gray legend median mtext new
     par points predict qchisq qnorm qt resid sd str
    Consider adding
     importFrom("grDevices", "gray")
     importFrom("graphics", "axis", "legend", "mtext", "par", "points")
     importFrom("methods", "new")
     importFrom("stats", "approx", "coef", "dnorm", "median", "predict",
     "qchisq", "qnorm", "qt", "resid", "sd")
     importFrom("utils", "capture.output", "str")
    to your NAMESPACE.
Flavors: r-devel-linux-x86_64-debian-clang, r-devel-linux-x86_64-debian-gcc, r-devel-linux-x86_64-fedora-clang, r-devel-linux-x86_64-fedora-gcc, r-devel-windows-ix86+x86_64