CRAN Package Check Results for Package cobs

Last updated on 2017-02-21 23:50:34.

Flavor Version Tinstall Tcheck Ttotal Status Flags
r-devel-linux-x86_64-debian-clang 1.3-2 3.46 95.41 98.87 NOTE
r-devel-linux-x86_64-debian-gcc 1.3-2 3.18 89.53 92.71 NOTE
r-devel-linux-x86_64-fedora-clang 1.3-2 201.02 NOTE --no-stop-on-test-error
r-devel-linux-x86_64-fedora-gcc 1.3-2 191.34 NOTE --no-stop-on-test-error
r-devel-macos-x86_64-clang 1.3-2 146.42 NOTE --no-stop-on-test-error
r-devel-windows-ix86+x86_64 1.3-2 14.00 406.00 420.00 OK
r-patched-linux-x86_64 1.3-2 2.98 78.42 81.40 OK
r-patched-solaris-sparc 1.3-2 1198.70 OK
r-patched-solaris-x86 1.3-2 214.60 OK
r-release-linux-x86_64 1.3-2 3.12 79.14 82.26 OK
r-release-osx-x86_64-mavericks 1.3-2 OK
r-release-windows-ix86+x86_64 1.3-2 22.00 260.00 282.00 OK
r-oldrel-windows-ix86+x86_64 1.3-2 15.00 297.00 312.00 OK

Check Details

Version: 1.3-2
Check: compiled code
Result: NOTE
    File ‘cobs/libs/cobs.so’:
     Found no calls to: ‘R_registerRoutines’, ‘R_useDynamicSymbols’
    
    It is good practice to register native routines and to disable symbol
    search.
    
    See ‘Writing portable packages’ in the ‘Writing R Extensions’ manual.
Flavors: r-devel-linux-x86_64-debian-clang, r-devel-linux-x86_64-debian-gcc

Version: 1.3-2
Flags: --no-stop-on-test-error
Check: compiled code
Result: NOTE
    File ‘cobs/libs/cobs.so’:
     Found no calls to: ‘R_registerRoutines’, ‘R_useDynamicSymbols’
    
    It is good practice to register native routines and to disable symbol
    search.
    
    See ‘Writing portable packages’ in the ‘Writing R Extensions’ manual.
Flavors: r-devel-linux-x86_64-fedora-clang, r-devel-linux-x86_64-fedora-gcc, r-devel-macos-x86_64-clang