CRAN Package Check Results for Package cobs

Last updated on 2015-07-03 23:47:27.

Flavor Version Tinstall Tcheck Ttotal Status Flags
r-devel-linux-x86_64-debian-clang 1.3-0 2.39 54.03 56.42 NOTE
r-devel-linux-x86_64-debian-gcc 1.3-0 1.32 52.23 53.55 NOTE
r-devel-linux-x86_64-fedora-clang 1.3-0 104.55 NOTE
r-devel-linux-x86_64-fedora-gcc 1.3-0 99.38 NOTE
r-devel-osx-x86_64-clang 1.3-0 88.16 NOTE
r-devel-windows-ix86+x86_64 1.3-0 14.00 128.00 142.00 NOTE
r-patched-linux-x86_64 1.3-0 1.54 52.75 54.29 NOTE
r-patched-solaris-sparc 1.3-0 757.90 NOTE
r-patched-solaris-x86 1.3-0 135.40 NOTE
r-release-linux-x86_64 1.3-0 1.36 52.36 53.71 NOTE
r-release-osx-x86_64-mavericks 1.3-0 OK
r-release-windows-ix86+x86_64 1.3-0 10.00 127.00 137.00 OK
r-oldrel-windows-ix86+x86_64 1.3-0 12.00 150.00 162.00 OK

Check Details

Version: 1.3-0
Check: S3 generic/method consistency
Result: NOTE
    Found the following apparent S3 methods exported but not registered:
     plot.cobs plot.conreg
    See section ‘Registering S3 methods’ in the ‘Writing R Extensions’
    manual.
Flavors: r-devel-linux-x86_64-debian-clang, r-devel-linux-x86_64-debian-gcc, r-devel-linux-x86_64-fedora-clang, r-devel-linux-x86_64-fedora-gcc, r-devel-osx-x86_64-clang, r-patched-linux-x86_64, r-patched-solaris-sparc, r-patched-solaris-x86, r-release-linux-x86_64

Version: 1.3-0
Check: R code for possible problems
Result: NOTE
    .add.ispline: no visible global function definition for ‘coef’
    .add.ispline: no visible global function definition for ‘predict’
    cobs: no visible global function definition for ‘sd’
    conreg: no visible global function definition for ‘sd’
    dn: no visible global function definition for ‘qnorm’
    dn: no visible global function definition for ‘dnorm’
    drqssbc2: no visible global function definition for ‘median’
    drqssbc2: no visible global function definition for ‘capture.output’
    drqssbc2: no visible global function definition for ‘str’
    l1.design2: no visible global function definition for ‘new’
    lines.conreg: no visible global function definition for ‘points’
    loo.design2: no visible global function definition for ‘new’
    plot.cobs: no visible global function definition for ‘par’
    plot.cobs: no visible global function definition for ‘gray’
    plot.cobs: no visible global function definition for ‘mtext’
    plot.cobs: no visible global function definition for ‘points’
    plot.cobs: no visible global function definition for ‘legend’
    plot.cobs: no visible global function definition for ‘axis’
    plot.cobs: no visible global function definition for ‘predict’
    plot.conreg: no visible global function definition for ‘points’
    predict.cobs: no visible global function definition for ‘qchisq’
    predict.cobs: no visible global function definition for ‘qt’
    predict.conreg: no visible global function definition for ‘approx’
    print.conreg: no visible global function definition for ‘resid’
    summary.cobs: no visible global function definition for ‘resid’
    Undefined global functions or variables:
     approx axis capture.output coef dnorm gray legend median mtext new
     par points predict qchisq qnorm qt resid sd str
Flavors: r-devel-linux-x86_64-debian-clang, r-devel-linux-x86_64-debian-gcc, r-devel-linux-x86_64-fedora-clang, r-devel-linux-x86_64-fedora-gcc, r-devel-windows-ix86+x86_64