Last updated on 2022-05-20 16:50:58 CEST.
Flavor | Version | Tinstall | Tcheck | Ttotal | Status | Flags |
---|---|---|---|---|---|---|
r-devel-linux-x86_64-debian-clang | 0.2.2 | 9.71 | 130.36 | 140.07 | OK | |
r-devel-linux-x86_64-debian-gcc | 0.2.2 | 6.06 | 96.50 | 102.56 | OK | |
r-devel-linux-x86_64-fedora-clang | 0.2.2 | 162.42 | NOTE | |||
r-devel-linux-x86_64-fedora-gcc | 0.2.2 | 161.80 | NOTE | |||
r-devel-windows-x86_64 | 0.2.2 | 23.00 | 134.00 | 157.00 | OK | |
r-patched-linux-x86_64 | 0.2.2 | 8.84 | 121.62 | 130.46 | OK | |
r-release-linux-x86_64 | 0.2.2 | 7.04 | 120.05 | 127.09 | OK | |
r-release-macos-arm64 | 0.2.2 | 46.00 | NOTE | |||
r-release-macos-x86_64 | 0.2.2 | 93.00 | NOTE | |||
r-release-windows-x86_64 | 0.2.2 | 31.00 | 144.00 | 175.00 | OK | |
r-oldrel-macos-arm64 | 0.2.2 | 56.00 | NOTE | |||
r-oldrel-macos-x86_64 | 0.2.2 | 87.00 | NOTE | |||
r-oldrel-windows-ix86+x86_64 | 0.2.2 | 22.00 | 144.00 | 166.00 | OK |
Version: 0.2.2
Check: data for non-ASCII characters
Result: NOTE
Note: found 14729 marked UTF-8 strings
Flavors: r-devel-linux-x86_64-fedora-clang, r-devel-linux-x86_64-fedora-gcc, r-release-macos-arm64, r-release-macos-x86_64, r-oldrel-macos-arm64, r-oldrel-macos-x86_64