Last updated on 2018-04-27 07:47:14 CEST.
Flavor | Version | Tinstall | Tcheck | Ttotal | Status | Flags |
---|---|---|---|---|---|---|
r-devel-linux-x86_64-debian-clang | 1.1-3 | 3.51 | 26.76 | 30.27 | NOTE | |
r-devel-linux-x86_64-debian-gcc | 1.1-3 | 2.37 | 23.06 | 25.43 | NOTE | |
r-devel-linux-x86_64-fedora-clang | 1.1-3 | 39.19 | NOTE | |||
r-devel-linux-x86_64-fedora-gcc | 1.1-3 | 37.95 | NOTE | |||
r-devel-windows-ix86+x86_64 | 1.1-3 | 9.00 | 52.00 | 61.00 | NOTE | |
r-patched-linux-x86_64 | 1.1-3 | 2.79 | 28.86 | 31.65 | NOTE | |
r-patched-solaris-x86 | 1.1-3 | 55.30 | NOTE | |||
r-release-linux-x86_64 | 1.1-3 | 3.69 | 28.97 | 32.66 | NOTE | |
r-release-windows-ix86+x86_64 | 1.1-3 | 9.00 | 52.00 | 61.00 | NOTE | |
r-release-osx-x86_64 | 1.1-3 | NOTE | ||||
r-oldrel-windows-ix86+x86_64 | 1.1-3 | 4.00 | 45.00 | 49.00 | NOTE | |
r-oldrel-osx-x86_64 | 1.1-3 | NOTE |
Version: 1.1-3
Check: package dependencies
Result: NOTE
Package which this enhances but not available for checking: ‘rkward’
Flavors: r-devel-linux-x86_64-debian-clang, r-devel-linux-x86_64-debian-gcc, r-devel-linux-x86_64-fedora-clang, r-devel-linux-x86_64-fedora-gcc, r-devel-windows-ix86+x86_64, r-patched-linux-x86_64, r-patched-solaris-x86, r-release-linux-x86_64, r-release-windows-ix86+x86_64, r-release-osx-x86_64, r-oldrel-windows-ix86+x86_64, r-oldrel-osx-x86_64