CRAN Package Check Results for Package cocor

Last updated on 2020-05-27 00:47:32 CEST.

Flavor Version Tinstall Tcheck Ttotal Status Flags
r-devel-linux-x86_64-debian-clang 1.1-3 5.42 34.30 39.72 NOTE
r-devel-linux-x86_64-debian-gcc 1.1-3 3.98 27.73 31.71 NOTE
r-devel-linux-x86_64-fedora-clang 1.1-3 47.60 NOTE
r-devel-linux-x86_64-fedora-gcc 1.1-3 47.62 NOTE
r-devel-windows-ix86+x86_64 1.1-3 14.00 64.00 78.00 NOTE
r-patched-linux-x86_64 1.1-3 5.35 34.46 39.81 NOTE
r-patched-solaris-x86 1.1-3 64.90 NOTE
r-release-linux-x86_64 1.1-3 5.45 34.74 40.19 NOTE
r-release-osx-x86_64 1.1-3 NOTE
r-release-windows-ix86+x86_64 1.1-3 9.00 61.00 70.00 NOTE
r-oldrel-osx-x86_64 1.1-3 NOTE
r-oldrel-windows-ix86+x86_64 1.1-3 11.00 43.00 54.00 NOTE

Check Details

Version: 1.1-3
Check: package dependencies
Result: NOTE
    Package which this enhances but not available for checking: 'rkward'
Flavors: r-devel-linux-x86_64-debian-clang, r-devel-linux-x86_64-debian-gcc, r-devel-linux-x86_64-fedora-clang, r-devel-linux-x86_64-fedora-gcc, r-devel-windows-ix86+x86_64, r-patched-linux-x86_64, r-patched-solaris-x86, r-release-linux-x86_64, r-release-osx-x86_64, r-release-windows-ix86+x86_64, r-oldrel-osx-x86_64, r-oldrel-windows-ix86+x86_64