CRAN Package Check Results for Package cocor

Last updated on 2019-10-16 08:51:27 CEST.

Flavor Version Tinstall Tcheck Ttotal Status Flags
r-devel-linux-x86_64-debian-clang 1.1-3 4.49 30.46 34.95 NOTE
r-devel-linux-x86_64-debian-gcc 1.1-3 3.42 24.28 27.70 NOTE
r-devel-linux-x86_64-fedora-clang 1.1-3 42.19 NOTE
r-devel-linux-x86_64-fedora-gcc 1.1-3 41.34 NOTE
r-devel-windows-ix86+x86_64 1.1-3 9.00 56.00 65.00 NOTE
r-patched-linux-x86_64 1.1-3 4.20 29.96 34.16 NOTE
r-patched-solaris-x86 1.1-3 57.30 NOTE
r-release-linux-x86_64 1.1-3 3.91 29.92 33.83 NOTE
r-release-windows-ix86+x86_64 1.1-3 6.00 58.00 64.00 NOTE
r-release-osx-x86_64 1.1-3 NOTE
r-oldrel-windows-ix86+x86_64 1.1-3 5.00 46.00 51.00 NOTE
r-oldrel-osx-x86_64 1.1-3 NOTE

Check Details

Version: 1.1-3
Check: package dependencies
Result: NOTE
    Package which this enhances but not available for checking: 'rkward'
Flavors: r-devel-linux-x86_64-debian-clang, r-devel-linux-x86_64-debian-gcc, r-devel-linux-x86_64-fedora-clang, r-devel-linux-x86_64-fedora-gcc, r-devel-windows-ix86+x86_64, r-patched-linux-x86_64, r-patched-solaris-x86, r-release-linux-x86_64, r-release-windows-ix86+x86_64, r-release-osx-x86_64, r-oldrel-windows-ix86+x86_64, r-oldrel-osx-x86_64