CRAN Package Check Results for Package cocor

Last updated on 2014-04-24 23:48:00.

Flavor Version Tinstall Tcheck Ttotal Status Flags
r-devel-linux-x86_64-debian-clang 1.0-0 0.82 15.12 15.94 NOTE
r-devel-linux-x86_64-debian-gcc 1.0-0 0.86 15.41 16.27 NOTE
r-devel-linux-x86_64-fedora-clang 1.0-0 31.28 NOTE
r-devel-linux-x86_64-fedora-gcc 1.0-0 29.84 NOTE
r-devel-osx-x86_64-clang 1.0-0 29.64 NOTE
r-devel-osx-x86_64-gcc 1.0-0 NOTE
r-devel-windows-ix86+x86_64 1.0-0 3.00 23.00 26.00 NOTE
r-patched-linux-x86_64 1.0-0 0.89 14.93 15.82 NOTE
r-patched-solaris-sparc 1.0-0 179.30 NOTE
r-patched-solaris-x86 1.0-0 44.90 NOTE
r-release-linux-ix86 1.0-0 2.00 29.00 31.00 NOTE
r-release-linux-x86_64 1.0-0 0.85 14.88 15.73 NOTE
r-release-osx-x86_64-mavericks 1.0-0 NOTE
r-release-windows-ix86+x86_64 1.0-0 5.00 32.00 37.00 NOTE
r-oldrel-windows-ix86+x86_64 1.0-0 3.00 24.00 27.00 NOTE

Check Details

Version: 1.0-0
Check: package dependencies
Result: NOTE
    Package which this enhances but not available for checking: ‘rkward’
Flavors: r-devel-linux-x86_64-debian-clang, r-devel-linux-x86_64-debian-gcc, r-devel-linux-x86_64-fedora-clang, r-devel-linux-x86_64-fedora-gcc, r-devel-osx-x86_64-clang, r-devel-osx-x86_64-gcc, r-devel-windows-ix86+x86_64, r-patched-linux-x86_64, r-patched-solaris-sparc, r-patched-solaris-x86, r-release-linux-ix86, r-release-linux-x86_64, r-release-osx-x86_64-mavericks, r-release-windows-ix86+x86_64, r-oldrel-windows-ix86+x86_64