CRAN Package Check Results for Package cocor

Last updated on 2021-02-28 21:48:27 CET.

Flavor Version Tinstall Tcheck Ttotal Status Flags
r-devel-linux-x86_64-debian-clang 1.1-3 NOTE
r-devel-linux-x86_64-debian-gcc 1.1-3 3.91 28.35 32.26 NOTE
r-devel-linux-x86_64-fedora-clang 1.1-3 58.87 NOTE
r-devel-linux-x86_64-fedora-gcc 1.1-3 49.35 NOTE
r-devel-windows-ix86+x86_64 1.1-3 7.00 37.00 44.00 NOTE
r-patched-linux-x86_64 1.1-3 5.20 35.29 40.49 NOTE
r-patched-solaris-x86 1.1-3 73.50 NOTE
r-release-linux-x86_64 1.1-3 5.26 35.53 40.79 NOTE
r-release-macos-x86_64 1.1-3 NOTE
r-release-windows-ix86+x86_64 1.1-3 17.00 55.00 72.00 NOTE
r-oldrel-macos-x86_64 1.1-3 NOTE
r-oldrel-windows-ix86+x86_64 1.1-3 5.00 47.00 52.00 NOTE

Check Details

Version: 1.1-3
Check: package dependencies
Result: NOTE
    Package which this enhances but not available for checking: 'rkward'
Flavors: r-devel-linux-x86_64-debian-clang, r-devel-linux-x86_64-debian-gcc, r-devel-linux-x86_64-fedora-clang, r-devel-linux-x86_64-fedora-gcc, r-devel-windows-ix86+x86_64, r-patched-linux-x86_64, r-patched-solaris-x86, r-release-linux-x86_64, r-release-macos-x86_64, r-release-windows-ix86+x86_64, r-oldrel-macos-x86_64, r-oldrel-windows-ix86+x86_64