CRAN Package Check Results for Package cocor

Last updated on 2018-07-23 07:47:39 CEST.

Flavor Version Tinstall Tcheck Ttotal Status Flags
r-devel-linux-x86_64-debian-clang 1.1-3 2.90 29.75 32.65 NOTE
r-devel-linux-x86_64-debian-gcc 1.1-3 2.17 24.62 26.79 NOTE
r-devel-linux-x86_64-fedora-clang 1.1-3 39.10 NOTE
r-devel-linux-x86_64-fedora-gcc 1.1-3 37.29 NOTE
r-devel-windows-ix86+x86_64 1.1-3 8.00 38.00 46.00 NOTE
r-patched-linux-x86_64 1.1-3 NOTE
r-patched-solaris-x86 1.1-3 55.10 NOTE
r-release-linux-x86_64 1.1-3 2.61 29.69 32.30 NOTE
r-release-windows-ix86+x86_64 1.1-3 5.00 55.00 60.00 NOTE
r-release-osx-x86_64 1.1-3 NOTE
r-oldrel-windows-ix86+x86_64 1.1-3 3.00 54.00 57.00 NOTE
r-oldrel-osx-x86_64 1.1-3 NOTE

Check Details

Version: 1.1-3
Check: package dependencies
Result: NOTE
    Package which this enhances but not available for checking: ‘rkward’
Flavors: r-devel-linux-x86_64-debian-clang, r-devel-linux-x86_64-debian-gcc, r-devel-linux-x86_64-fedora-clang, r-devel-linux-x86_64-fedora-gcc, r-devel-windows-ix86+x86_64, r-patched-linux-x86_64, r-patched-solaris-x86, r-release-linux-x86_64, r-release-windows-ix86+x86_64, r-release-osx-x86_64, r-oldrel-windows-ix86+x86_64, r-oldrel-osx-x86_64