CRAN Package Check Results for Package cocor

Last updated on 2014-12-21 01:46:55.

Flavor Version Tinstall Tcheck Ttotal Status Flags
r-devel-linux-x86_64-debian-clang 1.0-0 0.79 14.48 15.28 NOTE
r-devel-linux-x86_64-debian-gcc 1.0-0 0.76 13.93 14.70 NOTE
r-devel-linux-x86_64-fedora-clang 1.0-0 32.34 NOTE
r-devel-linux-x86_64-fedora-gcc 1.0-0 30.40 NOTE
r-devel-osx-x86_64-clang 1.0-0 33.58 NOTE
r-devel-windows-ix86+x86_64 1.0-0 3.00 25.00 28.00 NOTE
r-patched-linux-x86_64 1.0-0 0.83 14.74 15.57 NOTE
r-patched-solaris-sparc 1.0-0 177.70 NOTE
r-patched-solaris-x86 1.0-0 44.50 NOTE
r-release-linux-ix86 1.0-0 1.10 20.23 21.33 NOTE
r-release-linux-x86_64 1.0-0 0.80 14.44 15.24 NOTE
r-release-osx-x86_64-mavericks 1.0-0 NOTE
r-release-windows-ix86+x86_64 1.0-0 3.00 25.00 28.00 NOTE
r-oldrel-windows-ix86+x86_64 1.0-0 3.00 22.00 25.00 NOTE

Check Details

Version: 1.0-0
Check: package dependencies
Result: NOTE
    Package which this enhances but not available for checking: ‘rkward’
Flavors: r-devel-linux-x86_64-debian-clang, r-devel-linux-x86_64-debian-gcc, r-devel-linux-x86_64-fedora-clang, r-devel-linux-x86_64-fedora-gcc, r-devel-osx-x86_64-clang, r-devel-windows-ix86+x86_64, r-patched-linux-x86_64, r-patched-solaris-sparc, r-patched-solaris-x86, r-release-linux-ix86, r-release-linux-x86_64, r-release-osx-x86_64-mavericks, r-release-windows-ix86+x86_64, r-oldrel-windows-ix86+x86_64