CRAN Package Check Results for Package cocor

Last updated on 2015-07-02 21:46:31.

Flavor Version Tinstall Tcheck Ttotal Status Flags
r-devel-linux-x86_64-debian-clang 1.1-1 0.91 14.06 14.96 NOTE
r-devel-linux-x86_64-debian-gcc 1.1-1 0.70 13.85 14.56 NOTE
r-devel-linux-x86_64-fedora-clang 1.1-1 28.24 NOTE
r-devel-linux-x86_64-fedora-gcc 1.1-1 26.15 NOTE
r-devel-osx-x86_64-clang 1.1-1 28.03 NOTE
r-devel-windows-ix86+x86_64 1.1-1 3.00 22.00 25.00 NOTE
r-patched-linux-x86_64 1.1-1 0.73 14.79 15.52 NOTE
r-patched-solaris-sparc 1.1-1 200.90 NOTE
r-patched-solaris-x86 1.1-1 41.50 NOTE
r-release-linux-x86_64 1.1-1 1.00 13.88 14.88 NOTE
r-release-osx-x86_64-mavericks 1.1-1 NOTE
r-release-windows-ix86+x86_64 1.1-1 3.00 23.00 26.00 NOTE
r-oldrel-windows-ix86+x86_64 1.1-1 3.00 24.00 27.00 NOTE

Check Details

Version: 1.1-1
Check: package dependencies
Result: NOTE
    Package which this enhances but not available for checking: ‘RKWard’
Flavors: r-devel-linux-x86_64-debian-clang, r-devel-linux-x86_64-debian-gcc, r-devel-linux-x86_64-fedora-clang, r-devel-linux-x86_64-fedora-gcc, r-devel-osx-x86_64-clang, r-devel-windows-ix86+x86_64, r-patched-linux-x86_64, r-patched-solaris-sparc, r-patched-solaris-x86, r-release-linux-x86_64, r-release-osx-x86_64-mavericks, r-release-windows-ix86+x86_64, r-oldrel-windows-ix86+x86_64

Version: 1.1-1
Check: R code for possible problems
Result: NOTE
    cocor: no visible global function definition for ‘cor’
    cocor.dep.groups.nonoverlap: no visible global function definition for
     ‘qnorm’
    cocor.dep.groups.overlap: no visible global function definition for
     ‘qnorm’
    cocor.indep.groups: no visible global function definition for ‘qnorm’
    Undefined global functions or variables:
     cor qnorm
Flavors: r-devel-linux-x86_64-debian-clang, r-devel-linux-x86_64-fedora-clang, r-devel-linux-x86_64-fedora-gcc

Version: 1.1-1
Check: R code for possible problems
Result: NOTE
    cocor: no visible global function definition for ‘cor’
    cocor.dep.groups.nonoverlap: no visible global function definition for
     ‘qnorm’
    cocor.dep.groups.overlap: no visible global function definition for
     ‘qnorm’
    cocor.indep.groups: no visible global function definition for ‘qnorm’
Flavors: r-devel-linux-x86_64-debian-gcc, r-devel-windows-ix86+x86_64