CRAN Package Check Results for Package cocor

Last updated on 2019-05-26 12:46:28 CEST.

Flavor Version Tinstall Tcheck Ttotal Status Flags
r-devel-linux-x86_64-debian-clang 1.1-3 3.87 30.49 34.36 NOTE
r-devel-linux-x86_64-debian-gcc 1.1-3 3.26 24.58 27.84 NOTE
r-devel-linux-x86_64-fedora-clang 1.1-3 40.74 NOTE
r-devel-linux-x86_64-fedora-gcc 1.1-3 39.12 NOTE
r-devel-windows-ix86+x86_64 1.1-3 6.00 59.00 65.00 NOTE
r-patched-linux-x86_64 1.1-3 NOTE
r-patched-solaris-x86 1.1-3 57.90 NOTE
r-release-linux-x86_64 1.1-3 4.19 30.47 34.66 NOTE
r-release-windows-ix86+x86_64 1.1-3 15.00 41.00 56.00 NOTE
r-release-osx-x86_64 1.1-3 NOTE
r-oldrel-windows-ix86+x86_64 1.1-3 7.00 41.00 48.00 NOTE
r-oldrel-osx-x86_64 1.1-3 NOTE

Check Details

Version: 1.1-3
Check: package dependencies
Result: NOTE
    Package which this enhances but not available for checking: 'rkward'
Flavors: r-devel-linux-x86_64-debian-clang, r-devel-linux-x86_64-debian-gcc, r-devel-linux-x86_64-fedora-clang, r-devel-linux-x86_64-fedora-gcc, r-devel-windows-ix86+x86_64, r-patched-linux-x86_64, r-patched-solaris-x86, r-release-linux-x86_64, r-release-windows-ix86+x86_64, r-release-osx-x86_64, r-oldrel-windows-ix86+x86_64, r-oldrel-osx-x86_64