CRAN Package Check Results for Package cocor

Last updated on 2020-08-05 08:50:35 CEST.

Flavor Version Tinstall Tcheck Ttotal Status Flags
r-devel-linux-x86_64-debian-clang 1.1-3 5.36 34.72 40.08 NOTE
r-devel-linux-x86_64-debian-gcc 1.1-3 3.94 26.86 30.80 NOTE
r-devel-linux-x86_64-fedora-clang 1.1-3 56.09 NOTE
r-devel-linux-x86_64-fedora-gcc 1.1-3 46.22 NOTE
r-devel-windows-ix86+x86_64 1.1-3 13.00 44.00 57.00 NOTE
r-patched-linux-x86_64 1.1-3 5.44 34.55 39.99 NOTE
r-patched-solaris-x86 1.1-3 65.20 NOTE
r-release-linux-x86_64 1.1-3 5.48 34.81 40.29 NOTE
r-release-macos-x86_64 1.1-3 NOTE
r-release-windows-ix86+x86_64 1.1-3 13.00 62.00 75.00 NOTE
r-oldrel-macos-x86_64 1.1-3 NOTE
r-oldrel-windows-ix86+x86_64 1.1-3 7.00 52.00 59.00 NOTE

Check Details

Version: 1.1-3
Check: package dependencies
Result: NOTE
    Package which this enhances but not available for checking: 'rkward'
Flavors: r-devel-linux-x86_64-debian-clang, r-devel-linux-x86_64-debian-gcc, r-devel-linux-x86_64-fedora-clang, r-devel-linux-x86_64-fedora-gcc, r-devel-windows-ix86+x86_64, r-patched-linux-x86_64, r-patched-solaris-x86, r-release-linux-x86_64, r-release-macos-x86_64, r-release-windows-ix86+x86_64, r-oldrel-macos-x86_64, r-oldrel-windows-ix86+x86_64