CRAN Package Check Results for Package cocor

Last updated on 2014-11-27 19:49:44.

Flavor Version Tinstall Tcheck Ttotal Status Flags
r-devel-linux-x86_64-debian-clang 1.0-0 0.79 14.83 15.62 NOTE
r-devel-linux-x86_64-debian-gcc 1.0-0 0.78 14.24 15.02 NOTE
r-devel-linux-x86_64-fedora-clang 1.0-0 32.73 NOTE
r-devel-linux-x86_64-fedora-gcc 1.0-0 33.74 NOTE
r-devel-osx-x86_64-clang 1.0-0 32.64 NOTE
r-devel-windows-ix86+x86_64 1.0-0 3.00 24.00 27.00 NOTE
r-patched-linux-x86_64 1.0-0 0.80 14.60 15.40 NOTE
r-patched-solaris-sparc 1.0-0 177.70 NOTE
r-patched-solaris-x86 1.0-0 44.40 NOTE
r-release-linux-ix86 1.0-0 1.10 20.48 21.58 NOTE
r-release-linux-x86_64 1.0-0 0.82 14.54 15.36 NOTE
r-release-osx-x86_64-mavericks 1.0-0 NOTE
r-release-windows-ix86+x86_64 1.0-0 3.00 24.00 27.00 NOTE
r-oldrel-windows-ix86+x86_64 1.0-0 3.00 23.00 26.00 NOTE

Check Details

Version: 1.0-0
Check: package dependencies
Result: NOTE
    Package which this enhances but not available for checking: ‘rkward’
Flavors: r-devel-linux-x86_64-debian-clang, r-devel-linux-x86_64-debian-gcc, r-devel-linux-x86_64-fedora-clang, r-devel-linux-x86_64-fedora-gcc, r-devel-osx-x86_64-clang, r-devel-windows-ix86+x86_64, r-patched-linux-x86_64, r-patched-solaris-sparc, r-patched-solaris-x86, r-release-linux-ix86, r-release-linux-x86_64, r-release-osx-x86_64-mavericks, r-release-windows-ix86+x86_64, r-oldrel-windows-ix86+x86_64