CRAN Package Check Results for Package cocor

Last updated on 2014-09-18 08:49:48.

Flavor Version Tinstall Tcheck Ttotal Status Flags
r-devel-linux-x86_64-debian-clang 1.0-0 1.16 14.13 15.28 NOTE
r-devel-linux-x86_64-debian-gcc 1.0-0 1.09 14.04 15.14 NOTE
r-devel-linux-x86_64-fedora-clang 1.0-0 29.48 NOTE
r-devel-linux-x86_64-fedora-gcc 1.0-0 28.85 NOTE
r-devel-osx-x86_64-clang 1.0-0 30.78 NOTE
r-devel-windows-ix86+x86_64 1.0-0 2.00 22.00 24.00 NOTE
r-patched-linux-x86_64 1.0-0 0.86 14.12 14.98 NOTE
r-patched-solaris-sparc 1.0-0 177.70 NOTE
r-patched-solaris-x86 1.0-0 43.00 NOTE
r-release-linux-ix86 1.0-0 1.17 21.33 22.50 NOTE
r-release-linux-x86_64 1.0-0 0.91 15.56 16.46 NOTE
r-release-osx-x86_64-mavericks 1.0-0 NOTE
r-release-windows-ix86+x86_64 1.0-0 4.00 23.00 27.00 NOTE
r-oldrel-windows-ix86+x86_64 1.0-0 3.00 24.00 27.00 NOTE

Check Details

Version: 1.0-0
Check: package dependencies
Result: NOTE
    Package which this enhances but not available for checking: ‘rkward’
Flavors: r-devel-linux-x86_64-debian-clang, r-devel-linux-x86_64-debian-gcc, r-devel-linux-x86_64-fedora-clang, r-devel-linux-x86_64-fedora-gcc, r-devel-osx-x86_64-clang, r-devel-windows-ix86+x86_64, r-patched-linux-x86_64, r-patched-solaris-sparc, r-patched-solaris-x86, r-release-linux-ix86, r-release-linux-x86_64, r-release-osx-x86_64-mavericks, r-release-windows-ix86+x86_64, r-oldrel-windows-ix86+x86_64