CRAN Package Check Results for Package cocor

Last updated on 2015-05-24 10:46:53.

Flavor Version Tinstall Tcheck Ttotal Status Flags
r-devel-linux-x86_64-debian-clang 1.1-1 0.72 14.31 15.03 NOTE
r-devel-linux-x86_64-debian-gcc 1.1-1 0.72 14.72 15.44 NOTE
r-devel-linux-x86_64-fedora-clang 1.1-1 28.62 NOTE
r-devel-linux-x86_64-fedora-gcc 1.1-1 27.11 NOTE
r-devel-osx-x86_64-clang 1.1-1 29.94 NOTE
r-devel-windows-ix86+x86_64 1.1-1 3.00 23.00 26.00 NOTE
r-patched-linux-x86_64 1.1-1 0.74 13.85 14.59 NOTE
r-patched-solaris-sparc 1.1-1 200.90 NOTE
r-patched-solaris-x86 1.1-1 40.90 NOTE
r-release-linux-x86_64 1.1-1 0.75 14.23 14.98 NOTE
r-release-osx-x86_64-mavericks 1.1-1 NOTE
r-release-osx-x86_64-snowleopard 1.1-1 NOTE
r-release-windows-ix86+x86_64 1.1-1 3.00 25.00 28.00 NOTE
r-oldrel-windows-ix86+x86_64 1.1-1 3.00 24.00 27.00 NOTE

Check Details

Version: 1.1-1
Check: package dependencies
Result: NOTE
    Package which this enhances but not available for checking: ‘RKWard’
Flavors: r-devel-linux-x86_64-debian-clang, r-devel-linux-x86_64-debian-gcc, r-devel-linux-x86_64-fedora-clang, r-devel-linux-x86_64-fedora-gcc, r-devel-osx-x86_64-clang, r-devel-windows-ix86+x86_64, r-patched-linux-x86_64, r-patched-solaris-sparc, r-patched-solaris-x86, r-release-linux-x86_64, r-release-osx-x86_64-mavericks, r-release-osx-x86_64-snowleopard, r-release-windows-ix86+x86_64, r-oldrel-windows-ix86+x86_64