CRAN Package Check Results for Package cocor

Last updated on 2019-12-15 04:46:26 CET.

Flavor Version Tinstall Tcheck Ttotal Status Flags
r-devel-linux-x86_64-debian-clang 1.1-3 5.43 34.01 39.44 NOTE
r-devel-linux-x86_64-debian-gcc 1.1-3 4.11 26.98 31.09 NOTE
r-devel-linux-x86_64-fedora-clang 1.1-3 46.82 NOTE
r-devel-linux-x86_64-fedora-gcc 1.1-3 45.08 NOTE
r-devel-windows-ix86+x86_64 1.1-3 8.00 60.00 68.00 NOTE
r-devel-windows-ix86+x86_64-gcc8 1.1-3 9.00 60.00 69.00 NOTE
r-patched-linux-x86_64 1.1-3 4.11 31.18 35.29 NOTE
r-patched-solaris-x86 1.1-3 58.60 NOTE
r-release-linux-x86_64 1.1-3 4.08 31.61 35.69 NOTE
r-release-windows-ix86+x86_64 1.1-3 11.00 40.00 51.00 NOTE
r-release-osx-x86_64 1.1-3 NOTE
r-oldrel-windows-ix86+x86_64 1.1-3 8.00 44.00 52.00 NOTE
r-oldrel-osx-x86_64 1.1-3 NOTE

Check Details

Version: 1.1-3
Check: package dependencies
Result: NOTE
    Package which this enhances but not available for checking: 'rkward'
Flavors: r-devel-linux-x86_64-debian-clang, r-devel-linux-x86_64-debian-gcc, r-devel-linux-x86_64-fedora-clang, r-devel-linux-x86_64-fedora-gcc, r-devel-windows-ix86+x86_64, r-devel-windows-ix86+x86_64-gcc8, r-patched-linux-x86_64, r-patched-solaris-x86, r-release-linux-x86_64, r-release-windows-ix86+x86_64, r-release-osx-x86_64, r-oldrel-windows-ix86+x86_64, r-oldrel-osx-x86_64