Last updated on 2022-07-03 02:50:59 CEST.
Flavor | Version | Tinstall | Tcheck | Ttotal | Status | Flags |
---|---|---|---|---|---|---|
r-devel-linux-x86_64-debian-clang | 1.1-4 | 5.92 | 37.97 | 43.89 | NOTE | |
r-devel-linux-x86_64-debian-gcc | 1.1-4 | 4.21 | 29.31 | 33.52 | NOTE | |
r-devel-linux-x86_64-fedora-clang | 1.1-4 | 63.41 | NOTE | |||
r-devel-linux-x86_64-fedora-gcc | 1.1-4 | 62.76 | NOTE | |||
r-devel-windows-x86_64 | 1.1-4 | 27.00 | 59.00 | 86.00 | NOTE | |
r-patched-linux-x86_64 | 1.1-4 | 6.34 | 36.78 | 43.12 | NOTE | |
r-release-linux-x86_64 | 1.1-4 | 5.58 | 37.00 | 42.58 | NOTE | |
r-release-macos-arm64 | 1.1-4 | 21.00 | NOTE | |||
r-release-macos-x86_64 | 1.1-4 | 30.00 | NOTE | |||
r-release-windows-x86_64 | 1.1-4 | 29.00 | 65.00 | 94.00 | NOTE | |
r-oldrel-macos-arm64 | 1.1-4 | 20.00 | NOTE | |||
r-oldrel-macos-x86_64 | 1.1-4 | 29.00 | NOTE | |||
r-oldrel-windows-ix86+x86_64 | 1.1-4 | 11.00 | 57.00 | 68.00 | NOTE |
Version: 1.1-4
Check: package dependencies
Result: NOTE
Package which this enhances but not available for checking: 'rkward'
Flavors: r-devel-linux-x86_64-debian-clang, r-devel-linux-x86_64-debian-gcc, r-devel-linux-x86_64-fedora-clang, r-devel-linux-x86_64-fedora-gcc, r-devel-windows-x86_64, r-patched-linux-x86_64, r-release-linux-x86_64, r-release-macos-arm64, r-release-macos-x86_64, r-release-windows-x86_64, r-oldrel-macos-arm64, r-oldrel-macos-x86_64, r-oldrel-windows-ix86+x86_64