Last updated on 2023-04-01 17:51:37 CEST.
Flavor | Version | Tinstall | Tcheck | Ttotal | Status | Flags |
---|---|---|---|---|---|---|
r-devel-linux-x86_64-debian-clang | 1.1-4 | 6.55 | 39.24 | 45.79 | NOTE | |
r-devel-linux-x86_64-debian-gcc | 1.1-4 | 4.32 | 30.32 | 34.64 | NOTE | |
r-devel-linux-x86_64-fedora-clang | 1.1-4 | 57.35 | NOTE | |||
r-devel-linux-x86_64-fedora-gcc | 1.1-4 | 54.79 | NOTE | |||
r-devel-windows-x86_64 | 1.1-4 | 10.00 | 65.00 | 75.00 | NOTE | |
r-patched-linux-x86_64 | 1.1-4 | 6.27 | 37.70 | 43.97 | NOTE | |
r-release-linux-x86_64 | 1.1-4 | 5.52 | 37.50 | 43.02 | NOTE | |
r-release-macos-arm64 | 1.1-4 | 21.00 | NOTE | |||
r-release-macos-x86_64 | 1.1-4 | 30.00 | NOTE | |||
r-release-windows-x86_64 | 1.1-4 | 36.00 | 68.00 | 104.00 | NOTE | |
r-oldrel-macos-arm64 | 1.1-4 | 20.00 | NOTE | |||
r-oldrel-macos-x86_64 | 1.1-4 | 29.00 | NOTE | |||
r-oldrel-windows-ix86+x86_64 | 1.1-4 | 12.00 | 63.00 | 75.00 | NOTE |
Version: 1.1-4
Check: package dependencies
Result: NOTE
Package which this enhances but not available for checking: ‘rkward’
Flavors: r-devel-linux-x86_64-debian-clang, r-devel-linux-x86_64-debian-gcc, r-devel-linux-x86_64-fedora-clang, r-devel-linux-x86_64-fedora-gcc, r-devel-windows-x86_64, r-patched-linux-x86_64, r-release-linux-x86_64, r-release-macos-arm64, r-release-macos-x86_64, r-release-windows-x86_64, r-oldrel-macos-arm64, r-oldrel-macos-x86_64, r-oldrel-windows-ix86+x86_64