CRAN Package Check Results for Package cocor

Last updated on 2018-11-18 10:49:53 CET.

Flavor Version Tinstall Tcheck Ttotal Status Flags
r-devel-linux-x86_64-debian-clang 1.1-3 2.36 30.02 32.38 NOTE
r-devel-linux-x86_64-debian-gcc 1.1-3 2.35 24.73 27.08 NOTE
r-devel-linux-x86_64-fedora-clang 1.1-3 39.52 NOTE
r-devel-linux-x86_64-fedora-gcc 1.1-3 37.90 NOTE
r-devel-windows-ix86+x86_64 1.1-3 7.00 38.00 45.00 NOTE
r-patched-linux-x86_64 1.1-3 2.33 29.45 31.78 NOTE
r-patched-solaris-x86 1.1-3 56.30 NOTE
r-release-linux-x86_64 1.1-3 2.39 29.67 32.06 NOTE
r-release-windows-ix86+x86_64 1.1-3 8.00 55.00 63.00 NOTE
r-release-osx-x86_64 1.1-3 NOTE
r-oldrel-windows-ix86+x86_64 1.1-3 6.00 58.00 64.00 NOTE
r-oldrel-osx-x86_64 1.1-3 NOTE

Check Details

Version: 1.1-3
Check: package dependencies
Result: NOTE
    Package which this enhances but not available for checking: ‘rkward’
Flavors: r-devel-linux-x86_64-debian-clang, r-devel-linux-x86_64-debian-gcc, r-devel-linux-x86_64-fedora-clang, r-devel-linux-x86_64-fedora-gcc, r-devel-windows-ix86+x86_64, r-patched-linux-x86_64, r-patched-solaris-x86, r-release-linux-x86_64, r-release-windows-ix86+x86_64, r-release-osx-x86_64, r-oldrel-windows-ix86+x86_64, r-oldrel-osx-x86_64