CRAN Package Check Results for Package cocor

Last updated on 2014-08-28 00:46:57.

Flavor Version Tinstall Tcheck Ttotal Status Flags
r-devel-linux-x86_64-debian-clang 1.0-0 0.77 13.76 14.54 NOTE
r-devel-linux-x86_64-debian-gcc 1.0-0 0.85 13.74 14.59 NOTE
r-devel-linux-x86_64-fedora-clang 1.0-0 30.68 NOTE
r-devel-linux-x86_64-fedora-gcc 1.0-0 27.84 NOTE
r-devel-osx-x86_64-clang 1.0-0 30.68 NOTE
r-devel-windows-ix86+x86_64 1.0-0 2.00 22.00 24.00 NOTE
r-patched-linux-x86_64 1.0-0 0.79 14.68 15.47 NOTE
r-patched-solaris-sparc 1.0-0 177.70 NOTE
r-patched-solaris-x86 1.0-0 43.70 NOTE
r-release-linux-ix86 1.0-0 1.18 21.30 22.48 NOTE
r-release-linux-x86_64 1.0-0 0.84 14.38 15.22 NOTE
r-release-osx-x86_64-mavericks 1.0-0 NOTE
r-release-windows-ix86+x86_64 1.0-0 4.00 23.00 27.00 NOTE
r-oldrel-windows-ix86+x86_64 1.0-0 3.00 24.00 27.00 NOTE

Check Details

Version: 1.0-0
Check: package dependencies
Result: NOTE
    Package which this enhances but not available for checking: ‘rkward’
Flavors: r-devel-linux-x86_64-debian-clang, r-devel-linux-x86_64-debian-gcc, r-devel-linux-x86_64-fedora-clang, r-devel-linux-x86_64-fedora-gcc, r-devel-osx-x86_64-clang, r-devel-windows-ix86+x86_64, r-patched-linux-x86_64, r-patched-solaris-sparc, r-patched-solaris-x86, r-release-linux-ix86, r-release-linux-x86_64, r-release-osx-x86_64-mavericks, r-release-windows-ix86+x86_64, r-oldrel-windows-ix86+x86_64