CRAN Package Check Results for Package cocor

Last updated on 2015-04-26 17:47:34.

Flavor Version Tinstall Tcheck Ttotal Status Flags
r-devel-linux-x86_64-debian-clang 1.1-1 0.74 14.43 15.17 NOTE
r-devel-linux-x86_64-debian-gcc 1.1-1 0.73 14.45 15.18 NOTE
r-devel-linux-x86_64-fedora-clang 1.1-1 29.25 NOTE
r-devel-linux-x86_64-fedora-gcc 1.1-1 27.07 NOTE
r-devel-osx-x86_64-clang 1.1-1 29.92 NOTE
r-devel-windows-ix86+x86_64 1.1-1 3.00 24.00 27.00 NOTE
r-patched-linux-x86_64 1.1-1 0.74 14.97 15.71 NOTE
r-patched-solaris-sparc 1.1-1 159.60 NOTE
r-patched-solaris-x86 1.1-1 41.10 NOTE
r-release-linux-x86_64 1.1-1 0.77 14.25 15.02 NOTE
r-release-osx-x86_64-mavericks 1.1-1 NOTE
r-release-osx-x86_64-snowleopard 1.1-1 NOTE
r-release-windows-ix86+x86_64 1.1-1 3.00 22.00 25.00 NOTE
r-oldrel-windows-ix86+x86_64 1.1-1 2.00 22.00 24.00 NOTE

Check Details

Version: 1.1-1
Check: package dependencies
Result: NOTE
    Package which this enhances but not available for checking: ‘RKWard’
Flavors: r-devel-linux-x86_64-fedora-clang, r-devel-linux-x86_64-fedora-gcc, r-devel-osx-x86_64-clang, r-devel-windows-ix86+x86_64, r-patched-solaris-sparc, r-patched-solaris-x86, r-release-osx-x86_64-mavericks, r-release-osx-x86_64-snowleopard, r-release-windows-ix86+x86_64, r-oldrel-windows-ix86+x86_64