CRAN Package Check Results for Package cocor

Last updated on 2015-01-26 19:48:18.

Flavor Version Tinstall Tcheck Ttotal Status Flags
r-devel-linux-x86_64-debian-clang 1.1-0 0.86 14.31 15.16 NOTE
r-devel-linux-x86_64-debian-gcc 1.1-0 0.78 13.89 14.67 NOTE
r-devel-linux-x86_64-fedora-clang 1.1-0 32.75 NOTE
r-devel-linux-x86_64-fedora-gcc 1.1-0 31.51 NOTE
r-devel-osx-x86_64-clang 1.1-0 32.62 NOTE
r-devel-windows-ix86+x86_64 1.1-0 5.00 40.00 45.00 NOTE
r-patched-linux-x86_64 1.1-0 0.86 15.08 15.95 NOTE
r-patched-solaris-sparc 1.1-0 170.50 NOTE
r-patched-solaris-x86 1.1-0 44.90 NOTE
r-release-linux-ix86 1.1-0 1.20 20.54 21.74 NOTE
r-release-linux-x86_64 1.1-0 0.88 15.40 16.28 NOTE
r-release-osx-x86_64-mavericks 1.1-0 NOTE
r-release-osx-x86_64-snowleopard 1.1-0 NOTE
r-release-windows-ix86+x86_64 1.1-0 4.00 25.00 29.00 NOTE
r-oldrel-windows-ix86+x86_64 1.1-0 5.00 26.00 31.00 NOTE

Check Details

Version: 1.1-0
Check: package dependencies
Result: NOTE
    Package which this enhances but not available for checking: ‘RKWard’
Flavors: r-devel-linux-x86_64-debian-clang, r-devel-linux-x86_64-debian-gcc, r-devel-linux-x86_64-fedora-clang, r-devel-linux-x86_64-fedora-gcc, r-devel-osx-x86_64-clang, r-devel-windows-ix86+x86_64, r-patched-linux-x86_64, r-patched-solaris-sparc, r-patched-solaris-x86, r-release-linux-ix86, r-release-linux-x86_64, r-release-osx-x86_64-mavericks, r-release-osx-x86_64-snowleopard, r-release-windows-ix86+x86_64, r-oldrel-windows-ix86+x86_64