CRAN Package Check Results for Package cocor

Last updated on 2015-09-02 03:48:20.

Flavor Version Tinstall Tcheck Ttotal Status Flags
r-devel-linux-x86_64-debian-clang 1.1-1 0.76 14.02 14.78 NOTE
r-devel-linux-x86_64-debian-gcc 1.1-1 0.67 14.05 14.72 NOTE
r-devel-linux-x86_64-fedora-clang 1.1-1 27.20 NOTE
r-devel-linux-x86_64-fedora-gcc 1.1-1 25.40 NOTE
r-devel-osx-x86_64-clang 1.1-1 26.89 NOTE
r-devel-windows-ix86+x86_64 1.1-1 6.00 38.00 44.00 NOTE
r-patched-linux-x86_64 1.1-1 0.74 14.37 15.11 NOTE
r-patched-solaris-sparc 1.1-1 192.40 NOTE
r-patched-solaris-x86 1.1-1 41.80 NOTE
r-release-linux-x86_64 1.1-1 0.97 14.26 15.24 NOTE
r-release-osx-x86_64-mavericks 1.1-1 NOTE
r-release-windows-ix86+x86_64 1.1-1 4.00 40.00 44.00 NOTE
r-oldrel-windows-ix86+x86_64 1.1-1 5.00 26.00 31.00 NOTE

Check Details

Version: 1.1-1
Check: package dependencies
Result: NOTE
    Package which this enhances but not available for checking: ‘RKWard’
Flavors: r-devel-linux-x86_64-debian-clang, r-devel-linux-x86_64-debian-gcc, r-devel-linux-x86_64-fedora-clang, r-devel-linux-x86_64-fedora-gcc, r-devel-osx-x86_64-clang, r-devel-windows-ix86+x86_64, r-patched-linux-x86_64, r-patched-solaris-sparc, r-patched-solaris-x86, r-release-linux-x86_64, r-release-osx-x86_64-mavericks, r-release-windows-ix86+x86_64, r-oldrel-windows-ix86+x86_64

Version: 1.1-1
Check: R code for possible problems
Result: NOTE
    cocor: no visible global function definition for ‘cor’
    cocor.dep.groups.nonoverlap: no visible global function definition for
     ‘qnorm’
    cocor.dep.groups.overlap: no visible global function definition for
     ‘qnorm’
    cocor.indep.groups: no visible global function definition for ‘qnorm’
    Undefined global functions or variables:
     cor qnorm
    Consider adding
     importFrom("stats", "cor", "qnorm")
    to your NAMESPACE.
Flavors: r-devel-linux-x86_64-debian-clang, r-devel-linux-x86_64-debian-gcc, r-devel-linux-x86_64-fedora-clang, r-devel-linux-x86_64-fedora-gcc, r-devel-windows-ix86+x86_64