CRAN Package Check Results for Package cocor

Last updated on 2022-11-29 06:50:44 CET.

Flavor Version Tinstall Tcheck Ttotal Status Flags
r-devel-linux-x86_64-debian-clang 1.1-4 5.99 40.64 46.63 NOTE
r-devel-linux-x86_64-debian-gcc 1.1-4 4.20 31.61 35.81 NOTE
r-devel-linux-x86_64-fedora-clang 1.1-4 73.86 NOTE
r-devel-linux-x86_64-fedora-gcc 1.1-4 75.39 NOTE
r-devel-windows-x86_64 1.1-4 19.00 67.00 86.00 NOTE
r-patched-linux-x86_64 1.1-4 6.33 36.16 42.49 NOTE
r-release-linux-x86_64 1.1-4 5.45 36.55 42.00 NOTE
r-release-macos-arm64 1.1-4 21.00 NOTE
r-release-macos-x86_64 1.1-4 30.00 NOTE
r-release-windows-x86_64 1.1-4 23.00 65.00 88.00 NOTE
r-oldrel-macos-arm64 1.1-4 20.00 NOTE
r-oldrel-macos-x86_64 1.1-4 29.00 NOTE
r-oldrel-windows-ix86+x86_64 1.1-4 12.00 60.00 72.00 NOTE

Check Details

Version: 1.1-4
Check: package dependencies
Result: NOTE
    Package which this enhances but not available for checking: 'rkward'
Flavors: r-devel-linux-x86_64-debian-clang, r-devel-linux-x86_64-debian-gcc, r-devel-linux-x86_64-fedora-clang, r-devel-linux-x86_64-fedora-gcc, r-devel-windows-x86_64, r-patched-linux-x86_64, r-release-linux-x86_64, r-release-macos-arm64, r-release-macos-x86_64, r-release-windows-x86_64, r-oldrel-macos-arm64, r-oldrel-macos-x86_64, r-oldrel-windows-ix86+x86_64