CRAN Package Check Results for Package cocor

Last updated on 2019-03-19 10:48:38 CET.

Flavor Version Tinstall Tcheck Ttotal Status Flags
r-devel-linux-x86_64-debian-clang 1.1-3 3.68 30.96 34.64 NOTE
r-devel-linux-x86_64-debian-gcc 1.1-3 2.68 24.66 27.34 NOTE
r-devel-linux-x86_64-fedora-clang 1.1-3 41.76 NOTE
r-devel-linux-x86_64-fedora-gcc 1.1-3 39.01 NOTE
r-devel-windows-ix86+x86_64 1.1-3 11.00 51.00 62.00 NOTE
r-patched-linux-x86_64 1.1-3 3.22 29.04 32.26 NOTE
r-patched-solaris-x86 1.1-3 54.90 NOTE
r-release-linux-x86_64 1.1-3 2.39 29.25 31.64 NOTE
r-release-windows-ix86+x86_64 1.1-3 8.00 56.00 64.00 NOTE
r-release-osx-x86_64 1.1-3 NOTE
r-oldrel-windows-ix86+x86_64 1.1-3 4.00 68.00 72.00 NOTE
r-oldrel-osx-x86_64 1.1-3 NOTE

Check Details

Version: 1.1-3
Check: package dependencies
Result: NOTE
    Package which this enhances but not available for checking: 'rkward'
Flavors: r-devel-linux-x86_64-debian-clang, r-devel-linux-x86_64-debian-gcc, r-devel-linux-x86_64-fedora-clang, r-devel-linux-x86_64-fedora-gcc, r-devel-windows-ix86+x86_64, r-patched-linux-x86_64, r-patched-solaris-x86, r-release-linux-x86_64, r-release-windows-ix86+x86_64, r-release-osx-x86_64, r-oldrel-windows-ix86+x86_64, r-oldrel-osx-x86_64