CRAN Package Check Results for Package cocor

Last updated on 2018-09-22 07:46:37 CEST.

Flavor Version Tinstall Tcheck Ttotal Status Flags
r-devel-linux-x86_64-debian-clang 1.1-3 2.57 30.52 33.09 NOTE
r-devel-linux-x86_64-debian-gcc 1.1-3 2.48 25.48 27.96 NOTE
r-devel-linux-x86_64-fedora-clang 1.1-3 39.95 NOTE
r-devel-linux-x86_64-fedora-gcc 1.1-3 38.24 NOTE
r-devel-windows-ix86+x86_64 1.1-3 8.00 42.00 50.00 NOTE
r-patched-linux-x86_64 1.1-3 2.54 28.85 31.39 NOTE
r-patched-solaris-x86 1.1-3 53.10 NOTE
r-release-linux-x86_64 1.1-3 2.56 29.18 31.74 NOTE
r-release-windows-ix86+x86_64 1.1-3 5.00 55.00 60.00 NOTE
r-release-osx-x86_64 1.1-3 NOTE
r-oldrel-windows-ix86+x86_64 1.1-3 4.00 59.00 63.00 NOTE
r-oldrel-osx-x86_64 1.1-3 NOTE

Check Details

Version: 1.1-3
Check: package dependencies
Result: NOTE
    Package which this enhances but not available for checking: ‘rkward’
Flavors: r-devel-linux-x86_64-debian-clang, r-devel-linux-x86_64-debian-gcc, r-devel-linux-x86_64-fedora-clang, r-devel-linux-x86_64-fedora-gcc, r-devel-windows-ix86+x86_64, r-patched-linux-x86_64, r-patched-solaris-x86, r-release-linux-x86_64, r-release-windows-ix86+x86_64, r-release-osx-x86_64, r-oldrel-windows-ix86+x86_64, r-oldrel-osx-x86_64