CRAN Package Check Results for Package cocor

Last updated on 2014-10-21 05:47:54.

Flavor Version Tinstall Tcheck Ttotal Status Flags
r-devel-linux-x86_64-debian-clang 1.0-0 0.78 14.68 15.45 NOTE
r-devel-linux-x86_64-debian-gcc 1.0-0 0.82 14.48 15.30 NOTE
r-devel-linux-x86_64-fedora-clang 1.0-0 30.15 NOTE
r-devel-linux-x86_64-fedora-gcc 1.0-0 31.02 NOTE
r-devel-osx-x86_64-clang 1.0-0 33.46 NOTE
r-devel-windows-ix86+x86_64 1.0-0 2.00 21.00 23.00 NOTE
r-patched-linux-x86_64 1.0-0 0.96 14.51 15.48 NOTE
r-patched-solaris-sparc 1.0-0 177.70 NOTE
r-patched-solaris-x86 1.0-0 44.20 NOTE
r-release-linux-ix86 1.0-0 1.19 21.27 22.46 NOTE
r-release-linux-x86_64 1.0-0 1.13 14.82 15.96 NOTE
r-release-osx-x86_64-mavericks 1.0-0 NOTE
r-release-windows-ix86+x86_64 1.0-0 3.00 23.00 26.00 NOTE
r-oldrel-windows-ix86+x86_64 1.0-0 3.00 23.00 26.00 NOTE

Check Details

Version: 1.0-0
Check: package dependencies
Result: NOTE
    Package which this enhances but not available for checking: ‘rkward’
Flavors: r-devel-linux-x86_64-debian-clang, r-devel-linux-x86_64-debian-gcc, r-devel-linux-x86_64-fedora-clang, r-devel-linux-x86_64-fedora-gcc, r-devel-osx-x86_64-clang, r-devel-windows-ix86+x86_64, r-patched-linux-x86_64, r-patched-solaris-sparc, r-patched-solaris-x86, r-release-linux-ix86, r-release-linux-x86_64, r-release-osx-x86_64-mavericks, r-release-windows-ix86+x86_64, r-oldrel-windows-ix86+x86_64