CRAN Package Check Results for Package cocor

Last updated on 2016-02-08 17:49:24.

Flavor Version Tinstall Tcheck Ttotal Status Flags
r-devel-linux-x86_64-debian-gcc 1.1-2 0.90 16.69 17.59 NOTE
r-devel-linux-x86_64-fedora-clang 1.1-2 31.43 NOTE
r-devel-linux-x86_64-fedora-gcc 1.1-2 31.34 NOTE
r-devel-osx-x86_64-clang 1.1-2 31.86 NOTE
r-devel-windows-ix86+x86_64 1.1-2 5.00 35.00 40.00 NOTE
r-patched-linux-x86_64 1.1-2 0.91 17.23 18.13 NOTE
r-patched-solaris-sparc 1.1-2 185.30 NOTE
r-patched-solaris-x86 1.1-2 39.70 NOTE
r-release-linux-x86_64 1.1-2 0.84 17.50 18.34 NOTE
r-release-osx-x86_64-mavericks 1.1-2 NOTE
r-release-windows-ix86+x86_64 1.1-2 5.00 28.00 33.00 NOTE
r-oldrel-windows-ix86+x86_64 1.1-2 5.00 29.00 34.00 NOTE

Check Details

Version: 1.1-2
Check: package dependencies
Result: NOTE
    Package which this enhances but not available for checking: ‘rkward’
Flavors: r-devel-linux-x86_64-debian-gcc, r-devel-linux-x86_64-fedora-clang, r-devel-linux-x86_64-fedora-gcc, r-devel-osx-x86_64-clang, r-devel-windows-ix86+x86_64, r-patched-linux-x86_64, r-patched-solaris-sparc, r-patched-solaris-x86, r-release-linux-x86_64, r-release-osx-x86_64-mavericks, r-release-windows-ix86+x86_64, r-oldrel-windows-ix86+x86_64