CRAN Package Check Results for Package cocor

Last updated on 2017-11-24 14:49:24 CET.

Flavor Version Tinstall Tcheck Ttotal Status Flags
r-devel-linux-x86_64-debian-clang 1.1-3 1.06 53.92 54.99 NOTE
r-devel-linux-x86_64-debian-gcc 1.1-3 0.85 48.59 49.44 NOTE
r-devel-linux-x86_64-fedora-clang 1.1-3 35.87 NOTE
r-devel-linux-x86_64-fedora-gcc 1.1-3 34.72 NOTE
r-devel-windows-ix86+x86_64 1.1-3 3.00 53.00 56.00 NOTE
r-patched-linux-x86_64 1.1-3 1.11 52.65 53.76 NOTE
r-patched-solaris-x86 1.1-3 49.40 NOTE
r-release-linux-x86_64 1.1-3 1.26 54.92 56.17 NOTE
r-release-windows-ix86+x86_64 1.1-3 3.00 56.00 59.00 NOTE
r-release-osx-x86_64 1.1-3 NOTE
r-oldrel-windows-ix86+x86_64 1.1-3 4.00 52.00 56.00 NOTE
r-oldrel-osx-x86_64 1.1-3 NOTE

Check Details

Version: 1.1-3
Check: package dependencies
Result: NOTE
    Package which this enhances but not available for checking: ‘rkward’
Flavors: r-devel-linux-x86_64-debian-clang, r-devel-linux-x86_64-debian-gcc, r-devel-linux-x86_64-fedora-clang, r-devel-linux-x86_64-fedora-gcc, r-devel-windows-ix86+x86_64, r-patched-linux-x86_64, r-patched-solaris-x86, r-release-linux-x86_64, r-release-windows-ix86+x86_64, r-release-osx-x86_64, r-oldrel-windows-ix86+x86_64, r-oldrel-osx-x86_64