CRAN Package Check Results for Package cocor

Last updated on 2017-09-22 09:46:59.

Flavor Version Tinstall Tcheck Ttotal Status Flags
r-devel-linux-x86_64-debian-clang 1.1-3 0.95 20.94 21.90 NOTE
r-devel-linux-x86_64-debian-gcc 1.1-3 0.97 20.82 21.80 NOTE
r-devel-linux-x86_64-fedora-clang 1.1-3 38.58 NOTE
r-devel-linux-x86_64-fedora-gcc 1.1-3 38.21 NOTE
r-devel-windows-ix86+x86_64 1.1-3 3.00 38.00 41.00 NOTE
r-patched-linux-x86_64 1.1-3 0.86 20.93 21.79 NOTE
r-patched-solaris-x86 1.1-3 48.70 NOTE
r-release-linux-x86_64 1.1-3 0.90 21.01 21.91 NOTE
r-release-windows-ix86+x86_64 1.1-3 3.00 42.00 45.00 NOTE
r-release-osx-x86_64 1.1-3 NOTE
r-oldrel-windows-ix86+x86_64 1.1-3 3.00 32.00 35.00 NOTE
r-oldrel-osx-x86_64 1.1-3 NOTE

Check Details

Version: 1.1-3
Check: package dependencies
Result: NOTE
    Package which this enhances but not available for checking: ‘rkward’
Flavors: r-devel-linux-x86_64-debian-clang, r-devel-linux-x86_64-debian-gcc, r-devel-linux-x86_64-fedora-clang, r-devel-linux-x86_64-fedora-gcc, r-devel-windows-ix86+x86_64, r-patched-linux-x86_64, r-patched-solaris-x86, r-release-linux-x86_64, r-release-windows-ix86+x86_64, r-release-osx-x86_64, r-oldrel-windows-ix86+x86_64, r-oldrel-osx-x86_64