CRAN Package Check Results for Package cocor

Last updated on 2020-02-19 03:48:53 CET.

Flavor Version Tinstall Tcheck Ttotal Status Flags
r-devel-linux-x86_64-debian-clang 1.1-3 5.29 34.30 39.59 NOTE
r-devel-linux-x86_64-debian-gcc 1.1-3 4.17 26.91 31.08 NOTE
r-devel-linux-x86_64-fedora-clang 1.1-3 48.45 NOTE
r-devel-linux-x86_64-fedora-gcc 1.1-3 46.95 NOTE
r-devel-windows-ix86+x86_64 1.1-3 11.00 42.00 53.00 NOTE
r-devel-windows-ix86+x86_64-gcc8 1.1-3 16.00 59.00 75.00 NOTE
r-patched-linux-x86_64 1.1-3 3.98 31.11 35.09 NOTE
r-patched-solaris-x86 1.1-3 60.50 NOTE
r-release-linux-x86_64 1.1-3 4.22 30.95 35.17 NOTE
r-release-windows-ix86+x86_64 1.1-3 7.00 42.00 49.00 NOTE
r-release-osx-x86_64 1.1-3 NOTE
r-oldrel-windows-ix86+x86_64 1.1-3 6.00 41.00 47.00 NOTE
r-oldrel-osx-x86_64 1.1-3 NOTE

Check Details

Version: 1.1-3
Check: package dependencies
Result: NOTE
    Package which this enhances but not available for checking: 'rkward'
Flavors: r-devel-linux-x86_64-debian-clang, r-devel-linux-x86_64-debian-gcc, r-devel-linux-x86_64-fedora-clang, r-devel-linux-x86_64-fedora-gcc, r-devel-windows-ix86+x86_64, r-devel-windows-ix86+x86_64-gcc8, r-patched-linux-x86_64, r-patched-solaris-x86, r-release-linux-x86_64, r-release-windows-ix86+x86_64, r-release-osx-x86_64, r-oldrel-windows-ix86+x86_64, r-oldrel-osx-x86_64