CRAN Package Check Results for Package cocor

Last updated on 2018-02-26 03:48:47 CET.

Flavor Version Tinstall Tcheck Ttotal Status Flags
r-devel-linux-x86_64-debian-clang 1.1-3 2.14 28.28 30.42 NOTE
r-devel-linux-x86_64-debian-gcc 1.1-3 2.61 22.90 25.51 NOTE
r-devel-linux-x86_64-fedora-clang 1.1-3 38.94 NOTE
r-devel-linux-x86_64-fedora-gcc 1.1-3 37.45 NOTE
r-devel-windows-ix86+x86_64 1.1-3 8.00 48.00 56.00 NOTE
r-patched-linux-x86_64 1.1-3 1.04 31.84 32.88 NOTE
r-patched-solaris-x86 1.1-3 48.00 NOTE
r-release-linux-x86_64 1.1-3 1.35 31.49 32.84 NOTE
r-release-windows-ix86+x86_64 1.1-3 4.00 55.00 59.00 NOTE
r-release-osx-x86_64 1.1-3 NOTE
r-oldrel-windows-ix86+x86_64 1.1-3 5.00 35.00 40.00 NOTE
r-oldrel-osx-x86_64 1.1-3 NOTE

Check Details

Version: 1.1-3
Check: package dependencies
Result: NOTE
    Package which this enhances but not available for checking: ‘rkward’
Flavors: r-devel-linux-x86_64-debian-clang, r-devel-linux-x86_64-debian-gcc, r-devel-linux-x86_64-fedora-clang, r-devel-linux-x86_64-fedora-gcc, r-devel-windows-ix86+x86_64, r-patched-linux-x86_64, r-patched-solaris-x86, r-release-linux-x86_64, r-release-windows-ix86+x86_64, r-release-osx-x86_64, r-oldrel-windows-ix86+x86_64, r-oldrel-osx-x86_64