CRAN Package Check Results for Package cocor

Last updated on 2017-07-26 03:49:43.

Flavor Version Tinstall Tcheck Ttotal Status Flags
r-devel-linux-x86_64-debian-clang 1.1-3 0.90 27.68 28.58 NOTE
r-devel-linux-x86_64-debian-gcc 1.1-3 0.92 27.53 28.45 NOTE
r-devel-linux-x86_64-fedora-clang 1.1-3 40.50 NOTE
r-devel-linux-x86_64-fedora-gcc 1.1-3 37.14 NOTE
r-devel-windows-ix86+x86_64 1.1-3 5.00 40.00 45.00 NOTE
r-patched-linux-x86_64 1.1-3 0.87 27.72 28.58 NOTE
r-patched-solaris-x86 1.1-3 48.40 NOTE
r-release-linux-x86_64 1.1-3 0.94 27.90 28.84 NOTE
r-release-windows-ix86+x86_64 1.1-3 4.00 55.00 59.00 NOTE
r-release-osx-x86_64 1.1-3 NOTE
r-oldrel-windows-ix86+x86_64 1.1-3 3.00 37.00 40.00 NOTE
r-oldrel-osx-x86_64 1.1-3 NOTE

Check Details

Version: 1.1-3
Check: package dependencies
Result: NOTE
    Package which this enhances but not available for checking: ‘rkward’
Flavors: r-devel-linux-x86_64-debian-clang, r-devel-linux-x86_64-debian-gcc, r-devel-linux-x86_64-fedora-clang, r-devel-linux-x86_64-fedora-gcc, r-devel-windows-ix86+x86_64, r-patched-linux-x86_64, r-patched-solaris-x86, r-release-linux-x86_64, r-release-windows-ix86+x86_64, r-release-osx-x86_64, r-oldrel-windows-ix86+x86_64, r-oldrel-osx-x86_64