CRAN Package Check Results for Package cocor

Last updated on 2015-03-03 14:47:19.

Flavor Version Tinstall Tcheck Ttotal Status Flags
r-devel-linux-x86_64-debian-clang 1.1-0 0.74 14.39 15.13 NOTE
r-devel-linux-x86_64-debian-gcc 1.1-0 0.74 13.89 14.63 NOTE
r-devel-linux-x86_64-fedora-clang 1.1-0 28.91 NOTE
r-devel-linux-x86_64-fedora-gcc 1.1-0 27.73 NOTE
r-devel-osx-x86_64-clang 1.1-0 30.79 NOTE
r-devel-windows-ix86+x86_64 1.1-0 6.00 30.00 36.00 NOTE
r-patched-linux-x86_64 1.1-0 0.81 14.92 15.73 NOTE
r-patched-solaris-sparc 1.1-0 202.60 NOTE
r-patched-solaris-x86 1.1-0 45.60 NOTE
r-release-linux-ix86 1.1-0 1.12 21.04 22.16 NOTE
r-release-linux-x86_64 1.1-0 0.81 14.86 15.67 NOTE
r-release-osx-x86_64-mavericks 1.1-0 NOTE
r-release-osx-x86_64-snowleopard 1.1-0 NOTE
r-release-windows-ix86+x86_64 1.1-0 6.00 35.00 41.00 NOTE
r-oldrel-windows-ix86+x86_64 1.1-0 3.00 26.00 29.00 NOTE

Check Details

Version: 1.1-0
Check: package dependencies
Result: NOTE
    Package which this enhances but not available for checking: ‘RKWard’
Flavors: r-devel-linux-x86_64-debian-clang, r-devel-linux-x86_64-debian-gcc, r-devel-linux-x86_64-fedora-clang, r-devel-linux-x86_64-fedora-gcc, r-devel-osx-x86_64-clang, r-devel-windows-ix86+x86_64, r-patched-linux-x86_64, r-patched-solaris-sparc, r-patched-solaris-x86, r-release-linux-ix86, r-release-linux-x86_64, r-release-osx-x86_64-mavericks, r-release-osx-x86_64-snowleopard, r-release-windows-ix86+x86_64, r-oldrel-windows-ix86+x86_64