Last updated on 2023-09-28 15:01:06 CEST.
Flavor | Version | Tinstall | Tcheck | Ttotal | Status | Flags |
---|---|---|---|---|---|---|
r-devel-linux-x86_64-debian-clang | 1.1-4 | 4.05 | 39.80 | 43.85 | NOTE | |
r-devel-linux-x86_64-debian-gcc | 1.1-4 | 2.97 | 30.48 | 33.45 | NOTE | |
r-devel-linux-x86_64-fedora-clang | 1.1-4 | 56.26 | NOTE | |||
r-devel-linux-x86_64-fedora-gcc | 1.1-4 | 56.67 | NOTE | |||
r-devel-windows-x86_64 | 1.1-4 | 11.00 | 51.00 | 62.00 | NOTE | |
r-patched-linux-x86_64 | 1.1-4 | 4.49 | 38.93 | 43.42 | NOTE | |
r-release-linux-x86_64 | 1.1-4 | 4.24 | 39.03 | 43.27 | NOTE | |
r-release-macos-arm64 | 1.1-4 | 23.00 | NOTE | |||
r-release-macos-x86_64 | 1.1-4 | 30.00 | NOTE | |||
r-release-windows-x86_64 | 1.1-4 | 8.00 | 54.00 | 62.00 | NOTE | |
r-oldrel-macos-arm64 | 1.1-4 | 19.00 | NOTE | |||
r-oldrel-macos-x86_64 | 1.1-4 | 30.00 | NOTE | |||
r-oldrel-windows-x86_64 | 1.1-4 | 13.00 | 54.00 | 67.00 | NOTE |
Version: 1.1-4
Check: package dependencies
Result: NOTE
Package which this enhances but not available for checking: ‘rkward’
Flavors: r-devel-linux-x86_64-debian-clang, r-devel-linux-x86_64-debian-gcc, r-devel-linux-x86_64-fedora-clang, r-devel-linux-x86_64-fedora-gcc, r-devel-windows-x86_64, r-patched-linux-x86_64, r-release-linux-x86_64, r-release-macos-arm64, r-release-macos-x86_64, r-release-windows-x86_64, r-oldrel-macos-arm64, r-oldrel-macos-x86_64, r-oldrel-windows-x86_64