CRAN Package Check Results for Package cocor

Last updated on 2020-01-21 07:53:05 CET.

Flavor Version Tinstall Tcheck Ttotal Status Flags
r-devel-linux-x86_64-debian-clang 1.1-3 5.38 34.26 39.64 NOTE
r-devel-linux-x86_64-debian-gcc 1.1-3 4.06 26.85 30.91 NOTE
r-devel-linux-x86_64-fedora-clang 1.1-3 48.00 NOTE
r-devel-linux-x86_64-fedora-gcc 1.1-3 46.67 NOTE
r-devel-windows-ix86+x86_64 1.1-3 14.00 44.00 58.00 NOTE
r-devel-windows-ix86+x86_64-gcc8 1.1-3 11.00 69.00 80.00 NOTE
r-patched-linux-x86_64 1.1-3 3.99 31.19 35.18 NOTE
r-patched-solaris-x86 1.1-3 58.80 NOTE
r-release-linux-x86_64 1.1-3 4.18 31.07 35.25 NOTE
r-release-windows-ix86+x86_64 1.1-3 11.00 65.00 76.00 NOTE
r-release-osx-x86_64 1.1-3 NOTE
r-oldrel-windows-ix86+x86_64 1.1-3 5.00 44.00 49.00 NOTE
r-oldrel-osx-x86_64 1.1-3 NOTE

Check Details

Version: 1.1-3
Check: package dependencies
Result: NOTE
    Package which this enhances but not available for checking: 'rkward'
Flavors: r-devel-linux-x86_64-debian-clang, r-devel-linux-x86_64-debian-gcc, r-devel-linux-x86_64-fedora-clang, r-devel-linux-x86_64-fedora-gcc, r-devel-windows-ix86+x86_64, r-devel-windows-ix86+x86_64-gcc8, r-patched-linux-x86_64, r-patched-solaris-x86, r-release-linux-x86_64, r-release-windows-ix86+x86_64, r-release-osx-x86_64, r-oldrel-windows-ix86+x86_64, r-oldrel-osx-x86_64