CRAN Package Check Results for Package cocor

Last updated on 2019-01-18 16:52:29 CET.

Flavor Version Tinstall Tcheck Ttotal Status Flags
r-devel-linux-x86_64-debian-clang 1.1-3 2.44 30.89 33.33 NOTE
r-devel-linux-x86_64-debian-gcc 1.1-3 2.12 24.55 26.67 NOTE
r-devel-linux-x86_64-fedora-clang 1.1-3 40.02 NOTE
r-devel-linux-x86_64-fedora-gcc 1.1-3 38.17 NOTE
r-devel-windows-ix86+x86_64 1.1-3 11.00 50.00 61.00 NOTE
r-patched-linux-x86_64 1.1-3 3.13 29.09 32.22 NOTE
r-patched-solaris-x86 1.1-3 57.00 NOTE
r-release-linux-x86_64 1.1-3 3.16 29.19 32.35 NOTE
r-release-windows-ix86+x86_64 1.1-3 7.00 54.00 61.00 NOTE
r-release-osx-x86_64 1.1-3 NOTE
r-oldrel-windows-ix86+x86_64 1.1-3 5.00 41.00 46.00 NOTE
r-oldrel-osx-x86_64 1.1-3 NOTE

Check Details

Version: 1.1-3
Check: package dependencies
Result: NOTE
    Package which this enhances but not available for checking: ‘rkward’
Flavors: r-devel-linux-x86_64-debian-clang, r-devel-linux-x86_64-debian-gcc, r-devel-linux-x86_64-fedora-clang, r-devel-linux-x86_64-fedora-gcc, r-devel-windows-ix86+x86_64, r-patched-linux-x86_64, r-patched-solaris-x86, r-release-linux-x86_64, r-release-windows-ix86+x86_64, r-release-osx-x86_64, r-oldrel-windows-ix86+x86_64, r-oldrel-osx-x86_64